I20260709 14:55:01.799129 24588 raft_consensus.cc:3055] T dd6fd5aa9887438993f4cb7b670eecd5 P 5a71835561874985bb7fd4e45ab19135 [term 1 LEADER]: Stepping down as leader of term 1
I20260709 14:55:01.799445 24588 raft_consensus.cc:740] T dd6fd5aa9887438993f4cb7b670eecd5 P 5a71835561874985bb7fd4e45ab19135 [term 1 LEADER]: Becoming Follower/Learner. State: Replica: 5a71835561874985bb7fd4e45ab19135, State: Running, Role: LEADER
I20260709 14:55:01.799633 24512 raft_consensus.cc:2468] T a2f78fbf44034dd0ae74e2845540a3b0 P 89f4177733e046969577bfb0a4a5f3d3 [term 2 FOLLOWER]: Leader election vote request: Granting yes vote for candidate 5a71835561874985bb7fd4e45ab19135 in term 2.
I20260709 14:55:01.800323 24588 consensus_queue.cc:260] T dd6fd5aa9887438993f4cb7b670eecd5 P 5a71835561874985bb7fd4e45ab19135 [NON_LEADER]: Queue going to NON_LEADER mode. State: All replicated index: 0, Majority replicated index: 1, Committed index: 1, Last appended: 1.1, Last appended by leader: 1, Current term: 1, Majority size: -1, State: 0, Mode: NON_LEADER, active raft config: opid_index: -1 OBSOLETE_local: false peers { permanent_uuid: "89f4177733e046969577bfb0a4a5f3d3" member_type: VOTER last_known_addr { host: "127.23.206.193" port: 44773 } } peers { permanent_uuid: "5a71835561874985bb7fd4e45ab19135" member_type: VOTER last_known_addr { host: "127.23.206.194" port: 42669 } } peers { permanent_uuid: "1dc281b0447044c2b5442aa50830ab9e" member_type: VOTER last_known_addr { host: "127.23.206.195" port: 33863 } }
I20260709 14:55:01.800907 24552 leader_election.cc:304] T a2f78fbf44034dd0ae74e2845540a3b0 P 5a71835561874985bb7fd4e45ab19135 [CANDIDATE]: Term 2 election: Election decided. Result: candidate won. Election summary: received 2 responses out of 3 voters: 2 yes votes; 0 no votes. yes voters: 5a71835561874985bb7fd4e45ab19135, 89f4177733e046969577bfb0a4a5f3d3; no voters: 
I20260709 14:55:01.801730 24716 raft_consensus.cc:2804] T a2f78fbf44034dd0ae74e2845540a3b0 P 5a71835561874985bb7fd4e45ab19135 [term 2 FOLLOWER]: Leader election won for term 2
I20260709 14:55:01.802171 24716 raft_consensus.cc:697] T a2f78fbf44034dd0ae74e2845540a3b0 P 5a71835561874985bb7fd4e45ab19135 [term 2 LEADER]: Becoming Leader. State: Replica: 5a71835561874985bb7fd4e45ab19135, State: Running, Role: LEADER
I20260709 14:55:01.803356 24588 raft_consensus.cc:3060] T dd6fd5aa9887438993f4cb7b670eecd5 P 5a71835561874985bb7fd4e45ab19135 [term 1 FOLLOWER]: Advancing to term 2
I20260709 14:55:01.804768 24662 raft_consensus.cc:2468] T a2f78fbf44034dd0ae74e2845540a3b0 P 1dc281b0447044c2b5442aa50830ab9e [term 2 FOLLOWER]: Leader election vote request: Granting yes vote for candidate 5a71835561874985bb7fd4e45ab19135 in term 2.
I20260709 14:55:01.802937 24716 consensus_queue.cc:237] T a2f78fbf44034dd0ae74e2845540a3b0 P 5a71835561874985bb7fd4e45ab19135 [LEADER]: Queue going to LEADER mode. State: All replicated index: 0, Majority replicated index: 1, Committed index: 1, Last appended: 1.1, Last appended by leader: 1, Current term: 2, Majority size: 2, State: 0, Mode: LEADER, active raft config: opid_index: -1 OBSOLETE_local: false peers { permanent_uuid: "89f4177733e046969577bfb0a4a5f3d3" member_type: VOTER last_known_addr { host: "127.23.206.193" port: 44773 } } peers { permanent_uuid: "5a71835561874985bb7fd4e45ab19135" member_type: VOTER last_known_addr { host: "127.23.206.194" port: 42669 } } peers { permanent_uuid: "1dc281b0447044c2b5442aa50830ab9e" member_type: VOTER last_known_addr { host: "127.23.206.195" port: 33863 } }
I20260709 14:55:01.809278 24588 raft_consensus.cc:2468] T dd6fd5aa9887438993f4cb7b670eecd5 P 5a71835561874985bb7fd4e45ab19135 [term 2 FOLLOWER]: Leader election vote request: Granting yes vote for candidate 1dc281b0447044c2b5442aa50830ab9e in term 2.
I20260709 14:55:01.810396 24629 leader_election.cc:304] T dd6fd5aa9887438993f4cb7b670eecd5 P 1dc281b0447044c2b5442aa50830ab9e [CANDIDATE]: Term 2 election: Election decided. Result: candidate won. Election summary: received 3 responses out of 3 voters: 2 yes votes; 1 no votes. yes voters: 1dc281b0447044c2b5442aa50830ab9e, 5a71835561874985bb7fd4e45ab19135; no voters: 89f4177733e046969577bfb0a4a5f3d3
I20260709 14:55:01.811383 24710 raft_consensus.cc:2804] T dd6fd5aa9887438993f4cb7b670eecd5 P 1dc281b0447044c2b5442aa50830ab9e [term 2 FOLLOWER]: Leader election won for term 2
I20260709 14:55:01.811825 24710 raft_consensus.cc:697] T dd6fd5aa9887438993f4cb7b670eecd5 P 1dc281b0447044c2b5442aa50830ab9e [term 2 LEADER]: Becoming Leader. State: Replica: 1dc281b0447044c2b5442aa50830ab9e, State: Running, Role: LEADER
I20260709 14:55:01.812810 24710 consensus_queue.cc:237] T dd6fd5aa9887438993f4cb7b670eecd5 P 1dc281b0447044c2b5442aa50830ab9e [LEADER]: Queue going to LEADER mode. State: All replicated index: 0, Majority replicated index: 1, Committed index: 1, Last appended: 1.1, Last appended by leader: 1, Current term: 2, Majority size: 2, State: 0, Mode: LEADER, active raft config: opid_index: -1 OBSOLETE_local: false peers { permanent_uuid: "89f4177733e046969577bfb0a4a5f3d3" member_type: VOTER last_known_addr { host: "127.23.206.193" port: 44773 } } peers { permanent_uuid: "5a71835561874985bb7fd4e45ab19135" member_type: VOTER last_known_addr { host: "127.23.206.194" port: 42669 } } peers { permanent_uuid: "1dc281b0447044c2b5442aa50830ab9e" member_type: VOTER last_known_addr { host: "127.23.206.195" port: 33863 } }
I20260709 14:55:01.821203 24411 catalog_manager.cc:5697] T dd6fd5aa9887438993f4cb7b670eecd5 P 1dc281b0447044c2b5442aa50830ab9e reported cstate change: term changed from 1 to 2, leader changed from 5a71835561874985bb7fd4e45ab19135 (127.23.206.194) to 1dc281b0447044c2b5442aa50830ab9e (127.23.206.195). New cstate: current_term: 2 leader_uuid: "1dc281b0447044c2b5442aa50830ab9e" committed_config { opid_index: -1 OBSOLETE_local: false peers { permanent_uuid: "89f4177733e046969577bfb0a4a5f3d3" member_type: VOTER last_known_addr { host: "127.23.206.193" port: 44773 } health_report { overall_health: UNKNOWN } } peers { permanent_uuid: "5a71835561874985bb7fd4e45ab19135" member_type: VOTER last_known_addr { host: "127.23.206.194" port: 42669 } health_report { overall_health: UNKNOWN } } peers { permanent_uuid: "1dc281b0447044c2b5442aa50830ab9e" member_type: VOTER last_known_addr { host: "127.23.206.195" port: 33863 } health_report { overall_health: HEALTHY } } }
I20260709 14:55:01.822206 24408 catalog_manager.cc:5697] T a2f78fbf44034dd0ae74e2845540a3b0 P 5a71835561874985bb7fd4e45ab19135 reported cstate change: term changed from 1 to 2, leader changed from 89f4177733e046969577bfb0a4a5f3d3 (127.23.206.193) to 5a71835561874985bb7fd4e45ab19135 (127.23.206.194). New cstate: current_term: 2 leader_uuid: "5a71835561874985bb7fd4e45ab19135" committed_config { opid_index: -1 OBSOLETE_local: false peers { permanent_uuid: "89f4177733e046969577bfb0a4a5f3d3" member_type: VOTER last_known_addr { host: "127.23.206.193" port: 44773 } health_report { overall_health: UNKNOWN } } peers { permanent_uuid: "5a71835561874985bb7fd4e45ab19135" member_type: VOTER last_known_addr { host: "127.23.206.194" port: 42669 } health_report { overall_health: HEALTHY } } peers { permanent_uuid: "1dc281b0447044c2b5442aa50830ab9e" member_type: VOTER last_known_addr { host: "127.23.206.195" port: 33863 } health_report { overall_health: UNKNOWN } } }
I20260709 14:55:01.996150 24662 raft_consensus.cc:1275] T 059705d59b0345179a5866d942631dfa P 1dc281b0447044c2b5442aa50830ab9e [term 2 FOLLOWER]: Refusing update from remote peer 89f4177733e046969577bfb0a4a5f3d3: Log matching property violated. Preceding OpId in replica: term: 1 index: 1. Preceding OpId from leader: term: 2 index: 2. (index mismatch)
I20260709 14:55:01.997498 24748 consensus_queue.cc:1048] T 059705d59b0345179a5866d942631dfa P 89f4177733e046969577bfb0a4a5f3d3 [LEADER]: Connected to new peer: Peer: permanent_uuid: "1dc281b0447044c2b5442aa50830ab9e" member_type: VOTER last_known_addr { host: "127.23.206.195" port: 33863 }, Status: LMP_MISMATCH, Last received: 0.0, Next index: 2, Last known committed idx: 1, Time since last communication: 0.000s
I20260709 14:55:02.004557 24588 raft_consensus.cc:3060] T 059705d59b0345179a5866d942631dfa P 5a71835561874985bb7fd4e45ab19135 [term 1 FOLLOWER]: Advancing to term 2
I20260709 14:55:02.011391 24588 raft_consensus.cc:1275] T 059705d59b0345179a5866d942631dfa P 5a71835561874985bb7fd4e45ab19135 [term 2 FOLLOWER]: Refusing update from remote peer 89f4177733e046969577bfb0a4a5f3d3: Log matching property violated. Preceding OpId in replica: term: 1 index: 1. Preceding OpId from leader: term: 2 index: 2. (index mismatch)
I20260709 14:55:02.012609 24747 consensus_queue.cc:1048] T 059705d59b0345179a5866d942631dfa P 89f4177733e046969577bfb0a4a5f3d3 [LEADER]: Connected to new peer: Peer: permanent_uuid: "5a71835561874985bb7fd4e45ab19135" member_type: VOTER last_known_addr { host: "127.23.206.194" port: 42669 }, Status: LMP_MISMATCH, Last received: 0.0, Next index: 2, Last known committed idx: 1, Time since last communication: 0.000s
I20260709 14:55:02.026157 24662 raft_consensus.cc:1275] T 52502af495ec45f3b3c0a383e82e396a P 1dc281b0447044c2b5442aa50830ab9e [term 2 FOLLOWER]: Refusing update from remote peer 89f4177733e046969577bfb0a4a5f3d3: Log matching property violated. Preceding OpId in replica: term: 1 index: 1. Preceding OpId from leader: term: 2 index: 2. (index mismatch)
I20260709 14:55:02.027379 24747 consensus_queue.cc:1048] T 52502af495ec45f3b3c0a383e82e396a P 89f4177733e046969577bfb0a4a5f3d3 [LEADER]: Connected to new peer: Peer: permanent_uuid: "1dc281b0447044c2b5442aa50830ab9e" member_type: VOTER last_known_addr { host: "127.23.206.195" port: 33863 }, Status: LMP_MISMATCH, Last received: 0.0, Next index: 2, Last known committed idx: 1, Time since last communication: 0.000s
I20260709 14:55:02.036887 24588 raft_consensus.cc:1275] T 52502af495ec45f3b3c0a383e82e396a P 5a71835561874985bb7fd4e45ab19135 [term 2 FOLLOWER]: Refusing update from remote peer 89f4177733e046969577bfb0a4a5f3d3: Log matching property violated. Preceding OpId in replica: term: 1 index: 1. Preceding OpId from leader: term: 2 index: 2. (index mismatch)
I20260709 14:55:02.038328 24747 consensus_queue.cc:1048] T 52502af495ec45f3b3c0a383e82e396a P 89f4177733e046969577bfb0a4a5f3d3 [LEADER]: Connected to new peer: Peer: permanent_uuid: "5a71835561874985bb7fd4e45ab19135" member_type: VOTER last_known_addr { host: "127.23.206.194" port: 42669 }, Status: LMP_MISMATCH, Last received: 0.0, Next index: 2, Last known committed idx: 1, Time since last communication: 0.000s
I20260709 14:55:02.048990 24719 raft_consensus.cc:993] T 69b2c859f9d24101acc8f567dad0ba58 P 1dc281b0447044c2b5442aa50830ab9e: : Instructing follower 89f4177733e046969577bfb0a4a5f3d3 to start an election
I20260709 14:55:02.049417 24746 raft_consensus.cc:1081] T 69b2c859f9d24101acc8f567dad0ba58 P 1dc281b0447044c2b5442aa50830ab9e [term 1 LEADER]: Signalling peer 89f4177733e046969577bfb0a4a5f3d3 to start an election
I20260709 14:55:02.055989 24513 tablet_service.cc:2044] Received Run Leader Election RPC: tablet_id: "69b2c859f9d24101acc8f567dad0ba58"
dest_uuid: "89f4177733e046969577bfb0a4a5f3d3"
 from {username='slave'} at 127.0.0.1:51226
I20260709 14:55:02.056556 24513 raft_consensus.cc:493] T 69b2c859f9d24101acc8f567dad0ba58 P 89f4177733e046969577bfb0a4a5f3d3 [term 1 FOLLOWER]: Starting forced leader election (received explicit request)
I20260709 14:55:02.056932 24513 raft_consensus.cc:3060] T 69b2c859f9d24101acc8f567dad0ba58 P 89f4177733e046969577bfb0a4a5f3d3 [term 1 FOLLOWER]: Advancing to term 2
I20260709 14:55:02.061971 24513 raft_consensus.cc:515] T 69b2c859f9d24101acc8f567dad0ba58 P 89f4177733e046969577bfb0a4a5f3d3 [term 2 FOLLOWER]: Starting forced leader election with config: opid_index: -1 OBSOLETE_local: false peers { permanent_uuid: "89f4177733e046969577bfb0a4a5f3d3" member_type: VOTER last_known_addr { host: "127.23.206.193" port: 44773 } } peers { permanent_uuid: "5a71835561874985bb7fd4e45ab19135" member_type: VOTER last_known_addr { host: "127.23.206.194" port: 42669 } } peers { permanent_uuid: "1dc281b0447044c2b5442aa50830ab9e" member_type: VOTER last_known_addr { host: "127.23.206.195" port: 33863 } }
I20260709 14:55:02.063433 24513 leader_election.cc:290] T 69b2c859f9d24101acc8f567dad0ba58 P 89f4177733e046969577bfb0a4a5f3d3 [CANDIDATE]: Term 2 election: Requested vote from peers 5a71835561874985bb7fd4e45ab19135 (127.23.206.194:42669), 1dc281b0447044c2b5442aa50830ab9e (127.23.206.195:33863)
I20260709 14:55:02.064316 24588 tablet_service.cc:1917] Received RequestConsensusVote() RPC: tablet_id: "69b2c859f9d24101acc8f567dad0ba58" candidate_uuid: "89f4177733e046969577bfb0a4a5f3d3" candidate_term: 2 candidate_status { last_received { term: 1 index: 1 } } ignore_live_leader: true dest_uuid: "5a71835561874985bb7fd4e45ab19135"
I20260709 14:55:02.064456 24662 tablet_service.cc:1917] Received RequestConsensusVote() RPC: tablet_id: "69b2c859f9d24101acc8f567dad0ba58" candidate_uuid: "89f4177733e046969577bfb0a4a5f3d3" candidate_term: 2 candidate_status { last_received { term: 1 index: 1 } } ignore_live_leader: true dest_uuid: "1dc281b0447044c2b5442aa50830ab9e"
I20260709 14:55:02.064924 24588 raft_consensus.cc:3060] T 69b2c859f9d24101acc8f567dad0ba58 P 5a71835561874985bb7fd4e45ab19135 [term 1 FOLLOWER]: Advancing to term 2
I20260709 14:55:02.065028 24662 raft_consensus.cc:3055] T 69b2c859f9d24101acc8f567dad0ba58 P 1dc281b0447044c2b5442aa50830ab9e [term 1 LEADER]: Stepping down as leader of term 1
I20260709 14:55:02.065342 24662 raft_consensus.cc:740] T 69b2c859f9d24101acc8f567dad0ba58 P 1dc281b0447044c2b5442aa50830ab9e [term 1 LEADER]: Becoming Follower/Learner. State: Replica: 1dc281b0447044c2b5442aa50830ab9e, State: Running, Role: LEADER
I20260709 14:55:02.065997 24662 consensus_queue.cc:260] T 69b2c859f9d24101acc8f567dad0ba58 P 1dc281b0447044c2b5442aa50830ab9e [NON_LEADER]: Queue going to NON_LEADER mode. State: All replicated index: 0, Majority replicated index: 1, Committed index: 1, Last appended: 1.1, Last appended by leader: 1, Current term: 1, Majority size: -1, State: 0, Mode: NON_LEADER, active raft config: opid_index: -1 OBSOLETE_local: false peers { permanent_uuid: "89f4177733e046969577bfb0a4a5f3d3" member_type: VOTER last_known_addr { host: "127.23.206.193" port: 44773 } } peers { permanent_uuid: "5a71835561874985bb7fd4e45ab19135" member_type: VOTER last_known_addr { host: "127.23.206.194" port: 42669 } } peers { permanent_uuid: "1dc281b0447044c2b5442aa50830ab9e" member_type: VOTER last_known_addr { host: "127.23.206.195" port: 33863 } }
I20260709 14:55:02.066841 24662 raft_consensus.cc:3060] T 69b2c859f9d24101acc8f567dad0ba58 P 1dc281b0447044c2b5442aa50830ab9e [term 1 FOLLOWER]: Advancing to term 2
I20260709 14:55:02.070922 24662 raft_consensus.cc:2468] T 69b2c859f9d24101acc8f567dad0ba58 P 1dc281b0447044c2b5442aa50830ab9e [term 2 FOLLOWER]: Leader election vote request: Granting yes vote for candidate 89f4177733e046969577bfb0a4a5f3d3 in term 2.
I20260709 14:55:02.071195 24588 raft_consensus.cc:2468] T 69b2c859f9d24101acc8f567dad0ba58 P 5a71835561874985bb7fd4e45ab19135 [term 2 FOLLOWER]: Leader election vote request: Granting yes vote for candidate 89f4177733e046969577bfb0a4a5f3d3 in term 2.
I20260709 14:55:02.071882 24479 leader_election.cc:304] T 69b2c859f9d24101acc8f567dad0ba58 P 89f4177733e046969577bfb0a4a5f3d3 [CANDIDATE]: Term 2 election: Election decided. Result: candidate won. Election summary: received 2 responses out of 3 voters: 2 yes votes; 0 no votes. yes voters: 1dc281b0447044c2b5442aa50830ab9e, 89f4177733e046969577bfb0a4a5f3d3; no voters: 
I20260709 14:55:02.072907 24713 raft_consensus.cc:2804] T 69b2c859f9d24101acc8f567dad0ba58 P 89f4177733e046969577bfb0a4a5f3d3 [term 2 FOLLOWER]: Leader election won for term 2
I20260709 14:55:02.073531 24713 raft_consensus.cc:697] T 69b2c859f9d24101acc8f567dad0ba58 P 89f4177733e046969577bfb0a4a5f3d3 [term 2 LEADER]: Becoming Leader. State: Replica: 89f4177733e046969577bfb0a4a5f3d3, State: Running, Role: LEADER
I20260709 14:55:02.074331 24713 consensus_queue.cc:237] T 69b2c859f9d24101acc8f567dad0ba58 P 89f4177733e046969577bfb0a4a5f3d3 [LEADER]: Queue going to LEADER mode. State: All replicated index: 0, Majority replicated index: 1, Committed index: 1, Last appended: 1.1, Last appended by leader: 1, Current term: 2, Majority size: 2, State: 0, Mode: LEADER, active raft config: opid_index: -1 OBSOLETE_local: false peers { permanent_uuid: "89f4177733e046969577bfb0a4a5f3d3" member_type: VOTER last_known_addr { host: "127.23.206.193" port: 44773 } } peers { permanent_uuid: "5a71835561874985bb7fd4e45ab19135" member_type: VOTER last_known_addr { host: "127.23.206.194" port: 42669 } } peers { permanent_uuid: "1dc281b0447044c2b5442aa50830ab9e" member_type: VOTER last_known_addr { host: "127.23.206.195" port: 33863 } }
I20260709 14:55:02.081259 24408 catalog_manager.cc:5697] T 69b2c859f9d24101acc8f567dad0ba58 P 89f4177733e046969577bfb0a4a5f3d3 reported cstate change: term changed from 1 to 2, leader changed from 1dc281b0447044c2b5442aa50830ab9e (127.23.206.195) to 89f4177733e046969577bfb0a4a5f3d3 (127.23.206.193). New cstate: current_term: 2 leader_uuid: "89f4177733e046969577bfb0a4a5f3d3" committed_config { opid_index: -1 OBSOLETE_local: false peers { permanent_uuid: "89f4177733e046969577bfb0a4a5f3d3" member_type: VOTER last_known_addr { host: "127.23.206.193" port: 44773 } health_report { overall_health: HEALTHY } } peers { permanent_uuid: "5a71835561874985bb7fd4e45ab19135" member_type: VOTER last_known_addr { host: "127.23.206.194" port: 42669 } health_report { overall_health: UNKNOWN } } peers { permanent_uuid: "1dc281b0447044c2b5442aa50830ab9e" member_type: VOTER last_known_addr { host: "127.23.206.195" port: 33863 } health_report { overall_health: UNKNOWN } } }
I20260709 14:55:02.176031 24513 raft_consensus.cc:1275] T 06fa2bff62a947049e0e274b4abdc5b8 P 89f4177733e046969577bfb0a4a5f3d3 [term 2 FOLLOWER]: Refusing update from remote peer 5a71835561874985bb7fd4e45ab19135: Log matching property violated. Preceding OpId in replica: term: 1 index: 1. Preceding OpId from leader: term: 2 index: 2. (index mismatch)
I20260709 14:55:02.177263 24716 consensus_queue.cc:1048] T 06fa2bff62a947049e0e274b4abdc5b8 P 5a71835561874985bb7fd4e45ab19135 [LEADER]: Connected to new peer: Peer: permanent_uuid: "89f4177733e046969577bfb0a4a5f3d3" member_type: VOTER last_known_addr { host: "127.23.206.193" port: 44773 }, Status: LMP_MISMATCH, Last received: 0.0, Next index: 2, Last known committed idx: 1, Time since last communication: 0.000s
I20260709 14:55:02.187065 24662 raft_consensus.cc:1275] T 06fa2bff62a947049e0e274b4abdc5b8 P 1dc281b0447044c2b5442aa50830ab9e [term 2 FOLLOWER]: Refusing update from remote peer 5a71835561874985bb7fd4e45ab19135: Log matching property violated. Preceding OpId in replica: term: 1 index: 1. Preceding OpId from leader: term: 2 index: 2. (index mismatch)
I20260709 14:55:02.188758 24716 consensus_queue.cc:1048] T 06fa2bff62a947049e0e274b4abdc5b8 P 5a71835561874985bb7fd4e45ab19135 [LEADER]: Connected to new peer: Peer: permanent_uuid: "1dc281b0447044c2b5442aa50830ab9e" member_type: VOTER last_known_addr { host: "127.23.206.195" port: 33863 }, Status: LMP_MISMATCH, Last received: 0.0, Next index: 2, Last known committed idx: 1, Time since last communication: 0.000s
I20260709 14:55:02.208406 24513 raft_consensus.cc:1275] T 5fb52cabeb324dbf85ed6c7c55a5ed27 P 89f4177733e046969577bfb0a4a5f3d3 [term 2 FOLLOWER]: Refusing update from remote peer 5a71835561874985bb7fd4e45ab19135: Log matching property violated. Preceding OpId in replica: term: 1 index: 1. Preceding OpId from leader: term: 2 index: 2. (index mismatch)
I20260709 14:55:02.209672 24716 consensus_queue.cc:1048] T 5fb52cabeb324dbf85ed6c7c55a5ed27 P 5a71835561874985bb7fd4e45ab19135 [LEADER]: Connected to new peer: Peer: permanent_uuid: "89f4177733e046969577bfb0a4a5f3d3" member_type: VOTER last_known_addr { host: "127.23.206.193" port: 44773 }, Status: LMP_MISMATCH, Last received: 0.0, Next index: 2, Last known committed idx: 1, Time since last communication: 0.000s
I20260709 14:55:02.218000 24662 raft_consensus.cc:1275] T 5fb52cabeb324dbf85ed6c7c55a5ed27 P 1dc281b0447044c2b5442aa50830ab9e [term 2 FOLLOWER]: Refusing update from remote peer 5a71835561874985bb7fd4e45ab19135: Log matching property violated. Preceding OpId in replica: term: 1 index: 1. Preceding OpId from leader: term: 2 index: 2. (index mismatch)
I20260709 14:55:02.220924 24716 consensus_queue.cc:1048] T 5fb52cabeb324dbf85ed6c7c55a5ed27 P 5a71835561874985bb7fd4e45ab19135 [LEADER]: Connected to new peer: Peer: permanent_uuid: "1dc281b0447044c2b5442aa50830ab9e" member_type: VOTER last_known_addr { host: "127.23.206.195" port: 33863 }, Status: LMP_MISMATCH, Last received: 0.0, Next index: 2, Last known committed idx: 1, Time since last communication: 0.000s
I20260709 14:55:02.260239 24513 raft_consensus.cc:3060] T dd6fd5aa9887438993f4cb7b670eecd5 P 89f4177733e046969577bfb0a4a5f3d3 [term 1 FOLLOWER]: Advancing to term 2
I20260709 14:55:02.264369 24513 raft_consensus.cc:1275] T dd6fd5aa9887438993f4cb7b670eecd5 P 89f4177733e046969577bfb0a4a5f3d3 [term 2 FOLLOWER]: Refusing update from remote peer 1dc281b0447044c2b5442aa50830ab9e: Log matching property violated. Preceding OpId in replica: term: 1 index: 1. Preceding OpId from leader: term: 2 index: 2. (index mismatch)
I20260709 14:55:02.265442 24710 consensus_queue.cc:1048] T dd6fd5aa9887438993f4cb7b670eecd5 P 1dc281b0447044c2b5442aa50830ab9e [LEADER]: Connected to new peer: Peer: permanent_uuid: "89f4177733e046969577bfb0a4a5f3d3" member_type: VOTER last_known_addr { host: "127.23.206.193" port: 44773 }, Status: LMP_MISMATCH, Last received: 0.0, Next index: 2, Last known committed idx: 1, Time since last communication: 0.000s
I20260709 14:55:02.273247 24588 raft_consensus.cc:1275] T dd6fd5aa9887438993f4cb7b670eecd5 P 5a71835561874985bb7fd4e45ab19135 [term 2 FOLLOWER]: Refusing update from remote peer 1dc281b0447044c2b5442aa50830ab9e: Log matching property violated. Preceding OpId in replica: term: 1 index: 1. Preceding OpId from leader: term: 2 index: 2. (index mismatch)
I20260709 14:55:02.274461 24746 consensus_queue.cc:1048] T dd6fd5aa9887438993f4cb7b670eecd5 P 1dc281b0447044c2b5442aa50830ab9e [LEADER]: Connected to new peer: Peer: permanent_uuid: "5a71835561874985bb7fd4e45ab19135" member_type: VOTER last_known_addr { host: "127.23.206.194" port: 42669 }, Status: LMP_MISMATCH, Last received: 0.0, Next index: 2, Last known committed idx: 1, Time since last communication: 0.000s
I20260709 14:55:02.279315 24513 raft_consensus.cc:1275] T a2f78fbf44034dd0ae74e2845540a3b0 P 89f4177733e046969577bfb0a4a5f3d3 [term 2 FOLLOWER]: Refusing update from remote peer 5a71835561874985bb7fd4e45ab19135: Log matching property violated. Preceding OpId in replica: term: 1 index: 1. Preceding OpId from leader: term: 2 index: 2. (index mismatch)
I20260709 14:55:02.280537 24763 consensus_queue.cc:1048] T a2f78fbf44034dd0ae74e2845540a3b0 P 5a71835561874985bb7fd4e45ab19135 [LEADER]: Connected to new peer: Peer: permanent_uuid: "89f4177733e046969577bfb0a4a5f3d3" member_type: VOTER last_known_addr { host: "127.23.206.193" port: 44773 }, Status: LMP_MISMATCH, Last received: 0.0, Next index: 2, Last known committed idx: 1, Time since last communication: 0.000s
I20260709 14:55:02.290143 24662 raft_consensus.cc:1275] T a2f78fbf44034dd0ae74e2845540a3b0 P 1dc281b0447044c2b5442aa50830ab9e [term 2 FOLLOWER]: Refusing update from remote peer 5a71835561874985bb7fd4e45ab19135: Log matching property violated. Preceding OpId in replica: term: 1 index: 1. Preceding OpId from leader: term: 2 index: 2. (index mismatch)
I20260709 14:55:02.291409 24782 consensus_queue.cc:1048] T a2f78fbf44034dd0ae74e2845540a3b0 P 5a71835561874985bb7fd4e45ab19135 [LEADER]: Connected to new peer: Peer: permanent_uuid: "1dc281b0447044c2b5442aa50830ab9e" member_type: VOTER last_known_addr { host: "127.23.206.195" port: 33863 }, Status: LMP_MISMATCH, Last received: 0.0, Next index: 2, Last known committed idx: 1, Time since last communication: 0.000s
I20260709 14:55:02.320212 24513 raft_consensus.cc:1275] T 2d0513da8f08464a84ee9d139ee9c8b2 P 89f4177733e046969577bfb0a4a5f3d3 [term 2 FOLLOWER]: Refusing update from remote peer 5a71835561874985bb7fd4e45ab19135: Log matching property violated. Preceding OpId in replica: term: 1 index: 1. Preceding OpId from leader: term: 2 index: 2. (index mismatch)
I20260709 14:55:02.321166 24782 consensus_queue.cc:1048] T 2d0513da8f08464a84ee9d139ee9c8b2 P 5a71835561874985bb7fd4e45ab19135 [LEADER]: Connected to new peer: Peer: permanent_uuid: "89f4177733e046969577bfb0a4a5f3d3" member_type: VOTER last_known_addr { host: "127.23.206.193" port: 44773 }, Status: LMP_MISMATCH, Last received: 0.0, Next index: 2, Last known committed idx: 1, Time since last communication: 0.000s
I20260709 14:55:02.327615 24662 raft_consensus.cc:1275] T 2d0513da8f08464a84ee9d139ee9c8b2 P 1dc281b0447044c2b5442aa50830ab9e [term 2 FOLLOWER]: Refusing update from remote peer 5a71835561874985bb7fd4e45ab19135: Log matching property violated. Preceding OpId in replica: term: 1 index: 1. Preceding OpId from leader: term: 2 index: 2. (index mismatch)
I20260709 14:55:02.329246 24763 consensus_queue.cc:1048] T 2d0513da8f08464a84ee9d139ee9c8b2 P 5a71835561874985bb7fd4e45ab19135 [LEADER]: Connected to new peer: Peer: permanent_uuid: "1dc281b0447044c2b5442aa50830ab9e" member_type: VOTER last_known_addr { host: "127.23.206.195" port: 33863 }, Status: LMP_MISMATCH, Last received: 0.0, Next index: 2, Last known committed idx: 1, Time since last communication: 0.000s
I20260709 14:55:02.486738 24588 raft_consensus.cc:1275] T 69b2c859f9d24101acc8f567dad0ba58 P 5a71835561874985bb7fd4e45ab19135 [term 2 FOLLOWER]: Refusing update from remote peer 89f4177733e046969577bfb0a4a5f3d3: Log matching property violated. Preceding OpId in replica: term: 1 index: 1. Preceding OpId from leader: term: 2 index: 2. (index mismatch)
I20260709 14:55:02.487840 24790 consensus_queue.cc:1048] T 69b2c859f9d24101acc8f567dad0ba58 P 89f4177733e046969577bfb0a4a5f3d3 [LEADER]: Connected to new peer: Peer: permanent_uuid: "5a71835561874985bb7fd4e45ab19135" member_type: VOTER last_known_addr { host: "127.23.206.194" port: 42669 }, Status: LMP_MISMATCH, Last received: 0.0, Next index: 2, Last known committed idx: 1, Time since last communication: 0.000s
I20260709 14:55:02.496325 24662 raft_consensus.cc:1275] T 69b2c859f9d24101acc8f567dad0ba58 P 1dc281b0447044c2b5442aa50830ab9e [term 2 FOLLOWER]: Refusing update from remote peer 89f4177733e046969577bfb0a4a5f3d3: Log matching property violated. Preceding OpId in replica: term: 1 index: 1. Preceding OpId from leader: term: 2 index: 2. (index mismatch)
I20260709 14:55:02.497967 24747 consensus_queue.cc:1048] T 69b2c859f9d24101acc8f567dad0ba58 P 89f4177733e046969577bfb0a4a5f3d3 [LEADER]: Connected to new peer: Peer: permanent_uuid: "1dc281b0447044c2b5442aa50830ab9e" member_type: VOTER last_known_addr { host: "127.23.206.195" port: 33863 }, Status: LMP_MISMATCH, Last received: 0.0, Next index: 2, Last known committed idx: 1, Time since last communication: 0.000s
I20260709 14:55:04.735571 24379 auto_leader_rebalancer-test.cc:378] The leader distribution is 
I20260709 14:55:04.736353 24379 auto_leader_rebalancer.cc:141] leader rebalance for table test-workload
I20260709 14:55:04.752988 24513 tablet_service.cc:2072] Received LeaderStepDown RPC: tablet_id: "52502af495ec45f3b3c0a383e82e396a"
dest_uuid: "89f4177733e046969577bfb0a4a5f3d3"
mode: GRACEFUL
new_leader_uuid: "1dc281b0447044c2b5442aa50830ab9e"
 from {username='slave'} at 127.0.0.1:41590
I20260709 14:55:04.753448 24513 raft_consensus.cc:606] T 52502af495ec45f3b3c0a383e82e396a P 89f4177733e046969577bfb0a4a5f3d3 [term 2 LEADER]: Received request to transfer leadership to TS 1dc281b0447044c2b5442aa50830ab9e
I20260709 14:55:04.763165 24589 tablet_service.cc:2072] Received LeaderStepDown RPC: tablet_id: "a2f78fbf44034dd0ae74e2845540a3b0"
dest_uuid: "5a71835561874985bb7fd4e45ab19135"
mode: GRACEFUL
new_leader_uuid: "1dc281b0447044c2b5442aa50830ab9e"
 from {username='slave'} at 127.0.0.1:46094
I20260709 14:55:04.763587 24589 raft_consensus.cc:606] T a2f78fbf44034dd0ae74e2845540a3b0 P 5a71835561874985bb7fd4e45ab19135 [term 2 LEADER]: Received request to transfer leadership to TS 1dc281b0447044c2b5442aa50830ab9e
I20260709 14:55:04.764559 24379 auto_leader_rebalancer.cc:452] table: test-workload, leader rebalance finish, leader transfer count: 2
I20260709 14:55:04.764968 24379 auto_leader_rebalancer.cc:527] All tables' leader rebalancing finished this round
I20260709 14:55:04.902240 24747 raft_consensus.cc:993] T 52502af495ec45f3b3c0a383e82e396a P 89f4177733e046969577bfb0a4a5f3d3: : Instructing follower 1dc281b0447044c2b5442aa50830ab9e to start an election
I20260709 14:55:04.902590 24795 raft_consensus.cc:1081] T 52502af495ec45f3b3c0a383e82e396a P 89f4177733e046969577bfb0a4a5f3d3 [term 2 LEADER]: Signalling peer 1dc281b0447044c2b5442aa50830ab9e to start an election
I20260709 14:55:04.903805 24662 tablet_service.cc:2044] Received Run Leader Election RPC: tablet_id: "52502af495ec45f3b3c0a383e82e396a"
dest_uuid: "1dc281b0447044c2b5442aa50830ab9e"
 from {username='slave'} at 127.0.0.1:54736
I20260709 14:55:04.904333 24662 raft_consensus.cc:493] T 52502af495ec45f3b3c0a383e82e396a P 1dc281b0447044c2b5442aa50830ab9e [term 2 FOLLOWER]: Starting forced leader election (received explicit request)
I20260709 14:55:04.904722 24662 raft_consensus.cc:3060] T 52502af495ec45f3b3c0a383e82e396a P 1dc281b0447044c2b5442aa50830ab9e [term 2 FOLLOWER]: Advancing to term 3
I20260709 14:55:04.909606 24662 raft_consensus.cc:515] T 52502af495ec45f3b3c0a383e82e396a P 1dc281b0447044c2b5442aa50830ab9e [term 3 FOLLOWER]: Starting forced leader election with config: opid_index: -1 OBSOLETE_local: false peers { permanent_uuid: "89f4177733e046969577bfb0a4a5f3d3" member_type: VOTER last_known_addr { host: "127.23.206.193" port: 44773 } } peers { permanent_uuid: "5a71835561874985bb7fd4e45ab19135" member_type: VOTER last_known_addr { host: "127.23.206.194" port: 42669 } } peers { permanent_uuid: "1dc281b0447044c2b5442aa50830ab9e" member_type: VOTER last_known_addr { host: "127.23.206.195" port: 33863 } }
I20260709 14:55:04.911012 24662 leader_election.cc:290] T 52502af495ec45f3b3c0a383e82e396a P 1dc281b0447044c2b5442aa50830ab9e [CANDIDATE]: Term 3 election: Requested vote from peers 89f4177733e046969577bfb0a4a5f3d3 (127.23.206.193:44773), 5a71835561874985bb7fd4e45ab19135 (127.23.206.194:42669)
I20260709 14:55:04.911614 24513 tablet_service.cc:1917] Received RequestConsensusVote() RPC: tablet_id: "52502af495ec45f3b3c0a383e82e396a" candidate_uuid: "1dc281b0447044c2b5442aa50830ab9e" candidate_term: 3 candidate_status { last_received { term: 2 index: 2 } } ignore_live_leader: true dest_uuid: "89f4177733e046969577bfb0a4a5f3d3"
I20260709 14:55:04.911998 24589 tablet_service.cc:1917] Received RequestConsensusVote() RPC: tablet_id: "52502af495ec45f3b3c0a383e82e396a" candidate_uuid: "1dc281b0447044c2b5442aa50830ab9e" candidate_term: 3 candidate_status { last_received { term: 2 index: 2 } } ignore_live_leader: true dest_uuid: "5a71835561874985bb7fd4e45ab19135"
I20260709 14:55:04.912173 24513 raft_consensus.cc:3055] T 52502af495ec45f3b3c0a383e82e396a P 89f4177733e046969577bfb0a4a5f3d3 [term 2 LEADER]: Stepping down as leader of term 2
I20260709 14:55:04.912539 24589 raft_consensus.cc:3060] T 52502af495ec45f3b3c0a383e82e396a P 5a71835561874985bb7fd4e45ab19135 [term 2 FOLLOWER]: Advancing to term 3
I20260709 14:55:04.912526 24513 raft_consensus.cc:740] T 52502af495ec45f3b3c0a383e82e396a P 89f4177733e046969577bfb0a4a5f3d3 [term 2 LEADER]: Becoming Follower/Learner. State: Replica: 89f4177733e046969577bfb0a4a5f3d3, State: Running, Role: LEADER
I20260709 14:55:04.913430 24513 consensus_queue.cc:260] T 52502af495ec45f3b3c0a383e82e396a P 89f4177733e046969577bfb0a4a5f3d3 [NON_LEADER]: Queue going to NON_LEADER mode. State: All replicated index: 0, Majority replicated index: 2, Committed index: 2, Last appended: 2.2, Last appended by leader: 2, Current term: 2, Majority size: -1, State: 0, Mode: NON_LEADER, active raft config: opid_index: -1 OBSOLETE_local: false peers { permanent_uuid: "89f4177733e046969577bfb0a4a5f3d3" member_type: VOTER last_known_addr { host: "127.23.206.193" port: 44773 } } peers { permanent_uuid: "5a71835561874985bb7fd4e45ab19135" member_type: VOTER last_known_addr { host: "127.23.206.194" port: 42669 } } peers { permanent_uuid: "1dc281b0447044c2b5442aa50830ab9e" member_type: VOTER last_known_addr { host: "127.23.206.195" port: 33863 } }
I20260709 14:55:04.914566 24513 raft_consensus.cc:3060] T 52502af495ec45f3b3c0a383e82e396a P 89f4177733e046969577bfb0a4a5f3d3 [term 2 FOLLOWER]: Advancing to term 3
I20260709 14:55:04.918792 24589 raft_consensus.cc:2468] T 52502af495ec45f3b3c0a383e82e396a P 5a71835561874985bb7fd4e45ab19135 [term 3 FOLLOWER]: Leader election vote request: Granting yes vote for candidate 1dc281b0447044c2b5442aa50830ab9e in term 3.
I20260709 14:55:04.919844 24629 leader_election.cc:304] T 52502af495ec45f3b3c0a383e82e396a P 1dc281b0447044c2b5442aa50830ab9e [CANDIDATE]: Term 3 election: Election decided. Result: candidate won. Election summary: received 2 responses out of 3 voters: 2 yes votes; 0 no votes. yes voters: 1dc281b0447044c2b5442aa50830ab9e, 5a71835561874985bb7fd4e45ab19135; no voters: 
I20260709 14:55:04.920292 24513 raft_consensus.cc:2468] T 52502af495ec45f3b3c0a383e82e396a P 89f4177733e046969577bfb0a4a5f3d3 [term 3 FOLLOWER]: Leader election vote request: Granting yes vote for candidate 1dc281b0447044c2b5442aa50830ab9e in term 3.
I20260709 14:55:04.920462 24710 raft_consensus.cc:2804] T 52502af495ec45f3b3c0a383e82e396a P 1dc281b0447044c2b5442aa50830ab9e [term 3 FOLLOWER]: Leader election won for term 3
I20260709 14:55:04.921686 24710 raft_consensus.cc:697] T 52502af495ec45f3b3c0a383e82e396a P 1dc281b0447044c2b5442aa50830ab9e [term 3 LEADER]: Becoming Leader. State: Replica: 1dc281b0447044c2b5442aa50830ab9e, State: Running, Role: LEADER
I20260709 14:55:04.922377 24710 consensus_queue.cc:237] T 52502af495ec45f3b3c0a383e82e396a P 1dc281b0447044c2b5442aa50830ab9e [LEADER]: Queue going to LEADER mode. State: All replicated index: 0, Majority replicated index: 2, Committed index: 2, Last appended: 2.2, Last appended by leader: 2, Current term: 3, Majority size: 2, State: 0, Mode: LEADER, active raft config: opid_index: -1 OBSOLETE_local: false peers { permanent_uuid: "89f4177733e046969577bfb0a4a5f3d3" member_type: VOTER last_known_addr { host: "127.23.206.193" port: 44773 } } peers { permanent_uuid: "5a71835561874985bb7fd4e45ab19135" member_type: VOTER last_known_addr { host: "127.23.206.194" port: 42669 } } peers { permanent_uuid: "1dc281b0447044c2b5442aa50830ab9e" member_type: VOTER last_known_addr { host: "127.23.206.195" port: 33863 } }
I20260709 14:55:04.928673 24411 catalog_manager.cc:5697] T 52502af495ec45f3b3c0a383e82e396a P 1dc281b0447044c2b5442aa50830ab9e reported cstate change: term changed from 2 to 3, leader changed from 89f4177733e046969577bfb0a4a5f3d3 (127.23.206.193) to 1dc281b0447044c2b5442aa50830ab9e (127.23.206.195). New cstate: current_term: 3 leader_uuid: "1dc281b0447044c2b5442aa50830ab9e" committed_config { opid_index: -1 OBSOLETE_local: false peers { permanent_uuid: "89f4177733e046969577bfb0a4a5f3d3" member_type: VOTER last_known_addr { host: "127.23.206.193" port: 44773 } health_report { overall_health: UNKNOWN } } peers { permanent_uuid: "5a71835561874985bb7fd4e45ab19135" member_type: VOTER last_known_addr { host: "127.23.206.194" port: 42669 } health_report { overall_health: UNKNOWN } } peers { permanent_uuid: "1dc281b0447044c2b5442aa50830ab9e" member_type: VOTER last_known_addr { host: "127.23.206.195" port: 33863 } health_report { overall_health: HEALTHY } } }
I20260709 14:55:05.013897 24763 raft_consensus.cc:993] T a2f78fbf44034dd0ae74e2845540a3b0 P 5a71835561874985bb7fd4e45ab19135: : Instructing follower 1dc281b0447044c2b5442aa50830ab9e to start an election
I20260709 14:55:05.014293 24805 raft_consensus.cc:1081] T a2f78fbf44034dd0ae74e2845540a3b0 P 5a71835561874985bb7fd4e45ab19135 [term 2 LEADER]: Signalling peer 1dc281b0447044c2b5442aa50830ab9e to start an election
I20260709 14:55:05.015657 24662 tablet_service.cc:2044] Received Run Leader Election RPC: tablet_id: "a2f78fbf44034dd0ae74e2845540a3b0"
dest_uuid: "1dc281b0447044c2b5442aa50830ab9e"
 from {username='slave'} at 127.0.0.1:54740
I20260709 14:55:05.016078 24662 raft_consensus.cc:493] T a2f78fbf44034dd0ae74e2845540a3b0 P 1dc281b0447044c2b5442aa50830ab9e [term 2 FOLLOWER]: Starting forced leader election (received explicit request)
I20260709 14:55:05.016351 24662 raft_consensus.cc:3060] T a2f78fbf44034dd0ae74e2845540a3b0 P 1dc281b0447044c2b5442aa50830ab9e [term 2 FOLLOWER]: Advancing to term 3
I20260709 14:55:05.020247 24662 raft_consensus.cc:515] T a2f78fbf44034dd0ae74e2845540a3b0 P 1dc281b0447044c2b5442aa50830ab9e [term 3 FOLLOWER]: Starting forced leader election with config: opid_index: -1 OBSOLETE_local: false peers { permanent_uuid: "89f4177733e046969577bfb0a4a5f3d3" member_type: VOTER last_known_addr { host: "127.23.206.193" port: 44773 } } peers { permanent_uuid: "5a71835561874985bb7fd4e45ab19135" member_type: VOTER last_known_addr { host: "127.23.206.194" port: 42669 } } peers { permanent_uuid: "1dc281b0447044c2b5442aa50830ab9e" member_type: VOTER last_known_addr { host: "127.23.206.195" port: 33863 } }
I20260709 14:55:05.021715 24662 leader_election.cc:290] T a2f78fbf44034dd0ae74e2845540a3b0 P 1dc281b0447044c2b5442aa50830ab9e [CANDIDATE]: Term 3 election: Requested vote from peers 89f4177733e046969577bfb0a4a5f3d3 (127.23.206.193:44773), 5a71835561874985bb7fd4e45ab19135 (127.23.206.194:42669)
I20260709 14:55:05.022505 24513 tablet_service.cc:1917] Received RequestConsensusVote() RPC: tablet_id: "a2f78fbf44034dd0ae74e2845540a3b0" candidate_uuid: "1dc281b0447044c2b5442aa50830ab9e" candidate_term: 3 candidate_status { last_received { term: 2 index: 2 } } ignore_live_leader: true dest_uuid: "89f4177733e046969577bfb0a4a5f3d3"
I20260709 14:55:05.022630 24589 tablet_service.cc:1917] Received RequestConsensusVote() RPC: tablet_id: "a2f78fbf44034dd0ae74e2845540a3b0" candidate_uuid: "1dc281b0447044c2b5442aa50830ab9e" candidate_term: 3 candidate_status { last_received { term: 2 index: 2 } } ignore_live_leader: true dest_uuid: "5a71835561874985bb7fd4e45ab19135"
I20260709 14:55:05.022971 24513 raft_consensus.cc:3060] T a2f78fbf44034dd0ae74e2845540a3b0 P 89f4177733e046969577bfb0a4a5f3d3 [term 2 FOLLOWER]: Advancing to term 3
I20260709 14:55:05.023113 24589 raft_consensus.cc:3055] T a2f78fbf44034dd0ae74e2845540a3b0 P 5a71835561874985bb7fd4e45ab19135 [term 2 LEADER]: Stepping down as leader of term 2
I20260709 14:55:05.023524 24589 raft_consensus.cc:740] T a2f78fbf44034dd0ae74e2845540a3b0 P 5a71835561874985bb7fd4e45ab19135 [term 2 LEADER]: Becoming Follower/Learner. State: Replica: 5a71835561874985bb7fd4e45ab19135, State: Running, Role: LEADER
I20260709 14:55:05.024160 24589 consensus_queue.cc:260] T a2f78fbf44034dd0ae74e2845540a3b0 P 5a71835561874985bb7fd4e45ab19135 [NON_LEADER]: Queue going to NON_LEADER mode. State: All replicated index: 0, Majority replicated index: 2, Committed index: 2, Last appended: 2.2, Last appended by leader: 2, Current term: 2, Majority size: -1, State: 0, Mode: NON_LEADER, active raft config: opid_index: -1 OBSOLETE_local: false peers { permanent_uuid: "89f4177733e046969577bfb0a4a5f3d3" member_type: VOTER last_known_addr { host: "127.23.206.193" port: 44773 } } peers { permanent_uuid: "5a71835561874985bb7fd4e45ab19135" member_type: VOTER last_known_addr { host: "127.23.206.194" port: 42669 } } peers { permanent_uuid: "1dc281b0447044c2b5442aa50830ab9e" member_type: VOTER last_known_addr { host: "127.23.206.195" port: 33863 } }
I20260709 14:55:05.025023 24589 raft_consensus.cc:3060] T a2f78fbf44034dd0ae74e2845540a3b0 P 5a71835561874985bb7fd4e45ab19135 [term 2 FOLLOWER]: Advancing to term 3
I20260709 14:55:05.027139 24513 raft_consensus.cc:2468] T a2f78fbf44034dd0ae74e2845540a3b0 P 89f4177733e046969577bfb0a4a5f3d3 [term 3 FOLLOWER]: Leader election vote request: Granting yes vote for candidate 1dc281b0447044c2b5442aa50830ab9e in term 3.
I20260709 14:55:05.027984 24626 leader_election.cc:304] T a2f78fbf44034dd0ae74e2845540a3b0 P 1dc281b0447044c2b5442aa50830ab9e [CANDIDATE]: Term 3 election: Election decided. Result: candidate won. Election summary: received 2 responses out of 3 voters: 2 yes votes; 0 no votes. yes voters: 1dc281b0447044c2b5442aa50830ab9e, 89f4177733e046969577bfb0a4a5f3d3; no voters: 
I20260709 14:55:05.028721 24710 raft_consensus.cc:2804] T a2f78fbf44034dd0ae74e2845540a3b0 P 1dc281b0447044c2b5442aa50830ab9e [term 3 FOLLOWER]: Leader election won for term 3
I20260709 14:55:05.029083 24710 raft_consensus.cc:697] T a2f78fbf44034dd0ae74e2845540a3b0 P 1dc281b0447044c2b5442aa50830ab9e [term 3 LEADER]: Becoming Leader. State: Replica: 1dc281b0447044c2b5442aa50830ab9e, State: Running, Role: LEADER
I20260709 14:55:05.029453 24589 raft_consensus.cc:2468] T a2f78fbf44034dd0ae74e2845540a3b0 P 5a71835561874985bb7fd4e45ab19135 [term 3 FOLLOWER]: Leader election vote request: Granting yes vote for candidate 1dc281b0447044c2b5442aa50830ab9e in term 3.
I20260709 14:55:05.029753 24710 consensus_queue.cc:237] T a2f78fbf44034dd0ae74e2845540a3b0 P 1dc281b0447044c2b5442aa50830ab9e [LEADER]: Queue going to LEADER mode. State: All replicated index: 0, Majority replicated index: 2, Committed index: 2, Last appended: 2.2, Last appended by leader: 2, Current term: 3, Majority size: 2, State: 0, Mode: LEADER, active raft config: opid_index: -1 OBSOLETE_local: false peers { permanent_uuid: "89f4177733e046969577bfb0a4a5f3d3" member_type: VOTER last_known_addr { host: "127.23.206.193" port: 44773 } } peers { permanent_uuid: "5a71835561874985bb7fd4e45ab19135" member_type: VOTER last_known_addr { host: "127.23.206.194" port: 42669 } } peers { permanent_uuid: "1dc281b0447044c2b5442aa50830ab9e" member_type: VOTER last_known_addr { host: "127.23.206.195" port: 33863 } }
I20260709 14:55:05.036232 24411 catalog_manager.cc:5697] T a2f78fbf44034dd0ae74e2845540a3b0 P 1dc281b0447044c2b5442aa50830ab9e reported cstate change: term changed from 2 to 3, leader changed from 5a71835561874985bb7fd4e45ab19135 (127.23.206.194) to 1dc281b0447044c2b5442aa50830ab9e (127.23.206.195). New cstate: current_term: 3 leader_uuid: "1dc281b0447044c2b5442aa50830ab9e" committed_config { opid_index: -1 OBSOLETE_local: false peers { permanent_uuid: "89f4177733e046969577bfb0a4a5f3d3" member_type: VOTER last_known_addr { host: "127.23.206.193" port: 44773 } health_report { overall_health: UNKNOWN } } peers { permanent_uuid: "5a71835561874985bb7fd4e45ab19135" member_type: VOTER last_known_addr { host: "127.23.206.194" port: 42669 } health_report { overall_health: UNKNOWN } } peers { permanent_uuid: "1dc281b0447044c2b5442aa50830ab9e" member_type: VOTER last_known_addr { host: "127.23.206.195" port: 33863 } health_report { overall_health: HEALTHY } } }
I20260709 14:55:05.355172 24589 raft_consensus.cc:1275] T 52502af495ec45f3b3c0a383e82e396a P 5a71835561874985bb7fd4e45ab19135 [term 3 FOLLOWER]: Refusing update from remote peer 1dc281b0447044c2b5442aa50830ab9e: Log matching property violated. Preceding OpId in replica: term: 2 index: 2. Preceding OpId from leader: term: 3 index: 3. (index mismatch)
I20260709 14:55:05.356263 24710 consensus_queue.cc:1048] T 52502af495ec45f3b3c0a383e82e396a P 1dc281b0447044c2b5442aa50830ab9e [LEADER]: Connected to new peer: Peer: permanent_uuid: "5a71835561874985bb7fd4e45ab19135" member_type: VOTER last_known_addr { host: "127.23.206.194" port: 42669 }, Status: LMP_MISMATCH, Last received: 0.0, Next index: 3, Last known committed idx: 2, Time since last communication: 0.000s
I20260709 14:55:05.364599 24513 raft_consensus.cc:1275] T 52502af495ec45f3b3c0a383e82e396a P 89f4177733e046969577bfb0a4a5f3d3 [term 3 FOLLOWER]: Refusing update from remote peer 1dc281b0447044c2b5442aa50830ab9e: Log matching property violated. Preceding OpId in replica: term: 2 index: 2. Preceding OpId from leader: term: 3 index: 3. (index mismatch)
I20260709 14:55:05.365947 24799 consensus_queue.cc:1048] T 52502af495ec45f3b3c0a383e82e396a P 1dc281b0447044c2b5442aa50830ab9e [LEADER]: Connected to new peer: Peer: permanent_uuid: "89f4177733e046969577bfb0a4a5f3d3" member_type: VOTER last_known_addr { host: "127.23.206.193" port: 44773 }, Status: LMP_MISMATCH, Last received: 0.0, Next index: 3, Last known committed idx: 2, Time since last communication: 0.000s
W20260709 14:55:05.389045 24684 debug-util.cc:398] Leaking SignalData structure 0x7b080016b060 after lost signal to thread 24382
W20260709 14:55:05.389662 24684 debug-util.cc:398] Leaking SignalData structure 0x7b080016b740 after lost signal to thread 24445
W20260709 14:55:05.391114 24684 debug-util.cc:398] Leaking SignalData structure 0x7b08001ef4c0 after lost signal to thread 24687
I20260709 14:55:05.454613 24589 raft_consensus.cc:1275] T a2f78fbf44034dd0ae74e2845540a3b0 P 5a71835561874985bb7fd4e45ab19135 [term 3 FOLLOWER]: Refusing update from remote peer 1dc281b0447044c2b5442aa50830ab9e: Log matching property violated. Preceding OpId in replica: term: 2 index: 2. Preceding OpId from leader: term: 3 index: 3. (index mismatch)
I20260709 14:55:05.455895 24799 consensus_queue.cc:1048] T a2f78fbf44034dd0ae74e2845540a3b0 P 1dc281b0447044c2b5442aa50830ab9e [LEADER]: Connected to new peer: Peer: permanent_uuid: "5a71835561874985bb7fd4e45ab19135" member_type: VOTER last_known_addr { host: "127.23.206.194" port: 42669 }, Status: LMP_MISMATCH, Last received: 0.0, Next index: 3, Last known committed idx: 2, Time since last communication: 0.000s
I20260709 14:55:05.464107 24513 raft_consensus.cc:1275] T a2f78fbf44034dd0ae74e2845540a3b0 P 89f4177733e046969577bfb0a4a5f3d3 [term 3 FOLLOWER]: Refusing update from remote peer 1dc281b0447044c2b5442aa50830ab9e: Log matching property violated. Preceding OpId in replica: term: 2 index: 2. Preceding OpId from leader: term: 3 index: 3. (index mismatch)
I20260709 14:55:05.467002 24799 consensus_queue.cc:1048] T a2f78fbf44034dd0ae74e2845540a3b0 P 1dc281b0447044c2b5442aa50830ab9e [LEADER]: Connected to new peer: Peer: permanent_uuid: "89f4177733e046969577bfb0a4a5f3d3" member_type: VOTER last_known_addr { host: "127.23.206.193" port: 44773 }, Status: LMP_MISMATCH, Last received: 0.0, Next index: 3, Last known committed idx: 2, Time since last communication: 0.001s
I20260709 14:55:05.765669 24379 auto_leader_rebalancer.cc:141] leader rebalance for table test-workload
I20260709 14:55:05.775174 24513 tablet_service.cc:2072] Received LeaderStepDown RPC: tablet_id: "059705d59b0345179a5866d942631dfa"
dest_uuid: "89f4177733e046969577bfb0a4a5f3d3"
mode: GRACEFUL
new_leader_uuid: "5a71835561874985bb7fd4e45ab19135"
 from {username='slave'} at 127.0.0.1:51242
I20260709 14:55:05.775749 24513 raft_consensus.cc:606] T 059705d59b0345179a5866d942631dfa P 89f4177733e046969577bfb0a4a5f3d3 [term 2 LEADER]: Received request to transfer leadership to TS 5a71835561874985bb7fd4e45ab19135
I20260709 14:55:05.780050 24513 tablet_service.cc:2072] Received LeaderStepDown RPC: tablet_id: "69b2c859f9d24101acc8f567dad0ba58"
dest_uuid: "89f4177733e046969577bfb0a4a5f3d3"
mode: GRACEFUL
new_leader_uuid: "5a71835561874985bb7fd4e45ab19135"
 from {username='slave'} at 127.0.0.1:51242
I20260709 14:55:05.780478 24513 raft_consensus.cc:606] T 69b2c859f9d24101acc8f567dad0ba58 P 89f4177733e046969577bfb0a4a5f3d3 [term 2 LEADER]: Received request to transfer leadership to TS 5a71835561874985bb7fd4e45ab19135
I20260709 14:55:05.784564 24513 tablet_service.cc:2072] Received LeaderStepDown RPC: tablet_id: "8616ab369a3c4ec391a25e81c1b24c9e"
dest_uuid: "89f4177733e046969577bfb0a4a5f3d3"
mode: GRACEFUL
new_leader_uuid: "5a71835561874985bb7fd4e45ab19135"
 from {username='slave'} at 127.0.0.1:51242
I20260709 14:55:05.784967 24513 raft_consensus.cc:606] T 8616ab369a3c4ec391a25e81c1b24c9e P 89f4177733e046969577bfb0a4a5f3d3 [term 1 LEADER]: Received request to transfer leadership to TS 5a71835561874985bb7fd4e45ab19135
I20260709 14:55:05.789424 24662 tablet_service.cc:2072] Received LeaderStepDown RPC: tablet_id: "52502af495ec45f3b3c0a383e82e396a"
dest_uuid: "1dc281b0447044c2b5442aa50830ab9e"
mode: GRACEFUL
new_leader_uuid: "5a71835561874985bb7fd4e45ab19135"
 from {username='slave'} at 127.0.0.1:54742
I20260709 14:55:05.789821 24662 raft_consensus.cc:606] T 52502af495ec45f3b3c0a383e82e396a P 1dc281b0447044c2b5442aa50830ab9e [term 3 LEADER]: Received request to transfer leadership to TS 5a71835561874985bb7fd4e45ab19135
I20260709 14:55:05.795984 24662 tablet_service.cc:2072] Received LeaderStepDown RPC: tablet_id: "a2f78fbf44034dd0ae74e2845540a3b0"
dest_uuid: "1dc281b0447044c2b5442aa50830ab9e"
mode: GRACEFUL
new_leader_uuid: "5a71835561874985bb7fd4e45ab19135"
 from {username='slave'} at 127.0.0.1:54742
I20260709 14:55:05.796362 24662 raft_consensus.cc:606] T a2f78fbf44034dd0ae74e2845540a3b0 P 1dc281b0447044c2b5442aa50830ab9e [term 3 LEADER]: Received request to transfer leadership to TS 5a71835561874985bb7fd4e45ab19135
I20260709 14:55:05.850342 24815 raft_consensus.cc:993] T 8616ab369a3c4ec391a25e81c1b24c9e P 89f4177733e046969577bfb0a4a5f3d3: : Instructing follower 5a71835561874985bb7fd4e45ab19135 to start an election
I20260709 14:55:05.850742 24795 raft_consensus.cc:1081] T 8616ab369a3c4ec391a25e81c1b24c9e P 89f4177733e046969577bfb0a4a5f3d3 [term 1 LEADER]: Signalling peer 5a71835561874985bb7fd4e45ab19135 to start an election
I20260709 14:55:05.852182 24589 tablet_service.cc:2044] Received Run Leader Election RPC: tablet_id: "8616ab369a3c4ec391a25e81c1b24c9e"
dest_uuid: "5a71835561874985bb7fd4e45ab19135"
 from {username='slave'} at 127.0.0.1:35712
