I20260709 14:55:25.011058 25551 tablet_service.cc:1917] Received RequestConsensusVote() RPC: tablet_id: "ee623b976be147dbbad3e5e94d579180" candidate_uuid: "c3a61cd974e548ffae69cb08d5956ec6" candidate_term: 1 candidate_status { last_received { term: 0 index: 0 } } ignore_live_leader: false dest_uuid: "fe428c47b93a4332897de544b2fb3fa7" is_pre_election: true
I20260709 14:55:25.011574 25814 leader_election.cc:290] T cc8f8f147628402785477c1b3e1d4a4c P c3a61cd974e548ffae69cb08d5956ec6 [CANDIDATE]: Term 1 election: Requested vote from peers 3ede295d80c94ce38e71da94b2e45d16 (127.23.206.193:41887), fe428c47b93a4332897de544b2fb3fa7 (127.23.206.194:41045)
I20260709 14:55:25.011672 25520 leader_election.cc:304] T 7fa3cbb27ca64fc9a2f0e382ac1b5c0e P fe428c47b93a4332897de544b2fb3fa7 [CANDIDATE]: Term 1 election: Election decided. Result: candidate won. Election summary: received 2 responses out of 3 voters: 2 yes votes; 0 no votes. yes voters: c3a61cd974e548ffae69cb08d5956ec6, fe428c47b93a4332897de544b2fb3fa7; no voters: 
I20260709 14:55:25.015221 25672 tablet_bootstrap.cc:654] T 7450d2e428e643fa9df7c8d69fd2bbb3 P c3a61cd974e548ffae69cb08d5956ec6: Neither blocks nor log segments found. Creating new log.
I20260709 14:55:25.015377 25551 tablet_service.cc:1917] Received RequestConsensusVote() RPC: tablet_id: "cc8f8f147628402785477c1b3e1d4a4c" candidate_uuid: "c3a61cd974e548ffae69cb08d5956ec6" candidate_term: 1 candidate_status { last_received { term: 0 index: 0 } } ignore_live_leader: false dest_uuid: "fe428c47b93a4332897de544b2fb3fa7"
W20260709 14:55:25.016606 25593 leader_election.cc:343] T ee623b976be147dbbad3e5e94d579180 P c3a61cd974e548ffae69cb08d5956ec6 [CANDIDATE]: Term 1 pre-election: Tablet error from VoteRequest() call to peer fe428c47b93a4332897de544b2fb3fa7 (127.23.206.194:41045): Illegal state: must be running to vote when last-logged opid is not known
I20260709 14:55:25.014209 25757 raft_consensus.cc:2804] T 7fa3cbb27ca64fc9a2f0e382ac1b5c0e P fe428c47b93a4332897de544b2fb3fa7 [term 1 FOLLOWER]: Leader election won for term 1
W20260709 14:55:25.017195 25593 leader_election.cc:343] T cc8f8f147628402785477c1b3e1d4a4c P c3a61cd974e548ffae69cb08d5956ec6 [CANDIDATE]: Term 1 election: Tablet error from VoteRequest() call to peer fe428c47b93a4332897de544b2fb3fa7 (127.23.206.194:41045): Illegal state: must be running to vote when last-logged opid is not known
I20260709 14:55:25.017331 25757 raft_consensus.cc:697] T 7fa3cbb27ca64fc9a2f0e382ac1b5c0e P fe428c47b93a4332897de544b2fb3fa7 [term 1 LEADER]: Becoming Leader. State: Replica: fe428c47b93a4332897de544b2fb3fa7, State: Running, Role: LEADER
W20260709 14:55:25.017755 25593 leader_election.cc:343] T ee623b976be147dbbad3e5e94d579180 P c3a61cd974e548ffae69cb08d5956ec6 [CANDIDATE]: Term 1 pre-election: Tablet error from VoteRequest() call to peer 3ede295d80c94ce38e71da94b2e45d16 (127.23.206.193:41887): Illegal state: must be running to vote when last-logged opid is not known
I20260709 14:55:25.018064 25480 raft_consensus.cc:2468] T 7fa3cbb27ca64fc9a2f0e382ac1b5c0e P 3ede295d80c94ce38e71da94b2e45d16 [term 1 FOLLOWER]: Leader election vote request: Granting yes vote for candidate fe428c47b93a4332897de544b2fb3fa7 in term 1.
I20260709 14:55:25.018167 25593 leader_election.cc:304] T ee623b976be147dbbad3e5e94d579180 P c3a61cd974e548ffae69cb08d5956ec6 [CANDIDATE]: Term 1 pre-election: Election decided. Result: candidate lost. Election summary: received 3 responses out of 3 voters: 1 yes votes; 2 no votes. yes voters: c3a61cd974e548ffae69cb08d5956ec6; no voters: 3ede295d80c94ce38e71da94b2e45d16, fe428c47b93a4332897de544b2fb3fa7
I20260709 14:55:25.018090 25757 consensus_queue.cc:237] T 7fa3cbb27ca64fc9a2f0e382ac1b5c0e P fe428c47b93a4332897de544b2fb3fa7 [LEADER]: Queue going to LEADER mode. State: All replicated index: 0, Majority replicated index: 0, Committed index: 0, Last appended: 0.0, Last appended by leader: 0, Current term: 1, Majority size: 2, State: 0, Mode: LEADER, active raft config: opid_index: -1 OBSOLETE_local: false peers { permanent_uuid: "3ede295d80c94ce38e71da94b2e45d16" member_type: VOTER last_known_addr { host: "127.23.206.193" port: 41887 } } peers { permanent_uuid: "fe428c47b93a4332897de544b2fb3fa7" member_type: VOTER last_known_addr { host: "127.23.206.194" port: 41045 } } peers { permanent_uuid: "c3a61cd974e548ffae69cb08d5956ec6" member_type: VOTER last_known_addr { host: "127.23.206.195" port: 43251 } }
I20260709 14:55:25.019387 25479 raft_consensus.cc:2468] T cc8f8f147628402785477c1b3e1d4a4c P 3ede295d80c94ce38e71da94b2e45d16 [term 1 FOLLOWER]: Leader election vote request: Granting yes vote for candidate c3a61cd974e548ffae69cb08d5956ec6 in term 1.
I20260709 14:55:25.020447 25814 raft_consensus.cc:2749] T ee623b976be147dbbad3e5e94d579180 P c3a61cd974e548ffae69cb08d5956ec6 [term 0 FOLLOWER]: Leader pre-election lost for term 1. Reason: could not achieve majority
I20260709 14:55:25.021840 25593 leader_election.cc:304] T cc8f8f147628402785477c1b3e1d4a4c P c3a61cd974e548ffae69cb08d5956ec6 [CANDIDATE]: Term 1 election: Election decided. Result: candidate won. Election summary: received 3 responses out of 3 voters: 2 yes votes; 1 no votes. yes voters: 3ede295d80c94ce38e71da94b2e45d16, c3a61cd974e548ffae69cb08d5956ec6; no voters: fe428c47b93a4332897de544b2fb3fa7
I20260709 14:55:25.022966 25814 raft_consensus.cc:2804] T cc8f8f147628402785477c1b3e1d4a4c P c3a61cd974e548ffae69cb08d5956ec6 [term 1 FOLLOWER]: Leader election won for term 1
I20260709 14:55:25.023527 25814 raft_consensus.cc:697] T cc8f8f147628402785477c1b3e1d4a4c P c3a61cd974e548ffae69cb08d5956ec6 [term 1 LEADER]: Becoming Leader. State: Replica: c3a61cd974e548ffae69cb08d5956ec6, State: Running, Role: LEADER
I20260709 14:55:25.025362 25814 consensus_queue.cc:237] T cc8f8f147628402785477c1b3e1d4a4c P c3a61cd974e548ffae69cb08d5956ec6 [LEADER]: Queue going to LEADER mode. State: All replicated index: 0, Majority replicated index: 0, Committed index: 0, Last appended: 0.0, Last appended by leader: 0, Current term: 1, Majority size: 2, State: 0, Mode: LEADER, active raft config: opid_index: -1 OBSOLETE_local: false peers { permanent_uuid: "3ede295d80c94ce38e71da94b2e45d16" member_type: VOTER last_known_addr { host: "127.23.206.193" port: 41887 } } peers { permanent_uuid: "fe428c47b93a4332897de544b2fb3fa7" member_type: VOTER last_known_addr { host: "127.23.206.194" port: 41045 } } peers { permanent_uuid: "c3a61cd974e548ffae69cb08d5956ec6" member_type: VOTER last_known_addr { host: "127.23.206.195" port: 43251 } }
I20260709 14:55:25.025926 25669 tablet_bootstrap.cc:492] T cc8f8f147628402785477c1b3e1d4a4c P fe428c47b93a4332897de544b2fb3fa7: No bootstrap required, opened a new log
I20260709 14:55:25.025972 25758 raft_consensus.cc:493] T b2d7fcf19d6e451d862582b2d1d5e534 P fe428c47b93a4332897de544b2fb3fa7 [term 0 FOLLOWER]: Starting pre-election (no leader contacted us within the election timeout)
I20260709 14:55:25.026607 25669 ts_tablet_manager.cc:1403] T cc8f8f147628402785477c1b3e1d4a4c P fe428c47b93a4332897de544b2fb3fa7: Time spent bootstrapping tablet: real 0.094s	user 0.012s	sys 0.009s
I20260709 14:55:25.026587 25758 raft_consensus.cc:515] T b2d7fcf19d6e451d862582b2d1d5e534 P fe428c47b93a4332897de544b2fb3fa7 [term 0 FOLLOWER]: Starting pre-election with config: opid_index: -1 OBSOLETE_local: false peers { permanent_uuid: "3ede295d80c94ce38e71da94b2e45d16" member_type: VOTER last_known_addr { host: "127.23.206.193" port: 41887 } } peers { permanent_uuid: "fe428c47b93a4332897de544b2fb3fa7" member_type: VOTER last_known_addr { host: "127.23.206.194" port: 41045 } } peers { permanent_uuid: "c3a61cd974e548ffae69cb08d5956ec6" member_type: VOTER last_known_addr { host: "127.23.206.195" port: 43251 } }
I20260709 14:55:25.028524 25758 leader_election.cc:290] T b2d7fcf19d6e451d862582b2d1d5e534 P fe428c47b93a4332897de544b2fb3fa7 [CANDIDATE]: Term 1 pre-election: Requested pre-vote from peers 3ede295d80c94ce38e71da94b2e45d16 (127.23.206.193:41887), c3a61cd974e548ffae69cb08d5956ec6 (127.23.206.195:43251)
I20260709 14:55:25.035143 25669 raft_consensus.cc:359] T cc8f8f147628402785477c1b3e1d4a4c P fe428c47b93a4332897de544b2fb3fa7 [term 0 FOLLOWER]: Replica starting. Triggering 0 pending ops. Active config: opid_index: -1 OBSOLETE_local: false peers { permanent_uuid: "3ede295d80c94ce38e71da94b2e45d16" member_type: VOTER last_known_addr { host: "127.23.206.193" port: 41887 } } peers { permanent_uuid: "fe428c47b93a4332897de544b2fb3fa7" member_type: VOTER last_known_addr { host: "127.23.206.194" port: 41045 } } peers { permanent_uuid: "c3a61cd974e548ffae69cb08d5956ec6" member_type: VOTER last_known_addr { host: "127.23.206.195" port: 43251 } }
I20260709 14:55:25.035835 25669 raft_consensus.cc:385] T cc8f8f147628402785477c1b3e1d4a4c P fe428c47b93a4332897de544b2fb3fa7 [term 0 FOLLOWER]: Consensus starting up: Expiring failure detector timer to make a prompt election more likely
I20260709 14:55:25.036106 25669 raft_consensus.cc:740] T cc8f8f147628402785477c1b3e1d4a4c P fe428c47b93a4332897de544b2fb3fa7 [term 0 FOLLOWER]: Becoming Follower/Learner. State: Replica: fe428c47b93a4332897de544b2fb3fa7, State: Initialized, Role: FOLLOWER
I20260709 14:55:25.037744 25626 tablet_service.cc:1917] Received RequestConsensusVote() RPC: tablet_id: "b2d7fcf19d6e451d862582b2d1d5e534" candidate_uuid: "fe428c47b93a4332897de544b2fb3fa7" candidate_term: 1 candidate_status { last_received { term: 0 index: 0 } } ignore_live_leader: false dest_uuid: "c3a61cd974e548ffae69cb08d5956ec6" is_pre_election: true
W20260709 14:55:25.040561 25520 leader_election.cc:343] T b2d7fcf19d6e451d862582b2d1d5e534 P fe428c47b93a4332897de544b2fb3fa7 [CANDIDATE]: Term 1 pre-election: Tablet error from VoteRequest() call to peer c3a61cd974e548ffae69cb08d5956ec6 (127.23.206.195:43251): Illegal state: must be running to vote when last-logged opid is not known
I20260709 14:55:25.048372 25669 consensus_queue.cc:260] T cc8f8f147628402785477c1b3e1d4a4c P fe428c47b93a4332897de544b2fb3fa7 [NON_LEADER]: Queue going to NON_LEADER mode. State: All replicated index: 0, Majority replicated index: 0, Committed index: 0, Last appended: 0.0, Last appended by leader: 0, Current term: 0, Majority size: -1, State: 0, Mode: NON_LEADER, active raft config: opid_index: -1 OBSOLETE_local: false peers { permanent_uuid: "3ede295d80c94ce38e71da94b2e45d16" member_type: VOTER last_known_addr { host: "127.23.206.193" port: 41887 } } peers { permanent_uuid: "fe428c47b93a4332897de544b2fb3fa7" member_type: VOTER last_known_addr { host: "127.23.206.194" port: 41045 } } peers { permanent_uuid: "c3a61cd974e548ffae69cb08d5956ec6" member_type: VOTER last_known_addr { host: "127.23.206.195" port: 43251 } }
I20260709 14:55:25.052626 25669 ts_tablet_manager.cc:1434] T cc8f8f147628402785477c1b3e1d4a4c P fe428c47b93a4332897de544b2fb3fa7: Time spent starting tablet: real 0.026s	user 0.006s	sys 0.000s
I20260709 14:55:25.054484 25669 tablet_bootstrap.cc:492] T b76ab0fc7aa84b23afdd25f4a8e55c69 P fe428c47b93a4332897de544b2fb3fa7: Bootstrap starting.
I20260709 14:55:25.053764 25479 tablet_service.cc:1917] Received RequestConsensusVote() RPC: tablet_id: "b2d7fcf19d6e451d862582b2d1d5e534" candidate_uuid: "fe428c47b93a4332897de544b2fb3fa7" candidate_term: 1 candidate_status { last_received { term: 0 index: 0 } } ignore_live_leader: false dest_uuid: "3ede295d80c94ce38e71da94b2e45d16" is_pre_election: true
I20260709 14:55:25.060854 25671 tablet_bootstrap.cc:492] T 1b72e902d37c4262b7333e050daaf0a4 P 3ede295d80c94ce38e71da94b2e45d16: No bootstrap required, opened a new log
W20260709 14:55:25.061067 25519 leader_election.cc:343] T b2d7fcf19d6e451d862582b2d1d5e534 P fe428c47b93a4332897de544b2fb3fa7 [CANDIDATE]: Term 1 pre-election: Tablet error from VoteRequest() call to peer 3ede295d80c94ce38e71da94b2e45d16 (127.23.206.193:41887): Illegal state: must be running to vote when last-logged opid is not known
I20260709 14:55:25.061296 25671 ts_tablet_manager.cc:1403] T 1b72e902d37c4262b7333e050daaf0a4 P 3ede295d80c94ce38e71da94b2e45d16: Time spent bootstrapping tablet: real 0.104s	user 0.012s	sys 0.004s
I20260709 14:55:25.061539 25519 leader_election.cc:304] T b2d7fcf19d6e451d862582b2d1d5e534 P fe428c47b93a4332897de544b2fb3fa7 [CANDIDATE]: Term 1 pre-election: Election decided. Result: candidate lost. Election summary: received 3 responses out of 3 voters: 1 yes votes; 2 no votes. yes voters: fe428c47b93a4332897de544b2fb3fa7; no voters: 3ede295d80c94ce38e71da94b2e45d16, c3a61cd974e548ffae69cb08d5956ec6
I20260709 14:55:25.063689 25671 raft_consensus.cc:359] T 1b72e902d37c4262b7333e050daaf0a4 P 3ede295d80c94ce38e71da94b2e45d16 [term 0 FOLLOWER]: Replica starting. Triggering 0 pending ops. Active config: opid_index: -1 OBSOLETE_local: false peers { permanent_uuid: "3ede295d80c94ce38e71da94b2e45d16" member_type: VOTER last_known_addr { host: "127.23.206.193" port: 41887 } } peers { permanent_uuid: "fe428c47b93a4332897de544b2fb3fa7" member_type: VOTER last_known_addr { host: "127.23.206.194" port: 41045 } } peers { permanent_uuid: "c3a61cd974e548ffae69cb08d5956ec6" member_type: VOTER last_known_addr { host: "127.23.206.195" port: 43251 } }
I20260709 14:55:25.064309 25671 raft_consensus.cc:385] T 1b72e902d37c4262b7333e050daaf0a4 P 3ede295d80c94ce38e71da94b2e45d16 [term 0 FOLLOWER]: Consensus starting up: Expiring failure detector timer to make a prompt election more likely
I20260709 14:55:25.064599 25671 raft_consensus.cc:740] T 1b72e902d37c4262b7333e050daaf0a4 P 3ede295d80c94ce38e71da94b2e45d16 [term 0 FOLLOWER]: Becoming Follower/Learner. State: Replica: 3ede295d80c94ce38e71da94b2e45d16, State: Initialized, Role: FOLLOWER
I20260709 14:55:25.065228 25671 consensus_queue.cc:260] T 1b72e902d37c4262b7333e050daaf0a4 P 3ede295d80c94ce38e71da94b2e45d16 [NON_LEADER]: Queue going to NON_LEADER mode. State: All replicated index: 0, Majority replicated index: 0, Committed index: 0, Last appended: 0.0, Last appended by leader: 0, Current term: 0, Majority size: -1, State: 0, Mode: NON_LEADER, active raft config: opid_index: -1 OBSOLETE_local: false peers { permanent_uuid: "3ede295d80c94ce38e71da94b2e45d16" member_type: VOTER last_known_addr { host: "127.23.206.193" port: 41887 } } peers { permanent_uuid: "fe428c47b93a4332897de544b2fb3fa7" member_type: VOTER last_known_addr { host: "127.23.206.194" port: 41045 } } peers { permanent_uuid: "c3a61cd974e548ffae69cb08d5956ec6" member_type: VOTER last_known_addr { host: "127.23.206.195" port: 43251 } }
I20260709 14:55:25.064381 25706 raft_consensus.cc:2749] T b2d7fcf19d6e451d862582b2d1d5e534 P fe428c47b93a4332897de544b2fb3fa7 [term 0 FOLLOWER]: Leader pre-election lost for term 1. Reason: could not achieve majority
I20260709 14:55:25.066605 25671 ts_tablet_manager.cc:1434] T 1b72e902d37c4262b7333e050daaf0a4 P 3ede295d80c94ce38e71da94b2e45d16: Time spent starting tablet: real 0.005s	user 0.004s	sys 0.000s
I20260709 14:55:25.067461 25671 tablet_bootstrap.cc:492] T bf645bee92f14ef49d1148a5286b6f2c P 3ede295d80c94ce38e71da94b2e45d16: Bootstrap starting.
I20260709 14:55:25.077802 25669 tablet_bootstrap.cc:654] T b76ab0fc7aa84b23afdd25f4a8e55c69 P fe428c47b93a4332897de544b2fb3fa7: Neither blocks nor log segments found. Creating new log.
I20260709 14:55:25.082208 25671 tablet_bootstrap.cc:654] T bf645bee92f14ef49d1148a5286b6f2c P 3ede295d80c94ce38e71da94b2e45d16: Neither blocks nor log segments found. Creating new log.
I20260709 14:55:25.085796 25672 tablet_bootstrap.cc:492] T 7450d2e428e643fa9df7c8d69fd2bbb3 P c3a61cd974e548ffae69cb08d5956ec6: No bootstrap required, opened a new log
I20260709 14:55:25.086136 25672 ts_tablet_manager.cc:1403] T 7450d2e428e643fa9df7c8d69fd2bbb3 P c3a61cd974e548ffae69cb08d5956ec6: Time spent bootstrapping tablet: real 0.091s	user 0.008s	sys 0.012s
I20260709 14:55:25.087821 25672 raft_consensus.cc:359] T 7450d2e428e643fa9df7c8d69fd2bbb3 P c3a61cd974e548ffae69cb08d5956ec6 [term 0 FOLLOWER]: Replica starting. Triggering 0 pending ops. Active config: opid_index: -1 OBSOLETE_local: false peers { permanent_uuid: "3ede295d80c94ce38e71da94b2e45d16" member_type: VOTER last_known_addr { host: "127.23.206.193" port: 41887 } } peers { permanent_uuid: "fe428c47b93a4332897de544b2fb3fa7" member_type: VOTER last_known_addr { host: "127.23.206.194" port: 41045 } } peers { permanent_uuid: "c3a61cd974e548ffae69cb08d5956ec6" member_type: VOTER last_known_addr { host: "127.23.206.195" port: 43251 } }
I20260709 14:55:25.088269 25672 raft_consensus.cc:385] T 7450d2e428e643fa9df7c8d69fd2bbb3 P c3a61cd974e548ffae69cb08d5956ec6 [term 0 FOLLOWER]: Consensus starting up: Expiring failure detector timer to make a prompt election more likely
I20260709 14:55:25.088470 25672 raft_consensus.cc:740] T 7450d2e428e643fa9df7c8d69fd2bbb3 P c3a61cd974e548ffae69cb08d5956ec6 [term 0 FOLLOWER]: Becoming Follower/Learner. State: Replica: c3a61cd974e548ffae69cb08d5956ec6, State: Initialized, Role: FOLLOWER
I20260709 14:55:25.089135 25672 consensus_queue.cc:260] T 7450d2e428e643fa9df7c8d69fd2bbb3 P c3a61cd974e548ffae69cb08d5956ec6 [NON_LEADER]: Queue going to NON_LEADER mode. State: All replicated index: 0, Majority replicated index: 0, Committed index: 0, Last appended: 0.0, Last appended by leader: 0, Current term: 0, Majority size: -1, State: 0, Mode: NON_LEADER, active raft config: opid_index: -1 OBSOLETE_local: false peers { permanent_uuid: "3ede295d80c94ce38e71da94b2e45d16" member_type: VOTER last_known_addr { host: "127.23.206.193" port: 41887 } } peers { permanent_uuid: "fe428c47b93a4332897de544b2fb3fa7" member_type: VOTER last_known_addr { host: "127.23.206.194" port: 41045 } } peers { permanent_uuid: "c3a61cd974e548ffae69cb08d5956ec6" member_type: VOTER last_known_addr { host: "127.23.206.195" port: 43251 } }
I20260709 14:55:25.090745 25672 ts_tablet_manager.cc:1434] T 7450d2e428e643fa9df7c8d69fd2bbb3 P c3a61cd974e548ffae69cb08d5956ec6: Time spent starting tablet: real 0.004s	user 0.000s	sys 0.004s
I20260709 14:55:25.091017 25671 tablet_bootstrap.cc:492] T bf645bee92f14ef49d1148a5286b6f2c P 3ede295d80c94ce38e71da94b2e45d16: No bootstrap required, opened a new log
I20260709 14:55:25.091415 25671 ts_tablet_manager.cc:1403] T bf645bee92f14ef49d1148a5286b6f2c P 3ede295d80c94ce38e71da94b2e45d16: Time spent bootstrapping tablet: real 0.024s	user 0.012s	sys 0.000s
I20260709 14:55:25.091553 25672 tablet_bootstrap.cc:492] T 5f9bed8095314240ae52ace63bfaf018 P c3a61cd974e548ffae69cb08d5956ec6: Bootstrap starting.
I20260709 14:55:25.093767 25671 raft_consensus.cc:359] T bf645bee92f14ef49d1148a5286b6f2c P 3ede295d80c94ce38e71da94b2e45d16 [term 0 FOLLOWER]: Replica starting. Triggering 0 pending ops. Active config: opid_index: -1 OBSOLETE_local: false peers { permanent_uuid: "3ede295d80c94ce38e71da94b2e45d16" member_type: VOTER last_known_addr { host: "127.23.206.193" port: 41887 } } peers { permanent_uuid: "fe428c47b93a4332897de544b2fb3fa7" member_type: VOTER last_known_addr { host: "127.23.206.194" port: 41045 } } peers { permanent_uuid: "c3a61cd974e548ffae69cb08d5956ec6" member_type: VOTER last_known_addr { host: "127.23.206.195" port: 43251 } }
I20260709 14:55:25.094352 25671 raft_consensus.cc:385] T bf645bee92f14ef49d1148a5286b6f2c P 3ede295d80c94ce38e71da94b2e45d16 [term 0 FOLLOWER]: Consensus starting up: Expiring failure detector timer to make a prompt election more likely
I20260709 14:55:25.094594 25671 raft_consensus.cc:740] T bf645bee92f14ef49d1148a5286b6f2c P 3ede295d80c94ce38e71da94b2e45d16 [term 0 FOLLOWER]: Becoming Follower/Learner. State: Replica: 3ede295d80c94ce38e71da94b2e45d16, State: Initialized, Role: FOLLOWER
I20260709 14:55:25.095255 25671 consensus_queue.cc:260] T bf645bee92f14ef49d1148a5286b6f2c P 3ede295d80c94ce38e71da94b2e45d16 [NON_LEADER]: Queue going to NON_LEADER mode. State: All replicated index: 0, Majority replicated index: 0, Committed index: 0, Last appended: 0.0, Last appended by leader: 0, Current term: 0, Majority size: -1, State: 0, Mode: NON_LEADER, active raft config: opid_index: -1 OBSOLETE_local: false peers { permanent_uuid: "3ede295d80c94ce38e71da94b2e45d16" member_type: VOTER last_known_addr { host: "127.23.206.193" port: 41887 } } peers { permanent_uuid: "fe428c47b93a4332897de544b2fb3fa7" member_type: VOTER last_known_addr { host: "127.23.206.194" port: 41045 } } peers { permanent_uuid: "c3a61cd974e548ffae69cb08d5956ec6" member_type: VOTER last_known_addr { host: "127.23.206.195" port: 43251 } }
I20260709 14:55:25.097378 25671 ts_tablet_manager.cc:1434] T bf645bee92f14ef49d1148a5286b6f2c P 3ede295d80c94ce38e71da94b2e45d16: Time spent starting tablet: real 0.006s	user 0.006s	sys 0.001s
I20260709 14:55:25.097681 25672 tablet_bootstrap.cc:654] T 5f9bed8095314240ae52ace63bfaf018 P c3a61cd974e548ffae69cb08d5956ec6: Neither blocks nor log segments found. Creating new log.
I20260709 14:55:25.098268 25671 tablet_bootstrap.cc:492] T 8631e76d8e4e4872b4c6be800cfc3ef8 P 3ede295d80c94ce38e71da94b2e45d16: Bootstrap starting.
I20260709 14:55:25.103040 25376 catalog_manager.cc:5697] T cc8f8f147628402785477c1b3e1d4a4c P c3a61cd974e548ffae69cb08d5956ec6 reported cstate change: term changed from 0 to 1, leader changed from <none> to c3a61cd974e548ffae69cb08d5956ec6 (127.23.206.195). New cstate: current_term: 1 leader_uuid: "c3a61cd974e548ffae69cb08d5956ec6" committed_config { opid_index: -1 OBSOLETE_local: false peers { permanent_uuid: "3ede295d80c94ce38e71da94b2e45d16" member_type: VOTER last_known_addr { host: "127.23.206.193" port: 41887 } health_report { overall_health: UNKNOWN } } peers { permanent_uuid: "fe428c47b93a4332897de544b2fb3fa7" member_type: VOTER last_known_addr { host: "127.23.206.194" port: 41045 } health_report { overall_health: UNKNOWN } } peers { permanent_uuid: "c3a61cd974e548ffae69cb08d5956ec6" member_type: VOTER last_known_addr { host: "127.23.206.195" port: 43251 } health_report { overall_health: HEALTHY } } }
I20260709 14:55:25.108378 25671 tablet_bootstrap.cc:654] T 8631e76d8e4e4872b4c6be800cfc3ef8 P 3ede295d80c94ce38e71da94b2e45d16: Neither blocks nor log segments found. Creating new log.
I20260709 14:55:25.126005 25375 catalog_manager.cc:5697] T 7fa3cbb27ca64fc9a2f0e382ac1b5c0e P fe428c47b93a4332897de544b2fb3fa7 reported cstate change: term changed from 0 to 1, leader changed from <none> to fe428c47b93a4332897de544b2fb3fa7 (127.23.206.194). New cstate: current_term: 1 leader_uuid: "fe428c47b93a4332897de544b2fb3fa7" committed_config { opid_index: -1 OBSOLETE_local: false peers { permanent_uuid: "3ede295d80c94ce38e71da94b2e45d16" member_type: VOTER last_known_addr { host: "127.23.206.193" port: 41887 } health_report { overall_health: UNKNOWN } } peers { permanent_uuid: "fe428c47b93a4332897de544b2fb3fa7" member_type: VOTER last_known_addr { host: "127.23.206.194" port: 41045 } health_report { overall_health: HEALTHY } } peers { permanent_uuid: "c3a61cd974e548ffae69cb08d5956ec6" member_type: VOTER last_known_addr { host: "127.23.206.195" port: 43251 } health_report { overall_health: UNKNOWN } } }
I20260709 14:55:25.130939 25669 tablet_bootstrap.cc:492] T b76ab0fc7aa84b23afdd25f4a8e55c69 P fe428c47b93a4332897de544b2fb3fa7: No bootstrap required, opened a new log
I20260709 14:55:25.134268 25669 ts_tablet_manager.cc:1403] T b76ab0fc7aa84b23afdd25f4a8e55c69 P fe428c47b93a4332897de544b2fb3fa7: Time spent bootstrapping tablet: real 0.081s	user 0.016s	sys 0.000s
I20260709 14:55:25.136876 25669 raft_consensus.cc:359] T b76ab0fc7aa84b23afdd25f4a8e55c69 P fe428c47b93a4332897de544b2fb3fa7 [term 0 FOLLOWER]: Replica starting. Triggering 0 pending ops. Active config: opid_index: -1 OBSOLETE_local: false peers { permanent_uuid: "3ede295d80c94ce38e71da94b2e45d16" member_type: VOTER last_known_addr { host: "127.23.206.193" port: 41887 } } peers { permanent_uuid: "fe428c47b93a4332897de544b2fb3fa7" member_type: VOTER last_known_addr { host: "127.23.206.194" port: 41045 } } peers { permanent_uuid: "c3a61cd974e548ffae69cb08d5956ec6" member_type: VOTER last_known_addr { host: "127.23.206.195" port: 43251 } }
I20260709 14:55:25.137562 25669 raft_consensus.cc:385] T b76ab0fc7aa84b23afdd25f4a8e55c69 P fe428c47b93a4332897de544b2fb3fa7 [term 0 FOLLOWER]: Consensus starting up: Expiring failure detector timer to make a prompt election more likely
I20260709 14:55:25.137821 25669 raft_consensus.cc:740] T b76ab0fc7aa84b23afdd25f4a8e55c69 P fe428c47b93a4332897de544b2fb3fa7 [term 0 FOLLOWER]: Becoming Follower/Learner. State: Replica: fe428c47b93a4332897de544b2fb3fa7, State: Initialized, Role: FOLLOWER
I20260709 14:55:25.143970 25672 tablet_bootstrap.cc:492] T 5f9bed8095314240ae52ace63bfaf018 P c3a61cd974e548ffae69cb08d5956ec6: No bootstrap required, opened a new log
I20260709 14:55:25.144318 25671 tablet_bootstrap.cc:492] T 8631e76d8e4e4872b4c6be800cfc3ef8 P 3ede295d80c94ce38e71da94b2e45d16: No bootstrap required, opened a new log
I20260709 14:55:25.144405 25672 ts_tablet_manager.cc:1403] T 5f9bed8095314240ae52ace63bfaf018 P c3a61cd974e548ffae69cb08d5956ec6: Time spent bootstrapping tablet: real 0.053s	user 0.017s	sys 0.024s
I20260709 14:55:25.142606 25669 consensus_queue.cc:260] T b76ab0fc7aa84b23afdd25f4a8e55c69 P fe428c47b93a4332897de544b2fb3fa7 [NON_LEADER]: Queue going to NON_LEADER mode. State: All replicated index: 0, Majority replicated index: 0, Committed index: 0, Last appended: 0.0, Last appended by leader: 0, Current term: 0, Majority size: -1, State: 0, Mode: NON_LEADER, active raft config: opid_index: -1 OBSOLETE_local: false peers { permanent_uuid: "3ede295d80c94ce38e71da94b2e45d16" member_type: VOTER last_known_addr { host: "127.23.206.193" port: 41887 } } peers { permanent_uuid: "fe428c47b93a4332897de544b2fb3fa7" member_type: VOTER last_known_addr { host: "127.23.206.194" port: 41045 } } peers { permanent_uuid: "c3a61cd974e548ffae69cb08d5956ec6" member_type: VOTER last_known_addr { host: "127.23.206.195" port: 43251 } }
I20260709 14:55:25.146190 25669 ts_tablet_manager.cc:1434] T b76ab0fc7aa84b23afdd25f4a8e55c69 P fe428c47b93a4332897de544b2fb3fa7: Time spent starting tablet: real 0.012s	user 0.005s	sys 0.000s
I20260709 14:55:25.147290 25669 tablet_bootstrap.cc:492] T 5f9bed8095314240ae52ace63bfaf018 P fe428c47b93a4332897de544b2fb3fa7: Bootstrap starting.
I20260709 14:55:25.146982 25672 raft_consensus.cc:359] T 5f9bed8095314240ae52ace63bfaf018 P c3a61cd974e548ffae69cb08d5956ec6 [term 0 FOLLOWER]: Replica starting. Triggering 0 pending ops. Active config: opid_index: -1 OBSOLETE_local: false peers { permanent_uuid: "3ede295d80c94ce38e71da94b2e45d16" member_type: VOTER last_known_addr { host: "127.23.206.193" port: 41887 } } peers { permanent_uuid: "fe428c47b93a4332897de544b2fb3fa7" member_type: VOTER last_known_addr { host: "127.23.206.194" port: 41045 } } peers { permanent_uuid: "c3a61cd974e548ffae69cb08d5956ec6" member_type: VOTER last_known_addr { host: "127.23.206.195" port: 43251 } }
I20260709 14:55:25.147639 25672 raft_consensus.cc:385] T 5f9bed8095314240ae52ace63bfaf018 P c3a61cd974e548ffae69cb08d5956ec6 [term 0 FOLLOWER]: Consensus starting up: Expiring failure detector timer to make a prompt election more likely
I20260709 14:55:25.147091 25374 catalog_manager.cc:5697] T b76ab0fc7aa84b23afdd25f4a8e55c69 P 3ede295d80c94ce38e71da94b2e45d16 reported cstate change: term changed from 0 to 1, leader changed from <none> to 3ede295d80c94ce38e71da94b2e45d16 (127.23.206.193). New cstate: current_term: 1 leader_uuid: "3ede295d80c94ce38e71da94b2e45d16" committed_config { opid_index: -1 OBSOLETE_local: false peers { permanent_uuid: "3ede295d80c94ce38e71da94b2e45d16" member_type: VOTER last_known_addr { host: "127.23.206.193" port: 41887 } health_report { overall_health: HEALTHY } } peers { permanent_uuid: "fe428c47b93a4332897de544b2fb3fa7" member_type: VOTER last_known_addr { host: "127.23.206.194" port: 41045 } health_report { overall_health: UNKNOWN } } peers { permanent_uuid: "c3a61cd974e548ffae69cb08d5956ec6" member_type: VOTER last_known_addr { host: "127.23.206.195" port: 43251 } health_report { overall_health: UNKNOWN } } }
I20260709 14:55:25.147902 25672 raft_consensus.cc:740] T 5f9bed8095314240ae52ace63bfaf018 P c3a61cd974e548ffae69cb08d5956ec6 [term 0 FOLLOWER]: Becoming Follower/Learner. State: Replica: c3a61cd974e548ffae69cb08d5956ec6, State: Initialized, Role: FOLLOWER
I20260709 14:55:25.144861 25671 ts_tablet_manager.cc:1403] T 8631e76d8e4e4872b4c6be800cfc3ef8 P 3ede295d80c94ce38e71da94b2e45d16: Time spent bootstrapping tablet: real 0.047s	user 0.013s	sys 0.022s
I20260709 14:55:25.148789 25672 consensus_queue.cc:260] T 5f9bed8095314240ae52ace63bfaf018 P c3a61cd974e548ffae69cb08d5956ec6 [NON_LEADER]: Queue going to NON_LEADER mode. State: All replicated index: 0, Majority replicated index: 0, Committed index: 0, Last appended: 0.0, Last appended by leader: 0, Current term: 0, Majority size: -1, State: 0, Mode: NON_LEADER, active raft config: opid_index: -1 OBSOLETE_local: false peers { permanent_uuid: "3ede295d80c94ce38e71da94b2e45d16" member_type: VOTER last_known_addr { host: "127.23.206.193" port: 41887 } } peers { permanent_uuid: "fe428c47b93a4332897de544b2fb3fa7" member_type: VOTER last_known_addr { host: "127.23.206.194" port: 41045 } } peers { permanent_uuid: "c3a61cd974e548ffae69cb08d5956ec6" member_type: VOTER last_known_addr { host: "127.23.206.195" port: 43251 } }
I20260709 14:55:25.150792 25672 ts_tablet_manager.cc:1434] T 5f9bed8095314240ae52ace63bfaf018 P c3a61cd974e548ffae69cb08d5956ec6: Time spent starting tablet: real 0.006s	user 0.003s	sys 0.001s
I20260709 14:55:25.151456 25671 raft_consensus.cc:359] T 8631e76d8e4e4872b4c6be800cfc3ef8 P 3ede295d80c94ce38e71da94b2e45d16 [term 0 FOLLOWER]: Replica starting. Triggering 0 pending ops. Active config: opid_index: -1 OBSOLETE_local: false peers { permanent_uuid: "3ede295d80c94ce38e71da94b2e45d16" member_type: VOTER last_known_addr { host: "127.23.206.193" port: 41887 } } peers { permanent_uuid: "fe428c47b93a4332897de544b2fb3fa7" member_type: VOTER last_known_addr { host: "127.23.206.194" port: 41045 } } peers { permanent_uuid: "c3a61cd974e548ffae69cb08d5956ec6" member_type: VOTER last_known_addr { host: "127.23.206.195" port: 43251 } }
I20260709 14:55:25.151917 25672 tablet_bootstrap.cc:492] T bf645bee92f14ef49d1148a5286b6f2c P c3a61cd974e548ffae69cb08d5956ec6: Bootstrap starting.
I20260709 14:55:25.152078 25671 raft_consensus.cc:385] T 8631e76d8e4e4872b4c6be800cfc3ef8 P 3ede295d80c94ce38e71da94b2e45d16 [term 0 FOLLOWER]: Consensus starting up: Expiring failure detector timer to make a prompt election more likely
I20260709 14:55:25.152395 25671 raft_consensus.cc:740] T 8631e76d8e4e4872b4c6be800cfc3ef8 P 3ede295d80c94ce38e71da94b2e45d16 [term 0 FOLLOWER]: Becoming Follower/Learner. State: Replica: 3ede295d80c94ce38e71da94b2e45d16, State: Initialized, Role: FOLLOWER
I20260709 14:55:25.153100 25671 consensus_queue.cc:260] T 8631e76d8e4e4872b4c6be800cfc3ef8 P 3ede295d80c94ce38e71da94b2e45d16 [NON_LEADER]: Queue going to NON_LEADER mode. State: All replicated index: 0, Majority replicated index: 0, Committed index: 0, Last appended: 0.0, Last appended by leader: 0, Current term: 0, Majority size: -1, State: 0, Mode: NON_LEADER, active raft config: opid_index: -1 OBSOLETE_local: false peers { permanent_uuid: "3ede295d80c94ce38e71da94b2e45d16" member_type: VOTER last_known_addr { host: "127.23.206.193" port: 41887 } } peers { permanent_uuid: "fe428c47b93a4332897de544b2fb3fa7" member_type: VOTER last_known_addr { host: "127.23.206.194" port: 41045 } } peers { permanent_uuid: "c3a61cd974e548ffae69cb08d5956ec6" member_type: VOTER last_known_addr { host: "127.23.206.195" port: 43251 } }
I20260709 14:55:25.154053 25669 tablet_bootstrap.cc:654] T 5f9bed8095314240ae52ace63bfaf018 P fe428c47b93a4332897de544b2fb3fa7: Neither blocks nor log segments found. Creating new log.
I20260709 14:55:25.155227 25671 ts_tablet_manager.cc:1434] T 8631e76d8e4e4872b4c6be800cfc3ef8 P 3ede295d80c94ce38e71da94b2e45d16: Time spent starting tablet: real 0.006s	user 0.005s	sys 0.000s
I20260709 14:55:25.156073 25671 tablet_bootstrap.cc:492] T 8c9bd6c832214f61bd1a11d032160ec9 P 3ede295d80c94ce38e71da94b2e45d16: Bootstrap starting.
I20260709 14:55:25.158133 25672 tablet_bootstrap.cc:654] T bf645bee92f14ef49d1148a5286b6f2c P c3a61cd974e548ffae69cb08d5956ec6: Neither blocks nor log segments found. Creating new log.
I20260709 14:55:25.161983 25671 tablet_bootstrap.cc:654] T 8c9bd6c832214f61bd1a11d032160ec9 P 3ede295d80c94ce38e71da94b2e45d16: Neither blocks nor log segments found. Creating new log.
I20260709 14:55:25.162837 25757 raft_consensus.cc:493] T b76ab0fc7aa84b23afdd25f4a8e55c69 P fe428c47b93a4332897de544b2fb3fa7 [term 0 FOLLOWER]: Starting pre-election (no leader contacted us within the election timeout)
I20260709 14:55:25.163307 25757 raft_consensus.cc:515] T b76ab0fc7aa84b23afdd25f4a8e55c69 P fe428c47b93a4332897de544b2fb3fa7 [term 0 FOLLOWER]: Starting pre-election with config: opid_index: -1 OBSOLETE_local: false peers { permanent_uuid: "3ede295d80c94ce38e71da94b2e45d16" member_type: VOTER last_known_addr { host: "127.23.206.193" port: 41887 } } peers { permanent_uuid: "fe428c47b93a4332897de544b2fb3fa7" member_type: VOTER last_known_addr { host: "127.23.206.194" port: 41045 } } peers { permanent_uuid: "c3a61cd974e548ffae69cb08d5956ec6" member_type: VOTER last_known_addr { host: "127.23.206.195" port: 43251 } }
I20260709 14:55:25.164880 25669 tablet_bootstrap.cc:492] T 5f9bed8095314240ae52ace63bfaf018 P fe428c47b93a4332897de544b2fb3fa7: No bootstrap required, opened a new log
I20260709 14:55:25.165392 25669 ts_tablet_manager.cc:1403] T 5f9bed8095314240ae52ace63bfaf018 P fe428c47b93a4332897de544b2fb3fa7: Time spent bootstrapping tablet: real 0.018s	user 0.014s	sys 0.003s
I20260709 14:55:25.166640 25628 tablet_service.cc:1917] Received RequestConsensusVote() RPC: tablet_id: "b76ab0fc7aa84b23afdd25f4a8e55c69" candidate_uuid: "fe428c47b93a4332897de544b2fb3fa7" candidate_term: 1 candidate_status { last_received { term: 0 index: 0 } } ignore_live_leader: false dest_uuid: "c3a61cd974e548ffae69cb08d5956ec6" is_pre_election: true
I20260709 14:55:25.166990 25672 tablet_bootstrap.cc:492] T bf645bee92f14ef49d1148a5286b6f2c P c3a61cd974e548ffae69cb08d5956ec6: No bootstrap required, opened a new log
I20260709 14:55:25.167373 25628 raft_consensus.cc:2393] T b76ab0fc7aa84b23afdd25f4a8e55c69 P c3a61cd974e548ffae69cb08d5956ec6 [term 1 FOLLOWER]: Leader pre-election vote request: Denying vote to candidate fe428c47b93a4332897de544b2fb3fa7 in current term 1: Already voted for candidate 3ede295d80c94ce38e71da94b2e45d16 in this term.
I20260709 14:55:25.167398 25672 ts_tablet_manager.cc:1403] T bf645bee92f14ef49d1148a5286b6f2c P c3a61cd974e548ffae69cb08d5956ec6: Time spent bootstrapping tablet: real 0.016s	user 0.012s	sys 0.000s
I20260709 14:55:25.168179 25669 raft_consensus.cc:359] T 5f9bed8095314240ae52ace63bfaf018 P fe428c47b93a4332897de544b2fb3fa7 [term 0 FOLLOWER]: Replica starting. Triggering 0 pending ops. Active config: opid_index: -1 OBSOLETE_local: false peers { permanent_uuid: "3ede295d80c94ce38e71da94b2e45d16" member_type: VOTER last_known_addr { host: "127.23.206.193" port: 41887 } } peers { permanent_uuid: "fe428c47b93a4332897de544b2fb3fa7" member_type: VOTER last_known_addr { host: "127.23.206.194" port: 41045 } } peers { permanent_uuid: "c3a61cd974e548ffae69cb08d5956ec6" member_type: VOTER last_known_addr { host: "127.23.206.195" port: 43251 } }
I20260709 14:55:25.168900 25669 raft_consensus.cc:385] T 5f9bed8095314240ae52ace63bfaf018 P fe428c47b93a4332897de544b2fb3fa7 [term 0 FOLLOWER]: Consensus starting up: Expiring failure detector timer to make a prompt election more likely
I20260709 14:55:25.167371 25374 catalog_manager.cc:5697] T bb18ddd42c114d99ac875dad7716e8e9 P 3ede295d80c94ce38e71da94b2e45d16 reported cstate change: term changed from 0 to 1, leader changed from <none> to 3ede295d80c94ce38e71da94b2e45d16 (127.23.206.193). New cstate: current_term: 1 leader_uuid: "3ede295d80c94ce38e71da94b2e45d16" committed_config { opid_index: -1 OBSOLETE_local: false peers { permanent_uuid: "3ede295d80c94ce38e71da94b2e45d16" member_type: VOTER last_known_addr { host: "127.23.206.193" port: 41887 } health_report { overall_health: HEALTHY } } peers { permanent_uuid: "fe428c47b93a4332897de544b2fb3fa7" member_type: VOTER last_known_addr { host: "127.23.206.194" port: 41045 } health_report { overall_health: UNKNOWN } } peers { permanent_uuid: "c3a61cd974e548ffae69cb08d5956ec6" member_type: VOTER last_known_addr { host: "127.23.206.195" port: 43251 } health_report { overall_health: UNKNOWN } } }
I20260709 14:55:25.169245 25669 raft_consensus.cc:740] T 5f9bed8095314240ae52ace63bfaf018 P fe428c47b93a4332897de544b2fb3fa7 [term 0 FOLLOWER]: Becoming Follower/Learner. State: Replica: fe428c47b93a4332897de544b2fb3fa7, State: Initialized, Role: FOLLOWER
I20260709 14:55:25.170018 25672 raft_consensus.cc:359] T bf645bee92f14ef49d1148a5286b6f2c P c3a61cd974e548ffae69cb08d5956ec6 [term 0 FOLLOWER]: Replica starting. Triggering 0 pending ops. Active config: opid_index: -1 OBSOLETE_local: false peers { permanent_uuid: "3ede295d80c94ce38e71da94b2e45d16" member_type: VOTER last_known_addr { host: "127.23.206.193" port: 41887 } } peers { permanent_uuid: "fe428c47b93a4332897de544b2fb3fa7" member_type: VOTER last_known_addr { host: "127.23.206.194" port: 41045 } } peers { permanent_uuid: "c3a61cd974e548ffae69cb08d5956ec6" member_type: VOTER last_known_addr { host: "127.23.206.195" port: 43251 } }
I20260709 14:55:25.170063 25669 consensus_queue.cc:260] T 5f9bed8095314240ae52ace63bfaf018 P fe428c47b93a4332897de544b2fb3fa7 [NON_LEADER]: Queue going to NON_LEADER mode. State: All replicated index: 0, Majority replicated index: 0, Committed index: 0, Last appended: 0.0, Last appended by leader: 0, Current term: 0, Majority size: -1, State: 0, Mode: NON_LEADER, active raft config: opid_index: -1 OBSOLETE_local: false peers { permanent_uuid: "3ede295d80c94ce38e71da94b2e45d16" member_type: VOTER last_known_addr { host: "127.23.206.193" port: 41887 } } peers { permanent_uuid: "fe428c47b93a4332897de544b2fb3fa7" member_type: VOTER last_known_addr { host: "127.23.206.194" port: 41045 } } peers { permanent_uuid: "c3a61cd974e548ffae69cb08d5956ec6" member_type: VOTER last_known_addr { host: "127.23.206.195" port: 43251 } }
I20260709 14:55:25.170763 25672 raft_consensus.cc:385] T bf645bee92f14ef49d1148a5286b6f2c P c3a61cd974e548ffae69cb08d5956ec6 [term 0 FOLLOWER]: Consensus starting up: Expiring failure detector timer to make a prompt election more likely
I20260709 14:55:25.171038 25672 raft_consensus.cc:740] T bf645bee92f14ef49d1148a5286b6f2c P c3a61cd974e548ffae69cb08d5956ec6 [term 0 FOLLOWER]: Becoming Follower/Learner. State: Replica: c3a61cd974e548ffae69cb08d5956ec6, State: Initialized, Role: FOLLOWER
I20260709 14:55:25.170447 25374 catalog_manager.cc:5697] T 7b1c7cdc5255422fb0f4b3baf9fddac1 P 3ede295d80c94ce38e71da94b2e45d16 reported cstate change: term changed from 0 to 1, leader changed from <none> to 3ede295d80c94ce38e71da94b2e45d16 (127.23.206.193). New cstate: current_term: 1 leader_uuid: "3ede295d80c94ce38e71da94b2e45d16" committed_config { opid_index: -1 OBSOLETE_local: false peers { permanent_uuid: "3ede295d80c94ce38e71da94b2e45d16" member_type: VOTER last_known_addr { host: "127.23.206.193" port: 41887 } health_report { overall_health: HEALTHY } } peers { permanent_uuid: "fe428c47b93a4332897de544b2fb3fa7" member_type: VOTER last_known_addr { host: "127.23.206.194" port: 41045 } health_report { overall_health: UNKNOWN } } peers { permanent_uuid: "c3a61cd974e548ffae69cb08d5956ec6" member_type: VOTER last_known_addr { host: "127.23.206.195" port: 43251 } health_report { overall_health: UNKNOWN } } }
I20260709 14:55:25.165336 25757 leader_election.cc:290] T b76ab0fc7aa84b23afdd25f4a8e55c69 P fe428c47b93a4332897de544b2fb3fa7 [CANDIDATE]: Term 1 pre-election: Requested pre-vote from peers 3ede295d80c94ce38e71da94b2e45d16 (127.23.206.193:41887), c3a61cd974e548ffae69cb08d5956ec6 (127.23.206.195:43251)
I20260709 14:55:25.172538 25669 ts_tablet_manager.cc:1434] T 5f9bed8095314240ae52ace63bfaf018 P fe428c47b93a4332897de544b2fb3fa7: Time spent starting tablet: real 0.007s	user 0.006s	sys 0.000s
I20260709 14:55:25.169981 25480 tablet_service.cc:1917] Received RequestConsensusVote() RPC: tablet_id: "b76ab0fc7aa84b23afdd25f4a8e55c69" candidate_uuid: "fe428c47b93a4332897de544b2fb3fa7" candidate_term: 1 candidate_status { last_received { term: 0 index: 0 } } ignore_live_leader: false dest_uuid: "3ede295d80c94ce38e71da94b2e45d16" is_pre_election: true
I20260709 14:55:25.171707 25672 consensus_queue.cc:260] T bf645bee92f14ef49d1148a5286b6f2c P c3a61cd974e548ffae69cb08d5956ec6 [NON_LEADER]: Queue going to NON_LEADER mode. State: All replicated index: 0, Majority replicated index: 0, Committed index: 0, Last appended: 0.0, Last appended by leader: 0, Current term: 0, Majority size: -1, State: 0, Mode: NON_LEADER, active raft config: opid_index: -1 OBSOLETE_local: false peers { permanent_uuid: "3ede295d80c94ce38e71da94b2e45d16" member_type: VOTER last_known_addr { host: "127.23.206.193" port: 41887 } } peers { permanent_uuid: "fe428c47b93a4332897de544b2fb3fa7" member_type: VOTER last_known_addr { host: "127.23.206.194" port: 41045 } } peers { permanent_uuid: "c3a61cd974e548ffae69cb08d5956ec6" member_type: VOTER last_known_addr { host: "127.23.206.195" port: 43251 } }
I20260709 14:55:25.173650 25669 tablet_bootstrap.cc:492] T 8c9bd6c832214f61bd1a11d032160ec9 P fe428c47b93a4332897de544b2fb3fa7: Bootstrap starting.
I20260709 14:55:25.174129 25519 leader_election.cc:304] T b76ab0fc7aa84b23afdd25f4a8e55c69 P fe428c47b93a4332897de544b2fb3fa7 [CANDIDATE]: Term 1 pre-election: Election decided. Result: candidate lost. Election summary: received 3 responses out of 3 voters: 1 yes votes; 2 no votes. yes voters: fe428c47b93a4332897de544b2fb3fa7; no voters: 3ede295d80c94ce38e71da94b2e45d16, c3a61cd974e548ffae69cb08d5956ec6
I20260709 14:55:25.175072 25672 ts_tablet_manager.cc:1434] T bf645bee92f14ef49d1148a5286b6f2c P c3a61cd974e548ffae69cb08d5956ec6: Time spent starting tablet: real 0.007s	user 0.006s	sys 0.000s
I20260709 14:55:25.175233 25757 raft_consensus.cc:3060] T b76ab0fc7aa84b23afdd25f4a8e55c69 P fe428c47b93a4332897de544b2fb3fa7 [term 0 FOLLOWER]: Advancing to term 1
I20260709 14:55:25.178750 25672 tablet_bootstrap.cc:492] T d42dfddf2f3842b2ab3d69039895df65 P c3a61cd974e548ffae69cb08d5956ec6: Bootstrap starting.
I20260709 14:55:25.179276 25669 tablet_bootstrap.cc:654] T 8c9bd6c832214f61bd1a11d032160ec9 P fe428c47b93a4332897de544b2fb3fa7: Neither blocks nor log segments found. Creating new log.
I20260709 14:55:25.181427 25757 raft_consensus.cc:2749] T b76ab0fc7aa84b23afdd25f4a8e55c69 P fe428c47b93a4332897de544b2fb3fa7 [term 1 FOLLOWER]: Leader pre-election lost for term 1. Reason: could not achieve majority
I20260709 14:55:25.186247 25672 tablet_bootstrap.cc:654] T d42dfddf2f3842b2ab3d69039895df65 P c3a61cd974e548ffae69cb08d5956ec6: Neither blocks nor log segments found. Creating new log.
I20260709 14:55:25.189870 25671 tablet_bootstrap.cc:492] T 8c9bd6c832214f61bd1a11d032160ec9 P 3ede295d80c94ce38e71da94b2e45d16: No bootstrap required, opened a new log
I20260709 14:55:25.190253 25671 ts_tablet_manager.cc:1403] T 8c9bd6c832214f61bd1a11d032160ec9 P 3ede295d80c94ce38e71da94b2e45d16: Time spent bootstrapping tablet: real 0.034s	user 0.010s	sys 0.001s
I20260709 14:55:25.192919 25671 raft_consensus.cc:359] T 8c9bd6c832214f61bd1a11d032160ec9 P 3ede295d80c94ce38e71da94b2e45d16 [term 0 FOLLOWER]: Replica starting. Triggering 0 pending ops. Active config: opid_index: -1 OBSOLETE_local: false peers { permanent_uuid: "3ede295d80c94ce38e71da94b2e45d16" member_type: VOTER last_known_addr { host: "127.23.206.193" port: 41887 } } peers { permanent_uuid: "fe428c47b93a4332897de544b2fb3fa7" member_type: VOTER last_known_addr { host: "127.23.206.194" port: 41045 } } peers { permanent_uuid: "c3a61cd974e548ffae69cb08d5956ec6" member_type: VOTER last_known_addr { host: "127.23.206.195" port: 43251 } }
I20260709 14:55:25.193526 25671 raft_consensus.cc:385] T 8c9bd6c832214f61bd1a11d032160ec9 P 3ede295d80c94ce38e71da94b2e45d16 [term 0 FOLLOWER]: Consensus starting up: Expiring failure detector timer to make a prompt election more likely
I20260709 14:55:25.193773 25671 raft_consensus.cc:740] T 8c9bd6c832214f61bd1a11d032160ec9 P 3ede295d80c94ce38e71da94b2e45d16 [term 0 FOLLOWER]: Becoming Follower/Learner. State: Replica: 3ede295d80c94ce38e71da94b2e45d16, State: Initialized, Role: FOLLOWER
I20260709 14:55:25.195935 25671 consensus_queue.cc:260] T 8c9bd6c832214f61bd1a11d032160ec9 P 3ede295d80c94ce38e71da94b2e45d16 [NON_LEADER]: Queue going to NON_LEADER mode. State: All replicated index: 0, Majority replicated index: 0, Committed index: 0, Last appended: 0.0, Last appended by leader: 0, Current term: 0, Majority size: -1, State: 0, Mode: NON_LEADER, active raft config: opid_index: -1 OBSOLETE_local: false peers { permanent_uuid: "3ede295d80c94ce38e71da94b2e45d16" member_type: VOTER last_known_addr { host: "127.23.206.193" port: 41887 } } peers { permanent_uuid: "fe428c47b93a4332897de544b2fb3fa7" member_type: VOTER last_known_addr { host: "127.23.206.194" port: 41045 } } peers { permanent_uuid: "c3a61cd974e548ffae69cb08d5956ec6" member_type: VOTER last_known_addr { host: "127.23.206.195" port: 43251 } }
I20260709 14:55:25.206213 25671 ts_tablet_manager.cc:1434] T 8c9bd6c832214f61bd1a11d032160ec9 P 3ede295d80c94ce38e71da94b2e45d16: Time spent starting tablet: real 0.016s	user 0.001s	sys 0.005s
I20260709 14:55:25.206863 25757 raft_consensus.cc:493] T cc8f8f147628402785477c1b3e1d4a4c P fe428c47b93a4332897de544b2fb3fa7 [term 0 FOLLOWER]: Starting pre-election (no leader contacted us within the election timeout)
I20260709 14:55:25.207018 25669 tablet_bootstrap.cc:492] T 8c9bd6c832214f61bd1a11d032160ec9 P fe428c47b93a4332897de544b2fb3fa7: No bootstrap required, opened a new log
I20260709 14:55:25.207530 25669 ts_tablet_manager.cc:1403] T 8c9bd6c832214f61bd1a11d032160ec9 P fe428c47b93a4332897de544b2fb3fa7: Time spent bootstrapping tablet: real 0.034s	user 0.016s	sys 0.010s
I20260709 14:55:25.207341 25757 raft_consensus.cc:515] T cc8f8f147628402785477c1b3e1d4a4c P fe428c47b93a4332897de544b2fb3fa7 [term 0 FOLLOWER]: Starting pre-election with config: opid_index: -1 OBSOLETE_local: false peers { permanent_uuid: "3ede295d80c94ce38e71da94b2e45d16" member_type: VOTER last_known_addr { host: "127.23.206.193" port: 41887 } } peers { permanent_uuid: "fe428c47b93a4332897de544b2fb3fa7" member_type: VOTER last_known_addr { host: "127.23.206.194" port: 41045 } } peers { permanent_uuid: "c3a61cd974e548ffae69cb08d5956ec6" member_type: VOTER last_known_addr { host: "127.23.206.195" port: 43251 } }
I20260709 14:55:25.209367 25757 leader_election.cc:290] T cc8f8f147628402785477c1b3e1d4a4c P fe428c47b93a4332897de544b2fb3fa7 [CANDIDATE]: Term 1 pre-election: Requested pre-vote from peers 3ede295d80c94ce38e71da94b2e45d16 (127.23.206.193:41887), c3a61cd974e548ffae69cb08d5956ec6 (127.23.206.195:43251)
I20260709 14:55:25.210207 25669 raft_consensus.cc:359] T 8c9bd6c832214f61bd1a11d032160ec9 P fe428c47b93a4332897de544b2fb3fa7 [term 0 FOLLOWER]: Replica starting. Triggering 0 pending ops. Active config: opid_index: -1 OBSOLETE_local: false peers { permanent_uuid: "3ede295d80c94ce38e71da94b2e45d16" member_type: VOTER last_known_addr { host: "127.23.206.193" port: 41887 } } peers { permanent_uuid: "fe428c47b93a4332897de544b2fb3fa7" member_type: VOTER last_known_addr { host: "127.23.206.194" port: 41045 } } peers { permanent_uuid: "c3a61cd974e548ffae69cb08d5956ec6" member_type: VOTER last_known_addr { host: "127.23.206.195" port: 43251 } }
I20260709 14:55:25.210764 25669 raft_consensus.cc:385] T 8c9bd6c832214f61bd1a11d032160ec9 P fe428c47b93a4332897de544b2fb3fa7 [term 0 FOLLOWER]: Consensus starting up: Expiring failure detector timer to make a prompt election more likely
I20260709 14:55:25.211040 25669 raft_consensus.cc:740] T 8c9bd6c832214f61bd1a11d032160ec9 P fe428c47b93a4332897de544b2fb3fa7 [term 0 FOLLOWER]: Becoming Follower/Learner. State: Replica: fe428c47b93a4332897de544b2fb3fa7, State: Initialized, Role: FOLLOWER
I20260709 14:55:25.211483 25480 tablet_service.cc:1917] Received RequestConsensusVote() RPC: tablet_id: "cc8f8f147628402785477c1b3e1d4a4c" candidate_uuid: "fe428c47b93a4332897de544b2fb3fa7" candidate_term: 1 candidate_status { last_received { term: 0 index: 0 } } ignore_live_leader: false dest_uuid: "3ede295d80c94ce38e71da94b2e45d16" is_pre_election: true
I20260709 14:55:25.211623 25669 consensus_queue.cc:260] T 8c9bd6c832214f61bd1a11d032160ec9 P fe428c47b93a4332897de544b2fb3fa7 [NON_LEADER]: Queue going to NON_LEADER mode. State: All replicated index: 0, Majority replicated index: 0, Committed index: 0, Last appended: 0.0, Last appended by leader: 0, Current term: 0, Majority size: -1, State: 0, Mode: NON_LEADER, active raft config: opid_index: -1 OBSOLETE_local: false peers { permanent_uuid: "3ede295d80c94ce38e71da94b2e45d16" member_type: VOTER last_known_addr { host: "127.23.206.193" port: 41887 } } peers { permanent_uuid: "fe428c47b93a4332897de544b2fb3fa7" member_type: VOTER last_known_addr { host: "127.23.206.194" port: 41045 } } peers { permanent_uuid: "c3a61cd974e548ffae69cb08d5956ec6" member_type: VOTER last_known_addr { host: "127.23.206.195" port: 43251 } }
I20260709 14:55:25.212229 25480 raft_consensus.cc:2393] T cc8f8f147628402785477c1b3e1d4a4c P 3ede295d80c94ce38e71da94b2e45d16 [term 1 FOLLOWER]: Leader pre-election vote request: Denying vote to candidate fe428c47b93a4332897de544b2fb3fa7 in current term 1: Already voted for candidate c3a61cd974e548ffae69cb08d5956ec6 in this term.
