I20260709 14:55:27.094499 13097 tablet_bootstrap.cc:492] T 47a505dcaeef46aeb5ddf4cee9899611 P 54796deb7ff045beaba51c235a0396db: Bootstrap starting.
I20260709 14:55:27.100683 13096 tablet_bootstrap.cc:654] T 8109140c618245f7b97f06e0bdbfbf47 P 9e290efb13ab4a3d8bf7d06779836e1a: Neither blocks nor log segments found. Creating new log.
I20260709 14:55:27.119226 13352 leader_election.cc:290] T 2cbf41d2907d4e1e8b542e9c7036bfa0 P 9e290efb13ab4a3d8bf7d06779836e1a [CANDIDATE]: Term 1 pre-election: Requested pre-vote from peers bba02be5d973481d9195667d4d5a4cc3 (127.11.131.193:46335), 54796deb7ff045beaba51c235a0396db (127.11.131.194:42025)
I20260709 14:55:27.123263 12904 tablet_service.cc:1917] Received RequestConsensusVote() RPC: tablet_id: "6fa767171f434828a739458715dc5260" candidate_uuid: "54796deb7ff045beaba51c235a0396db" candidate_term: 1 candidate_status { last_received { term: 0 index: 0 } } ignore_live_leader: false dest_uuid: "bba02be5d973481d9195667d4d5a4cc3" is_pre_election: true
I20260709 14:55:27.144357 12980 raft_consensus.cc:1240] T f2a398e4af0f4038ae9634f80ce4fb4a P 54796deb7ff045beaba51c235a0396db [term 2 FOLLOWER]: Rejecting Update request from peer bba02be5d973481d9195667d4d5a4cc3 for earlier term 1. Current term is 2. Ops: []
W20260709 14:55:27.145305 12946 leader_election.cc:343] T 6fa767171f434828a739458715dc5260 P 54796deb7ff045beaba51c235a0396db [CANDIDATE]: Term 1 pre-election: Tablet error from VoteRequest() call to peer bba02be5d973481d9195667d4d5a4cc3 (127.11.131.193:46335): Illegal state: must be running to vote when last-logged opid is not known
I20260709 14:55:27.145944 13098 tablet_bootstrap.cc:492] T 6fa767171f434828a739458715dc5260 P bba02be5d973481d9195667d4d5a4cc3: No bootstrap required, opened a new log
I20260709 14:55:27.146397 13098 ts_tablet_manager.cc:1403] T 6fa767171f434828a739458715dc5260 P bba02be5d973481d9195667d4d5a4cc3: Time spent bootstrapping tablet: real 0.663s	user 0.012s	sys 0.014s
I20260709 14:55:27.147310 13121 consensus_queue.cc:1048] T 72c09031856d457baada59e90963a510 P 54796deb7ff045beaba51c235a0396db [LEADER]: Connected to new peer: Peer: permanent_uuid: "bba02be5d973481d9195667d4d5a4cc3" member_type: VOTER last_known_addr { host: "127.11.131.193" port: 46335 }, Status: LMP_MISMATCH, Last received: 0.0, Next index: 1, Last known committed idx: 0, Time since last communication: 0.000s
I20260709 14:55:27.148825 13098 raft_consensus.cc:359] T 6fa767171f434828a739458715dc5260 P bba02be5d973481d9195667d4d5a4cc3 [term 0 FOLLOWER]: Replica starting. Triggering 0 pending ops. Active config: opid_index: -1 OBSOLETE_local: false peers { permanent_uuid: "bba02be5d973481d9195667d4d5a4cc3" member_type: VOTER last_known_addr { host: "127.11.131.193" port: 46335 } } peers { permanent_uuid: "54796deb7ff045beaba51c235a0396db" member_type: VOTER last_known_addr { host: "127.11.131.194" port: 42025 } } peers { permanent_uuid: "9e290efb13ab4a3d8bf7d06779836e1a" member_type: VOTER last_known_addr { host: "127.11.131.195" port: 44703 } }
I20260709 14:55:27.149457 13098 raft_consensus.cc:385] T 6fa767171f434828a739458715dc5260 P bba02be5d973481d9195667d4d5a4cc3 [term 0 FOLLOWER]: Consensus starting up: Expiring failure detector timer to make a prompt election more likely
I20260709 14:55:27.149732 13098 raft_consensus.cc:740] T 6fa767171f434828a739458715dc5260 P bba02be5d973481d9195667d4d5a4cc3 [term 0 FOLLOWER]: Becoming Follower/Learner. State: Replica: bba02be5d973481d9195667d4d5a4cc3, State: Initialized, Role: FOLLOWER
I20260709 14:55:27.152607 13098 consensus_queue.cc:260] T 6fa767171f434828a739458715dc5260 P bba02be5d973481d9195667d4d5a4cc3 [NON_LEADER]: Queue going to NON_LEADER mode. State: All replicated index: 0, Majority replicated index: 0, Committed index: 0, Last appended: 0.0, Last appended by leader: 0, Current term: 0, Majority size: -1, State: 0, Mode: NON_LEADER, active raft config: opid_index: -1 OBSOLETE_local: false peers { permanent_uuid: "bba02be5d973481d9195667d4d5a4cc3" member_type: VOTER last_known_addr { host: "127.11.131.193" port: 46335 } } peers { permanent_uuid: "54796deb7ff045beaba51c235a0396db" member_type: VOTER last_known_addr { host: "127.11.131.194" port: 42025 } } peers { permanent_uuid: "9e290efb13ab4a3d8bf7d06779836e1a" member_type: VOTER last_known_addr { host: "127.11.131.195" port: 44703 } }
I20260709 14:55:27.156440 13098 ts_tablet_manager.cc:1434] T 6fa767171f434828a739458715dc5260 P bba02be5d973481d9195667d4d5a4cc3: Time spent starting tablet: real 0.010s	user 0.002s	sys 0.004s
I20260709 14:55:27.157289 13098 tablet_bootstrap.cc:492] T ea0eab37bd7a449a85d4191ae94508e5 P bba02be5d973481d9195667d4d5a4cc3: Bootstrap starting.
I20260709 14:55:27.130394 13020 leader_election.cc:304] T 47a505dcaeef46aeb5ddf4cee9899611 P 9e290efb13ab4a3d8bf7d06779836e1a [CANDIDATE]: Term 1 pre-election: Election decided. Result: candidate won. Election summary: received 2 responses out of 3 voters: 2 yes votes; 0 no votes. yes voters: 9e290efb13ab4a3d8bf7d06779836e1a, bba02be5d973481d9195667d4d5a4cc3; no voters: 
I20260709 14:55:27.162482 12977 tablet_service.cc:1917] Received RequestConsensusVote() RPC: tablet_id: "8fbd3065ccfa4ddb80ab39cb5366bd8c" candidate_uuid: "9e290efb13ab4a3d8bf7d06779836e1a" candidate_term: 1 candidate_status { last_received { term: 0 index: 0 } } ignore_live_leader: false dest_uuid: "54796deb7ff045beaba51c235a0396db"
I20260709 14:55:27.166388 12977 raft_consensus.cc:3060] T 8fbd3065ccfa4ddb80ab39cb5366bd8c P 54796deb7ff045beaba51c235a0396db [term 0 FOLLOWER]: Advancing to term 1
I20260709 14:55:27.167050 12979 tablet_service.cc:1917] Received RequestConsensusVote() RPC: tablet_id: "6fa767171f434828a739458715dc5260" candidate_uuid: "9e290efb13ab4a3d8bf7d06779836e1a" candidate_term: 1 candidate_status { last_received { term: 0 index: 0 } } ignore_live_leader: false dest_uuid: "54796deb7ff045beaba51c235a0396db" is_pre_election: true
I20260709 14:55:27.167654 12979 raft_consensus.cc:2468] T 6fa767171f434828a739458715dc5260 P 54796deb7ff045beaba51c235a0396db [term 0 FOLLOWER]: Leader pre-election vote request: Granting yes vote for candidate 9e290efb13ab4a3d8bf7d06779836e1a in term 0.
W20260709 14:55:27.168516 13360 log.cc:927] Time spent T 751a4d0837894ad98c03332ab4d508be P bba02be5d973481d9195667d4d5a4cc3: Append to log took a long time: real 0.064s	user 0.000s	sys 0.000s
I20260709 14:55:27.172384 13365 raft_consensus.cc:2804] T 47a505dcaeef46aeb5ddf4cee9899611 P 9e290efb13ab4a3d8bf7d06779836e1a [term 0 FOLLOWER]: Leader pre-election won for term 1
I20260709 14:55:27.172642 12979 tablet_service.cc:1917] Received RequestConsensusVote() RPC: tablet_id: "2cbf41d2907d4e1e8b542e9c7036bfa0" candidate_uuid: "9e290efb13ab4a3d8bf7d06779836e1a" candidate_term: 1 candidate_status { last_received { term: 0 index: 0 } } ignore_live_leader: false dest_uuid: "54796deb7ff045beaba51c235a0396db" is_pre_election: true
I20260709 14:55:27.172808 13365 raft_consensus.cc:493] T 47a505dcaeef46aeb5ddf4cee9899611 P 9e290efb13ab4a3d8bf7d06779836e1a [term 0 FOLLOWER]: Starting leader election (no leader contacted us within the election timeout)
I20260709 14:55:27.174119 13365 raft_consensus.cc:3060] T 47a505dcaeef46aeb5ddf4cee9899611 P 9e290efb13ab4a3d8bf7d06779836e1a [term 0 FOLLOWER]: Advancing to term 1
I20260709 14:55:27.181937 12977 raft_consensus.cc:2468] T 8fbd3065ccfa4ddb80ab39cb5366bd8c P 54796deb7ff045beaba51c235a0396db [term 1 FOLLOWER]: Leader election vote request: Granting yes vote for candidate 9e290efb13ab4a3d8bf7d06779836e1a in term 1.
I20260709 14:55:27.184767 13363 consensus_queue.cc:1048] T 7fee56036bc24cfbb304316ce3626cb2 P bba02be5d973481d9195667d4d5a4cc3 [LEADER]: Connected to new peer: Peer: permanent_uuid: "54796deb7ff045beaba51c235a0396db" member_type: VOTER last_known_addr { host: "127.11.131.194" port: 42025 }, Status: LMP_MISMATCH, Last received: 0.0, Next index: 1, Last known committed idx: 0, Time since last communication: 0.001s
I20260709 14:55:27.188000 13021 leader_election.cc:304] T ea0eab37bd7a449a85d4191ae94508e5 P 9e290efb13ab4a3d8bf7d06779836e1a [CANDIDATE]: Term 1 pre-election: Election decided. Result: candidate won. Election summary: received 3 responses out of 3 voters: 2 yes votes; 1 no votes. yes voters: 54796deb7ff045beaba51c235a0396db, 9e290efb13ab4a3d8bf7d06779836e1a; no voters: bba02be5d973481d9195667d4d5a4cc3
I20260709 14:55:27.188802 13352 raft_consensus.cc:2804] T ea0eab37bd7a449a85d4191ae94508e5 P 9e290efb13ab4a3d8bf7d06779836e1a [term 0 FOLLOWER]: Leader pre-election won for term 1
I20260709 14:55:27.190183 13352 raft_consensus.cc:493] T ea0eab37bd7a449a85d4191ae94508e5 P 9e290efb13ab4a3d8bf7d06779836e1a [term 0 FOLLOWER]: Starting leader election (no leader contacted us within the election timeout)
I20260709 14:55:27.190501 13352 raft_consensus.cc:3060] T ea0eab37bd7a449a85d4191ae94508e5 P 9e290efb13ab4a3d8bf7d06779836e1a [term 0 FOLLOWER]: Advancing to term 1
I20260709 14:55:27.198377 13096 tablet_bootstrap.cc:492] T 8109140c618245f7b97f06e0bdbfbf47 P 9e290efb13ab4a3d8bf7d06779836e1a: No bootstrap required, opened a new log
I20260709 14:55:27.198796 13096 ts_tablet_manager.cc:1403] T 8109140c618245f7b97f06e0bdbfbf47 P 9e290efb13ab4a3d8bf7d06779836e1a: Time spent bootstrapping tablet: real 0.712s	user 0.019s	sys 0.024s
W20260709 14:55:27.190829 13021 leader_election.cc:343] T f5267b5f076d4944afd0bddd6e9cbe5b P 9e290efb13ab4a3d8bf7d06779836e1a [CANDIDATE]: Term 1 election: Tablet error from VoteRequest() call to peer 54796deb7ff045beaba51c235a0396db (127.11.131.194:42025): Illegal state: must be running to vote when last-logged opid is not known
I20260709 14:55:27.188273 13365 raft_consensus.cc:515] T 47a505dcaeef46aeb5ddf4cee9899611 P 9e290efb13ab4a3d8bf7d06779836e1a [term 1 FOLLOWER]: Starting leader election with config: opid_index: -1 OBSOLETE_local: false peers { permanent_uuid: "bba02be5d973481d9195667d4d5a4cc3" member_type: VOTER last_known_addr { host: "127.11.131.193" port: 46335 } } peers { permanent_uuid: "54796deb7ff045beaba51c235a0396db" member_type: VOTER last_known_addr { host: "127.11.131.194" port: 42025 } } peers { permanent_uuid: "9e290efb13ab4a3d8bf7d06779836e1a" member_type: VOTER last_known_addr { host: "127.11.131.195" port: 44703 } }
I20260709 14:55:27.201270 12977 tablet_service.cc:1917] Received RequestConsensusVote() RPC: tablet_id: "2cbf41d2907d4e1e8b542e9c7036bfa0" candidate_uuid: "bba02be5d973481d9195667d4d5a4cc3" candidate_term: 1 candidate_status { last_received { term: 0 index: 0 } } ignore_live_leader: false dest_uuid: "54796deb7ff045beaba51c235a0396db" is_pre_election: true
I20260709 14:55:27.202128 13365 leader_election.cc:290] T 47a505dcaeef46aeb5ddf4cee9899611 P 9e290efb13ab4a3d8bf7d06779836e1a [CANDIDATE]: Term 1 election: Requested vote from peers bba02be5d973481d9195667d4d5a4cc3 (127.11.131.193:46335), 54796deb7ff045beaba51c235a0396db (127.11.131.194:42025)
I20260709 14:55:27.200335 13363 consensus_queue.cc:1059] T f2a398e4af0f4038ae9634f80ce4fb4a P bba02be5d973481d9195667d4d5a4cc3 [LEADER]: Peer responded invalid term: Peer: permanent_uuid: "54796deb7ff045beaba51c235a0396db" member_type: VOTER last_known_addr { host: "127.11.131.194" port: 42025 }, Status: INVALID_TERM, Last received: 1.1, Next index: 2, Last known committed idx: 1, Time since last communication: 0.003s
I20260709 14:55:27.204193 13363 raft_consensus.cc:3055] T f2a398e4af0f4038ae9634f80ce4fb4a P bba02be5d973481d9195667d4d5a4cc3 [term 1 LEADER]: Stepping down as leader of term 1
I20260709 14:55:27.204587 13363 raft_consensus.cc:740] T f2a398e4af0f4038ae9634f80ce4fb4a P bba02be5d973481d9195667d4d5a4cc3 [term 1 LEADER]: Becoming Follower/Learner. State: Replica: bba02be5d973481d9195667d4d5a4cc3, State: Running, Role: LEADER
I20260709 14:55:27.205305 13363 consensus_queue.cc:260] T f2a398e4af0f4038ae9634f80ce4fb4a P bba02be5d973481d9195667d4d5a4cc3 [NON_LEADER]: Queue going to NON_LEADER mode. State: All replicated index: 0, Majority replicated index: 1, Committed index: 1, Last appended: 1.1, Last appended by leader: 1, Current term: 1, Majority size: -1, State: 0, Mode: NON_LEADER, active raft config: opid_index: -1 OBSOLETE_local: false peers { permanent_uuid: "bba02be5d973481d9195667d4d5a4cc3" member_type: VOTER last_known_addr { host: "127.11.131.193" port: 46335 } } peers { permanent_uuid: "54796deb7ff045beaba51c235a0396db" member_type: VOTER last_known_addr { host: "127.11.131.194" port: 42025 } } peers { permanent_uuid: "9e290efb13ab4a3d8bf7d06779836e1a" member_type: VOTER last_known_addr { host: "127.11.131.195" port: 44703 } }
I20260709 14:55:27.207315 13363 raft_consensus.cc:3060] T f2a398e4af0f4038ae9634f80ce4fb4a P bba02be5d973481d9195667d4d5a4cc3 [term 1 FOLLOWER]: Advancing to term 2
I20260709 14:55:27.210618 13096 raft_consensus.cc:359] T 8109140c618245f7b97f06e0bdbfbf47 P 9e290efb13ab4a3d8bf7d06779836e1a [term 0 FOLLOWER]: Replica starting. Triggering 0 pending ops. Active config: opid_index: -1 OBSOLETE_local: false peers { permanent_uuid: "bba02be5d973481d9195667d4d5a4cc3" member_type: VOTER last_known_addr { host: "127.11.131.193" port: 46335 } } peers { permanent_uuid: "54796deb7ff045beaba51c235a0396db" member_type: VOTER last_known_addr { host: "127.11.131.194" port: 42025 } } peers { permanent_uuid: "9e290efb13ab4a3d8bf7d06779836e1a" member_type: VOTER last_known_addr { host: "127.11.131.195" port: 44703 } }
I20260709 14:55:27.211287 13096 raft_consensus.cc:385] T 8109140c618245f7b97f06e0bdbfbf47 P 9e290efb13ab4a3d8bf7d06779836e1a [term 0 FOLLOWER]: Consensus starting up: Expiring failure detector timer to make a prompt election more likely
I20260709 14:55:27.211589 13096 raft_consensus.cc:740] T 8109140c618245f7b97f06e0bdbfbf47 P 9e290efb13ab4a3d8bf7d06779836e1a [term 0 FOLLOWER]: Becoming Follower/Learner. State: Replica: 9e290efb13ab4a3d8bf7d06779836e1a, State: Initialized, Role: FOLLOWER
I20260709 14:55:27.206005 13020 leader_election.cc:304] T f5267b5f076d4944afd0bddd6e9cbe5b P 9e290efb13ab4a3d8bf7d06779836e1a [CANDIDATE]: Term 1 election: Election decided. Result: candidate won. Election summary: received 3 responses out of 3 voters: 2 yes votes; 1 no votes. yes voters: 9e290efb13ab4a3d8bf7d06779836e1a, bba02be5d973481d9195667d4d5a4cc3; no voters: 54796deb7ff045beaba51c235a0396db
W20260709 14:55:27.204232 13021 leader_election.cc:343] T 47a505dcaeef46aeb5ddf4cee9899611 P 9e290efb13ab4a3d8bf7d06779836e1a [CANDIDATE]: Term 1 pre-election: Tablet error from VoteRequest() call to peer 54796deb7ff045beaba51c235a0396db (127.11.131.194:42025): Illegal state: must be running to vote when last-logged opid is not known
I20260709 14:55:27.214851 13287 raft_consensus.cc:2804] T f5267b5f076d4944afd0bddd6e9cbe5b P 9e290efb13ab4a3d8bf7d06779836e1a [term 1 FOLLOWER]: Leader election won for term 1
I20260709 14:55:27.215324 13287 raft_consensus.cc:697] T f5267b5f076d4944afd0bddd6e9cbe5b P 9e290efb13ab4a3d8bf7d06779836e1a [term 1 LEADER]: Becoming Leader. State: Replica: 9e290efb13ab4a3d8bf7d06779836e1a, State: Running, Role: LEADER
I20260709 14:55:27.215167 13352 raft_consensus.cc:515] T ea0eab37bd7a449a85d4191ae94508e5 P 9e290efb13ab4a3d8bf7d06779836e1a [term 1 FOLLOWER]: Starting leader election with config: opid_index: -1 OBSOLETE_local: false peers { permanent_uuid: "bba02be5d973481d9195667d4d5a4cc3" member_type: VOTER last_known_addr { host: "127.11.131.193" port: 46335 } } peers { permanent_uuid: "54796deb7ff045beaba51c235a0396db" member_type: VOTER last_known_addr { host: "127.11.131.194" port: 42025 } } peers { permanent_uuid: "9e290efb13ab4a3d8bf7d06779836e1a" member_type: VOTER last_known_addr { host: "127.11.131.195" port: 44703 } }
I20260709 14:55:27.216090 13287 consensus_queue.cc:237] T f5267b5f076d4944afd0bddd6e9cbe5b P 9e290efb13ab4a3d8bf7d06779836e1a [LEADER]: Queue going to LEADER mode. State: All replicated index: 0, Majority replicated index: 0, Committed index: 0, Last appended: 0.0, Last appended by leader: 0, Current term: 1, Majority size: 2, State: 0, Mode: LEADER, active raft config: opid_index: -1 OBSOLETE_local: false peers { permanent_uuid: "bba02be5d973481d9195667d4d5a4cc3" member_type: VOTER last_known_addr { host: "127.11.131.193" port: 46335 } } peers { permanent_uuid: "54796deb7ff045beaba51c235a0396db" member_type: VOTER last_known_addr { host: "127.11.131.194" port: 42025 } } peers { permanent_uuid: "9e290efb13ab4a3d8bf7d06779836e1a" member_type: VOTER last_known_addr { host: "127.11.131.195" port: 44703 } }
I20260709 14:55:27.216683 13096 consensus_queue.cc:260] T 8109140c618245f7b97f06e0bdbfbf47 P 9e290efb13ab4a3d8bf7d06779836e1a [NON_LEADER]: Queue going to NON_LEADER mode. State: All replicated index: 0, Majority replicated index: 0, Committed index: 0, Last appended: 0.0, Last appended by leader: 0, Current term: 0, Majority size: -1, State: 0, Mode: NON_LEADER, active raft config: opid_index: -1 OBSOLETE_local: false peers { permanent_uuid: "bba02be5d973481d9195667d4d5a4cc3" member_type: VOTER last_known_addr { host: "127.11.131.193" port: 46335 } } peers { permanent_uuid: "54796deb7ff045beaba51c235a0396db" member_type: VOTER last_known_addr { host: "127.11.131.194" port: 42025 } } peers { permanent_uuid: "9e290efb13ab4a3d8bf7d06779836e1a" member_type: VOTER last_known_addr { host: "127.11.131.195" port: 44703 } }
I20260709 14:55:27.217760 13352 leader_election.cc:290] T ea0eab37bd7a449a85d4191ae94508e5 P 9e290efb13ab4a3d8bf7d06779836e1a [CANDIDATE]: Term 1 election: Requested vote from peers bba02be5d973481d9195667d4d5a4cc3 (127.11.131.193:46335), 54796deb7ff045beaba51c235a0396db (127.11.131.194:42025)
I20260709 14:55:27.219370 13098 tablet_bootstrap.cc:654] T ea0eab37bd7a449a85d4191ae94508e5 P bba02be5d973481d9195667d4d5a4cc3: Neither blocks nor log segments found. Creating new log.
W20260709 14:55:27.223271 13021 consensus_peers.cc:597] T f6a1a7d7f53e45ea88d5b1279d906ccf P 9e290efb13ab4a3d8bf7d06779836e1a -> Peer 54796deb7ff045beaba51c235a0396db (127.11.131.194:42025): Couldn't send request to peer 54796deb7ff045beaba51c235a0396db. Error code: TABLET_NOT_RUNNING (12). Status: Illegal state: Tablet not RUNNING: INITIALIZED. This is attempt 1: this message will repeat every 5th retry.
I20260709 14:55:27.223598 13096 ts_tablet_manager.cc:1434] T 8109140c618245f7b97f06e0bdbfbf47 P 9e290efb13ab4a3d8bf7d06779836e1a: Time spent starting tablet: real 0.025s	user 0.005s	sys 0.001s
I20260709 14:55:27.271102 13287 raft_consensus.cc:493] T 8109140c618245f7b97f06e0bdbfbf47 P 9e290efb13ab4a3d8bf7d06779836e1a [term 0 FOLLOWER]: Starting pre-election (no leader contacted us within the election timeout)
I20260709 14:55:27.312355 12906 tablet_service.cc:1917] Received RequestConsensusVote() RPC: tablet_id: "ea0eab37bd7a449a85d4191ae94508e5" candidate_uuid: "9e290efb13ab4a3d8bf7d06779836e1a" candidate_term: 1 candidate_status { last_received { term: 0 index: 0 } } ignore_live_leader: false dest_uuid: "bba02be5d973481d9195667d4d5a4cc3"
I20260709 14:55:27.303679 12901 tablet_service.cc:1917] Received RequestConsensusVote() RPC: tablet_id: "47a505dcaeef46aeb5ddf4cee9899611" candidate_uuid: "9e290efb13ab4a3d8bf7d06779836e1a" candidate_term: 1 candidate_status { last_received { term: 0 index: 0 } } ignore_live_leader: false dest_uuid: "bba02be5d973481d9195667d4d5a4cc3"
I20260709 14:55:27.324318 13287 raft_consensus.cc:515] T 8109140c618245f7b97f06e0bdbfbf47 P 9e290efb13ab4a3d8bf7d06779836e1a [term 0 FOLLOWER]: Starting pre-election with config: opid_index: -1 OBSOLETE_local: false peers { permanent_uuid: "bba02be5d973481d9195667d4d5a4cc3" member_type: VOTER last_known_addr { host: "127.11.131.193" port: 46335 } } peers { permanent_uuid: "54796deb7ff045beaba51c235a0396db" member_type: VOTER last_known_addr { host: "127.11.131.194" port: 42025 } } peers { permanent_uuid: "9e290efb13ab4a3d8bf7d06779836e1a" member_type: VOTER last_known_addr { host: "127.11.131.195" port: 44703 } }
I20260709 14:55:27.324681 12901 raft_consensus.cc:3060] T 47a505dcaeef46aeb5ddf4cee9899611 P bba02be5d973481d9195667d4d5a4cc3 [term 0 FOLLOWER]: Advancing to term 1
I20260709 14:55:27.224464 13096 tablet_bootstrap.cc:492] T 96b4eef585cd4d89b51390981a7263a1 P 9e290efb13ab4a3d8bf7d06779836e1a: Bootstrap starting.
I20260709 14:55:27.326303 13287 leader_election.cc:290] T 8109140c618245f7b97f06e0bdbfbf47 P 9e290efb13ab4a3d8bf7d06779836e1a [CANDIDATE]: Term 1 pre-election: Requested pre-vote from peers bba02be5d973481d9195667d4d5a4cc3 (127.11.131.193:46335), 54796deb7ff045beaba51c235a0396db (127.11.131.194:42025)
I20260709 14:55:27.224404 13021 leader_election.cc:304] T 6fa767171f434828a739458715dc5260 P 9e290efb13ab4a3d8bf7d06779836e1a [CANDIDATE]: Term 1 pre-election: Election decided. Result: candidate won. Election summary: received 2 responses out of 3 voters: 2 yes votes; 0 no votes. yes voters: 54796deb7ff045beaba51c235a0396db, 9e290efb13ab4a3d8bf7d06779836e1a; no voters: 
W20260709 14:55:27.327239 13021 outbound_call.cc:321] RPC callback for RPC call kudu.consensus.ConsensusService.RequestConsensusVote -> {remote=127.11.131.194:42025, user_credentials={real_user=slave}} blocked reactor thread for 102908us
I20260709 14:55:27.327831 13287 raft_consensus.cc:2804] T 6fa767171f434828a739458715dc5260 P 9e290efb13ab4a3d8bf7d06779836e1a [term 0 FOLLOWER]: Leader pre-election won for term 1
I20260709 14:55:27.224064 13365 consensus_queue.cc:1048] T 9f12de602f1d40babc4f0e091511acae P 9e290efb13ab4a3d8bf7d06779836e1a [LEADER]: Connected to new peer: Peer: permanent_uuid: "54796deb7ff045beaba51c235a0396db" member_type: VOTER last_known_addr { host: "127.11.131.194" port: 42025 }, Status: LMP_MISMATCH, Last received: 0.0, Next index: 1, Last known committed idx: 0, Time since last communication: 0.104s
I20260709 14:55:27.328445 13287 raft_consensus.cc:493] T 6fa767171f434828a739458715dc5260 P 9e290efb13ab4a3d8bf7d06779836e1a [term 0 FOLLOWER]: Starting leader election (no leader contacted us within the election timeout)
I20260709 14:55:27.328845 13287 raft_consensus.cc:3060] T 6fa767171f434828a739458715dc5260 P 9e290efb13ab4a3d8bf7d06779836e1a [term 0 FOLLOWER]: Advancing to term 1
I20260709 14:55:27.288223 12899 tablet_service.cc:1917] Received RequestConsensusVote() RPC: tablet_id: "2cbf41d2907d4e1e8b542e9c7036bfa0" candidate_uuid: "9e290efb13ab4a3d8bf7d06779836e1a" candidate_term: 1 candidate_status { last_received { term: 0 index: 0 } } ignore_live_leader: false dest_uuid: "bba02be5d973481d9195667d4d5a4cc3" is_pre_election: true
I20260709 14:55:27.329808 12899 raft_consensus.cc:2468] T 2cbf41d2907d4e1e8b542e9c7036bfa0 P bba02be5d973481d9195667d4d5a4cc3 [term 0 FOLLOWER]: Leader pre-election vote request: Granting yes vote for candidate 9e290efb13ab4a3d8bf7d06779836e1a in term 0.
I20260709 14:55:27.289904 12900 tablet_service.cc:1917] Received RequestConsensusVote() RPC: tablet_id: "6fa767171f434828a739458715dc5260" candidate_uuid: "9e290efb13ab4a3d8bf7d06779836e1a" candidate_term: 1 candidate_status { last_received { term: 0 index: 0 } } ignore_live_leader: false dest_uuid: "bba02be5d973481d9195667d4d5a4cc3" is_pre_election: true
I20260709 14:55:27.279609 12902 tablet_service.cc:1917] Received RequestConsensusVote() RPC: tablet_id: "8fbd3065ccfa4ddb80ab39cb5366bd8c" candidate_uuid: "9e290efb13ab4a3d8bf7d06779836e1a" candidate_term: 1 candidate_status { last_received { term: 0 index: 0 } } ignore_live_leader: false dest_uuid: "bba02be5d973481d9195667d4d5a4cc3"
I20260709 14:55:27.330536 12900 raft_consensus.cc:2468] T 6fa767171f434828a739458715dc5260 P bba02be5d973481d9195667d4d5a4cc3 [term 0 FOLLOWER]: Leader pre-election vote request: Granting yes vote for candidate 9e290efb13ab4a3d8bf7d06779836e1a in term 0.
I20260709 14:55:27.331358 12902 raft_consensus.cc:3060] T 8fbd3065ccfa4ddb80ab39cb5366bd8c P bba02be5d973481d9195667d4d5a4cc3 [term 0 FOLLOWER]: Advancing to term 1
I20260709 14:55:27.333101 13096 tablet_bootstrap.cc:654] T 96b4eef585cd4d89b51390981a7263a1 P 9e290efb13ab4a3d8bf7d06779836e1a: Neither blocks nor log segments found. Creating new log.
I20260709 14:55:27.267522 13097 tablet_bootstrap.cc:654] T 47a505dcaeef46aeb5ddf4cee9899611 P 54796deb7ff045beaba51c235a0396db: Neither blocks nor log segments found. Creating new log.
I20260709 14:55:27.258675 12805 catalog_manager.cc:5697] T f5267b5f076d4944afd0bddd6e9cbe5b P 9e290efb13ab4a3d8bf7d06779836e1a reported cstate change: term changed from 0 to 1, leader changed from <none> to 9e290efb13ab4a3d8bf7d06779836e1a (127.11.131.195). New cstate: current_term: 1 leader_uuid: "9e290efb13ab4a3d8bf7d06779836e1a" committed_config { opid_index: -1 OBSOLETE_local: false peers { permanent_uuid: "bba02be5d973481d9195667d4d5a4cc3" member_type: VOTER last_known_addr { host: "127.11.131.193" port: 46335 } health_report { overall_health: UNKNOWN } } peers { permanent_uuid: "54796deb7ff045beaba51c235a0396db" member_type: VOTER last_known_addr { host: "127.11.131.194" port: 42025 } health_report { overall_health: UNKNOWN } } peers { permanent_uuid: "9e290efb13ab4a3d8bf7d06779836e1a" member_type: VOTER last_known_addr { host: "127.11.131.195" port: 44703 } health_report { overall_health: HEALTHY } } }
W20260709 14:55:27.233919 12872 leader_election.cc:343] T 2cbf41d2907d4e1e8b542e9c7036bfa0 P bba02be5d973481d9195667d4d5a4cc3 [CANDIDATE]: Term 1 pre-election: Tablet error from VoteRequest() call to peer 54796deb7ff045beaba51c235a0396db (127.11.131.194:42025): Illegal state: must be running to vote when last-logged opid is not known
W20260709 14:55:27.342278 12872 outbound_call.cc:321] RPC callback for RPC call kudu.consensus.ConsensusService.RequestConsensusVote -> {remote=127.11.131.194:42025, user_credentials={real_user=slave}} blocked reactor thread for 108392us
I20260709 14:55:27.291889 13098 tablet_bootstrap.cc:492] T ea0eab37bd7a449a85d4191ae94508e5 P bba02be5d973481d9195667d4d5a4cc3: No bootstrap required, opened a new log
I20260709 14:55:27.344751 13096 tablet_bootstrap.cc:492] T 96b4eef585cd4d89b51390981a7263a1 P 9e290efb13ab4a3d8bf7d06779836e1a: No bootstrap required, opened a new log
I20260709 14:55:27.345117 13098 ts_tablet_manager.cc:1403] T ea0eab37bd7a449a85d4191ae94508e5 P bba02be5d973481d9195667d4d5a4cc3: Time spent bootstrapping tablet: real 0.188s	user 0.024s	sys 0.011s
I20260709 14:55:27.345351 13096 ts_tablet_manager.cc:1403] T 96b4eef585cd4d89b51390981a7263a1 P 9e290efb13ab4a3d8bf7d06779836e1a: Time spent bootstrapping tablet: real 0.121s	user 0.030s	sys 0.035s
I20260709 14:55:27.347719 13098 raft_consensus.cc:359] T ea0eab37bd7a449a85d4191ae94508e5 P bba02be5d973481d9195667d4d5a4cc3 [term 0 FOLLOWER]: Replica starting. Triggering 0 pending ops. Active config: opid_index: -1 OBSOLETE_local: false peers { permanent_uuid: "bba02be5d973481d9195667d4d5a4cc3" member_type: VOTER last_known_addr { host: "127.11.131.193" port: 46335 } } peers { permanent_uuid: "54796deb7ff045beaba51c235a0396db" member_type: VOTER last_known_addr { host: "127.11.131.194" port: 42025 } } peers { permanent_uuid: "9e290efb13ab4a3d8bf7d06779836e1a" member_type: VOTER last_known_addr { host: "127.11.131.195" port: 44703 } }
I20260709 14:55:27.347947 13096 raft_consensus.cc:359] T 96b4eef585cd4d89b51390981a7263a1 P 9e290efb13ab4a3d8bf7d06779836e1a [term 0 FOLLOWER]: Replica starting. Triggering 0 pending ops. Active config: opid_index: -1 OBSOLETE_local: false peers { permanent_uuid: "bba02be5d973481d9195667d4d5a4cc3" member_type: VOTER last_known_addr { host: "127.11.131.193" port: 46335 } } peers { permanent_uuid: "54796deb7ff045beaba51c235a0396db" member_type: VOTER last_known_addr { host: "127.11.131.194" port: 42025 } } peers { permanent_uuid: "9e290efb13ab4a3d8bf7d06779836e1a" member_type: VOTER last_known_addr { host: "127.11.131.195" port: 44703 } }
I20260709 14:55:27.369246 13096 raft_consensus.cc:385] T 96b4eef585cd4d89b51390981a7263a1 P 9e290efb13ab4a3d8bf7d06779836e1a [term 0 FOLLOWER]: Consensus starting up: Expiring failure detector timer to make a prompt election more likely
I20260709 14:55:27.348687 13056 tablet_service.cc:1917] Received RequestConsensusVote() RPC: tablet_id: "6fa767171f434828a739458715dc5260" candidate_uuid: "54796deb7ff045beaba51c235a0396db" candidate_term: 1 candidate_status { last_received { term: 0 index: 0 } } ignore_live_leader: false dest_uuid: "9e290efb13ab4a3d8bf7d06779836e1a" is_pre_election: true
W20260709 14:55:27.350570 13021 leader_election.cc:343] T 2cbf41d2907d4e1e8b542e9c7036bfa0 P 9e290efb13ab4a3d8bf7d06779836e1a [CANDIDATE]: Term 1 pre-election: Tablet error from VoteRequest() call to peer 54796deb7ff045beaba51c235a0396db (127.11.131.194:42025): Illegal state: must be running to vote when last-logged opid is not known
I20260709 14:55:27.362857 13287 raft_consensus.cc:515] T 6fa767171f434828a739458715dc5260 P 9e290efb13ab4a3d8bf7d06779836e1a [term 1 FOLLOWER]: Starting leader election with config: opid_index: -1 OBSOLETE_local: false peers { permanent_uuid: "bba02be5d973481d9195667d4d5a4cc3" member_type: VOTER last_known_addr { host: "127.11.131.193" port: 46335 } } peers { permanent_uuid: "54796deb7ff045beaba51c235a0396db" member_type: VOTER last_known_addr { host: "127.11.131.194" port: 42025 } } peers { permanent_uuid: "9e290efb13ab4a3d8bf7d06779836e1a" member_type: VOTER last_known_addr { host: "127.11.131.195" port: 44703 } }
I20260709 14:55:27.379492 13287 leader_election.cc:290] T 6fa767171f434828a739458715dc5260 P 9e290efb13ab4a3d8bf7d06779836e1a [CANDIDATE]: Term 1 election: Requested vote from peers bba02be5d973481d9195667d4d5a4cc3 (127.11.131.193:46335), 54796deb7ff045beaba51c235a0396db (127.11.131.194:42025)
I20260709 14:55:27.382361 13056 raft_consensus.cc:2393] T 6fa767171f434828a739458715dc5260 P 9e290efb13ab4a3d8bf7d06779836e1a [term 1 FOLLOWER]: Leader pre-election vote request: Denying vote to candidate 54796deb7ff045beaba51c235a0396db in current term 1: Already voted for candidate 9e290efb13ab4a3d8bf7d06779836e1a in this term.
I20260709 14:55:27.384407 13021 leader_election.cc:304] T 8fbd3065ccfa4ddb80ab39cb5366bd8c P 9e290efb13ab4a3d8bf7d06779836e1a [CANDIDATE]: Term 1 election: Election decided. Result: candidate won. Election summary: received 2 responses out of 3 voters: 2 yes votes; 0 no votes. yes voters: 54796deb7ff045beaba51c235a0396db, 9e290efb13ab4a3d8bf7d06779836e1a; no voters: 
I20260709 14:55:27.385195 13287 raft_consensus.cc:2804] T 8fbd3065ccfa4ddb80ab39cb5366bd8c P 9e290efb13ab4a3d8bf7d06779836e1a [term 1 FOLLOWER]: Leader election won for term 1
I20260709 14:55:27.386128 13287 raft_consensus.cc:697] T 8fbd3065ccfa4ddb80ab39cb5366bd8c P 9e290efb13ab4a3d8bf7d06779836e1a [term 1 LEADER]: Becoming Leader. State: Replica: 9e290efb13ab4a3d8bf7d06779836e1a, State: Running, Role: LEADER
I20260709 14:55:27.387146 12905 tablet_service.cc:1917] Received RequestConsensusVote() RPC: tablet_id: "8109140c618245f7b97f06e0bdbfbf47" candidate_uuid: "9e290efb13ab4a3d8bf7d06779836e1a" candidate_term: 1 candidate_status { last_received { term: 0 index: 0 } } ignore_live_leader: false dest_uuid: "bba02be5d973481d9195667d4d5a4cc3" is_pre_election: true
I20260709 14:55:27.359668 13097 tablet_bootstrap.cc:492] T 47a505dcaeef46aeb5ddf4cee9899611 P 54796deb7ff045beaba51c235a0396db: No bootstrap required, opened a new log
I20260709 14:55:27.388756 13097 ts_tablet_manager.cc:1403] T 47a505dcaeef46aeb5ddf4cee9899611 P 54796deb7ff045beaba51c235a0396db: Time spent bootstrapping tablet: real 0.294s	user 0.006s	sys 0.006s
I20260709 14:55:27.391209 13056 tablet_service.cc:1917] Received RequestConsensusVote() RPC: tablet_id: "2cbf41d2907d4e1e8b542e9c7036bfa0" candidate_uuid: "bba02be5d973481d9195667d4d5a4cc3" candidate_term: 1 candidate_status { last_received { term: 0 index: 0 } } ignore_live_leader: false dest_uuid: "9e290efb13ab4a3d8bf7d06779836e1a" is_pre_election: true
I20260709 14:55:27.369830 13098 raft_consensus.cc:385] T ea0eab37bd7a449a85d4191ae94508e5 P bba02be5d973481d9195667d4d5a4cc3 [term 0 FOLLOWER]: Consensus starting up: Expiring failure detector timer to make a prompt election more likely
I20260709 14:55:27.373992 13352 consensus_queue.cc:1048] T f6a1a7d7f53e45ea88d5b1279d906ccf P 9e290efb13ab4a3d8bf7d06779836e1a [LEADER]: Connected to new peer: Peer: permanent_uuid: "bba02be5d973481d9195667d4d5a4cc3" member_type: VOTER last_known_addr { host: "127.11.131.193" port: 46335 }, Status: LMP_MISMATCH, Last received: 0.0, Next index: 1, Last known committed idx: 0, Time since last communication: 0.000s
I20260709 14:55:27.391847 13098 raft_consensus.cc:740] T ea0eab37bd7a449a85d4191ae94508e5 P bba02be5d973481d9195667d4d5a4cc3 [term 0 FOLLOWER]: Becoming Follower/Learner. State: Replica: bba02be5d973481d9195667d4d5a4cc3, State: Initialized, Role: FOLLOWER
I20260709 14:55:27.375497 12902 raft_consensus.cc:2468] T 8fbd3065ccfa4ddb80ab39cb5366bd8c P bba02be5d973481d9195667d4d5a4cc3 [term 1 FOLLOWER]: Leader election vote request: Granting yes vote for candidate 9e290efb13ab4a3d8bf7d06779836e1a in term 1.
I20260709 14:55:27.376725 13362 consensus_queue.cc:1048] T 9f12de602f1d40babc4f0e091511acae P 9e290efb13ab4a3d8bf7d06779836e1a [LEADER]: Connected to new peer: Peer: permanent_uuid: "bba02be5d973481d9195667d4d5a4cc3" member_type: VOTER last_known_addr { host: "127.11.131.193" port: 46335 }, Status: LMP_MISMATCH, Last received: 0.0, Next index: 1, Last known committed idx: 0, Time since last communication: 0.001s
I20260709 14:55:27.392585 13098 consensus_queue.cc:260] T ea0eab37bd7a449a85d4191ae94508e5 P bba02be5d973481d9195667d4d5a4cc3 [NON_LEADER]: Queue going to NON_LEADER mode. State: All replicated index: 0, Majority replicated index: 0, Committed index: 0, Last appended: 0.0, Last appended by leader: 0, Current term: 0, Majority size: -1, State: 0, Mode: NON_LEADER, active raft config: opid_index: -1 OBSOLETE_local: false peers { permanent_uuid: "bba02be5d973481d9195667d4d5a4cc3" member_type: VOTER last_known_addr { host: "127.11.131.193" port: 46335 } } peers { permanent_uuid: "54796deb7ff045beaba51c235a0396db" member_type: VOTER last_known_addr { host: "127.11.131.194" port: 42025 } } peers { permanent_uuid: "9e290efb13ab4a3d8bf7d06779836e1a" member_type: VOTER last_known_addr { host: "127.11.131.195" port: 44703 } }
W20260709 14:55:27.374100 13020 leader_election.cc:343] T ea0eab37bd7a449a85d4191ae94508e5 P 9e290efb13ab4a3d8bf7d06779836e1a [CANDIDATE]: Term 1 election: Tablet error from VoteRequest() call to peer bba02be5d973481d9195667d4d5a4cc3 (127.11.131.193:46335): Illegal state: must be running to vote when last-logged opid is not known
I20260709 14:55:27.394182 13020 leader_election.cc:304] T 2cbf41d2907d4e1e8b542e9c7036bfa0 P 9e290efb13ab4a3d8bf7d06779836e1a [CANDIDATE]: Term 1 pre-election: Election decided. Result: candidate won. Election summary: received 3 responses out of 3 voters: 2 yes votes; 1 no votes. yes voters: 9e290efb13ab4a3d8bf7d06779836e1a, bba02be5d973481d9195667d4d5a4cc3; no voters: 54796deb7ff045beaba51c235a0396db
I20260709 14:55:27.394851 13098 ts_tablet_manager.cc:1434] T ea0eab37bd7a449a85d4191ae94508e5 P bba02be5d973481d9195667d4d5a4cc3: Time spent starting tablet: real 0.049s	user 0.000s	sys 0.005s
I20260709 14:55:27.395774 13098 tablet_bootstrap.cc:492] T ee62fca3741244378951033ef204cbd0 P bba02be5d973481d9195667d4d5a4cc3: Bootstrap starting.
W20260709 14:55:27.395920 13020 leader_election.cc:343] T 8109140c618245f7b97f06e0bdbfbf47 P 9e290efb13ab4a3d8bf7d06779836e1a [CANDIDATE]: Term 1 pre-election: Tablet error from VoteRequest() call to peer bba02be5d973481d9195667d4d5a4cc3 (127.11.131.193:46335): Illegal state: must be running to vote when last-logged opid is not known
I20260709 14:55:27.399500 12905 tablet_service.cc:1917] Received RequestConsensusVote() RPC: tablet_id: "6fa767171f434828a739458715dc5260" candidate_uuid: "9e290efb13ab4a3d8bf7d06779836e1a" candidate_term: 1 candidate_status { last_received { term: 0 index: 0 } } ignore_live_leader: false dest_uuid: "bba02be5d973481d9195667d4d5a4cc3"
I20260709 14:55:27.391144 13097 raft_consensus.cc:359] T 47a505dcaeef46aeb5ddf4cee9899611 P 54796deb7ff045beaba51c235a0396db [term 0 FOLLOWER]: Replica starting. Triggering 0 pending ops. Active config: opid_index: -1 OBSOLETE_local: false peers { permanent_uuid: "bba02be5d973481d9195667d4d5a4cc3" member_type: VOTER last_known_addr { host: "127.11.131.193" port: 46335 } } peers { permanent_uuid: "54796deb7ff045beaba51c235a0396db" member_type: VOTER last_known_addr { host: "127.11.131.194" port: 42025 } } peers { permanent_uuid: "9e290efb13ab4a3d8bf7d06779836e1a" member_type: VOTER last_known_addr { host: "127.11.131.195" port: 44703 } }
I20260709 14:55:27.369530 13096 raft_consensus.cc:740] T 96b4eef585cd4d89b51390981a7263a1 P 9e290efb13ab4a3d8bf7d06779836e1a [term 0 FOLLOWER]: Becoming Follower/Learner. State: Replica: 9e290efb13ab4a3d8bf7d06779836e1a, State: Initialized, Role: FOLLOWER
I20260709 14:55:27.400684 13096 consensus_queue.cc:260] T 96b4eef585cd4d89b51390981a7263a1 P 9e290efb13ab4a3d8bf7d06779836e1a [NON_LEADER]: Queue going to NON_LEADER mode. State: All replicated index: 0, Majority replicated index: 0, Committed index: 0, Last appended: 0.0, Last appended by leader: 0, Current term: 0, Majority size: -1, State: 0, Mode: NON_LEADER, active raft config: opid_index: -1 OBSOLETE_local: false peers { permanent_uuid: "bba02be5d973481d9195667d4d5a4cc3" member_type: VOTER last_known_addr { host: "127.11.131.193" port: 46335 } } peers { permanent_uuid: "54796deb7ff045beaba51c235a0396db" member_type: VOTER last_known_addr { host: "127.11.131.194" port: 42025 } } peers { permanent_uuid: "9e290efb13ab4a3d8bf7d06779836e1a" member_type: VOTER last_known_addr { host: "127.11.131.195" port: 44703 } }
I20260709 14:55:27.402124 13096 ts_tablet_manager.cc:1434] T 96b4eef585cd4d89b51390981a7263a1 P 9e290efb13ab4a3d8bf7d06779836e1a: Time spent starting tablet: real 0.056s	user 0.006s	sys 0.000s
I20260709 14:55:27.402931 13096 tablet_bootstrap.cc:492] T 9a33bf9caa1c4cdeb89020a915566baf P 9e290efb13ab4a3d8bf7d06779836e1a: Bootstrap starting.
I20260709 14:55:27.386991 13287 consensus_queue.cc:237] T 8fbd3065ccfa4ddb80ab39cb5366bd8c P 9e290efb13ab4a3d8bf7d06779836e1a [LEADER]: Queue going to LEADER mode. State: All replicated index: 0, Majority replicated index: 0, Committed index: 0, Last appended: 0.0, Last appended by leader: 0, Current term: 1, Majority size: 2, State: 0, Mode: LEADER, active raft config: opid_index: -1 OBSOLETE_local: false peers { permanent_uuid: "bba02be5d973481d9195667d4d5a4cc3" member_type: VOTER last_known_addr { host: "127.11.131.193" port: 46335 } } peers { permanent_uuid: "54796deb7ff045beaba51c235a0396db" member_type: VOTER last_known_addr { host: "127.11.131.194" port: 42025 } } peers { permanent_uuid: "9e290efb13ab4a3d8bf7d06779836e1a" member_type: VOTER last_known_addr { host: "127.11.131.195" port: 44703 } }
I20260709 14:55:27.406175 13097 raft_consensus.cc:385] T 47a505dcaeef46aeb5ddf4cee9899611 P 54796deb7ff045beaba51c235a0396db [term 0 FOLLOWER]: Consensus starting up: Expiring failure detector timer to make a prompt election more likely
I20260709 14:55:27.406466 13097 raft_consensus.cc:740] T 47a505dcaeef46aeb5ddf4cee9899611 P 54796deb7ff045beaba51c235a0396db [term 0 FOLLOWER]: Becoming Follower/Learner. State: Replica: 54796deb7ff045beaba51c235a0396db, State: Initialized, Role: FOLLOWER
I20260709 14:55:27.407477 13097 consensus_queue.cc:260] T 47a505dcaeef46aeb5ddf4cee9899611 P 54796deb7ff045beaba51c235a0396db [NON_LEADER]: Queue going to NON_LEADER mode. State: All replicated index: 0, Majority replicated index: 0, Committed index: 0, Last appended: 0.0, Last appended by leader: 0, Current term: 0, Majority size: -1, State: 0, Mode: NON_LEADER, active raft config: opid_index: -1 OBSOLETE_local: false peers { permanent_uuid: "bba02be5d973481d9195667d4d5a4cc3" member_type: VOTER last_known_addr { host: "127.11.131.193" port: 46335 } } peers { permanent_uuid: "54796deb7ff045beaba51c235a0396db" member_type: VOTER last_known_addr { host: "127.11.131.194" port: 42025 } } peers { permanent_uuid: "9e290efb13ab4a3d8bf7d06779836e1a" member_type: VOTER last_known_addr { host: "127.11.131.195" port: 44703 } }
I20260709 14:55:27.409600 13098 tablet_bootstrap.cc:654] T ee62fca3741244378951033ef204cbd0 P bba02be5d973481d9195667d4d5a4cc3: Neither blocks nor log segments found. Creating new log.
I20260709 14:55:27.410148 13097 ts_tablet_manager.cc:1434] T 47a505dcaeef46aeb5ddf4cee9899611 P 54796deb7ff045beaba51c235a0396db: Time spent starting tablet: real 0.021s	user 0.006s	sys 0.000s
I20260709 14:55:27.420156 13097 tablet_bootstrap.cc:492] T e9d8d9a5ef59458f88029dfd428b880b P 54796deb7ff045beaba51c235a0396db: Bootstrap starting.
I20260709 14:55:27.395884 13365 raft_consensus.cc:2804] T 2cbf41d2907d4e1e8b542e9c7036bfa0 P 9e290efb13ab4a3d8bf7d06779836e1a [term 0 FOLLOWER]: Leader pre-election won for term 1
I20260709 14:55:27.422187 13365 raft_consensus.cc:493] T 2cbf41d2907d4e1e8b542e9c7036bfa0 P 9e290efb13ab4a3d8bf7d06779836e1a [term 0 FOLLOWER]: Starting leader election (no leader contacted us within the election timeout)
I20260709 14:55:27.422595 13365 raft_consensus.cc:3060] T 2cbf41d2907d4e1e8b542e9c7036bfa0 P 9e290efb13ab4a3d8bf7d06779836e1a [term 0 FOLLOWER]: Advancing to term 1
I20260709 14:55:27.425609 12905 raft_consensus.cc:3060] T 6fa767171f434828a739458715dc5260 P bba02be5d973481d9195667d4d5a4cc3 [term 0 FOLLOWER]: Advancing to term 1
I20260709 14:55:27.419281 13096 tablet_bootstrap.cc:654] T 9a33bf9caa1c4cdeb89020a915566baf P 9e290efb13ab4a3d8bf7d06779836e1a: Neither blocks nor log segments found. Creating new log.
I20260709 14:55:27.426667 12977 tablet_service.cc:1917] Received RequestConsensusVote() RPC: tablet_id: "47a505dcaeef46aeb5ddf4cee9899611" candidate_uuid: "9e290efb13ab4a3d8bf7d06779836e1a" candidate_term: 1 candidate_status { last_received { term: 0 index: 0 } } ignore_live_leader: false dest_uuid: "54796deb7ff045beaba51c235a0396db"
I20260709 14:55:27.429577 12977 raft_consensus.cc:3060] T 47a505dcaeef46aeb5ddf4cee9899611 P 54796deb7ff045beaba51c235a0396db [term 0 FOLLOWER]: Advancing to term 1
I20260709 14:55:27.364773 12901 raft_consensus.cc:2468] T 47a505dcaeef46aeb5ddf4cee9899611 P bba02be5d973481d9195667d4d5a4cc3 [term 1 FOLLOWER]: Leader election vote request: Granting yes vote for candidate 9e290efb13ab4a3d8bf7d06779836e1a in term 1.
I20260709 14:55:27.446535 13121 raft_consensus.cc:493] T f5267b5f076d4944afd0bddd6e9cbe5b P 54796deb7ff045beaba51c235a0396db [term 0 FOLLOWER]: Starting pre-election (no leader contacted us within the election timeout)
I20260709 14:55:27.447824 12979 tablet_service.cc:1917] Received RequestConsensusVote() RPC: tablet_id: "8109140c618245f7b97f06e0bdbfbf47" candidate_uuid: "9e290efb13ab4a3d8bf7d06779836e1a" candidate_term: 1 candidate_status { last_received { term: 0 index: 0 } } ignore_live_leader: false dest_uuid: "54796deb7ff045beaba51c235a0396db" is_pre_election: true
I20260709 14:55:27.448349 12980 tablet_service.cc:1917] Received RequestConsensusVote() RPC: tablet_id: "ea0eab37bd7a449a85d4191ae94508e5" candidate_uuid: "9e290efb13ab4a3d8bf7d06779836e1a" candidate_term: 1 candidate_status { last_received { term: 0 index: 0 } } ignore_live_leader: false dest_uuid: "54796deb7ff045beaba51c235a0396db"
I20260709 14:55:27.449029 12982 tablet_service.cc:1917] Received RequestConsensusVote() RPC: tablet_id: "6fa767171f434828a739458715dc5260" candidate_uuid: "9e290efb13ab4a3d8bf7d06779836e1a" candidate_term: 1 candidate_status { last_received { term: 0 index: 0 } } ignore_live_leader: false dest_uuid: "54796deb7ff045beaba51c235a0396db"
I20260709 14:55:27.452131 13020 leader_election.cc:304] T 47a505dcaeef46aeb5ddf4cee9899611 P 9e290efb13ab4a3d8bf7d06779836e1a [CANDIDATE]: Term 1 election: Election decided. Result: candidate won. Election summary: received 2 responses out of 3 voters: 2 yes votes; 0 no votes. yes voters: 9e290efb13ab4a3d8bf7d06779836e1a, bba02be5d973481d9195667d4d5a4cc3; no voters: 
I20260709 14:55:27.449551 13354 consensus_queue.cc:1048] T 7fee56036bc24cfbb304316ce3626cb2 P bba02be5d973481d9195667d4d5a4cc3 [LEADER]: Connected to new peer: Peer: permanent_uuid: "9e290efb13ab4a3d8bf7d06779836e1a" member_type: VOTER last_known_addr { host: "127.11.131.195" port: 44703 }, Status: LMP_MISMATCH, Last received: 0.0, Next index: 1, Last known committed idx: 0, Time since last communication: 0.004s
I20260709 14:55:27.452589 13097 tablet_bootstrap.cc:654] T e9d8d9a5ef59458f88029dfd428b880b P 54796deb7ff045beaba51c235a0396db: Neither blocks nor log segments found. Creating new log.
I20260709 14:55:27.453459 12982 raft_consensus.cc:3060] T 6fa767171f434828a739458715dc5260 P 54796deb7ff045beaba51c235a0396db [term 0 FOLLOWER]: Advancing to term 1
I20260709 14:55:27.449568 13121 raft_consensus.cc:515] T f5267b5f076d4944afd0bddd6e9cbe5b P 54796deb7ff045beaba51c235a0396db [term 0 FOLLOWER]: Starting pre-election with config: opid_index: -1 OBSOLETE_local: false peers { permanent_uuid: "bba02be5d973481d9195667d4d5a4cc3" member_type: VOTER last_known_addr { host: "127.11.131.193" port: 46335 } } peers { permanent_uuid: "54796deb7ff045beaba51c235a0396db" member_type: VOTER last_known_addr { host: "127.11.131.194" port: 42025 } } peers { permanent_uuid: "9e290efb13ab4a3d8bf7d06779836e1a" member_type: VOTER last_known_addr { host: "127.11.131.195" port: 44703 } }
I20260709 14:55:27.456460 12980 raft_consensus.cc:3060] T ea0eab37bd7a449a85d4191ae94508e5 P 54796deb7ff045beaba51c235a0396db [term 0 FOLLOWER]: Advancing to term 1
W20260709 14:55:27.467584 13021 leader_election.cc:343] T 8109140c618245f7b97f06e0bdbfbf47 P 9e290efb13ab4a3d8bf7d06779836e1a [CANDIDATE]: Term 1 pre-election: Tablet error from VoteRequest() call to peer 54796deb7ff045beaba51c235a0396db (127.11.131.194:42025): Illegal state: must be running to vote when last-logged opid is not known
I20260709 14:55:27.461479 13362 raft_consensus.cc:2804] T 47a505dcaeef46aeb5ddf4cee9899611 P 9e290efb13ab4a3d8bf7d06779836e1a [term 1 FOLLOWER]: Leader election won for term 1
I20260709 14:55:27.474233 13362 raft_consensus.cc:697] T 47a505dcaeef46aeb5ddf4cee9899611 P 9e290efb13ab4a3d8bf7d06779836e1a [term 1 LEADER]: Becoming Leader. State: Replica: 9e290efb13ab4a3d8bf7d06779836e1a, State: Running, Role: LEADER
I20260709 14:55:27.472729 13302 raft_consensus.cc:493] T 96b4eef585cd4d89b51390981a7263a1 P 9e290efb13ab4a3d8bf7d06779836e1a [term 0 FOLLOWER]: Starting pre-election (no leader contacted us within the election timeout)
I20260709 14:55:27.477339 13302 raft_consensus.cc:515] T 96b4eef585cd4d89b51390981a7263a1 P 9e290efb13ab4a3d8bf7d06779836e1a [term 0 FOLLOWER]: Starting pre-election with config: opid_index: -1 OBSOLETE_local: false peers { permanent_uuid: "bba02be5d973481d9195667d4d5a4cc3" member_type: VOTER last_known_addr { host: "127.11.131.193" port: 46335 } } peers { permanent_uuid: "54796deb7ff045beaba51c235a0396db" member_type: VOTER last_known_addr { host: "127.11.131.194" port: 42025 } } peers { permanent_uuid: "9e290efb13ab4a3d8bf7d06779836e1a" member_type: VOTER last_known_addr { host: "127.11.131.195" port: 44703 } }
I20260709 14:55:27.478972 13362 consensus_queue.cc:237] T 47a505dcaeef46aeb5ddf4cee9899611 P 9e290efb13ab4a3d8bf7d06779836e1a [LEADER]: Queue going to LEADER mode. State: All replicated index: 0, Majority replicated index: 0, Committed index: 0, Last appended: 0.0, Last appended by leader: 0, Current term: 1, Majority size: 2, State: 0, Mode: LEADER, active raft config: opid_index: -1 OBSOLETE_local: false peers { permanent_uuid: "bba02be5d973481d9195667d4d5a4cc3" member_type: VOTER last_known_addr { host: "127.11.131.193" port: 46335 } } peers { permanent_uuid: "54796deb7ff045beaba51c235a0396db" member_type: VOTER last_known_addr { host: "127.11.131.194" port: 42025 } } peers { permanent_uuid: "9e290efb13ab4a3d8bf7d06779836e1a" member_type: VOTER last_known_addr { host: "127.11.131.195" port: 44703 } }
W20260709 14:55:27.463122 12948 outbound_call.cc:321] RPC callback for RPC call kudu.consensus.ConsensusService.UpdateConsensus -> {remote=127.11.131.195:44703, user_credentials={real_user=slave}} blocked reactor thread for 88683.2us
I20260709 14:55:27.514566 12948 leader_election.cc:304] T 6fa767171f434828a739458715dc5260 P 54796deb7ff045beaba51c235a0396db [CANDIDATE]: Term 1 pre-election: Election decided. Result: candidate lost. Election summary: received 3 responses out of 3 voters: 1 yes votes; 2 no votes. yes voters: 54796deb7ff045beaba51c235a0396db; no voters: 9e290efb13ab4a3d8bf7d06779836e1a, bba02be5d973481d9195667d4d5a4cc3
I20260709 14:55:27.468036 13021 leader_election.cc:304] T 8109140c618245f7b97f06e0bdbfbf47 P 9e290efb13ab4a3d8bf7d06779836e1a [CANDIDATE]: Term 1 pre-election: Election decided. Result: candidate lost. Election summary: received 3 responses out of 3 voters: 1 yes votes; 2 no votes. yes voters: 9e290efb13ab4a3d8bf7d06779836e1a; no voters: 54796deb7ff045beaba51c235a0396db, bba02be5d973481d9195667d4d5a4cc3
I20260709 14:55:27.525354 13294 raft_consensus.cc:493] T ea0eab37bd7a449a85d4191ae94508e5 P bba02be5d973481d9195667d4d5a4cc3 [term 0 FOLLOWER]: Starting pre-election (no leader contacted us within the election timeout)
I20260709 14:55:27.526876 13302 leader_election.cc:290] T 96b4eef585cd4d89b51390981a7263a1 P 9e290efb13ab4a3d8bf7d06779836e1a [CANDIDATE]: Term 1 pre-election: Requested pre-vote from peers bba02be5d973481d9195667d4d5a4cc3 (127.11.131.193:46335), 54796deb7ff045beaba51c235a0396db (127.11.131.194:42025)
I20260709 14:55:27.532238 12905 raft_consensus.cc:2468] T 6fa767171f434828a739458715dc5260 P bba02be5d973481d9195667d4d5a4cc3 [term 1 FOLLOWER]: Leader election vote request: Granting yes vote for candidate 9e290efb13ab4a3d8bf7d06779836e1a in term 1.
W20260709 14:55:27.533862 13021 outbound_call.cc:321] RPC callback for RPC call kudu.consensus.ConsensusService.RequestConsensusVote -> {remote=127.11.131.194:42025, user_credentials={real_user=slave}} blocked reactor thread for 66161.3us
