I20260709 14:55:16.336282 21518 leader_election.cc:290] T f7f1653184d74a0b9221f363173f8ce2 P baa8cda369f9467abe44655cc3668247 [CANDIDATE]: Term 3 election: Requested vote from peers 21604306532844bd91bf7c042e3d1531 (127.20.97.66:37939), 33060d5a233a4d1ab92e8ba6edad4237 (127.20.97.67:43837)
I20260709 14:55:16.336925 21594 tablet_service.cc:1917] Received RequestConsensusVote() RPC: tablet_id: "f7f1653184d74a0b9221f363173f8ce2" candidate_uuid: "baa8cda369f9467abe44655cc3668247" candidate_term: 3 candidate_status { last_received { term: 2 index: 2 } } ignore_live_leader: true dest_uuid: "21604306532844bd91bf7c042e3d1531"
I20260709 14:55:16.337443 21594 raft_consensus.cc:3055] T f7f1653184d74a0b9221f363173f8ce2 P 21604306532844bd91bf7c042e3d1531 [term 2 LEADER]: Stepping down as leader of term 2
I20260709 14:55:16.337321 21666 tablet_service.cc:1917] Received RequestConsensusVote() RPC: tablet_id: "f7f1653184d74a0b9221f363173f8ce2" candidate_uuid: "baa8cda369f9467abe44655cc3668247" candidate_term: 3 candidate_status { last_received { term: 2 index: 2 } } ignore_live_leader: true dest_uuid: "33060d5a233a4d1ab92e8ba6edad4237"
I20260709 14:55:16.337767 21594 raft_consensus.cc:740] T f7f1653184d74a0b9221f363173f8ce2 P 21604306532844bd91bf7c042e3d1531 [term 2 LEADER]: Becoming Follower/Learner. State: Replica: 21604306532844bd91bf7c042e3d1531, State: Running, Role: LEADER
I20260709 14:55:16.337970 21666 raft_consensus.cc:3060] T f7f1653184d74a0b9221f363173f8ce2 P 33060d5a233a4d1ab92e8ba6edad4237 [term 2 FOLLOWER]: Advancing to term 3
I20260709 14:55:16.338505 21594 consensus_queue.cc:260] T f7f1653184d74a0b9221f363173f8ce2 P 21604306532844bd91bf7c042e3d1531 [NON_LEADER]: Queue going to NON_LEADER mode. State: All replicated index: 0, Majority replicated index: 2, Committed index: 2, Last appended: 2.2, Last appended by leader: 2, Current term: 2, Majority size: -1, State: 0, Mode: NON_LEADER, active raft config: opid_index: -1 OBSOLETE_local: false peers { permanent_uuid: "baa8cda369f9467abe44655cc3668247" member_type: VOTER last_known_addr { host: "127.20.97.65" port: 35861 } } peers { permanent_uuid: "21604306532844bd91bf7c042e3d1531" member_type: VOTER last_known_addr { host: "127.20.97.66" port: 37939 } } peers { permanent_uuid: "33060d5a233a4d1ab92e8ba6edad4237" member_type: VOTER last_known_addr { host: "127.20.97.67" port: 43837 } }
I20260709 14:55:16.339584 21594 raft_consensus.cc:3060] T f7f1653184d74a0b9221f363173f8ce2 P 21604306532844bd91bf7c042e3d1531 [term 2 FOLLOWER]: Advancing to term 3
I20260709 14:55:16.342501 21666 raft_consensus.cc:2468] T f7f1653184d74a0b9221f363173f8ce2 P 33060d5a233a4d1ab92e8ba6edad4237 [term 3 FOLLOWER]: Leader election vote request: Granting yes vote for candidate baa8cda369f9467abe44655cc3668247 in term 3.
I20260709 14:55:16.343578 21484 leader_election.cc:304] T f7f1653184d74a0b9221f363173f8ce2 P baa8cda369f9467abe44655cc3668247 [CANDIDATE]: Term 3 election: Election decided. Result: candidate won. Election summary: received 2 responses out of 3 voters: 2 yes votes; 0 no votes. yes voters: 33060d5a233a4d1ab92e8ba6edad4237, baa8cda369f9467abe44655cc3668247; no voters: 
I20260709 14:55:16.344051 21594 raft_consensus.cc:2468] T f7f1653184d74a0b9221f363173f8ce2 P 21604306532844bd91bf7c042e3d1531 [term 3 FOLLOWER]: Leader election vote request: Granting yes vote for candidate baa8cda369f9467abe44655cc3668247 in term 3.
I20260709 14:55:16.344467 21809 raft_consensus.cc:2804] T f7f1653184d74a0b9221f363173f8ce2 P baa8cda369f9467abe44655cc3668247 [term 3 FOLLOWER]: Leader election won for term 3
I20260709 14:55:16.345458 21809 raft_consensus.cc:697] T f7f1653184d74a0b9221f363173f8ce2 P baa8cda369f9467abe44655cc3668247 [term 3 LEADER]: Becoming Leader. State: Replica: baa8cda369f9467abe44655cc3668247, State: Running, Role: LEADER
I20260709 14:55:16.346089 21809 consensus_queue.cc:237] T f7f1653184d74a0b9221f363173f8ce2 P baa8cda369f9467abe44655cc3668247 [LEADER]: Queue going to LEADER mode. State: All replicated index: 0, Majority replicated index: 2, Committed index: 2, Last appended: 2.2, Last appended by leader: 2, Current term: 3, Majority size: 2, State: 0, Mode: LEADER, active raft config: opid_index: -1 OBSOLETE_local: false peers { permanent_uuid: "baa8cda369f9467abe44655cc3668247" member_type: VOTER last_known_addr { host: "127.20.97.65" port: 35861 } } peers { permanent_uuid: "21604306532844bd91bf7c042e3d1531" member_type: VOTER last_known_addr { host: "127.20.97.66" port: 37939 } } peers { permanent_uuid: "33060d5a233a4d1ab92e8ba6edad4237" member_type: VOTER last_known_addr { host: "127.20.97.67" port: 43837 } }
I20260709 14:55:16.352253 21416 catalog_manager.cc:5697] T f7f1653184d74a0b9221f363173f8ce2 P baa8cda369f9467abe44655cc3668247 reported cstate change: term changed from 2 to 3, leader changed from 21604306532844bd91bf7c042e3d1531 (127.20.97.66) to baa8cda369f9467abe44655cc3668247 (127.20.97.65). New cstate: current_term: 3 leader_uuid: "baa8cda369f9467abe44655cc3668247" committed_config { opid_index: -1 OBSOLETE_local: false peers { permanent_uuid: "baa8cda369f9467abe44655cc3668247" member_type: VOTER last_known_addr { host: "127.20.97.65" port: 35861 } health_report { overall_health: HEALTHY } } peers { permanent_uuid: "21604306532844bd91bf7c042e3d1531" member_type: VOTER last_known_addr { host: "127.20.97.66" port: 37939 } health_report { overall_health: UNKNOWN } } peers { permanent_uuid: "33060d5a233a4d1ab92e8ba6edad4237" member_type: VOTER last_known_addr { host: "127.20.97.67" port: 43837 } health_report { overall_health: UNKNOWN } } }
I20260709 14:55:16.448138 21831 raft_consensus.cc:993] T 7909f86974fd4acc95602d2478055a8c P 21604306532844bd91bf7c042e3d1531: : Instructing follower baa8cda369f9467abe44655cc3668247 to start an election
I20260709 14:55:16.448995 21786 raft_consensus.cc:1081] T 7909f86974fd4acc95602d2478055a8c P 21604306532844bd91bf7c042e3d1531 [term 2 LEADER]: Signalling peer baa8cda369f9467abe44655cc3668247 to start an election
I20260709 14:55:16.450708 21518 tablet_service.cc:2044] Received Run Leader Election RPC: tablet_id: "7909f86974fd4acc95602d2478055a8c"
dest_uuid: "baa8cda369f9467abe44655cc3668247"
 from {username='slave'} at 127.0.0.1:54028
I20260709 14:55:16.451303 21518 raft_consensus.cc:493] T 7909f86974fd4acc95602d2478055a8c P baa8cda369f9467abe44655cc3668247 [term 2 FOLLOWER]: Starting forced leader election (received explicit request)
I20260709 14:55:16.451637 21518 raft_consensus.cc:3060] T 7909f86974fd4acc95602d2478055a8c P baa8cda369f9467abe44655cc3668247 [term 2 FOLLOWER]: Advancing to term 3
I20260709 14:55:16.457846 21518 raft_consensus.cc:515] T 7909f86974fd4acc95602d2478055a8c P baa8cda369f9467abe44655cc3668247 [term 3 FOLLOWER]: Starting forced leader election with config: opid_index: -1 OBSOLETE_local: false peers { permanent_uuid: "baa8cda369f9467abe44655cc3668247" member_type: VOTER last_known_addr { host: "127.20.97.65" port: 35861 } } peers { permanent_uuid: "21604306532844bd91bf7c042e3d1531" member_type: VOTER last_known_addr { host: "127.20.97.66" port: 37939 } } peers { permanent_uuid: "33060d5a233a4d1ab92e8ba6edad4237" member_type: VOTER last_known_addr { host: "127.20.97.67" port: 43837 } }
I20260709 14:55:16.460166 21518 leader_election.cc:290] T 7909f86974fd4acc95602d2478055a8c P baa8cda369f9467abe44655cc3668247 [CANDIDATE]: Term 3 election: Requested vote from peers 21604306532844bd91bf7c042e3d1531 (127.20.97.66:37939), 33060d5a233a4d1ab92e8ba6edad4237 (127.20.97.67:43837)
I20260709 14:55:16.461822 21594 tablet_service.cc:1917] Received RequestConsensusVote() RPC: tablet_id: "7909f86974fd4acc95602d2478055a8c" candidate_uuid: "baa8cda369f9467abe44655cc3668247" candidate_term: 3 candidate_status { last_received { term: 2 index: 2 } } ignore_live_leader: true dest_uuid: "21604306532844bd91bf7c042e3d1531"
I20260709 14:55:16.462119 21666 tablet_service.cc:1917] Received RequestConsensusVote() RPC: tablet_id: "7909f86974fd4acc95602d2478055a8c" candidate_uuid: "baa8cda369f9467abe44655cc3668247" candidate_term: 3 candidate_status { last_received { term: 2 index: 2 } } ignore_live_leader: true dest_uuid: "33060d5a233a4d1ab92e8ba6edad4237"
I20260709 14:55:16.462570 21594 raft_consensus.cc:3055] T 7909f86974fd4acc95602d2478055a8c P 21604306532844bd91bf7c042e3d1531 [term 2 LEADER]: Stepping down as leader of term 2
I20260709 14:55:16.462805 21666 raft_consensus.cc:3060] T 7909f86974fd4acc95602d2478055a8c P 33060d5a233a4d1ab92e8ba6edad4237 [term 2 FOLLOWER]: Advancing to term 3
I20260709 14:55:16.462909 21594 raft_consensus.cc:740] T 7909f86974fd4acc95602d2478055a8c P 21604306532844bd91bf7c042e3d1531 [term 2 LEADER]: Becoming Follower/Learner. State: Replica: 21604306532844bd91bf7c042e3d1531, State: Running, Role: LEADER
I20260709 14:55:16.463811 21594 consensus_queue.cc:260] T 7909f86974fd4acc95602d2478055a8c P 21604306532844bd91bf7c042e3d1531 [NON_LEADER]: Queue going to NON_LEADER mode. State: All replicated index: 0, Majority replicated index: 2, Committed index: 2, Last appended: 2.2, Last appended by leader: 2, Current term: 2, Majority size: -1, State: 0, Mode: NON_LEADER, active raft config: opid_index: -1 OBSOLETE_local: false peers { permanent_uuid: "baa8cda369f9467abe44655cc3668247" member_type: VOTER last_known_addr { host: "127.20.97.65" port: 35861 } } peers { permanent_uuid: "21604306532844bd91bf7c042e3d1531" member_type: VOTER last_known_addr { host: "127.20.97.66" port: 37939 } } peers { permanent_uuid: "33060d5a233a4d1ab92e8ba6edad4237" member_type: VOTER last_known_addr { host: "127.20.97.67" port: 43837 } }
I20260709 14:55:16.464916 21594 raft_consensus.cc:3060] T 7909f86974fd4acc95602d2478055a8c P 21604306532844bd91bf7c042e3d1531 [term 2 FOLLOWER]: Advancing to term 3
I20260709 14:55:16.468303 21666 raft_consensus.cc:2468] T 7909f86974fd4acc95602d2478055a8c P 33060d5a233a4d1ab92e8ba6edad4237 [term 3 FOLLOWER]: Leader election vote request: Granting yes vote for candidate baa8cda369f9467abe44655cc3668247 in term 3.
I20260709 14:55:16.469532 21484 leader_election.cc:304] T 7909f86974fd4acc95602d2478055a8c P baa8cda369f9467abe44655cc3668247 [CANDIDATE]: Term 3 election: Election decided. Result: candidate won. Election summary: received 2 responses out of 3 voters: 2 yes votes; 0 no votes. yes voters: 33060d5a233a4d1ab92e8ba6edad4237, baa8cda369f9467abe44655cc3668247; no voters: 
I20260709 14:55:16.470382 21594 raft_consensus.cc:2468] T 7909f86974fd4acc95602d2478055a8c P 21604306532844bd91bf7c042e3d1531 [term 3 FOLLOWER]: Leader election vote request: Granting yes vote for candidate baa8cda369f9467abe44655cc3668247 in term 3.
I20260709 14:55:16.470642 21809 raft_consensus.cc:2804] T 7909f86974fd4acc95602d2478055a8c P baa8cda369f9467abe44655cc3668247 [term 3 FOLLOWER]: Leader election won for term 3
I20260709 14:55:16.471194 21809 raft_consensus.cc:697] T 7909f86974fd4acc95602d2478055a8c P baa8cda369f9467abe44655cc3668247 [term 3 LEADER]: Becoming Leader. State: Replica: baa8cda369f9467abe44655cc3668247, State: Running, Role: LEADER
I20260709 14:55:16.472236 21809 consensus_queue.cc:237] T 7909f86974fd4acc95602d2478055a8c P baa8cda369f9467abe44655cc3668247 [LEADER]: Queue going to LEADER mode. State: All replicated index: 0, Majority replicated index: 2, Committed index: 2, Last appended: 2.2, Last appended by leader: 2, Current term: 3, Majority size: 2, State: 0, Mode: LEADER, active raft config: opid_index: -1 OBSOLETE_local: false peers { permanent_uuid: "baa8cda369f9467abe44655cc3668247" member_type: VOTER last_known_addr { host: "127.20.97.65" port: 35861 } } peers { permanent_uuid: "21604306532844bd91bf7c042e3d1531" member_type: VOTER last_known_addr { host: "127.20.97.66" port: 37939 } } peers { permanent_uuid: "33060d5a233a4d1ab92e8ba6edad4237" member_type: VOTER last_known_addr { host: "127.20.97.67" port: 43837 } }
I20260709 14:55:16.482013 21416 catalog_manager.cc:5697] T 7909f86974fd4acc95602d2478055a8c P baa8cda369f9467abe44655cc3668247 reported cstate change: term changed from 2 to 3, leader changed from 21604306532844bd91bf7c042e3d1531 (127.20.97.66) to baa8cda369f9467abe44655cc3668247 (127.20.97.65). New cstate: current_term: 3 leader_uuid: "baa8cda369f9467abe44655cc3668247" committed_config { opid_index: -1 OBSOLETE_local: false peers { permanent_uuid: "baa8cda369f9467abe44655cc3668247" member_type: VOTER last_known_addr { host: "127.20.97.65" port: 35861 } health_report { overall_health: HEALTHY } } peers { permanent_uuid: "21604306532844bd91bf7c042e3d1531" member_type: VOTER last_known_addr { host: "127.20.97.66" port: 37939 } health_report { overall_health: UNKNOWN } } peers { permanent_uuid: "33060d5a233a4d1ab92e8ba6edad4237" member_type: VOTER last_known_addr { host: "127.20.97.67" port: 43837 } health_report { overall_health: UNKNOWN } } }
I20260709 14:55:16.526074 21831 raft_consensus.cc:993] T 334f9ff1669b449492b1f75e4ed130d7 P 21604306532844bd91bf7c042e3d1531: : Instructing follower baa8cda369f9467abe44655cc3668247 to start an election
I20260709 14:55:16.526589 21786 raft_consensus.cc:1081] T 334f9ff1669b449492b1f75e4ed130d7 P 21604306532844bd91bf7c042e3d1531 [term 2 LEADER]: Signalling peer baa8cda369f9467abe44655cc3668247 to start an election
I20260709 14:55:16.527851 21518 tablet_service.cc:2044] Received Run Leader Election RPC: tablet_id: "334f9ff1669b449492b1f75e4ed130d7"
dest_uuid: "baa8cda369f9467abe44655cc3668247"
 from {username='slave'} at 127.0.0.1:54028
I20260709 14:55:16.528327 21518 raft_consensus.cc:493] T 334f9ff1669b449492b1f75e4ed130d7 P baa8cda369f9467abe44655cc3668247 [term 2 FOLLOWER]: Starting forced leader election (received explicit request)
I20260709 14:55:16.528612 21518 raft_consensus.cc:3060] T 334f9ff1669b449492b1f75e4ed130d7 P baa8cda369f9467abe44655cc3668247 [term 2 FOLLOWER]: Advancing to term 3
I20260709 14:55:16.533227 21518 raft_consensus.cc:515] T 334f9ff1669b449492b1f75e4ed130d7 P baa8cda369f9467abe44655cc3668247 [term 3 FOLLOWER]: Starting forced leader election with config: opid_index: -1 OBSOLETE_local: false peers { permanent_uuid: "baa8cda369f9467abe44655cc3668247" member_type: VOTER last_known_addr { host: "127.20.97.65" port: 35861 } } peers { permanent_uuid: "21604306532844bd91bf7c042e3d1531" member_type: VOTER last_known_addr { host: "127.20.97.66" port: 37939 } } peers { permanent_uuid: "33060d5a233a4d1ab92e8ba6edad4237" member_type: VOTER last_known_addr { host: "127.20.97.67" port: 43837 } }
I20260709 14:55:16.534827 21518 leader_election.cc:290] T 334f9ff1669b449492b1f75e4ed130d7 P baa8cda369f9467abe44655cc3668247 [CANDIDATE]: Term 3 election: Requested vote from peers 21604306532844bd91bf7c042e3d1531 (127.20.97.66:37939), 33060d5a233a4d1ab92e8ba6edad4237 (127.20.97.67:43837)
I20260709 14:55:16.535579 21594 tablet_service.cc:1917] Received RequestConsensusVote() RPC: tablet_id: "334f9ff1669b449492b1f75e4ed130d7" candidate_uuid: "baa8cda369f9467abe44655cc3668247" candidate_term: 3 candidate_status { last_received { term: 2 index: 2 } } ignore_live_leader: true dest_uuid: "21604306532844bd91bf7c042e3d1531"
I20260709 14:55:16.535847 21666 tablet_service.cc:1917] Received RequestConsensusVote() RPC: tablet_id: "334f9ff1669b449492b1f75e4ed130d7" candidate_uuid: "baa8cda369f9467abe44655cc3668247" candidate_term: 3 candidate_status { last_received { term: 2 index: 2 } } ignore_live_leader: true dest_uuid: "33060d5a233a4d1ab92e8ba6edad4237"
I20260709 14:55:16.536257 21594 raft_consensus.cc:3055] T 334f9ff1669b449492b1f75e4ed130d7 P 21604306532844bd91bf7c042e3d1531 [term 2 LEADER]: Stepping down as leader of term 2
I20260709 14:55:16.536340 21666 raft_consensus.cc:3060] T 334f9ff1669b449492b1f75e4ed130d7 P 33060d5a233a4d1ab92e8ba6edad4237 [term 2 FOLLOWER]: Advancing to term 3
I20260709 14:55:16.536557 21594 raft_consensus.cc:740] T 334f9ff1669b449492b1f75e4ed130d7 P 21604306532844bd91bf7c042e3d1531 [term 2 LEADER]: Becoming Follower/Learner. State: Replica: 21604306532844bd91bf7c042e3d1531, State: Running, Role: LEADER
I20260709 14:55:16.537364 21594 consensus_queue.cc:260] T 334f9ff1669b449492b1f75e4ed130d7 P 21604306532844bd91bf7c042e3d1531 [NON_LEADER]: Queue going to NON_LEADER mode. State: All replicated index: 0, Majority replicated index: 2, Committed index: 2, Last appended: 2.2, Last appended by leader: 2, Current term: 2, Majority size: -1, State: 0, Mode: NON_LEADER, active raft config: opid_index: -1 OBSOLETE_local: false peers { permanent_uuid: "baa8cda369f9467abe44655cc3668247" member_type: VOTER last_known_addr { host: "127.20.97.65" port: 35861 } } peers { permanent_uuid: "21604306532844bd91bf7c042e3d1531" member_type: VOTER last_known_addr { host: "127.20.97.66" port: 37939 } } peers { permanent_uuid: "33060d5a233a4d1ab92e8ba6edad4237" member_type: VOTER last_known_addr { host: "127.20.97.67" port: 43837 } }
I20260709 14:55:16.538204 21594 raft_consensus.cc:3060] T 334f9ff1669b449492b1f75e4ed130d7 P 21604306532844bd91bf7c042e3d1531 [term 2 FOLLOWER]: Advancing to term 3
I20260709 14:55:16.540817 21666 raft_consensus.cc:2468] T 334f9ff1669b449492b1f75e4ed130d7 P 33060d5a233a4d1ab92e8ba6edad4237 [term 3 FOLLOWER]: Leader election vote request: Granting yes vote for candidate baa8cda369f9467abe44655cc3668247 in term 3.
I20260709 14:55:16.541695 21484 leader_election.cc:304] T 334f9ff1669b449492b1f75e4ed130d7 P baa8cda369f9467abe44655cc3668247 [CANDIDATE]: Term 3 election: Election decided. Result: candidate won. Election summary: received 2 responses out of 3 voters: 2 yes votes; 0 no votes. yes voters: 33060d5a233a4d1ab92e8ba6edad4237, baa8cda369f9467abe44655cc3668247; no voters: 
I20260709 14:55:16.542268 21594 raft_consensus.cc:2468] T 334f9ff1669b449492b1f75e4ed130d7 P 21604306532844bd91bf7c042e3d1531 [term 3 FOLLOWER]: Leader election vote request: Granting yes vote for candidate baa8cda369f9467abe44655cc3668247 in term 3.
I20260709 14:55:16.542376 21809 raft_consensus.cc:2804] T 334f9ff1669b449492b1f75e4ed130d7 P baa8cda369f9467abe44655cc3668247 [term 3 FOLLOWER]: Leader election won for term 3
I20260709 14:55:16.542963 21809 raft_consensus.cc:697] T 334f9ff1669b449492b1f75e4ed130d7 P baa8cda369f9467abe44655cc3668247 [term 3 LEADER]: Becoming Leader. State: Replica: baa8cda369f9467abe44655cc3668247, State: Running, Role: LEADER
I20260709 14:55:16.543761 21809 consensus_queue.cc:237] T 334f9ff1669b449492b1f75e4ed130d7 P baa8cda369f9467abe44655cc3668247 [LEADER]: Queue going to LEADER mode. State: All replicated index: 0, Majority replicated index: 2, Committed index: 2, Last appended: 2.2, Last appended by leader: 2, Current term: 3, Majority size: 2, State: 0, Mode: LEADER, active raft config: opid_index: -1 OBSOLETE_local: false peers { permanent_uuid: "baa8cda369f9467abe44655cc3668247" member_type: VOTER last_known_addr { host: "127.20.97.65" port: 35861 } } peers { permanent_uuid: "21604306532844bd91bf7c042e3d1531" member_type: VOTER last_known_addr { host: "127.20.97.66" port: 37939 } } peers { permanent_uuid: "33060d5a233a4d1ab92e8ba6edad4237" member_type: VOTER last_known_addr { host: "127.20.97.67" port: 43837 } }
I20260709 14:55:16.550480 21416 catalog_manager.cc:5697] T 334f9ff1669b449492b1f75e4ed130d7 P baa8cda369f9467abe44655cc3668247 reported cstate change: term changed from 2 to 3, leader changed from 21604306532844bd91bf7c042e3d1531 (127.20.97.66) to baa8cda369f9467abe44655cc3668247 (127.20.97.65). New cstate: current_term: 3 leader_uuid: "baa8cda369f9467abe44655cc3668247" committed_config { opid_index: -1 OBSOLETE_local: false peers { permanent_uuid: "baa8cda369f9467abe44655cc3668247" member_type: VOTER last_known_addr { host: "127.20.97.65" port: 35861 } health_report { overall_health: HEALTHY } } peers { permanent_uuid: "21604306532844bd91bf7c042e3d1531" member_type: VOTER last_known_addr { host: "127.20.97.66" port: 37939 } health_report { overall_health: UNKNOWN } } peers { permanent_uuid: "33060d5a233a4d1ab92e8ba6edad4237" member_type: VOTER last_known_addr { host: "127.20.97.67" port: 43837 } health_report { overall_health: UNKNOWN } } }
I20260709 14:55:16.579659 21812 raft_consensus.cc:993] T 65157b9287d54143a699491e3398489f P 33060d5a233a4d1ab92e8ba6edad4237: : Instructing follower baa8cda369f9467abe44655cc3668247 to start an election
I20260709 14:55:16.580353 21816 raft_consensus.cc:1081] T 65157b9287d54143a699491e3398489f P 33060d5a233a4d1ab92e8ba6edad4237 [term 3 LEADER]: Signalling peer baa8cda369f9467abe44655cc3668247 to start an election
I20260709 14:55:16.582346 21518 tablet_service.cc:2044] Received Run Leader Election RPC: tablet_id: "65157b9287d54143a699491e3398489f"
dest_uuid: "baa8cda369f9467abe44655cc3668247"
 from {username='slave'} at 127.0.0.1:54018
I20260709 14:55:16.583029 21518 raft_consensus.cc:493] T 65157b9287d54143a699491e3398489f P baa8cda369f9467abe44655cc3668247 [term 3 FOLLOWER]: Starting forced leader election (received explicit request)
I20260709 14:55:16.583364 21518 raft_consensus.cc:3060] T 65157b9287d54143a699491e3398489f P baa8cda369f9467abe44655cc3668247 [term 3 FOLLOWER]: Advancing to term 4
I20260709 14:55:16.587936 21518 raft_consensus.cc:515] T 65157b9287d54143a699491e3398489f P baa8cda369f9467abe44655cc3668247 [term 4 FOLLOWER]: Starting forced leader election with config: opid_index: -1 OBSOLETE_local: false peers { permanent_uuid: "baa8cda369f9467abe44655cc3668247" member_type: VOTER last_known_addr { host: "127.20.97.65" port: 35861 } } peers { permanent_uuid: "21604306532844bd91bf7c042e3d1531" member_type: VOTER last_known_addr { host: "127.20.97.66" port: 37939 } } peers { permanent_uuid: "33060d5a233a4d1ab92e8ba6edad4237" member_type: VOTER last_known_addr { host: "127.20.97.67" port: 43837 } }
I20260709 14:55:16.589461 21518 leader_election.cc:290] T 65157b9287d54143a699491e3398489f P baa8cda369f9467abe44655cc3668247 [CANDIDATE]: Term 4 election: Requested vote from peers 21604306532844bd91bf7c042e3d1531 (127.20.97.66:37939), 33060d5a233a4d1ab92e8ba6edad4237 (127.20.97.67:43837)
I20260709 14:55:16.590246 21594 tablet_service.cc:1917] Received RequestConsensusVote() RPC: tablet_id: "65157b9287d54143a699491e3398489f" candidate_uuid: "baa8cda369f9467abe44655cc3668247" candidate_term: 4 candidate_status { last_received { term: 3 index: 3 } } ignore_live_leader: true dest_uuid: "21604306532844bd91bf7c042e3d1531"
I20260709 14:55:16.590629 21666 tablet_service.cc:1917] Received RequestConsensusVote() RPC: tablet_id: "65157b9287d54143a699491e3398489f" candidate_uuid: "baa8cda369f9467abe44655cc3668247" candidate_term: 4 candidate_status { last_received { term: 3 index: 3 } } ignore_live_leader: true dest_uuid: "33060d5a233a4d1ab92e8ba6edad4237"
I20260709 14:55:16.590826 21594 raft_consensus.cc:3060] T 65157b9287d54143a699491e3398489f P 21604306532844bd91bf7c042e3d1531 [term 3 FOLLOWER]: Advancing to term 4
I20260709 14:55:16.591135 21666 raft_consensus.cc:3055] T 65157b9287d54143a699491e3398489f P 33060d5a233a4d1ab92e8ba6edad4237 [term 3 LEADER]: Stepping down as leader of term 3
I20260709 14:55:16.591424 21666 raft_consensus.cc:740] T 65157b9287d54143a699491e3398489f P 33060d5a233a4d1ab92e8ba6edad4237 [term 3 LEADER]: Becoming Follower/Learner. State: Replica: 33060d5a233a4d1ab92e8ba6edad4237, State: Running, Role: LEADER
I20260709 14:55:16.592129 21666 consensus_queue.cc:260] T 65157b9287d54143a699491e3398489f P 33060d5a233a4d1ab92e8ba6edad4237 [NON_LEADER]: Queue going to NON_LEADER mode. State: All replicated index: 0, Majority replicated index: 3, Committed index: 3, Last appended: 3.3, Last appended by leader: 3, Current term: 3, Majority size: -1, State: 0, Mode: NON_LEADER, active raft config: opid_index: -1 OBSOLETE_local: false peers { permanent_uuid: "baa8cda369f9467abe44655cc3668247" member_type: VOTER last_known_addr { host: "127.20.97.65" port: 35861 } } peers { permanent_uuid: "21604306532844bd91bf7c042e3d1531" member_type: VOTER last_known_addr { host: "127.20.97.66" port: 37939 } } peers { permanent_uuid: "33060d5a233a4d1ab92e8ba6edad4237" member_type: VOTER last_known_addr { host: "127.20.97.67" port: 43837 } }
I20260709 14:55:16.593181 21666 raft_consensus.cc:3060] T 65157b9287d54143a699491e3398489f P 33060d5a233a4d1ab92e8ba6edad4237 [term 3 FOLLOWER]: Advancing to term 4
I20260709 14:55:16.595419 21594 raft_consensus.cc:2468] T 65157b9287d54143a699491e3398489f P 21604306532844bd91bf7c042e3d1531 [term 4 FOLLOWER]: Leader election vote request: Granting yes vote for candidate baa8cda369f9467abe44655cc3668247 in term 4.
I20260709 14:55:16.596390 21485 leader_election.cc:304] T 65157b9287d54143a699491e3398489f P baa8cda369f9467abe44655cc3668247 [CANDIDATE]: Term 4 election: Election decided. Result: candidate won. Election summary: received 2 responses out of 3 voters: 2 yes votes; 0 no votes. yes voters: 21604306532844bd91bf7c042e3d1531, baa8cda369f9467abe44655cc3668247; no voters: 
I20260709 14:55:16.597059 21809 raft_consensus.cc:2804] T 65157b9287d54143a699491e3398489f P baa8cda369f9467abe44655cc3668247 [term 4 FOLLOWER]: Leader election won for term 4
I20260709 14:55:16.597468 21809 raft_consensus.cc:697] T 65157b9287d54143a699491e3398489f P baa8cda369f9467abe44655cc3668247 [term 4 LEADER]: Becoming Leader. State: Replica: baa8cda369f9467abe44655cc3668247, State: Running, Role: LEADER
I20260709 14:55:16.597913 21666 raft_consensus.cc:2468] T 65157b9287d54143a699491e3398489f P 33060d5a233a4d1ab92e8ba6edad4237 [term 4 FOLLOWER]: Leader election vote request: Granting yes vote for candidate baa8cda369f9467abe44655cc3668247 in term 4.
I20260709 14:55:16.598315 21809 consensus_queue.cc:237] T 65157b9287d54143a699491e3398489f P baa8cda369f9467abe44655cc3668247 [LEADER]: Queue going to LEADER mode. State: All replicated index: 0, Majority replicated index: 3, Committed index: 3, Last appended: 3.3, Last appended by leader: 3, Current term: 4, Majority size: 2, State: 0, Mode: LEADER, active raft config: opid_index: -1 OBSOLETE_local: false peers { permanent_uuid: "baa8cda369f9467abe44655cc3668247" member_type: VOTER last_known_addr { host: "127.20.97.65" port: 35861 } } peers { permanent_uuid: "21604306532844bd91bf7c042e3d1531" member_type: VOTER last_known_addr { host: "127.20.97.66" port: 37939 } } peers { permanent_uuid: "33060d5a233a4d1ab92e8ba6edad4237" member_type: VOTER last_known_addr { host: "127.20.97.67" port: 43837 } }
I20260709 14:55:16.604020 21416 catalog_manager.cc:5697] T 65157b9287d54143a699491e3398489f P baa8cda369f9467abe44655cc3668247 reported cstate change: term changed from 3 to 4, leader changed from 33060d5a233a4d1ab92e8ba6edad4237 (127.20.97.67) to baa8cda369f9467abe44655cc3668247 (127.20.97.65). New cstate: current_term: 4 leader_uuid: "baa8cda369f9467abe44655cc3668247" committed_config { opid_index: -1 OBSOLETE_local: false peers { permanent_uuid: "baa8cda369f9467abe44655cc3668247" member_type: VOTER last_known_addr { host: "127.20.97.65" port: 35861 } health_report { overall_health: HEALTHY } } peers { permanent_uuid: "21604306532844bd91bf7c042e3d1531" member_type: VOTER last_known_addr { host: "127.20.97.66" port: 37939 } health_report { overall_health: UNKNOWN } } peers { permanent_uuid: "33060d5a233a4d1ab92e8ba6edad4237" member_type: VOTER last_known_addr { host: "127.20.97.67" port: 43837 } health_report { overall_health: UNKNOWN } } }
I20260709 14:55:16.731551 21812 raft_consensus.cc:993] T c9cf1b7468fb470ca36e9f646058d01c P 33060d5a233a4d1ab92e8ba6edad4237: : Instructing follower baa8cda369f9467abe44655cc3668247 to start an election
I20260709 14:55:16.732015 21816 raft_consensus.cc:1081] T c9cf1b7468fb470ca36e9f646058d01c P 33060d5a233a4d1ab92e8ba6edad4237 [term 3 LEADER]: Signalling peer baa8cda369f9467abe44655cc3668247 to start an election
I20260709 14:55:16.733440 21518 tablet_service.cc:2044] Received Run Leader Election RPC: tablet_id: "c9cf1b7468fb470ca36e9f646058d01c"
dest_uuid: "baa8cda369f9467abe44655cc3668247"
 from {username='slave'} at 127.0.0.1:54018
I20260709 14:55:16.733887 21518 raft_consensus.cc:493] T c9cf1b7468fb470ca36e9f646058d01c P baa8cda369f9467abe44655cc3668247 [term 3 FOLLOWER]: Starting forced leader election (received explicit request)
I20260709 14:55:16.734181 21518 raft_consensus.cc:3060] T c9cf1b7468fb470ca36e9f646058d01c P baa8cda369f9467abe44655cc3668247 [term 3 FOLLOWER]: Advancing to term 4
I20260709 14:55:16.738746 21518 raft_consensus.cc:515] T c9cf1b7468fb470ca36e9f646058d01c P baa8cda369f9467abe44655cc3668247 [term 4 FOLLOWER]: Starting forced leader election with config: opid_index: -1 OBSOLETE_local: false peers { permanent_uuid: "baa8cda369f9467abe44655cc3668247" member_type: VOTER last_known_addr { host: "127.20.97.65" port: 35861 } } peers { permanent_uuid: "21604306532844bd91bf7c042e3d1531" member_type: VOTER last_known_addr { host: "127.20.97.66" port: 37939 } } peers { permanent_uuid: "33060d5a233a4d1ab92e8ba6edad4237" member_type: VOTER last_known_addr { host: "127.20.97.67" port: 43837 } }
I20260709 14:55:16.740315 21518 leader_election.cc:290] T c9cf1b7468fb470ca36e9f646058d01c P baa8cda369f9467abe44655cc3668247 [CANDIDATE]: Term 4 election: Requested vote from peers 21604306532844bd91bf7c042e3d1531 (127.20.97.66:37939), 33060d5a233a4d1ab92e8ba6edad4237 (127.20.97.67:43837)
I20260709 14:55:16.741159 21594 tablet_service.cc:1917] Received RequestConsensusVote() RPC: tablet_id: "c9cf1b7468fb470ca36e9f646058d01c" candidate_uuid: "baa8cda369f9467abe44655cc3668247" candidate_term: 4 candidate_status { last_received { term: 3 index: 3 } } ignore_live_leader: true dest_uuid: "21604306532844bd91bf7c042e3d1531"
I20260709 14:55:16.741367 21666 tablet_service.cc:1917] Received RequestConsensusVote() RPC: tablet_id: "c9cf1b7468fb470ca36e9f646058d01c" candidate_uuid: "baa8cda369f9467abe44655cc3668247" candidate_term: 4 candidate_status { last_received { term: 3 index: 3 } } ignore_live_leader: true dest_uuid: "33060d5a233a4d1ab92e8ba6edad4237"
I20260709 14:55:16.741775 21594 raft_consensus.cc:3060] T c9cf1b7468fb470ca36e9f646058d01c P 21604306532844bd91bf7c042e3d1531 [term 3 FOLLOWER]: Advancing to term 4
I20260709 14:55:16.741868 21666 raft_consensus.cc:3055] T c9cf1b7468fb470ca36e9f646058d01c P 33060d5a233a4d1ab92e8ba6edad4237 [term 3 LEADER]: Stepping down as leader of term 3
I20260709 14:55:16.742245 21666 raft_consensus.cc:740] T c9cf1b7468fb470ca36e9f646058d01c P 33060d5a233a4d1ab92e8ba6edad4237 [term 3 LEADER]: Becoming Follower/Learner. State: Replica: 33060d5a233a4d1ab92e8ba6edad4237, State: Running, Role: LEADER
I20260709 14:55:16.743119 21666 consensus_queue.cc:260] T c9cf1b7468fb470ca36e9f646058d01c P 33060d5a233a4d1ab92e8ba6edad4237 [NON_LEADER]: Queue going to NON_LEADER mode. State: All replicated index: 0, Majority replicated index: 3, Committed index: 3, Last appended: 3.3, Last appended by leader: 3, Current term: 3, Majority size: -1, State: 0, Mode: NON_LEADER, active raft config: opid_index: -1 OBSOLETE_local: false peers { permanent_uuid: "baa8cda369f9467abe44655cc3668247" member_type: VOTER last_known_addr { host: "127.20.97.65" port: 35861 } } peers { permanent_uuid: "21604306532844bd91bf7c042e3d1531" member_type: VOTER last_known_addr { host: "127.20.97.66" port: 37939 } } peers { permanent_uuid: "33060d5a233a4d1ab92e8ba6edad4237" member_type: VOTER last_known_addr { host: "127.20.97.67" port: 43837 } }
I20260709 14:55:16.744378 21666 raft_consensus.cc:3060] T c9cf1b7468fb470ca36e9f646058d01c P 33060d5a233a4d1ab92e8ba6edad4237 [term 3 FOLLOWER]: Advancing to term 4
I20260709 14:55:16.747956 21594 raft_consensus.cc:2468] T c9cf1b7468fb470ca36e9f646058d01c P 21604306532844bd91bf7c042e3d1531 [term 4 FOLLOWER]: Leader election vote request: Granting yes vote for candidate baa8cda369f9467abe44655cc3668247 in term 4.
I20260709 14:55:16.749037 21485 leader_election.cc:304] T c9cf1b7468fb470ca36e9f646058d01c P baa8cda369f9467abe44655cc3668247 [CANDIDATE]: Term 4 election: Election decided. Result: candidate won. Election summary: received 2 responses out of 3 voters: 2 yes votes; 0 no votes. yes voters: 21604306532844bd91bf7c042e3d1531, baa8cda369f9467abe44655cc3668247; no voters: 
I20260709 14:55:16.749702 21809 raft_consensus.cc:2804] T c9cf1b7468fb470ca36e9f646058d01c P baa8cda369f9467abe44655cc3668247 [term 4 FOLLOWER]: Leader election won for term 4
I20260709 14:55:16.750089 21809 raft_consensus.cc:697] T c9cf1b7468fb470ca36e9f646058d01c P baa8cda369f9467abe44655cc3668247 [term 4 LEADER]: Becoming Leader. State: Replica: baa8cda369f9467abe44655cc3668247, State: Running, Role: LEADER
I20260709 14:55:16.750404 21666 raft_consensus.cc:2468] T c9cf1b7468fb470ca36e9f646058d01c P 33060d5a233a4d1ab92e8ba6edad4237 [term 4 FOLLOWER]: Leader election vote request: Granting yes vote for candidate baa8cda369f9467abe44655cc3668247 in term 4.
I20260709 14:55:16.750890 21809 consensus_queue.cc:237] T c9cf1b7468fb470ca36e9f646058d01c P baa8cda369f9467abe44655cc3668247 [LEADER]: Queue going to LEADER mode. State: All replicated index: 0, Majority replicated index: 3, Committed index: 3, Last appended: 3.3, Last appended by leader: 3, Current term: 4, Majority size: 2, State: 0, Mode: LEADER, active raft config: opid_index: -1 OBSOLETE_local: false peers { permanent_uuid: "baa8cda369f9467abe44655cc3668247" member_type: VOTER last_known_addr { host: "127.20.97.65" port: 35861 } } peers { permanent_uuid: "21604306532844bd91bf7c042e3d1531" member_type: VOTER last_known_addr { host: "127.20.97.66" port: 37939 } } peers { permanent_uuid: "33060d5a233a4d1ab92e8ba6edad4237" member_type: VOTER last_known_addr { host: "127.20.97.67" port: 43837 } }
I20260709 14:55:16.757467 21416 catalog_manager.cc:5697] T c9cf1b7468fb470ca36e9f646058d01c P baa8cda369f9467abe44655cc3668247 reported cstate change: term changed from 3 to 4, leader changed from 33060d5a233a4d1ab92e8ba6edad4237 (127.20.97.67) to baa8cda369f9467abe44655cc3668247 (127.20.97.65). New cstate: current_term: 4 leader_uuid: "baa8cda369f9467abe44655cc3668247" committed_config { opid_index: -1 OBSOLETE_local: false peers { permanent_uuid: "baa8cda369f9467abe44655cc3668247" member_type: VOTER last_known_addr { host: "127.20.97.65" port: 35861 } health_report { overall_health: HEALTHY } } peers { permanent_uuid: "21604306532844bd91bf7c042e3d1531" member_type: VOTER last_known_addr { host: "127.20.97.66" port: 37939 } health_report { overall_health: UNKNOWN } } peers { permanent_uuid: "33060d5a233a4d1ab92e8ba6edad4237" member_type: VOTER last_known_addr { host: "127.20.97.67" port: 43837 } health_report { overall_health: UNKNOWN } } }
I20260709 14:55:16.813545 21594 raft_consensus.cc:1275] T f7f1653184d74a0b9221f363173f8ce2 P 21604306532844bd91bf7c042e3d1531 [term 3 FOLLOWER]: Refusing update from remote peer baa8cda369f9467abe44655cc3668247: Log matching property violated. Preceding OpId in replica: term: 2 index: 2. Preceding OpId from leader: term: 3 index: 3. (index mismatch)
I20260709 14:55:16.814602 21809 consensus_queue.cc:1048] T f7f1653184d74a0b9221f363173f8ce2 P baa8cda369f9467abe44655cc3668247 [LEADER]: Connected to new peer: Peer: permanent_uuid: "21604306532844bd91bf7c042e3d1531" member_type: VOTER last_known_addr { host: "127.20.97.66" port: 37939 }, Status: LMP_MISMATCH, Last received: 0.0, Next index: 3, Last known committed idx: 2, Time since last communication: 0.000s
I20260709 14:55:16.824255 21666 raft_consensus.cc:1275] T f7f1653184d74a0b9221f363173f8ce2 P 33060d5a233a4d1ab92e8ba6edad4237 [term 3 FOLLOWER]: Refusing update from remote peer baa8cda369f9467abe44655cc3668247: Log matching property violated. Preceding OpId in replica: term: 2 index: 2. Preceding OpId from leader: term: 3 index: 3. (index mismatch)
I20260709 14:55:16.825636 21809 consensus_queue.cc:1048] T f7f1653184d74a0b9221f363173f8ce2 P baa8cda369f9467abe44655cc3668247 [LEADER]: Connected to new peer: Peer: permanent_uuid: "33060d5a233a4d1ab92e8ba6edad4237" member_type: VOTER last_known_addr { host: "127.20.97.67" port: 43837 }, Status: LMP_MISMATCH, Last received: 0.0, Next index: 3, Last known committed idx: 2, Time since last communication: 0.000s
I20260709 14:55:16.864950 21666 raft_consensus.cc:1275] T 7909f86974fd4acc95602d2478055a8c P 33060d5a233a4d1ab92e8ba6edad4237 [term 3 FOLLOWER]: Refusing update from remote peer baa8cda369f9467abe44655cc3668247: Log matching property violated. Preceding OpId in replica: term: 2 index: 2. Preceding OpId from leader: term: 3 index: 3. (index mismatch)
I20260709 14:55:16.866093 21809 consensus_queue.cc:1048] T 7909f86974fd4acc95602d2478055a8c P baa8cda369f9467abe44655cc3668247 [LEADER]: Connected to new peer: Peer: permanent_uuid: "33060d5a233a4d1ab92e8ba6edad4237" member_type: VOTER last_known_addr { host: "127.20.97.67" port: 43837 }, Status: LMP_MISMATCH, Last received: 0.0, Next index: 3, Last known committed idx: 2, Time since last communication: 0.000s
I20260709 14:55:16.875136 21594 raft_consensus.cc:1275] T 7909f86974fd4acc95602d2478055a8c P 21604306532844bd91bf7c042e3d1531 [term 3 FOLLOWER]: Refusing update from remote peer baa8cda369f9467abe44655cc3668247: Log matching property violated. Preceding OpId in replica: term: 2 index: 2. Preceding OpId from leader: term: 3 index: 3. (index mismatch)
I20260709 14:55:16.876724 21847 consensus_queue.cc:1048] T 7909f86974fd4acc95602d2478055a8c P baa8cda369f9467abe44655cc3668247 [LEADER]: Connected to new peer: Peer: permanent_uuid: "21604306532844bd91bf7c042e3d1531" member_type: VOTER last_known_addr { host: "127.20.97.66" port: 37939 }, Status: LMP_MISMATCH, Last received: 0.0, Next index: 3, Last known committed idx: 2, Time since last communication: 0.001s
I20260709 14:55:16.984891 21594 raft_consensus.cc:1275] T 65157b9287d54143a699491e3398489f P 21604306532844bd91bf7c042e3d1531 [term 4 FOLLOWER]: Refusing update from remote peer baa8cda369f9467abe44655cc3668247: Log matching property violated. Preceding OpId in replica: term: 3 index: 3. Preceding OpId from leader: term: 4 index: 4. (index mismatch)
I20260709 14:55:16.986007 21847 consensus_queue.cc:1048] T 65157b9287d54143a699491e3398489f P baa8cda369f9467abe44655cc3668247 [LEADER]: Connected to new peer: Peer: permanent_uuid: "21604306532844bd91bf7c042e3d1531" member_type: VOTER last_known_addr { host: "127.20.97.66" port: 37939 }, Status: LMP_MISMATCH, Last received: 0.0, Next index: 4, Last known committed idx: 3, Time since last communication: 0.000s
I20260709 14:55:16.995878 21667 raft_consensus.cc:1275] T 65157b9287d54143a699491e3398489f P 33060d5a233a4d1ab92e8ba6edad4237 [term 4 FOLLOWER]: Refusing update from remote peer baa8cda369f9467abe44655cc3668247: Log matching property violated. Preceding OpId in replica: term: 3 index: 3. Preceding OpId from leader: term: 4 index: 4. (index mismatch)
I20260709 14:55:16.997282 21832 consensus_queue.cc:1048] T 65157b9287d54143a699491e3398489f P baa8cda369f9467abe44655cc3668247 [LEADER]: Connected to new peer: Peer: permanent_uuid: "33060d5a233a4d1ab92e8ba6edad4237" member_type: VOTER last_known_addr { host: "127.20.97.67" port: 43837 }, Status: LMP_MISMATCH, Last received: 0.0, Next index: 4, Last known committed idx: 3, Time since last communication: 0.000s
I20260709 14:55:17.015136 21667 raft_consensus.cc:1275] T 334f9ff1669b449492b1f75e4ed130d7 P 33060d5a233a4d1ab92e8ba6edad4237 [term 3 FOLLOWER]: Refusing update from remote peer baa8cda369f9467abe44655cc3668247: Log matching property violated. Preceding OpId in replica: term: 2 index: 2. Preceding OpId from leader: term: 3 index: 3. (index mismatch)
I20260709 14:55:17.016139 21832 consensus_queue.cc:1048] T 334f9ff1669b449492b1f75e4ed130d7 P baa8cda369f9467abe44655cc3668247 [LEADER]: Connected to new peer: Peer: permanent_uuid: "33060d5a233a4d1ab92e8ba6edad4237" member_type: VOTER last_known_addr { host: "127.20.97.67" port: 43837 }, Status: LMP_MISMATCH, Last received: 0.0, Next index: 3, Last known committed idx: 2, Time since last communication: 0.000s
I20260709 14:55:17.026511 21594 raft_consensus.cc:1275] T 334f9ff1669b449492b1f75e4ed130d7 P 21604306532844bd91bf7c042e3d1531 [term 3 FOLLOWER]: Refusing update from remote peer baa8cda369f9467abe44655cc3668247: Log matching property violated. Preceding OpId in replica: term: 2 index: 2. Preceding OpId from leader: term: 3 index: 3. (index mismatch)
I20260709 14:55:17.028082 21849 consensus_queue.cc:1048] T 334f9ff1669b449492b1f75e4ed130d7 P baa8cda369f9467abe44655cc3668247 [LEADER]: Connected to new peer: Peer: permanent_uuid: "21604306532844bd91bf7c042e3d1531" member_type: VOTER last_known_addr { host: "127.20.97.66" port: 37939 }, Status: LMP_MISMATCH, Last received: 0.0, Next index: 3, Last known committed idx: 2, Time since last communication: 0.000s
I20260709 14:55:17.211266 21667 raft_consensus.cc:1275] T c9cf1b7468fb470ca36e9f646058d01c P 33060d5a233a4d1ab92e8ba6edad4237 [term 4 FOLLOWER]: Refusing update from remote peer baa8cda369f9467abe44655cc3668247: Log matching property violated. Preceding OpId in replica: term: 3 index: 3. Preceding OpId from leader: term: 4 index: 4. (index mismatch)
I20260709 14:55:17.212584 21832 consensus_queue.cc:1048] T c9cf1b7468fb470ca36e9f646058d01c P baa8cda369f9467abe44655cc3668247 [LEADER]: Connected to new peer: Peer: permanent_uuid: "33060d5a233a4d1ab92e8ba6edad4237" member_type: VOTER last_known_addr { host: "127.20.97.67" port: 43837 }, Status: LMP_MISMATCH, Last received: 0.0, Next index: 4, Last known committed idx: 3, Time since last communication: 0.000s
I20260709 14:55:17.221748 21594 raft_consensus.cc:1275] T c9cf1b7468fb470ca36e9f646058d01c P 21604306532844bd91bf7c042e3d1531 [term 4 FOLLOWER]: Refusing update from remote peer baa8cda369f9467abe44655cc3668247: Log matching property violated. Preceding OpId in replica: term: 3 index: 3. Preceding OpId from leader: term: 4 index: 4. (index mismatch)
I20260709 14:55:17.222988 21849 consensus_queue.cc:1048] T c9cf1b7468fb470ca36e9f646058d01c P baa8cda369f9467abe44655cc3668247 [LEADER]: Connected to new peer: Peer: permanent_uuid: "21604306532844bd91bf7c042e3d1531" member_type: VOTER last_known_addr { host: "127.20.97.66" port: 37939 }, Status: LMP_MISMATCH, Last received: 0.0, Next index: 4, Last known committed idx: 3, Time since last communication: 0.000s
I20260709 14:55:19.284919 20869 auto_leader_rebalancer.cc:141] leader rebalance for table test-workload
I20260709 14:55:19.292094 21518 tablet_service.cc:2072] Received LeaderStepDown RPC: tablet_id: "577e2a95abda4efebc7075d9e10cda3d"
dest_uuid: "baa8cda369f9467abe44655cc3668247"
mode: GRACEFUL
new_leader_uuid: "33060d5a233a4d1ab92e8ba6edad4237"
 from {username='slave'} at 127.0.0.1:46774
I20260709 14:55:19.292672 21518 raft_consensus.cc:606] T 577e2a95abda4efebc7075d9e10cda3d P baa8cda369f9467abe44655cc3668247 [term 2 LEADER]: Received request to transfer leadership to TS 33060d5a233a4d1ab92e8ba6edad4237
I20260709 14:55:19.294967 21518 tablet_service.cc:2072] Received LeaderStepDown RPC: tablet_id: "61b49ca8afed44ec8816faa59f8fa9d5"
dest_uuid: "baa8cda369f9467abe44655cc3668247"
mode: GRACEFUL
new_leader_uuid: "33060d5a233a4d1ab92e8ba6edad4237"
 from {username='slave'} at 127.0.0.1:46774
I20260709 14:55:19.295413 21518 raft_consensus.cc:606] T 61b49ca8afed44ec8816faa59f8fa9d5 P baa8cda369f9467abe44655cc3668247 [term 1 LEADER]: Received request to transfer leadership to TS 33060d5a233a4d1ab92e8ba6edad4237
I20260709 14:55:19.297475 21518 tablet_service.cc:2072] Received LeaderStepDown RPC: tablet_id: "7909f86974fd4acc95602d2478055a8c"
dest_uuid: "baa8cda369f9467abe44655cc3668247"
mode: GRACEFUL
new_leader_uuid: "21604306532844bd91bf7c042e3d1531"
 from {username='slave'} at 127.0.0.1:46774
I20260709 14:55:19.297891 21518 raft_consensus.cc:606] T 7909f86974fd4acc95602d2478055a8c P baa8cda369f9467abe44655cc3668247 [term 3 LEADER]: Received request to transfer leadership to TS 21604306532844bd91bf7c042e3d1531
I20260709 14:55:19.299809 21518 tablet_service.cc:2072] Received LeaderStepDown RPC: tablet_id: "c9cf1b7468fb470ca36e9f646058d01c"
dest_uuid: "baa8cda369f9467abe44655cc3668247"
mode: GRACEFUL
new_leader_uuid: "21604306532844bd91bf7c042e3d1531"
 from {username='slave'} at 127.0.0.1:46774
I20260709 14:55:19.300225 21518 raft_consensus.cc:606] T c9cf1b7468fb470ca36e9f646058d01c P baa8cda369f9467abe44655cc3668247 [term 4 LEADER]: Received request to transfer leadership to TS 21604306532844bd91bf7c042e3d1531
I20260709 14:55:19.301084 20869 auto_leader_rebalancer.cc:452] table: test-workload, leader rebalance finish, leader transfer count: 4
I20260709 14:55:19.301501 20869 auto_leader_rebalancer.cc:527] All tables' leader rebalancing finished this round
I20260709 14:55:19.356271 21809 raft_consensus.cc:993] T 61b49ca8afed44ec8816faa59f8fa9d5 P baa8cda369f9467abe44655cc3668247: : Instructing follower 33060d5a233a4d1ab92e8ba6edad4237 to start an election
I20260709 14:55:19.356724 21852 raft_consensus.cc:1081] T 61b49ca8afed44ec8816faa59f8fa9d5 P baa8cda369f9467abe44655cc3668247 [term 1 LEADER]: Signalling peer 33060d5a233a4d1ab92e8ba6edad4237 to start an election
I20260709 14:55:19.358295 21667 tablet_service.cc:2044] Received Run Leader Election RPC: tablet_id: "61b49ca8afed44ec8816faa59f8fa9d5"
dest_uuid: "33060d5a233a4d1ab92e8ba6edad4237"
 from {username='slave'} at 127.0.0.1:39766
I20260709 14:55:19.358728 21667 raft_consensus.cc:493] T 61b49ca8afed44ec8816faa59f8fa9d5 P 33060d5a233a4d1ab92e8ba6edad4237 [term 1 FOLLOWER]: Starting forced leader election (received explicit request)
I20260709 14:55:19.358986 21667 raft_consensus.cc:3060] T 61b49ca8afed44ec8816faa59f8fa9d5 P 33060d5a233a4d1ab92e8ba6edad4237 [term 1 FOLLOWER]: Advancing to term 2
I20260709 14:55:19.363797 21667 raft_consensus.cc:515] T 61b49ca8afed44ec8816faa59f8fa9d5 P 33060d5a233a4d1ab92e8ba6edad4237 [term 2 FOLLOWER]: Starting forced leader election with config: opid_index: -1 OBSOLETE_local: false peers { permanent_uuid: "baa8cda369f9467abe44655cc3668247" member_type: VOTER last_known_addr { host: "127.20.97.65" port: 35861 } } peers { permanent_uuid: "21604306532844bd91bf7c042e3d1531" member_type: VOTER last_known_addr { host: "127.20.97.66" port: 37939 } } peers { permanent_uuid: "33060d5a233a4d1ab92e8ba6edad4237" member_type: VOTER last_known_addr { host: "127.20.97.67" port: 43837 } }
I20260709 14:55:19.365283 21667 leader_election.cc:290] T 61b49ca8afed44ec8816faa59f8fa9d5 P 33060d5a233a4d1ab92e8ba6edad4237 [CANDIDATE]: Term 2 election: Requested vote from peers baa8cda369f9467abe44655cc3668247 (127.20.97.65:35861), 21604306532844bd91bf7c042e3d1531 (127.20.97.66:37939)
I20260709 14:55:19.366300 21518 tablet_service.cc:1917] Received RequestConsensusVote() RPC: tablet_id: "61b49ca8afed44ec8816faa59f8fa9d5" candidate_uuid: "33060d5a233a4d1ab92e8ba6edad4237" candidate_term: 2 candidate_status { last_received { term: 1 index: 1 } } ignore_live_leader: true dest_uuid: "baa8cda369f9467abe44655cc3668247"
I20260709 14:55:19.366423 21594 tablet_service.cc:1917] Received RequestConsensusVote() RPC: tablet_id: "61b49ca8afed44ec8816faa59f8fa9d5" candidate_uuid: "33060d5a233a4d1ab92e8ba6edad4237" candidate_term: 2 candidate_status { last_received { term: 1 index: 1 } } ignore_live_leader: true dest_uuid: "21604306532844bd91bf7c042e3d1531"
I20260709 14:55:19.367138 21594 raft_consensus.cc:3060] T 61b49ca8afed44ec8816faa59f8fa9d5 P 21604306532844bd91bf7c042e3d1531 [term 1 FOLLOWER]: Advancing to term 2
I20260709 14:55:19.367108 21518 raft_consensus.cc:3055] T 61b49ca8afed44ec8816faa59f8fa9d5 P baa8cda369f9467abe44655cc3668247 [term 1 LEADER]: Stepping down as leader of term 1
I20260709 14:55:19.367741 21518 raft_consensus.cc:740] T 61b49ca8afed44ec8816faa59f8fa9d5 P baa8cda369f9467abe44655cc3668247 [term 1 LEADER]: Becoming Follower/Learner. State: Replica: baa8cda369f9467abe44655cc3668247, State: Running, Role: LEADER
I20260709 14:55:19.368855 21518 consensus_queue.cc:260] T 61b49ca8afed44ec8816faa59f8fa9d5 P baa8cda369f9467abe44655cc3668247 [NON_LEADER]: Queue going to NON_LEADER mode. State: All replicated index: 0, Majority replicated index: 1, Committed index: 1, Last appended: 1.1, Last appended by leader: 1, Current term: 1, Majority size: -1, State: 0, Mode: NON_LEADER, active raft config: opid_index: -1 OBSOLETE_local: false peers { permanent_uuid: "baa8cda369f9467abe44655cc3668247" member_type: VOTER last_known_addr { host: "127.20.97.65" port: 35861 } } peers { permanent_uuid: "21604306532844bd91bf7c042e3d1531" member_type: VOTER last_known_addr { host: "127.20.97.66" port: 37939 } } peers { permanent_uuid: "33060d5a233a4d1ab92e8ba6edad4237" member_type: VOTER last_known_addr { host: "127.20.97.67" port: 43837 } }
I20260709 14:55:19.370481 21518 raft_consensus.cc:3060] T 61b49ca8afed44ec8816faa59f8fa9d5 P baa8cda369f9467abe44655cc3668247 [term 1 FOLLOWER]: Advancing to term 2
I20260709 14:55:19.373544 21594 raft_consensus.cc:2468] T 61b49ca8afed44ec8816faa59f8fa9d5 P 21604306532844bd91bf7c042e3d1531 [term 2 FOLLOWER]: Leader election vote request: Granting yes vote for candidate 33060d5a233a4d1ab92e8ba6edad4237 in term 2.
I20260709 14:55:19.374984 21634 leader_election.cc:304] T 61b49ca8afed44ec8816faa59f8fa9d5 P 33060d5a233a4d1ab92e8ba6edad4237 [CANDIDATE]: Term 2 election: Election decided. Result: candidate won. Election summary: received 2 responses out of 3 voters: 2 yes votes; 0 no votes. yes voters: 21604306532844bd91bf7c042e3d1531, 33060d5a233a4d1ab92e8ba6edad4237; no voters: 
I20260709 14:55:19.375926 21816 raft_consensus.cc:2804] T 61b49ca8afed44ec8816faa59f8fa9d5 P 33060d5a233a4d1ab92e8ba6edad4237 [term 2 FOLLOWER]: Leader election won for term 2
I20260709 14:55:19.378073 21518 raft_consensus.cc:2468] T 61b49ca8afed44ec8816faa59f8fa9d5 P baa8cda369f9467abe44655cc3668247 [term 2 FOLLOWER]: Leader election vote request: Granting yes vote for candidate 33060d5a233a4d1ab92e8ba6edad4237 in term 2.
I20260709 14:55:19.379061 21816 raft_consensus.cc:697] T 61b49ca8afed44ec8816faa59f8fa9d5 P 33060d5a233a4d1ab92e8ba6edad4237 [term 2 LEADER]: Becoming Leader. State: Replica: 33060d5a233a4d1ab92e8ba6edad4237, State: Running, Role: LEADER
