I20260709 14:55:20.478662 18814 ts_tablet_manager.cc:1403] T aee24ecffb454fccb3376f5c9a29e5c1 P 5fe2be23c09e4b6cb8565140bcfdb51e: Time spent bootstrapping tablet: real 0.040s	user 0.010s	sys 0.022s
I20260709 14:55:20.481065 18814 raft_consensus.cc:359] T aee24ecffb454fccb3376f5c9a29e5c1 P 5fe2be23c09e4b6cb8565140bcfdb51e [term 0 FOLLOWER]: Replica starting. Triggering 0 pending ops. Active config: opid_index: -1 OBSOLETE_local: false peers { permanent_uuid: "485cb6b89c504106a88a0a2a18fef9f7" member_type: VOTER last_known_addr { host: "127.17.31.129" port: 34695 } } peers { permanent_uuid: "5fe2be23c09e4b6cb8565140bcfdb51e" member_type: VOTER last_known_addr { host: "127.17.31.130" port: 39053 } } peers { permanent_uuid: "b76fe58648ef4de1ba0ae0bffe3f2ebb" member_type: VOTER last_known_addr { host: "127.17.31.131" port: 43621 } }
I20260709 14:55:20.481513 18815 ts_tablet_manager.cc:1434] T 87556de09e3a45248753cf7649ecd9b0 P 485cb6b89c504106a88a0a2a18fef9f7: Time spent starting tablet: real 0.009s	user 0.000s	sys 0.004s
I20260709 14:55:20.481670 18814 raft_consensus.cc:385] T aee24ecffb454fccb3376f5c9a29e5c1 P 5fe2be23c09e4b6cb8565140bcfdb51e [term 0 FOLLOWER]: Consensus starting up: Expiring failure detector timer to make a prompt election more likely
I20260709 14:55:20.481930 18814 raft_consensus.cc:740] T aee24ecffb454fccb3376f5c9a29e5c1 P 5fe2be23c09e4b6cb8565140bcfdb51e [term 0 FOLLOWER]: Becoming Follower/Learner. State: Replica: 5fe2be23c09e4b6cb8565140bcfdb51e, State: Initialized, Role: FOLLOWER
I20260709 14:55:20.475881 18813 ts_tablet_manager.cc:1434] T 28032fdd08cc4e20979801e295daf2da P b76fe58648ef4de1ba0ae0bffe3f2ebb: Time spent starting tablet: real 0.006s	user 0.006s	sys 0.000s
I20260709 14:55:20.482383 18815 tablet_bootstrap.cc:492] T 04b94119c7ae44c19add407cc5084b12 P 485cb6b89c504106a88a0a2a18fef9f7: Bootstrap starting.
I20260709 14:55:20.483140 18813 tablet_bootstrap.cc:492] T aee0f3dfa26f46b3968a3a9f52509231 P b76fe58648ef4de1ba0ae0bffe3f2ebb: Bootstrap starting.
I20260709 14:55:20.487214 18846 consensus_queue.cc:1048] T 43e3493ecd9c4edaa622ca65a6293f98 P 485cb6b89c504106a88a0a2a18fef9f7 [LEADER]: Connected to new peer: Peer: permanent_uuid: "b76fe58648ef4de1ba0ae0bffe3f2ebb" member_type: VOTER last_known_addr { host: "127.17.31.131" port: 43621 }, Status: LMP_MISMATCH, Last received: 0.0, Next index: 1, Last known committed idx: 0, Time since last communication: 0.000s
I20260709 14:55:20.488631 18813 tablet_bootstrap.cc:654] T aee0f3dfa26f46b3968a3a9f52509231 P b76fe58648ef4de1ba0ae0bffe3f2ebb: Neither blocks nor log segments found. Creating new log.
I20260709 14:55:20.488854 18815 tablet_bootstrap.cc:654] T 04b94119c7ae44c19add407cc5084b12 P 485cb6b89c504106a88a0a2a18fef9f7: Neither blocks nor log segments found. Creating new log.
I20260709 14:55:20.492040 18903 raft_consensus.cc:493] T 04b94119c7ae44c19add407cc5084b12 P 5fe2be23c09e4b6cb8565140bcfdb51e [term 0 FOLLOWER]: Starting pre-election (no leader contacted us within the election timeout)
I20260709 14:55:20.492774 18903 raft_consensus.cc:515] T 04b94119c7ae44c19add407cc5084b12 P 5fe2be23c09e4b6cb8565140bcfdb51e [term 0 FOLLOWER]: Starting pre-election with config: opid_index: -1 OBSOLETE_local: false peers { permanent_uuid: "485cb6b89c504106a88a0a2a18fef9f7" member_type: VOTER last_known_addr { host: "127.17.31.129" port: 34695 } } peers { permanent_uuid: "5fe2be23c09e4b6cb8565140bcfdb51e" member_type: VOTER last_known_addr { host: "127.17.31.130" port: 39053 } } peers { permanent_uuid: "b76fe58648ef4de1ba0ae0bffe3f2ebb" member_type: VOTER last_known_addr { host: "127.17.31.131" port: 43621 } }
I20260709 14:55:20.493839 18621 tablet_service.cc:1917] Received RequestConsensusVote() RPC: tablet_id: "e2d14af2a38747eeb1f4e013f28c01cb" candidate_uuid: "5fe2be23c09e4b6cb8565140bcfdb51e" candidate_term: 1 candidate_status { last_received { term: 0 index: 0 } } ignore_live_leader: false dest_uuid: "485cb6b89c504106a88a0a2a18fef9f7" is_pre_election: true
I20260709 14:55:20.490931 18814 consensus_queue.cc:260] T aee24ecffb454fccb3376f5c9a29e5c1 P 5fe2be23c09e4b6cb8565140bcfdb51e [NON_LEADER]: Queue going to NON_LEADER mode. State: All replicated index: 0, Majority replicated index: 0, Committed index: 0, Last appended: 0.0, Last appended by leader: 0, Current term: 0, Majority size: -1, State: 0, Mode: NON_LEADER, active raft config: opid_index: -1 OBSOLETE_local: false peers { permanent_uuid: "485cb6b89c504106a88a0a2a18fef9f7" member_type: VOTER last_known_addr { host: "127.17.31.129" port: 34695 } } peers { permanent_uuid: "5fe2be23c09e4b6cb8565140bcfdb51e" member_type: VOTER last_known_addr { host: "127.17.31.130" port: 39053 } } peers { permanent_uuid: "b76fe58648ef4de1ba0ae0bffe3f2ebb" member_type: VOTER last_known_addr { host: "127.17.31.131" port: 43621 } }
I20260709 14:55:20.494690 18903 leader_election.cc:290] T 04b94119c7ae44c19add407cc5084b12 P 5fe2be23c09e4b6cb8565140bcfdb51e [CANDIDATE]: Term 1 pre-election: Requested pre-vote from peers 485cb6b89c504106a88a0a2a18fef9f7 (127.17.31.129:34695), b76fe58648ef4de1ba0ae0bffe3f2ebb (127.17.31.131:43621)
I20260709 14:55:20.496985 18773 tablet_service.cc:1917] Received RequestConsensusVote() RPC: tablet_id: "04b94119c7ae44c19add407cc5084b12" candidate_uuid: "5fe2be23c09e4b6cb8565140bcfdb51e" candidate_term: 1 candidate_status { last_received { term: 0 index: 0 } } ignore_live_leader: false dest_uuid: "b76fe58648ef4de1ba0ae0bffe3f2ebb" is_pre_election: true
I20260709 14:55:20.506548 18841 leader_election.cc:290] T e2d14af2a38747eeb1f4e013f28c01cb P 5fe2be23c09e4b6cb8565140bcfdb51e [CANDIDATE]: Term 1 pre-election: Requested pre-vote from peers 485cb6b89c504106a88a0a2a18fef9f7 (127.17.31.129:34695), b76fe58648ef4de1ba0ae0bffe3f2ebb (127.17.31.131:43621)
I20260709 14:55:20.506352 18773 raft_consensus.cc:2468] T 04b94119c7ae44c19add407cc5084b12 P b76fe58648ef4de1ba0ae0bffe3f2ebb [term 0 FOLLOWER]: Leader pre-election vote request: Granting yes vote for candidate 5fe2be23c09e4b6cb8565140bcfdb51e in term 0.
I20260709 14:55:20.507645 18771 tablet_service.cc:1917] Received RequestConsensusVote() RPC: tablet_id: "e2d14af2a38747eeb1f4e013f28c01cb" candidate_uuid: "5fe2be23c09e4b6cb8565140bcfdb51e" candidate_term: 1 candidate_status { last_received { term: 0 index: 0 } } ignore_live_leader: false dest_uuid: "b76fe58648ef4de1ba0ae0bffe3f2ebb" is_pre_election: true
I20260709 14:55:20.508328 18814 ts_tablet_manager.cc:1434] T aee24ecffb454fccb3376f5c9a29e5c1 P 5fe2be23c09e4b6cb8565140bcfdb51e: Time spent starting tablet: real 0.029s	user 0.006s	sys 0.002s
I20260709 14:55:20.508976 18665 leader_election.cc:304] T 04b94119c7ae44c19add407cc5084b12 P 5fe2be23c09e4b6cb8565140bcfdb51e [CANDIDATE]: Term 1 pre-election: Election decided. Result: candidate won. Election summary: received 2 responses out of 3 voters: 2 yes votes; 0 no votes. yes voters: 5fe2be23c09e4b6cb8565140bcfdb51e, b76fe58648ef4de1ba0ae0bffe3f2ebb; no voters: 
W20260709 14:55:20.498129 18663 leader_election.cc:343] T e2d14af2a38747eeb1f4e013f28c01cb P 5fe2be23c09e4b6cb8565140bcfdb51e [CANDIDATE]: Term 1 pre-election: Tablet error from VoteRequest() call to peer 485cb6b89c504106a88a0a2a18fef9f7 (127.17.31.129:34695): Illegal state: must be running to vote when last-logged opid is not known
W20260709 14:55:20.509900 18665 leader_election.cc:343] T e2d14af2a38747eeb1f4e013f28c01cb P 5fe2be23c09e4b6cb8565140bcfdb51e [CANDIDATE]: Term 1 pre-election: Tablet error from VoteRequest() call to peer b76fe58648ef4de1ba0ae0bffe3f2ebb (127.17.31.131:43621): Illegal state: must be running to vote when last-logged opid is not known
I20260709 14:55:20.510187 18814 tablet_bootstrap.cc:492] T aee0f3dfa26f46b3968a3a9f52509231 P 5fe2be23c09e4b6cb8565140bcfdb51e: Bootstrap starting.
I20260709 14:55:20.510281 18665 leader_election.cc:304] T e2d14af2a38747eeb1f4e013f28c01cb P 5fe2be23c09e4b6cb8565140bcfdb51e [CANDIDATE]: Term 1 pre-election: Election decided. Result: candidate lost. Election summary: received 3 responses out of 3 voters: 1 yes votes; 2 no votes. yes voters: 5fe2be23c09e4b6cb8565140bcfdb51e; no voters: 485cb6b89c504106a88a0a2a18fef9f7, b76fe58648ef4de1ba0ae0bffe3f2ebb
I20260709 14:55:20.511586 18904 raft_consensus.cc:2804] T 04b94119c7ae44c19add407cc5084b12 P 5fe2be23c09e4b6cb8565140bcfdb51e [term 0 FOLLOWER]: Leader pre-election won for term 1
I20260709 14:55:20.511924 18904 raft_consensus.cc:493] T 04b94119c7ae44c19add407cc5084b12 P 5fe2be23c09e4b6cb8565140bcfdb51e [term 0 FOLLOWER]: Starting leader election (no leader contacted us within the election timeout)
I20260709 14:55:20.512225 18904 raft_consensus.cc:3060] T 04b94119c7ae44c19add407cc5084b12 P 5fe2be23c09e4b6cb8565140bcfdb51e [term 0 FOLLOWER]: Advancing to term 1
I20260709 14:55:20.513948 18621 tablet_service.cc:1917] Received RequestConsensusVote() RPC: tablet_id: "04b94119c7ae44c19add407cc5084b12" candidate_uuid: "5fe2be23c09e4b6cb8565140bcfdb51e" candidate_term: 1 candidate_status { last_received { term: 0 index: 0 } } ignore_live_leader: false dest_uuid: "485cb6b89c504106a88a0a2a18fef9f7" is_pre_election: true
I20260709 14:55:20.515239 18841 raft_consensus.cc:2749] T e2d14af2a38747eeb1f4e013f28c01cb P 5fe2be23c09e4b6cb8565140bcfdb51e [term 0 FOLLOWER]: Leader pre-election lost for term 1. Reason: could not achieve majority
W20260709 14:55:20.516981 18663 leader_election.cc:343] T 04b94119c7ae44c19add407cc5084b12 P 5fe2be23c09e4b6cb8565140bcfdb51e [CANDIDATE]: Term 1 pre-election: Tablet error from VoteRequest() call to peer 485cb6b89c504106a88a0a2a18fef9f7 (127.17.31.129:34695): Illegal state: must be running to vote when last-logged opid is not known
I20260709 14:55:20.527633 18899 raft_consensus.cc:493] T 87556de09e3a45248753cf7649ecd9b0 P 485cb6b89c504106a88a0a2a18fef9f7 [term 0 FOLLOWER]: Starting pre-election (no leader contacted us within the election timeout)
I20260709 14:55:20.529835 18814 tablet_bootstrap.cc:654] T aee0f3dfa26f46b3968a3a9f52509231 P 5fe2be23c09e4b6cb8565140bcfdb51e: Neither blocks nor log segments found. Creating new log.
I20260709 14:55:20.534439 18844 consensus_queue.cc:1048] T 43e3493ecd9c4edaa622ca65a6293f98 P 485cb6b89c504106a88a0a2a18fef9f7 [LEADER]: Connected to new peer: Peer: permanent_uuid: "5fe2be23c09e4b6cb8565140bcfdb51e" member_type: VOTER last_known_addr { host: "127.17.31.130" port: 39053 }, Status: LMP_MISMATCH, Last received: 0.0, Next index: 1, Last known committed idx: 0, Time since last communication: 0.000s
I20260709 14:55:20.538026 18813 tablet_bootstrap.cc:492] T aee0f3dfa26f46b3968a3a9f52509231 P b76fe58648ef4de1ba0ae0bffe3f2ebb: No bootstrap required, opened a new log
I20260709 14:55:20.538606 18813 ts_tablet_manager.cc:1403] T aee0f3dfa26f46b3968a3a9f52509231 P b76fe58648ef4de1ba0ae0bffe3f2ebb: Time spent bootstrapping tablet: real 0.056s	user 0.012s	sys 0.000s
I20260709 14:55:20.543408 18904 raft_consensus.cc:515] T 04b94119c7ae44c19add407cc5084b12 P 5fe2be23c09e4b6cb8565140bcfdb51e [term 1 FOLLOWER]: Starting leader election with config: opid_index: -1 OBSOLETE_local: false peers { permanent_uuid: "485cb6b89c504106a88a0a2a18fef9f7" member_type: VOTER last_known_addr { host: "127.17.31.129" port: 34695 } } peers { permanent_uuid: "5fe2be23c09e4b6cb8565140bcfdb51e" member_type: VOTER last_known_addr { host: "127.17.31.130" port: 39053 } } peers { permanent_uuid: "b76fe58648ef4de1ba0ae0bffe3f2ebb" member_type: VOTER last_known_addr { host: "127.17.31.131" port: 43621 } }
I20260709 14:55:20.545617 18904 leader_election.cc:290] T 04b94119c7ae44c19add407cc5084b12 P 5fe2be23c09e4b6cb8565140bcfdb51e [CANDIDATE]: Term 1 election: Requested vote from peers 485cb6b89c504106a88a0a2a18fef9f7 (127.17.31.129:34695), b76fe58648ef4de1ba0ae0bffe3f2ebb (127.17.31.131:43621)
I20260709 14:55:20.528692 18899 raft_consensus.cc:515] T 87556de09e3a45248753cf7649ecd9b0 P 485cb6b89c504106a88a0a2a18fef9f7 [term 0 FOLLOWER]: Starting pre-election with config: opid_index: -1 OBSOLETE_local: false peers { permanent_uuid: "485cb6b89c504106a88a0a2a18fef9f7" member_type: VOTER last_known_addr { host: "127.17.31.129" port: 34695 } } peers { permanent_uuid: "5fe2be23c09e4b6cb8565140bcfdb51e" member_type: VOTER last_known_addr { host: "127.17.31.130" port: 39053 } } peers { permanent_uuid: "b76fe58648ef4de1ba0ae0bffe3f2ebb" member_type: VOTER last_known_addr { host: "127.17.31.131" port: 43621 } }
I20260709 14:55:20.547340 18621 tablet_service.cc:1917] Received RequestConsensusVote() RPC: tablet_id: "04b94119c7ae44c19add407cc5084b12" candidate_uuid: "5fe2be23c09e4b6cb8565140bcfdb51e" candidate_term: 1 candidate_status { last_received { term: 0 index: 0 } } ignore_live_leader: false dest_uuid: "485cb6b89c504106a88a0a2a18fef9f7"
I20260709 14:55:20.548522 18899 leader_election.cc:290] T 87556de09e3a45248753cf7649ecd9b0 P 485cb6b89c504106a88a0a2a18fef9f7 [CANDIDATE]: Term 1 pre-election: Requested pre-vote from peers 5fe2be23c09e4b6cb8565140bcfdb51e (127.17.31.130:39053), b76fe58648ef4de1ba0ae0bffe3f2ebb (127.17.31.131:43621)
W20260709 14:55:20.549168 18663 leader_election.cc:343] T 04b94119c7ae44c19add407cc5084b12 P 5fe2be23c09e4b6cb8565140bcfdb51e [CANDIDATE]: Term 1 election: Tablet error from VoteRequest() call to peer 485cb6b89c504106a88a0a2a18fef9f7 (127.17.31.129:34695): Illegal state: must be running to vote when last-logged opid is not known
I20260709 14:55:20.549602 18899 raft_consensus.cc:493] T 9a2139ab39e14396a860425d316c1d17 P 485cb6b89c504106a88a0a2a18fef9f7 [term 0 FOLLOWER]: Starting pre-election (no leader contacted us within the election timeout)
I20260709 14:55:20.550034 18699 tablet_service.cc:1917] Received RequestConsensusVote() RPC: tablet_id: "87556de09e3a45248753cf7649ecd9b0" candidate_uuid: "485cb6b89c504106a88a0a2a18fef9f7" candidate_term: 1 candidate_status { last_received { term: 0 index: 0 } } ignore_live_leader: false dest_uuid: "5fe2be23c09e4b6cb8565140bcfdb51e" is_pre_election: true
I20260709 14:55:20.550150 18899 raft_consensus.cc:515] T 9a2139ab39e14396a860425d316c1d17 P 485cb6b89c504106a88a0a2a18fef9f7 [term 0 FOLLOWER]: Starting pre-election with config: opid_index: -1 OBSOLETE_local: false peers { permanent_uuid: "485cb6b89c504106a88a0a2a18fef9f7" member_type: VOTER last_known_addr { host: "127.17.31.129" port: 34695 } } peers { permanent_uuid: "5fe2be23c09e4b6cb8565140bcfdb51e" member_type: VOTER last_known_addr { host: "127.17.31.130" port: 39053 } } peers { permanent_uuid: "b76fe58648ef4de1ba0ae0bffe3f2ebb" member_type: VOTER last_known_addr { host: "127.17.31.131" port: 43621 } }
I20260709 14:55:20.550534 18773 tablet_service.cc:1917] Received RequestConsensusVote() RPC: tablet_id: "87556de09e3a45248753cf7649ecd9b0" candidate_uuid: "485cb6b89c504106a88a0a2a18fef9f7" candidate_term: 1 candidate_status { last_received { term: 0 index: 0 } } ignore_live_leader: false dest_uuid: "b76fe58648ef4de1ba0ae0bffe3f2ebb" is_pre_election: true
I20260709 14:55:20.551213 18773 raft_consensus.cc:2468] T 87556de09e3a45248753cf7649ecd9b0 P b76fe58648ef4de1ba0ae0bffe3f2ebb [term 0 FOLLOWER]: Leader pre-election vote request: Granting yes vote for candidate 485cb6b89c504106a88a0a2a18fef9f7 in term 0.
W20260709 14:55:20.551417 18587 leader_election.cc:343] T 87556de09e3a45248753cf7649ecd9b0 P 485cb6b89c504106a88a0a2a18fef9f7 [CANDIDATE]: Term 1 pre-election: Tablet error from VoteRequest() call to peer 5fe2be23c09e4b6cb8565140bcfdb51e (127.17.31.130:39053): Illegal state: must be running to vote when last-logged opid is not known
I20260709 14:55:20.552593 18590 leader_election.cc:304] T 87556de09e3a45248753cf7649ecd9b0 P 485cb6b89c504106a88a0a2a18fef9f7 [CANDIDATE]: Term 1 pre-election: Election decided. Result: candidate won. Election summary: received 3 responses out of 3 voters: 2 yes votes; 1 no votes. yes voters: 485cb6b89c504106a88a0a2a18fef9f7, b76fe58648ef4de1ba0ae0bffe3f2ebb; no voters: 5fe2be23c09e4b6cb8565140bcfdb51e
I20260709 14:55:20.553084 18699 tablet_service.cc:1917] Received RequestConsensusVote() RPC: tablet_id: "9a2139ab39e14396a860425d316c1d17" candidate_uuid: "485cb6b89c504106a88a0a2a18fef9f7" candidate_term: 1 candidate_status { last_received { term: 0 index: 0 } } ignore_live_leader: false dest_uuid: "5fe2be23c09e4b6cb8565140bcfdb51e" is_pre_election: true
I20260709 14:55:20.553552 18844 raft_consensus.cc:2804] T 87556de09e3a45248753cf7649ecd9b0 P 485cb6b89c504106a88a0a2a18fef9f7 [term 0 FOLLOWER]: Leader pre-election won for term 1
I20260709 14:55:20.553759 18699 raft_consensus.cc:2468] T 9a2139ab39e14396a860425d316c1d17 P 5fe2be23c09e4b6cb8565140bcfdb51e [term 0 FOLLOWER]: Leader pre-election vote request: Granting yes vote for candidate 485cb6b89c504106a88a0a2a18fef9f7 in term 0.
I20260709 14:55:20.554267 18844 raft_consensus.cc:493] T 87556de09e3a45248753cf7649ecd9b0 P 485cb6b89c504106a88a0a2a18fef9f7 [term 0 FOLLOWER]: Starting leader election (no leader contacted us within the election timeout)
I20260709 14:55:20.554682 18844 raft_consensus.cc:3060] T 87556de09e3a45248753cf7649ecd9b0 P 485cb6b89c504106a88a0a2a18fef9f7 [term 0 FOLLOWER]: Advancing to term 1
I20260709 14:55:20.555265 18587 leader_election.cc:304] T 9a2139ab39e14396a860425d316c1d17 P 485cb6b89c504106a88a0a2a18fef9f7 [CANDIDATE]: Term 1 pre-election: Election decided. Result: candidate won. Election summary: received 2 responses out of 3 voters: 2 yes votes; 0 no votes. yes voters: 485cb6b89c504106a88a0a2a18fef9f7, 5fe2be23c09e4b6cb8565140bcfdb51e; no voters: 
I20260709 14:55:20.556089 18821 raft_consensus.cc:2804] T 9a2139ab39e14396a860425d316c1d17 P 485cb6b89c504106a88a0a2a18fef9f7 [term 0 FOLLOWER]: Leader pre-election won for term 1
I20260709 14:55:20.556438 18821 raft_consensus.cc:493] T 9a2139ab39e14396a860425d316c1d17 P 485cb6b89c504106a88a0a2a18fef9f7 [term 0 FOLLOWER]: Starting leader election (no leader contacted us within the election timeout)
I20260709 14:55:20.556778 18821 raft_consensus.cc:3060] T 9a2139ab39e14396a860425d316c1d17 P 485cb6b89c504106a88a0a2a18fef9f7 [term 0 FOLLOWER]: Advancing to term 1
I20260709 14:55:20.562855 18844 raft_consensus.cc:515] T 87556de09e3a45248753cf7649ecd9b0 P 485cb6b89c504106a88a0a2a18fef9f7 [term 1 FOLLOWER]: Starting leader election with config: opid_index: -1 OBSOLETE_local: false peers { permanent_uuid: "485cb6b89c504106a88a0a2a18fef9f7" member_type: VOTER last_known_addr { host: "127.17.31.129" port: 34695 } } peers { permanent_uuid: "5fe2be23c09e4b6cb8565140bcfdb51e" member_type: VOTER last_known_addr { host: "127.17.31.130" port: 39053 } } peers { permanent_uuid: "b76fe58648ef4de1ba0ae0bffe3f2ebb" member_type: VOTER last_known_addr { host: "127.17.31.131" port: 43621 } }
I20260709 14:55:20.566043 18699 tablet_service.cc:1917] Received RequestConsensusVote() RPC: tablet_id: "87556de09e3a45248753cf7649ecd9b0" candidate_uuid: "485cb6b89c504106a88a0a2a18fef9f7" candidate_term: 1 candidate_status { last_received { term: 0 index: 0 } } ignore_live_leader: false dest_uuid: "5fe2be23c09e4b6cb8565140bcfdb51e"
I20260709 14:55:20.566293 18773 tablet_service.cc:1917] Received RequestConsensusVote() RPC: tablet_id: "87556de09e3a45248753cf7649ecd9b0" candidate_uuid: "485cb6b89c504106a88a0a2a18fef9f7" candidate_term: 1 candidate_status { last_received { term: 0 index: 0 } } ignore_live_leader: false dest_uuid: "b76fe58648ef4de1ba0ae0bffe3f2ebb"
I20260709 14:55:20.567075 18773 raft_consensus.cc:3060] T 87556de09e3a45248753cf7649ecd9b0 P b76fe58648ef4de1ba0ae0bffe3f2ebb [term 0 FOLLOWER]: Advancing to term 1
W20260709 14:55:20.567608 18587 leader_election.cc:343] T 87556de09e3a45248753cf7649ecd9b0 P 485cb6b89c504106a88a0a2a18fef9f7 [CANDIDATE]: Term 1 election: Tablet error from VoteRequest() call to peer 5fe2be23c09e4b6cb8565140bcfdb51e (127.17.31.130:39053): Illegal state: must be running to vote when last-logged opid is not known
I20260709 14:55:20.568729 18899 leader_election.cc:290] T 9a2139ab39e14396a860425d316c1d17 P 485cb6b89c504106a88a0a2a18fef9f7 [CANDIDATE]: Term 1 pre-election: Requested pre-vote from peers 5fe2be23c09e4b6cb8565140bcfdb51e (127.17.31.130:39053), b76fe58648ef4de1ba0ae0bffe3f2ebb (127.17.31.131:43621)
I20260709 14:55:20.570533 18771 tablet_service.cc:1917] Received RequestConsensusVote() RPC: tablet_id: "9a2139ab39e14396a860425d316c1d17" candidate_uuid: "485cb6b89c504106a88a0a2a18fef9f7" candidate_term: 1 candidate_status { last_received { term: 0 index: 0 } } ignore_live_leader: false dest_uuid: "b76fe58648ef4de1ba0ae0bffe3f2ebb" is_pre_election: true
W20260709 14:55:20.572686 18590 leader_election.cc:343] T 9a2139ab39e14396a860425d316c1d17 P 485cb6b89c504106a88a0a2a18fef9f7 [CANDIDATE]: Term 1 pre-election: Tablet error from VoteRequest() call to peer b76fe58648ef4de1ba0ae0bffe3f2ebb (127.17.31.131:43621): Illegal state: must be running to vote when last-logged opid is not known
I20260709 14:55:20.574394 18773 raft_consensus.cc:2468] T 87556de09e3a45248753cf7649ecd9b0 P b76fe58648ef4de1ba0ae0bffe3f2ebb [term 1 FOLLOWER]: Leader election vote request: Granting yes vote for candidate 485cb6b89c504106a88a0a2a18fef9f7 in term 1.
I20260709 14:55:20.575692 18821 raft_consensus.cc:515] T 9a2139ab39e14396a860425d316c1d17 P 485cb6b89c504106a88a0a2a18fef9f7 [term 1 FOLLOWER]: Starting leader election with config: opid_index: -1 OBSOLETE_local: false peers { permanent_uuid: "485cb6b89c504106a88a0a2a18fef9f7" member_type: VOTER last_known_addr { host: "127.17.31.129" port: 34695 } } peers { permanent_uuid: "5fe2be23c09e4b6cb8565140bcfdb51e" member_type: VOTER last_known_addr { host: "127.17.31.130" port: 39053 } } peers { permanent_uuid: "b76fe58648ef4de1ba0ae0bffe3f2ebb" member_type: VOTER last_known_addr { host: "127.17.31.131" port: 43621 } }
I20260709 14:55:20.582600 18590 leader_election.cc:304] T 87556de09e3a45248753cf7649ecd9b0 P 485cb6b89c504106a88a0a2a18fef9f7 [CANDIDATE]: Term 1 election: Election decided. Result: candidate won. Election summary: received 3 responses out of 3 voters: 2 yes votes; 1 no votes. yes voters: 485cb6b89c504106a88a0a2a18fef9f7, b76fe58648ef4de1ba0ae0bffe3f2ebb; no voters: 5fe2be23c09e4b6cb8565140bcfdb51e
I20260709 14:55:20.576674 18772 tablet_service.cc:1917] Received RequestConsensusVote() RPC: tablet_id: "04b94119c7ae44c19add407cc5084b12" candidate_uuid: "5fe2be23c09e4b6cb8565140bcfdb51e" candidate_term: 1 candidate_status { last_received { term: 0 index: 0 } } ignore_live_leader: false dest_uuid: "b76fe58648ef4de1ba0ae0bffe3f2ebb"
I20260709 14:55:20.583503 18772 raft_consensus.cc:3060] T 04b94119c7ae44c19add407cc5084b12 P b76fe58648ef4de1ba0ae0bffe3f2ebb [term 0 FOLLOWER]: Advancing to term 1
I20260709 14:55:20.583619 18821 leader_election.cc:290] T 9a2139ab39e14396a860425d316c1d17 P 485cb6b89c504106a88a0a2a18fef9f7 [CANDIDATE]: Term 1 election: Requested vote from peers 5fe2be23c09e4b6cb8565140bcfdb51e (127.17.31.130:39053), b76fe58648ef4de1ba0ae0bffe3f2ebb (127.17.31.131:43621)
I20260709 14:55:20.584257 18821 raft_consensus.cc:2804] T 87556de09e3a45248753cf7649ecd9b0 P 485cb6b89c504106a88a0a2a18fef9f7 [term 1 FOLLOWER]: Leader election won for term 1
I20260709 14:55:20.584890 18821 raft_consensus.cc:697] T 87556de09e3a45248753cf7649ecd9b0 P 485cb6b89c504106a88a0a2a18fef9f7 [term 1 LEADER]: Becoming Leader. State: Replica: 485cb6b89c504106a88a0a2a18fef9f7, State: Running, Role: LEADER
I20260709 14:55:20.585716 18821 consensus_queue.cc:237] T 87556de09e3a45248753cf7649ecd9b0 P 485cb6b89c504106a88a0a2a18fef9f7 [LEADER]: Queue going to LEADER mode. State: All replicated index: 0, Majority replicated index: 0, Committed index: 0, Last appended: 0.0, Last appended by leader: 0, Current term: 1, Majority size: 2, State: 0, Mode: LEADER, active raft config: opid_index: -1 OBSOLETE_local: false peers { permanent_uuid: "485cb6b89c504106a88a0a2a18fef9f7" member_type: VOTER last_known_addr { host: "127.17.31.129" port: 34695 } } peers { permanent_uuid: "5fe2be23c09e4b6cb8565140bcfdb51e" member_type: VOTER last_known_addr { host: "127.17.31.130" port: 39053 } } peers { permanent_uuid: "b76fe58648ef4de1ba0ae0bffe3f2ebb" member_type: VOTER last_known_addr { host: "127.17.31.131" port: 43621 } }
I20260709 14:55:20.586583 18699 tablet_service.cc:1917] Received RequestConsensusVote() RPC: tablet_id: "9a2139ab39e14396a860425d316c1d17" candidate_uuid: "485cb6b89c504106a88a0a2a18fef9f7" candidate_term: 1 candidate_status { last_received { term: 0 index: 0 } } ignore_live_leader: false dest_uuid: "5fe2be23c09e4b6cb8565140bcfdb51e"
I20260709 14:55:20.587106 18699 raft_consensus.cc:3060] T 9a2139ab39e14396a860425d316c1d17 P 5fe2be23c09e4b6cb8565140bcfdb51e [term 0 FOLLOWER]: Advancing to term 1
I20260709 14:55:20.588696 18771 tablet_service.cc:1917] Received RequestConsensusVote() RPC: tablet_id: "9a2139ab39e14396a860425d316c1d17" candidate_uuid: "485cb6b89c504106a88a0a2a18fef9f7" candidate_term: 1 candidate_status { last_received { term: 0 index: 0 } } ignore_live_leader: false dest_uuid: "b76fe58648ef4de1ba0ae0bffe3f2ebb"
W20260709 14:55:20.590040 18590 leader_election.cc:343] T 9a2139ab39e14396a860425d316c1d17 P 485cb6b89c504106a88a0a2a18fef9f7 [CANDIDATE]: Term 1 election: Tablet error from VoteRequest() call to peer b76fe58648ef4de1ba0ae0bffe3f2ebb (127.17.31.131:43621): Illegal state: must be running to vote when last-logged opid is not known
I20260709 14:55:20.593215 18772 raft_consensus.cc:2468] T 04b94119c7ae44c19add407cc5084b12 P b76fe58648ef4de1ba0ae0bffe3f2ebb [term 1 FOLLOWER]: Leader election vote request: Granting yes vote for candidate 5fe2be23c09e4b6cb8565140bcfdb51e in term 1.
I20260709 14:55:20.594318 18665 leader_election.cc:304] T 04b94119c7ae44c19add407cc5084b12 P 5fe2be23c09e4b6cb8565140bcfdb51e [CANDIDATE]: Term 1 election: Election decided. Result: candidate won. Election summary: received 3 responses out of 3 voters: 2 yes votes; 1 no votes. yes voters: 5fe2be23c09e4b6cb8565140bcfdb51e, b76fe58648ef4de1ba0ae0bffe3f2ebb; no voters: 485cb6b89c504106a88a0a2a18fef9f7
I20260709 14:55:20.594746 18822 raft_consensus.cc:493] T 28032fdd08cc4e20979801e295daf2da P 5fe2be23c09e4b6cb8565140bcfdb51e [term 0 FOLLOWER]: Starting pre-election (no leader contacted us within the election timeout)
I20260709 14:55:20.595340 18841 raft_consensus.cc:2804] T 04b94119c7ae44c19add407cc5084b12 P 5fe2be23c09e4b6cb8565140bcfdb51e [term 1 FOLLOWER]: Leader election won for term 1
I20260709 14:55:20.595239 18822 raft_consensus.cc:515] T 28032fdd08cc4e20979801e295daf2da P 5fe2be23c09e4b6cb8565140bcfdb51e [term 0 FOLLOWER]: Starting pre-election with config: opid_index: -1 OBSOLETE_local: false peers { permanent_uuid: "485cb6b89c504106a88a0a2a18fef9f7" member_type: VOTER last_known_addr { host: "127.17.31.129" port: 34695 } } peers { permanent_uuid: "5fe2be23c09e4b6cb8565140bcfdb51e" member_type: VOTER last_known_addr { host: "127.17.31.130" port: 39053 } } peers { permanent_uuid: "b76fe58648ef4de1ba0ae0bffe3f2ebb" member_type: VOTER last_known_addr { host: "127.17.31.131" port: 43621 } }
I20260709 14:55:20.595834 18841 raft_consensus.cc:697] T 04b94119c7ae44c19add407cc5084b12 P 5fe2be23c09e4b6cb8565140bcfdb51e [term 1 LEADER]: Becoming Leader. State: Replica: 5fe2be23c09e4b6cb8565140bcfdb51e, State: Running, Role: LEADER
I20260709 14:55:20.596625 18841 consensus_queue.cc:237] T 04b94119c7ae44c19add407cc5084b12 P 5fe2be23c09e4b6cb8565140bcfdb51e [LEADER]: Queue going to LEADER mode. State: All replicated index: 0, Majority replicated index: 0, Committed index: 0, Last appended: 0.0, Last appended by leader: 0, Current term: 1, Majority size: 2, State: 0, Mode: LEADER, active raft config: opid_index: -1 OBSOLETE_local: false peers { permanent_uuid: "485cb6b89c504106a88a0a2a18fef9f7" member_type: VOTER last_known_addr { host: "127.17.31.129" port: 34695 } } peers { permanent_uuid: "5fe2be23c09e4b6cb8565140bcfdb51e" member_type: VOTER last_known_addr { host: "127.17.31.130" port: 39053 } } peers { permanent_uuid: "b76fe58648ef4de1ba0ae0bffe3f2ebb" member_type: VOTER last_known_addr { host: "127.17.31.131" port: 43621 } }
I20260709 14:55:20.597348 18822 leader_election.cc:290] T 28032fdd08cc4e20979801e295daf2da P 5fe2be23c09e4b6cb8565140bcfdb51e [CANDIDATE]: Term 1 pre-election: Requested pre-vote from peers 485cb6b89c504106a88a0a2a18fef9f7 (127.17.31.129:34695), b76fe58648ef4de1ba0ae0bffe3f2ebb (127.17.31.131:43621)
I20260709 14:55:20.576774 18813 raft_consensus.cc:359] T aee0f3dfa26f46b3968a3a9f52509231 P b76fe58648ef4de1ba0ae0bffe3f2ebb [term 0 FOLLOWER]: Replica starting. Triggering 0 pending ops. Active config: opid_index: -1 OBSOLETE_local: false peers { permanent_uuid: "485cb6b89c504106a88a0a2a18fef9f7" member_type: VOTER last_known_addr { host: "127.17.31.129" port: 34695 } } peers { permanent_uuid: "5fe2be23c09e4b6cb8565140bcfdb51e" member_type: VOTER last_known_addr { host: "127.17.31.130" port: 39053 } } peers { permanent_uuid: "b76fe58648ef4de1ba0ae0bffe3f2ebb" member_type: VOTER last_known_addr { host: "127.17.31.131" port: 43621 } }
I20260709 14:55:20.577728 18815 tablet_bootstrap.cc:492] T 04b94119c7ae44c19add407cc5084b12 P 485cb6b89c504106a88a0a2a18fef9f7: No bootstrap required, opened a new log
I20260709 14:55:20.618366 18815 ts_tablet_manager.cc:1403] T 04b94119c7ae44c19add407cc5084b12 P 485cb6b89c504106a88a0a2a18fef9f7: Time spent bootstrapping tablet: real 0.136s	user 0.016s	sys 0.008s
I20260709 14:55:20.618263 18841 consensus_queue.cc:1048] T f4a49243f59d4ab686b16e78f87a3f73 P 5fe2be23c09e4b6cb8565140bcfdb51e [LEADER]: Connected to new peer: Peer: permanent_uuid: "b76fe58648ef4de1ba0ae0bffe3f2ebb" member_type: VOTER last_known_addr { host: "127.17.31.131" port: 43621 }, Status: LMP_MISMATCH, Last received: 0.0, Next index: 1, Last known committed idx: 0, Time since last communication: 0.000s
I20260709 14:55:20.579537 18844 leader_election.cc:290] T 87556de09e3a45248753cf7649ecd9b0 P 485cb6b89c504106a88a0a2a18fef9f7 [CANDIDATE]: Term 1 election: Requested vote from peers 5fe2be23c09e4b6cb8565140bcfdb51e (127.17.31.130:39053), b76fe58648ef4de1ba0ae0bffe3f2ebb (127.17.31.131:43621)
I20260709 14:55:20.602182 18814 tablet_bootstrap.cc:492] T aee0f3dfa26f46b3968a3a9f52509231 P 5fe2be23c09e4b6cb8565140bcfdb51e: No bootstrap required, opened a new log
I20260709 14:55:20.621111 18815 raft_consensus.cc:359] T 04b94119c7ae44c19add407cc5084b12 P 485cb6b89c504106a88a0a2a18fef9f7 [term 0 FOLLOWER]: Replica starting. Triggering 0 pending ops. Active config: opid_index: -1 OBSOLETE_local: false peers { permanent_uuid: "485cb6b89c504106a88a0a2a18fef9f7" member_type: VOTER last_known_addr { host: "127.17.31.129" port: 34695 } } peers { permanent_uuid: "5fe2be23c09e4b6cb8565140bcfdb51e" member_type: VOTER last_known_addr { host: "127.17.31.130" port: 39053 } } peers { permanent_uuid: "b76fe58648ef4de1ba0ae0bffe3f2ebb" member_type: VOTER last_known_addr { host: "127.17.31.131" port: 43621 } }
I20260709 14:55:20.621712 18814 ts_tablet_manager.cc:1403] T aee0f3dfa26f46b3968a3a9f52509231 P 5fe2be23c09e4b6cb8565140bcfdb51e: Time spent bootstrapping tablet: real 0.112s	user 0.035s	sys 0.043s
I20260709 14:55:20.621803 18815 raft_consensus.cc:385] T 04b94119c7ae44c19add407cc5084b12 P 485cb6b89c504106a88a0a2a18fef9f7 [term 0 FOLLOWER]: Consensus starting up: Expiring failure detector timer to make a prompt election more likely
I20260709 14:55:20.622157 18815 raft_consensus.cc:740] T 04b94119c7ae44c19add407cc5084b12 P 485cb6b89c504106a88a0a2a18fef9f7 [term 0 FOLLOWER]: Becoming Follower/Learner. State: Replica: 485cb6b89c504106a88a0a2a18fef9f7, State: Initialized, Role: FOLLOWER
I20260709 14:55:20.622766 18815 consensus_queue.cc:260] T 04b94119c7ae44c19add407cc5084b12 P 485cb6b89c504106a88a0a2a18fef9f7 [NON_LEADER]: Queue going to NON_LEADER mode. State: All replicated index: 0, Majority replicated index: 0, Committed index: 0, Last appended: 0.0, Last appended by leader: 0, Current term: 0, Majority size: -1, State: 0, Mode: NON_LEADER, active raft config: opid_index: -1 OBSOLETE_local: false peers { permanent_uuid: "485cb6b89c504106a88a0a2a18fef9f7" member_type: VOTER last_known_addr { host: "127.17.31.129" port: 34695 } } peers { permanent_uuid: "5fe2be23c09e4b6cb8565140bcfdb51e" member_type: VOTER last_known_addr { host: "127.17.31.130" port: 39053 } } peers { permanent_uuid: "b76fe58648ef4de1ba0ae0bffe3f2ebb" member_type: VOTER last_known_addr { host: "127.17.31.131" port: 43621 } }
I20260709 14:55:20.623940 18813 raft_consensus.cc:385] T aee0f3dfa26f46b3968a3a9f52509231 P b76fe58648ef4de1ba0ae0bffe3f2ebb [term 0 FOLLOWER]: Consensus starting up: Expiring failure detector timer to make a prompt election more likely
I20260709 14:55:20.624289 18813 raft_consensus.cc:740] T aee0f3dfa26f46b3968a3a9f52509231 P b76fe58648ef4de1ba0ae0bffe3f2ebb [term 0 FOLLOWER]: Becoming Follower/Learner. State: Replica: b76fe58648ef4de1ba0ae0bffe3f2ebb, State: Initialized, Role: FOLLOWER
I20260709 14:55:20.624248 18814 raft_consensus.cc:359] T aee0f3dfa26f46b3968a3a9f52509231 P 5fe2be23c09e4b6cb8565140bcfdb51e [term 0 FOLLOWER]: Replica starting. Triggering 0 pending ops. Active config: opid_index: -1 OBSOLETE_local: false peers { permanent_uuid: "485cb6b89c504106a88a0a2a18fef9f7" member_type: VOTER last_known_addr { host: "127.17.31.129" port: 34695 } } peers { permanent_uuid: "5fe2be23c09e4b6cb8565140bcfdb51e" member_type: VOTER last_known_addr { host: "127.17.31.130" port: 39053 } } peers { permanent_uuid: "b76fe58648ef4de1ba0ae0bffe3f2ebb" member_type: VOTER last_known_addr { host: "127.17.31.131" port: 43621 } }
I20260709 14:55:20.625097 18814 raft_consensus.cc:385] T aee0f3dfa26f46b3968a3a9f52509231 P 5fe2be23c09e4b6cb8565140bcfdb51e [term 0 FOLLOWER]: Consensus starting up: Expiring failure detector timer to make a prompt election more likely
I20260709 14:55:20.599658 18621 tablet_service.cc:1917] Received RequestConsensusVote() RPC: tablet_id: "28032fdd08cc4e20979801e295daf2da" candidate_uuid: "5fe2be23c09e4b6cb8565140bcfdb51e" candidate_term: 1 candidate_status { last_received { term: 0 index: 0 } } ignore_live_leader: false dest_uuid: "485cb6b89c504106a88a0a2a18fef9f7" is_pre_election: true
I20260709 14:55:20.604151 18899 consensus_queue.cc:1048] T d7e3047c549e4e82abe184118ef38687 P 485cb6b89c504106a88a0a2a18fef9f7 [LEADER]: Connected to new peer: Peer: permanent_uuid: "5fe2be23c09e4b6cb8565140bcfdb51e" member_type: VOTER last_known_addr { host: "127.17.31.130" port: 39053 }, Status: LMP_MISMATCH, Last received: 0.0, Next index: 1, Last known committed idx: 0, Time since last communication: 0.000s
I20260709 14:55:20.625372 18814 raft_consensus.cc:740] T aee0f3dfa26f46b3968a3a9f52509231 P 5fe2be23c09e4b6cb8565140bcfdb51e [term 0 FOLLOWER]: Becoming Follower/Learner. State: Replica: 5fe2be23c09e4b6cb8565140bcfdb51e, State: Initialized, Role: FOLLOWER
I20260709 14:55:20.625276 18813 consensus_queue.cc:260] T aee0f3dfa26f46b3968a3a9f52509231 P b76fe58648ef4de1ba0ae0bffe3f2ebb [NON_LEADER]: Queue going to NON_LEADER mode. State: All replicated index: 0, Majority replicated index: 0, Committed index: 0, Last appended: 0.0, Last appended by leader: 0, Current term: 0, Majority size: -1, State: 0, Mode: NON_LEADER, active raft config: opid_index: -1 OBSOLETE_local: false peers { permanent_uuid: "485cb6b89c504106a88a0a2a18fef9f7" member_type: VOTER last_known_addr { host: "127.17.31.129" port: 34695 } } peers { permanent_uuid: "5fe2be23c09e4b6cb8565140bcfdb51e" member_type: VOTER last_known_addr { host: "127.17.31.130" port: 39053 } } peers { permanent_uuid: "b76fe58648ef4de1ba0ae0bffe3f2ebb" member_type: VOTER last_known_addr { host: "127.17.31.131" port: 43621 } }
I20260709 14:55:20.599658 18771 tablet_service.cc:1917] Received RequestConsensusVote() RPC: tablet_id: "28032fdd08cc4e20979801e295daf2da" candidate_uuid: "5fe2be23c09e4b6cb8565140bcfdb51e" candidate_term: 1 candidate_status { last_received { term: 0 index: 0 } } ignore_live_leader: false dest_uuid: "b76fe58648ef4de1ba0ae0bffe3f2ebb" is_pre_election: true
I20260709 14:55:20.626163 18814 consensus_queue.cc:260] T aee0f3dfa26f46b3968a3a9f52509231 P 5fe2be23c09e4b6cb8565140bcfdb51e [NON_LEADER]: Queue going to NON_LEADER mode. State: All replicated index: 0, Majority replicated index: 0, Committed index: 0, Last appended: 0.0, Last appended by leader: 0, Current term: 0, Majority size: -1, State: 0, Mode: NON_LEADER, active raft config: opid_index: -1 OBSOLETE_local: false peers { permanent_uuid: "485cb6b89c504106a88a0a2a18fef9f7" member_type: VOTER last_known_addr { host: "127.17.31.129" port: 34695 } } peers { permanent_uuid: "5fe2be23c09e4b6cb8565140bcfdb51e" member_type: VOTER last_known_addr { host: "127.17.31.130" port: 39053 } } peers { permanent_uuid: "b76fe58648ef4de1ba0ae0bffe3f2ebb" member_type: VOTER last_known_addr { host: "127.17.31.131" port: 43621 } }
I20260709 14:55:20.626684 18771 raft_consensus.cc:2468] T 28032fdd08cc4e20979801e295daf2da P b76fe58648ef4de1ba0ae0bffe3f2ebb [term 0 FOLLOWER]: Leader pre-election vote request: Granting yes vote for candidate 5fe2be23c09e4b6cb8565140bcfdb51e in term 0.
I20260709 14:55:20.614929 18699 raft_consensus.cc:2468] T 9a2139ab39e14396a860425d316c1d17 P 5fe2be23c09e4b6cb8565140bcfdb51e [term 1 FOLLOWER]: Leader election vote request: Granting yes vote for candidate 485cb6b89c504106a88a0a2a18fef9f7 in term 1.
I20260709 14:55:20.628116 18814 ts_tablet_manager.cc:1434] T aee0f3dfa26f46b3968a3a9f52509231 P 5fe2be23c09e4b6cb8565140bcfdb51e: Time spent starting tablet: real 0.006s	user 0.005s	sys 0.000s
I20260709 14:55:20.625346 18815 ts_tablet_manager.cc:1434] T 04b94119c7ae44c19add407cc5084b12 P 485cb6b89c504106a88a0a2a18fef9f7: Time spent starting tablet: real 0.007s	user 0.005s	sys 0.000s
I20260709 14:55:20.628916 18814 tablet_bootstrap.cc:492] T f47d68c6940241b4af7973aab0b9da59 P 5fe2be23c09e4b6cb8565140bcfdb51e: Bootstrap starting.
I20260709 14:55:20.629091 18665 leader_election.cc:304] T 28032fdd08cc4e20979801e295daf2da P 5fe2be23c09e4b6cb8565140bcfdb51e [CANDIDATE]: Term 1 pre-election: Election decided. Result: candidate won. Election summary: received 2 responses out of 3 voters: 2 yes votes; 0 no votes. yes voters: 5fe2be23c09e4b6cb8565140bcfdb51e, b76fe58648ef4de1ba0ae0bffe3f2ebb; no voters: 
I20260709 14:55:20.629967 18822 raft_consensus.cc:2804] T 28032fdd08cc4e20979801e295daf2da P 5fe2be23c09e4b6cb8565140bcfdb51e [term 0 FOLLOWER]: Leader pre-election won for term 1
I20260709 14:55:20.630304 18822 raft_consensus.cc:493] T 28032fdd08cc4e20979801e295daf2da P 5fe2be23c09e4b6cb8565140bcfdb51e [term 0 FOLLOWER]: Starting leader election (no leader contacted us within the election timeout)
I20260709 14:55:20.630635 18822 raft_consensus.cc:3060] T 28032fdd08cc4e20979801e295daf2da P 5fe2be23c09e4b6cb8565140bcfdb51e [term 0 FOLLOWER]: Advancing to term 1
I20260709 14:55:20.631090 18587 leader_election.cc:304] T 9a2139ab39e14396a860425d316c1d17 P 485cb6b89c504106a88a0a2a18fef9f7 [CANDIDATE]: Term 1 election: Election decided. Result: candidate won. Election summary: received 3 responses out of 3 voters: 2 yes votes; 1 no votes. yes voters: 485cb6b89c504106a88a0a2a18fef9f7, 5fe2be23c09e4b6cb8565140bcfdb51e; no voters: b76fe58648ef4de1ba0ae0bffe3f2ebb
I20260709 14:55:20.629292 18815 tablet_bootstrap.cc:492] T ca75f08b76d84ff292aa0e56c27a7c0d P 485cb6b89c504106a88a0a2a18fef9f7: Bootstrap starting.
I20260709 14:55:20.631886 18899 raft_consensus.cc:2804] T 9a2139ab39e14396a860425d316c1d17 P 485cb6b89c504106a88a0a2a18fef9f7 [term 1 FOLLOWER]: Leader election won for term 1
I20260709 14:55:20.632356 18899 raft_consensus.cc:697] T 9a2139ab39e14396a860425d316c1d17 P 485cb6b89c504106a88a0a2a18fef9f7 [term 1 LEADER]: Becoming Leader. State: Replica: 485cb6b89c504106a88a0a2a18fef9f7, State: Running, Role: LEADER
I20260709 14:55:20.633137 18899 consensus_queue.cc:237] T 9a2139ab39e14396a860425d316c1d17 P 485cb6b89c504106a88a0a2a18fef9f7 [LEADER]: Queue going to LEADER mode. State: All replicated index: 0, Majority replicated index: 0, Committed index: 0, Last appended: 0.0, Last appended by leader: 0, Current term: 1, Majority size: 2, State: 0, Mode: LEADER, active raft config: opid_index: -1 OBSOLETE_local: false peers { permanent_uuid: "485cb6b89c504106a88a0a2a18fef9f7" member_type: VOTER last_known_addr { host: "127.17.31.129" port: 34695 } } peers { permanent_uuid: "5fe2be23c09e4b6cb8565140bcfdb51e" member_type: VOTER last_known_addr { host: "127.17.31.130" port: 39053 } } peers { permanent_uuid: "b76fe58648ef4de1ba0ae0bffe3f2ebb" member_type: VOTER last_known_addr { host: "127.17.31.131" port: 43621 } }
I20260709 14:55:20.635028 18814 tablet_bootstrap.cc:654] T f47d68c6940241b4af7973aab0b9da59 P 5fe2be23c09e4b6cb8565140bcfdb51e: Neither blocks nor log segments found. Creating new log.
I20260709 14:55:20.635553 18844 consensus_queue.cc:1048] T d7e3047c549e4e82abe184118ef38687 P 485cb6b89c504106a88a0a2a18fef9f7 [LEADER]: Connected to new peer: Peer: permanent_uuid: "b76fe58648ef4de1ba0ae0bffe3f2ebb" member_type: VOTER last_known_addr { host: "127.17.31.131" port: 43621 }, Status: LMP_MISMATCH, Last received: 0.0, Next index: 1, Last known committed idx: 0, Time since last communication: 0.000s
I20260709 14:55:20.636363 18621 raft_consensus.cc:2468] T 28032fdd08cc4e20979801e295daf2da P 485cb6b89c504106a88a0a2a18fef9f7 [term 0 FOLLOWER]: Leader pre-election vote request: Granting yes vote for candidate 5fe2be23c09e4b6cb8565140bcfdb51e in term 0.
I20260709 14:55:20.638489 18813 ts_tablet_manager.cc:1434] T aee0f3dfa26f46b3968a3a9f52509231 P b76fe58648ef4de1ba0ae0bffe3f2ebb: Time spent starting tablet: real 0.099s	user 0.005s	sys 0.000s
I20260709 14:55:20.639469 18813 tablet_bootstrap.cc:492] T 9a2139ab39e14396a860425d316c1d17 P b76fe58648ef4de1ba0ae0bffe3f2ebb: Bootstrap starting.
I20260709 14:55:20.640252 18815 tablet_bootstrap.cc:654] T ca75f08b76d84ff292aa0e56c27a7c0d P 485cb6b89c504106a88a0a2a18fef9f7: Neither blocks nor log segments found. Creating new log.
I20260709 14:55:20.642268 18817 raft_consensus.cc:493] T 8bb567e15f61490aba177d64586ea585 P b76fe58648ef4de1ba0ae0bffe3f2ebb [term 0 FOLLOWER]: Starting pre-election (no leader contacted us within the election timeout)
I20260709 14:55:20.642782 18817 raft_consensus.cc:515] T 8bb567e15f61490aba177d64586ea585 P b76fe58648ef4de1ba0ae0bffe3f2ebb [term 0 FOLLOWER]: Starting pre-election with config: opid_index: -1 OBSOLETE_local: false peers { permanent_uuid: "485cb6b89c504106a88a0a2a18fef9f7" member_type: VOTER last_known_addr { host: "127.17.31.129" port: 34695 } } peers { permanent_uuid: "5fe2be23c09e4b6cb8565140bcfdb51e" member_type: VOTER last_known_addr { host: "127.17.31.130" port: 39053 } } peers { permanent_uuid: "b76fe58648ef4de1ba0ae0bffe3f2ebb" member_type: VOTER last_known_addr { host: "127.17.31.131" port: 43621 } }
I20260709 14:55:20.644858 18817 leader_election.cc:290] T 8bb567e15f61490aba177d64586ea585 P b76fe58648ef4de1ba0ae0bffe3f2ebb [CANDIDATE]: Term 1 pre-election: Requested pre-vote from peers 485cb6b89c504106a88a0a2a18fef9f7 (127.17.31.129:34695), 5fe2be23c09e4b6cb8565140bcfdb51e (127.17.31.130:39053)
I20260709 14:55:20.646076 18697 tablet_service.cc:1917] Received RequestConsensusVote() RPC: tablet_id: "8bb567e15f61490aba177d64586ea585" candidate_uuid: "b76fe58648ef4de1ba0ae0bffe3f2ebb" candidate_term: 1 candidate_status { last_received { term: 0 index: 0 } } ignore_live_leader: false dest_uuid: "5fe2be23c09e4b6cb8565140bcfdb51e" is_pre_election: true
I20260709 14:55:20.647830 18623 tablet_service.cc:1917] Received RequestConsensusVote() RPC: tablet_id: "8bb567e15f61490aba177d64586ea585" candidate_uuid: "b76fe58648ef4de1ba0ae0bffe3f2ebb" candidate_term: 1 candidate_status { last_received { term: 0 index: 0 } } ignore_live_leader: false dest_uuid: "485cb6b89c504106a88a0a2a18fef9f7" is_pre_election: true
I20260709 14:55:20.634794 18519 catalog_manager.cc:5697] T 87556de09e3a45248753cf7649ecd9b0 P 485cb6b89c504106a88a0a2a18fef9f7 reported cstate change: term changed from 0 to 1, leader changed from <none> to 485cb6b89c504106a88a0a2a18fef9f7 (127.17.31.129). New cstate: current_term: 1 leader_uuid: "485cb6b89c504106a88a0a2a18fef9f7" committed_config { opid_index: -1 OBSOLETE_local: false peers { permanent_uuid: "485cb6b89c504106a88a0a2a18fef9f7" member_type: VOTER last_known_addr { host: "127.17.31.129" port: 34695 } health_report { overall_health: HEALTHY } } peers { permanent_uuid: "5fe2be23c09e4b6cb8565140bcfdb51e" member_type: VOTER last_known_addr { host: "127.17.31.130" port: 39053 } health_report { overall_health: UNKNOWN } } peers { permanent_uuid: "b76fe58648ef4de1ba0ae0bffe3f2ebb" member_type: VOTER last_known_addr { host: "127.17.31.131" port: 43621 } health_report { overall_health: UNKNOWN } } }
I20260709 14:55:20.648584 18623 raft_consensus.cc:2393] T 8bb567e15f61490aba177d64586ea585 P 485cb6b89c504106a88a0a2a18fef9f7 [term 1 FOLLOWER]: Leader pre-election vote request: Denying vote to candidate b76fe58648ef4de1ba0ae0bffe3f2ebb in current term 1: Already voted for candidate 5fe2be23c09e4b6cb8565140bcfdb51e in this term.
I20260709 14:55:20.649807 18737 leader_election.cc:304] T 8bb567e15f61490aba177d64586ea585 P b76fe58648ef4de1ba0ae0bffe3f2ebb [CANDIDATE]: Term 1 pre-election: Election decided. Result: candidate lost. Election summary: received 3 responses out of 3 voters: 1 yes votes; 2 no votes. yes voters: b76fe58648ef4de1ba0ae0bffe3f2ebb; no voters: 485cb6b89c504106a88a0a2a18fef9f7, 5fe2be23c09e4b6cb8565140bcfdb51e
I20260709 14:55:20.650950 18817 raft_consensus.cc:3060] T 8bb567e15f61490aba177d64586ea585 P b76fe58648ef4de1ba0ae0bffe3f2ebb [term 0 FOLLOWER]: Advancing to term 1
I20260709 14:55:20.657734 18817 raft_consensus.cc:2749] T 8bb567e15f61490aba177d64586ea585 P b76fe58648ef4de1ba0ae0bffe3f2ebb [term 1 FOLLOWER]: Leader pre-election lost for term 1. Reason: could not achieve majority
I20260709 14:55:20.658694 18813 tablet_bootstrap.cc:654] T 9a2139ab39e14396a860425d316c1d17 P b76fe58648ef4de1ba0ae0bffe3f2ebb: Neither blocks nor log segments found. Creating new log.
I20260709 14:55:20.663651 18822 raft_consensus.cc:515] T 28032fdd08cc4e20979801e295daf2da P 5fe2be23c09e4b6cb8565140bcfdb51e [term 1 FOLLOWER]: Starting leader election with config: opid_index: -1 OBSOLETE_local: false peers { permanent_uuid: "485cb6b89c504106a88a0a2a18fef9f7" member_type: VOTER last_known_addr { host: "127.17.31.129" port: 34695 } } peers { permanent_uuid: "5fe2be23c09e4b6cb8565140bcfdb51e" member_type: VOTER last_known_addr { host: "127.17.31.130" port: 39053 } } peers { permanent_uuid: "b76fe58648ef4de1ba0ae0bffe3f2ebb" member_type: VOTER last_known_addr { host: "127.17.31.131" port: 43621 } }
I20260709 14:55:20.665751 18822 leader_election.cc:290] T 28032fdd08cc4e20979801e295daf2da P 5fe2be23c09e4b6cb8565140bcfdb51e [CANDIDATE]: Term 1 election: Requested vote from peers 485cb6b89c504106a88a0a2a18fef9f7 (127.17.31.129:34695), b76fe58648ef4de1ba0ae0bffe3f2ebb (127.17.31.131:43621)
I20260709 14:55:20.666556 18623 tablet_service.cc:1917] Received RequestConsensusVote() RPC: tablet_id: "28032fdd08cc4e20979801e295daf2da" candidate_uuid: "5fe2be23c09e4b6cb8565140bcfdb51e" candidate_term: 1 candidate_status { last_received { term: 0 index: 0 } } ignore_live_leader: false dest_uuid: "485cb6b89c504106a88a0a2a18fef9f7"
I20260709 14:55:20.669278 18623 raft_consensus.cc:3060] T 28032fdd08cc4e20979801e295daf2da P 485cb6b89c504106a88a0a2a18fef9f7 [term 0 FOLLOWER]: Advancing to term 1
I20260709 14:55:20.667009 18772 tablet_service.cc:1917] Received RequestConsensusVote() RPC: tablet_id: "28032fdd08cc4e20979801e295daf2da" candidate_uuid: "5fe2be23c09e4b6cb8565140bcfdb51e" candidate_term: 1 candidate_status { last_received { term: 0 index: 0 } } ignore_live_leader: false dest_uuid: "b76fe58648ef4de1ba0ae0bffe3f2ebb"
I20260709 14:55:20.671591 18772 raft_consensus.cc:3060] T 28032fdd08cc4e20979801e295daf2da P b76fe58648ef4de1ba0ae0bffe3f2ebb [term 0 FOLLOWER]: Advancing to term 1
I20260709 14:55:20.671860 18841 consensus_queue.cc:1048] T f4a49243f59d4ab686b16e78f87a3f73 P 5fe2be23c09e4b6cb8565140bcfdb51e [LEADER]: Connected to new peer: Peer: permanent_uuid: "485cb6b89c504106a88a0a2a18fef9f7" member_type: VOTER last_known_addr { host: "127.17.31.129" port: 34695 }, Status: LMP_MISMATCH, Last received: 0.0, Next index: 1, Last known committed idx: 0, Time since last communication: 0.000s
I20260709 14:55:20.679522 18813 tablet_bootstrap.cc:492] T 9a2139ab39e14396a860425d316c1d17 P b76fe58648ef4de1ba0ae0bffe3f2ebb: No bootstrap required, opened a new log
I20260709 14:55:20.680061 18813 ts_tablet_manager.cc:1403] T 9a2139ab39e14396a860425d316c1d17 P b76fe58648ef4de1ba0ae0bffe3f2ebb: Time spent bootstrapping tablet: real 0.041s	user 0.013s	sys 0.000s
I20260709 14:55:20.682256 18772 raft_consensus.cc:2468] T 28032fdd08cc4e20979801e295daf2da P b76fe58648ef4de1ba0ae0bffe3f2ebb [term 1 FOLLOWER]: Leader election vote request: Granting yes vote for candidate 5fe2be23c09e4b6cb8565140bcfdb51e in term 1.
I20260709 14:55:20.682708 18813 raft_consensus.cc:359] T 9a2139ab39e14396a860425d316c1d17 P b76fe58648ef4de1ba0ae0bffe3f2ebb [term 0 FOLLOWER]: Replica starting. Triggering 0 pending ops. Active config: opid_index: -1 OBSOLETE_local: false peers { permanent_uuid: "485cb6b89c504106a88a0a2a18fef9f7" member_type: VOTER last_known_addr { host: "127.17.31.129" port: 34695 } } peers { permanent_uuid: "5fe2be23c09e4b6cb8565140bcfdb51e" member_type: VOTER last_known_addr { host: "127.17.31.130" port: 39053 } } peers { permanent_uuid: "b76fe58648ef4de1ba0ae0bffe3f2ebb" member_type: VOTER last_known_addr { host: "127.17.31.131" port: 43621 } }
I20260709 14:55:20.683643 18665 leader_election.cc:304] T 28032fdd08cc4e20979801e295daf2da P 5fe2be23c09e4b6cb8565140bcfdb51e [CANDIDATE]: Term 1 election: Election decided. Result: candidate won. Election summary: received 2 responses out of 3 voters: 2 yes votes; 0 no votes. yes voters: 5fe2be23c09e4b6cb8565140bcfdb51e, b76fe58648ef4de1ba0ae0bffe3f2ebb; no voters: 
