I20260709 14:55:23.307153 26371 raft_consensus.cc:359] T fb5ed53540cc43139f0dd9c0c607e043 P 83615ba13cf64fb38d9066d73909d4bf [term 0 FOLLOWER]: Replica starting. Triggering 0 pending ops. Active config: opid_index: -1 OBSOLETE_local: false peers { permanent_uuid: "83615ba13cf64fb38d9066d73909d4bf" member_type: VOTER last_known_addr { host: "127.24.119.1" port: 41611 } } peers { permanent_uuid: "541db0b4a9464826b34a2db3d80c38c0" member_type: VOTER last_known_addr { host: "127.24.119.2" port: 46077 } } peers { permanent_uuid: "f24bef78f1584744beca96fe892ad06c" member_type: VOTER last_known_addr { host: "127.24.119.3" port: 44201 } }
I20260709 14:55:23.315989 26371 raft_consensus.cc:385] T fb5ed53540cc43139f0dd9c0c607e043 P 83615ba13cf64fb38d9066d73909d4bf [term 0 FOLLOWER]: Consensus starting up: Expiring failure detector timer to make a prompt election more likely
I20260709 14:55:23.316313 26371 raft_consensus.cc:740] T fb5ed53540cc43139f0dd9c0c607e043 P 83615ba13cf64fb38d9066d73909d4bf [term 0 FOLLOWER]: Becoming Follower/Learner. State: Replica: 83615ba13cf64fb38d9066d73909d4bf, State: Initialized, Role: FOLLOWER
W20260709 14:55:23.317667 26297 leader_election.cc:343] T 12e84860d14c41f6a3917c20c1ed0366 P f24bef78f1584744beca96fe892ad06c [CANDIDATE]: Term 1 election: Tablet error from VoteRequest() call to peer 83615ba13cf64fb38d9066d73909d4bf (127.24.119.1:41611): Illegal state: must be running to vote when last-logged opid is not known
I20260709 14:55:23.313707 26606 raft_consensus.cc:2804] T 12e84860d14c41f6a3917c20c1ed0366 P f24bef78f1584744beca96fe892ad06c [term 1 FOLLOWER]: Leader election won for term 1
I20260709 14:55:23.323855 26606 raft_consensus.cc:697] T 12e84860d14c41f6a3917c20c1ed0366 P f24bef78f1584744beca96fe892ad06c [term 1 LEADER]: Becoming Leader. State: Replica: f24bef78f1584744beca96fe892ad06c, State: Running, Role: LEADER
I20260709 14:55:23.324755 26606 consensus_queue.cc:237] T 12e84860d14c41f6a3917c20c1ed0366 P f24bef78f1584744beca96fe892ad06c [LEADER]: Queue going to LEADER mode. State: All replicated index: 0, Majority replicated index: 0, Committed index: 0, Last appended: 0.0, Last appended by leader: 0, Current term: 1, Majority size: 2, State: 0, Mode: LEADER, active raft config: opid_index: -1 OBSOLETE_local: false peers { permanent_uuid: "83615ba13cf64fb38d9066d73909d4bf" member_type: VOTER last_known_addr { host: "127.24.119.1" port: 41611 } } peers { permanent_uuid: "541db0b4a9464826b34a2db3d80c38c0" member_type: VOTER last_known_addr { host: "127.24.119.2" port: 46077 } } peers { permanent_uuid: "f24bef78f1584744beca96fe892ad06c" member_type: VOTER last_known_addr { host: "127.24.119.3" port: 44201 } }
I20260709 14:55:23.337080 26371 consensus_queue.cc:260] T fb5ed53540cc43139f0dd9c0c607e043 P 83615ba13cf64fb38d9066d73909d4bf [NON_LEADER]: Queue going to NON_LEADER mode. State: All replicated index: 0, Majority replicated index: 0, Committed index: 0, Last appended: 0.0, Last appended by leader: 0, Current term: 0, Majority size: -1, State: 0, Mode: NON_LEADER, active raft config: opid_index: -1 OBSOLETE_local: false peers { permanent_uuid: "83615ba13cf64fb38d9066d73909d4bf" member_type: VOTER last_known_addr { host: "127.24.119.1" port: 41611 } } peers { permanent_uuid: "541db0b4a9464826b34a2db3d80c38c0" member_type: VOTER last_known_addr { host: "127.24.119.2" port: 46077 } } peers { permanent_uuid: "f24bef78f1584744beca96fe892ad06c" member_type: VOTER last_known_addr { host: "127.24.119.3" port: 44201 } }
I20260709 14:55:23.350898 26371 ts_tablet_manager.cc:1434] T fb5ed53540cc43139f0dd9c0c607e043 P 83615ba13cf64fb38d9066d73909d4bf: Time spent starting tablet: real 0.047s	user 0.008s	sys 0.000s
I20260709 14:55:23.353439 26370 tablet_bootstrap.cc:654] T 40ef7271e7bc462692e9aa1b2df614f7 P 541db0b4a9464826b34a2db3d80c38c0: Neither blocks nor log segments found. Creating new log.
I20260709 14:55:23.356477 26372 tablet_bootstrap.cc:492] T 447f07c2518f479a93839679f3de4704 P f24bef78f1584744beca96fe892ad06c: No bootstrap required, opened a new log
I20260709 14:55:23.360838 26372 ts_tablet_manager.cc:1403] T 447f07c2518f479a93839679f3de4704 P f24bef78f1584744beca96fe892ad06c: Time spent bootstrapping tablet: real 0.110s	user 0.013s	sys 0.000s
I20260709 14:55:23.361752 26371 tablet_bootstrap.cc:492] T 12e84860d14c41f6a3917c20c1ed0366 P 83615ba13cf64fb38d9066d73909d4bf: Bootstrap starting.
I20260709 14:55:23.365229 26372 raft_consensus.cc:359] T 447f07c2518f479a93839679f3de4704 P f24bef78f1584744beca96fe892ad06c [term 0 FOLLOWER]: Replica starting. Triggering 0 pending ops. Active config: opid_index: -1 OBSOLETE_local: false peers { permanent_uuid: "83615ba13cf64fb38d9066d73909d4bf" member_type: VOTER last_known_addr { host: "127.24.119.1" port: 41611 } } peers { permanent_uuid: "541db0b4a9464826b34a2db3d80c38c0" member_type: VOTER last_known_addr { host: "127.24.119.2" port: 46077 } } peers { permanent_uuid: "f24bef78f1584744beca96fe892ad06c" member_type: VOTER last_known_addr { host: "127.24.119.3" port: 44201 } }
I20260709 14:55:23.366678 26372 raft_consensus.cc:385] T 447f07c2518f479a93839679f3de4704 P f24bef78f1584744beca96fe892ad06c [term 0 FOLLOWER]: Consensus starting up: Expiring failure detector timer to make a prompt election more likely
I20260709 14:55:23.367096 26372 raft_consensus.cc:740] T 447f07c2518f479a93839679f3de4704 P f24bef78f1584744beca96fe892ad06c [term 0 FOLLOWER]: Becoming Follower/Learner. State: Replica: f24bef78f1584744beca96fe892ad06c, State: Initialized, Role: FOLLOWER
I20260709 14:55:23.368100 26372 consensus_queue.cc:260] T 447f07c2518f479a93839679f3de4704 P f24bef78f1584744beca96fe892ad06c [NON_LEADER]: Queue going to NON_LEADER mode. State: All replicated index: 0, Majority replicated index: 0, Committed index: 0, Last appended: 0.0, Last appended by leader: 0, Current term: 0, Majority size: -1, State: 0, Mode: NON_LEADER, active raft config: opid_index: -1 OBSOLETE_local: false peers { permanent_uuid: "83615ba13cf64fb38d9066d73909d4bf" member_type: VOTER last_known_addr { host: "127.24.119.1" port: 41611 } } peers { permanent_uuid: "541db0b4a9464826b34a2db3d80c38c0" member_type: VOTER last_known_addr { host: "127.24.119.2" port: 46077 } } peers { permanent_uuid: "f24bef78f1584744beca96fe892ad06c" member_type: VOTER last_known_addr { host: "127.24.119.3" port: 44201 } }
I20260709 14:55:23.369655 26371 tablet_bootstrap.cc:654] T 12e84860d14c41f6a3917c20c1ed0366 P 83615ba13cf64fb38d9066d73909d4bf: Neither blocks nor log segments found. Creating new log.
I20260709 14:55:23.370349 26372 ts_tablet_manager.cc:1434] T 447f07c2518f479a93839679f3de4704 P f24bef78f1584744beca96fe892ad06c: Time spent starting tablet: real 0.009s	user 0.006s	sys 0.003s
I20260709 14:55:23.371189 26370 tablet_bootstrap.cc:492] T 40ef7271e7bc462692e9aa1b2df614f7 P 541db0b4a9464826b34a2db3d80c38c0: No bootstrap required, opened a new log
I20260709 14:55:23.371524 26372 tablet_bootstrap.cc:492] T 40ef7271e7bc462692e9aa1b2df614f7 P f24bef78f1584744beca96fe892ad06c: Bootstrap starting.
I20260709 14:55:23.371783 26370 ts_tablet_manager.cc:1403] T 40ef7271e7bc462692e9aa1b2df614f7 P 541db0b4a9464826b34a2db3d80c38c0: Time spent bootstrapping tablet: real 0.086s	user 0.010s	sys 0.011s
I20260709 14:55:23.374658 26370 raft_consensus.cc:359] T 40ef7271e7bc462692e9aa1b2df614f7 P 541db0b4a9464826b34a2db3d80c38c0 [term 0 FOLLOWER]: Replica starting. Triggering 0 pending ops. Active config: opid_index: -1 OBSOLETE_local: false peers { permanent_uuid: "83615ba13cf64fb38d9066d73909d4bf" member_type: VOTER last_known_addr { host: "127.24.119.1" port: 41611 } } peers { permanent_uuid: "541db0b4a9464826b34a2db3d80c38c0" member_type: VOTER last_known_addr { host: "127.24.119.2" port: 46077 } } peers { permanent_uuid: "f24bef78f1584744beca96fe892ad06c" member_type: VOTER last_known_addr { host: "127.24.119.3" port: 44201 } }
I20260709 14:55:23.375533 26370 raft_consensus.cc:385] T 40ef7271e7bc462692e9aa1b2df614f7 P 541db0b4a9464826b34a2db3d80c38c0 [term 0 FOLLOWER]: Consensus starting up: Expiring failure detector timer to make a prompt election more likely
I20260709 14:55:23.375885 26370 raft_consensus.cc:740] T 40ef7271e7bc462692e9aa1b2df614f7 P 541db0b4a9464826b34a2db3d80c38c0 [term 0 FOLLOWER]: Becoming Follower/Learner. State: Replica: 541db0b4a9464826b34a2db3d80c38c0, State: Initialized, Role: FOLLOWER
I20260709 14:55:23.376787 26370 consensus_queue.cc:260] T 40ef7271e7bc462692e9aa1b2df614f7 P 541db0b4a9464826b34a2db3d80c38c0 [NON_LEADER]: Queue going to NON_LEADER mode. State: All replicated index: 0, Majority replicated index: 0, Committed index: 0, Last appended: 0.0, Last appended by leader: 0, Current term: 0, Majority size: -1, State: 0, Mode: NON_LEADER, active raft config: opid_index: -1 OBSOLETE_local: false peers { permanent_uuid: "83615ba13cf64fb38d9066d73909d4bf" member_type: VOTER last_known_addr { host: "127.24.119.1" port: 41611 } } peers { permanent_uuid: "541db0b4a9464826b34a2db3d80c38c0" member_type: VOTER last_known_addr { host: "127.24.119.2" port: 46077 } } peers { permanent_uuid: "f24bef78f1584744beca96fe892ad06c" member_type: VOTER last_known_addr { host: "127.24.119.3" port: 44201 } }
I20260709 14:55:23.378297 26372 tablet_bootstrap.cc:654] T 40ef7271e7bc462692e9aa1b2df614f7 P f24bef78f1584744beca96fe892ad06c: Neither blocks nor log segments found. Creating new log.
I20260709 14:55:23.379004 26370 ts_tablet_manager.cc:1434] T 40ef7271e7bc462692e9aa1b2df614f7 P 541db0b4a9464826b34a2db3d80c38c0: Time spent starting tablet: real 0.007s	user 0.006s	sys 0.000s
I20260709 14:55:23.390779 26552 raft_consensus.cc:493] T 13879fb5a3354b598ef4198484b925b1 P f24bef78f1584744beca96fe892ad06c [term 0 FOLLOWER]: Starting pre-election (no leader contacted us within the election timeout)
I20260709 14:55:23.391360 26552 raft_consensus.cc:515] T 13879fb5a3354b598ef4198484b925b1 P f24bef78f1584744beca96fe892ad06c [term 0 FOLLOWER]: Starting pre-election with config: opid_index: -1 OBSOLETE_local: false peers { permanent_uuid: "83615ba13cf64fb38d9066d73909d4bf" member_type: VOTER last_known_addr { host: "127.24.119.1" port: 41611 } } peers { permanent_uuid: "541db0b4a9464826b34a2db3d80c38c0" member_type: VOTER last_known_addr { host: "127.24.119.2" port: 46077 } } peers { permanent_uuid: "f24bef78f1584744beca96fe892ad06c" member_type: VOTER last_known_addr { host: "127.24.119.3" port: 44201 } }
I20260709 14:55:23.397202 26179 tablet_service.cc:1917] Received RequestConsensusVote() RPC: tablet_id: "13879fb5a3354b598ef4198484b925b1" candidate_uuid: "f24bef78f1584744beca96fe892ad06c" candidate_term: 1 candidate_status { last_received { term: 0 index: 0 } } ignore_live_leader: false dest_uuid: "83615ba13cf64fb38d9066d73909d4bf" is_pre_election: true
I20260709 14:55:23.397250 26253 tablet_service.cc:1917] Received RequestConsensusVote() RPC: tablet_id: "13879fb5a3354b598ef4198484b925b1" candidate_uuid: "f24bef78f1584744beca96fe892ad06c" candidate_term: 1 candidate_status { last_received { term: 0 index: 0 } } ignore_live_leader: false dest_uuid: "541db0b4a9464826b34a2db3d80c38c0" is_pre_election: true
I20260709 14:55:23.399487 26296 leader_election.cc:304] T 13879fb5a3354b598ef4198484b925b1 P f24bef78f1584744beca96fe892ad06c [CANDIDATE]: Term 1 pre-election: Election decided. Result: candidate lost. Election summary: received 3 responses out of 3 voters: 1 yes votes; 2 no votes. yes voters: f24bef78f1584744beca96fe892ad06c; no voters: 541db0b4a9464826b34a2db3d80c38c0, 83615ba13cf64fb38d9066d73909d4bf
I20260709 14:55:23.400527 26609 raft_consensus.cc:2749] T 13879fb5a3354b598ef4198484b925b1 P f24bef78f1584744beca96fe892ad06c [term 0 FOLLOWER]: Leader pre-election lost for term 1. Reason: could not achieve majority
I20260709 14:55:23.397898 26552 leader_election.cc:290] T 13879fb5a3354b598ef4198484b925b1 P f24bef78f1584744beca96fe892ad06c [CANDIDATE]: Term 1 pre-election: Requested pre-vote from peers 83615ba13cf64fb38d9066d73909d4bf (127.24.119.1:41611), 541db0b4a9464826b34a2db3d80c38c0 (127.24.119.2:46077)
I20260709 14:55:23.402735 26370 tablet_bootstrap.cc:492] T 7aacb91847ea455d98c427aa781e7dc0 P 541db0b4a9464826b34a2db3d80c38c0: Bootstrap starting.
I20260709 14:55:23.411679 26371 tablet_bootstrap.cc:492] T 12e84860d14c41f6a3917c20c1ed0366 P 83615ba13cf64fb38d9066d73909d4bf: No bootstrap required, opened a new log
I20260709 14:55:23.412287 26371 ts_tablet_manager.cc:1403] T 12e84860d14c41f6a3917c20c1ed0366 P 83615ba13cf64fb38d9066d73909d4bf: Time spent bootstrapping tablet: real 0.051s	user 0.009s	sys 0.010s
I20260709 14:55:23.415674 26371 raft_consensus.cc:359] T 12e84860d14c41f6a3917c20c1ed0366 P 83615ba13cf64fb38d9066d73909d4bf [term 0 FOLLOWER]: Replica starting. Triggering 0 pending ops. Active config: opid_index: -1 OBSOLETE_local: false peers { permanent_uuid: "83615ba13cf64fb38d9066d73909d4bf" member_type: VOTER last_known_addr { host: "127.24.119.1" port: 41611 } } peers { permanent_uuid: "541db0b4a9464826b34a2db3d80c38c0" member_type: VOTER last_known_addr { host: "127.24.119.2" port: 46077 } } peers { permanent_uuid: "f24bef78f1584744beca96fe892ad06c" member_type: VOTER last_known_addr { host: "127.24.119.3" port: 44201 } }
I20260709 14:55:23.416498 26371 raft_consensus.cc:385] T 12e84860d14c41f6a3917c20c1ed0366 P 83615ba13cf64fb38d9066d73909d4bf [term 0 FOLLOWER]: Consensus starting up: Expiring failure detector timer to make a prompt election more likely
I20260709 14:55:23.416774 26371 raft_consensus.cc:740] T 12e84860d14c41f6a3917c20c1ed0366 P 83615ba13cf64fb38d9066d73909d4bf [term 0 FOLLOWER]: Becoming Follower/Learner. State: Replica: 83615ba13cf64fb38d9066d73909d4bf, State: Initialized, Role: FOLLOWER
I20260709 14:55:23.417484 26371 consensus_queue.cc:260] T 12e84860d14c41f6a3917c20c1ed0366 P 83615ba13cf64fb38d9066d73909d4bf [NON_LEADER]: Queue going to NON_LEADER mode. State: All replicated index: 0, Majority replicated index: 0, Committed index: 0, Last appended: 0.0, Last appended by leader: 0, Current term: 0, Majority size: -1, State: 0, Mode: NON_LEADER, active raft config: opid_index: -1 OBSOLETE_local: false peers { permanent_uuid: "83615ba13cf64fb38d9066d73909d4bf" member_type: VOTER last_known_addr { host: "127.24.119.1" port: 41611 } } peers { permanent_uuid: "541db0b4a9464826b34a2db3d80c38c0" member_type: VOTER last_known_addr { host: "127.24.119.2" port: 46077 } } peers { permanent_uuid: "f24bef78f1584744beca96fe892ad06c" member_type: VOTER last_known_addr { host: "127.24.119.3" port: 44201 } }
I20260709 14:55:23.419872 26371 ts_tablet_manager.cc:1434] T 12e84860d14c41f6a3917c20c1ed0366 P 83615ba13cf64fb38d9066d73909d4bf: Time spent starting tablet: real 0.007s	user 0.002s	sys 0.003s
I20260709 14:55:23.424952 26370 tablet_bootstrap.cc:654] T 7aacb91847ea455d98c427aa781e7dc0 P 541db0b4a9464826b34a2db3d80c38c0: Neither blocks nor log segments found. Creating new log.
I20260709 14:55:23.427608 26372 tablet_bootstrap.cc:492] T 40ef7271e7bc462692e9aa1b2df614f7 P f24bef78f1584744beca96fe892ad06c: No bootstrap required, opened a new log
I20260709 14:55:23.428298 26372 ts_tablet_manager.cc:1403] T 40ef7271e7bc462692e9aa1b2df614f7 P f24bef78f1584744beca96fe892ad06c: Time spent bootstrapping tablet: real 0.057s	user 0.009s	sys 0.005s
I20260709 14:55:23.430352 26371 tablet_bootstrap.cc:492] T a21a5d9cc6834b0a96f797d0b88ecbc4 P 83615ba13cf64fb38d9066d73909d4bf: Bootstrap starting.
I20260709 14:55:23.432680 26080 catalog_manager.cc:5697] T 12e84860d14c41f6a3917c20c1ed0366 P f24bef78f1584744beca96fe892ad06c reported cstate change: term changed from 0 to 1, leader changed from <none> to f24bef78f1584744beca96fe892ad06c (127.24.119.3). New cstate: current_term: 1 leader_uuid: "f24bef78f1584744beca96fe892ad06c" committed_config { opid_index: -1 OBSOLETE_local: false peers { permanent_uuid: "83615ba13cf64fb38d9066d73909d4bf" member_type: VOTER last_known_addr { host: "127.24.119.1" port: 41611 } health_report { overall_health: UNKNOWN } } peers { permanent_uuid: "541db0b4a9464826b34a2db3d80c38c0" member_type: VOTER last_known_addr { host: "127.24.119.2" port: 46077 } health_report { overall_health: UNKNOWN } } peers { permanent_uuid: "f24bef78f1584744beca96fe892ad06c" member_type: VOTER last_known_addr { host: "127.24.119.3" port: 44201 } health_report { overall_health: HEALTHY } } }
I20260709 14:55:23.433168 26372 raft_consensus.cc:359] T 40ef7271e7bc462692e9aa1b2df614f7 P f24bef78f1584744beca96fe892ad06c [term 0 FOLLOWER]: Replica starting. Triggering 0 pending ops. Active config: opid_index: -1 OBSOLETE_local: false peers { permanent_uuid: "83615ba13cf64fb38d9066d73909d4bf" member_type: VOTER last_known_addr { host: "127.24.119.1" port: 41611 } } peers { permanent_uuid: "541db0b4a9464826b34a2db3d80c38c0" member_type: VOTER last_known_addr { host: "127.24.119.2" port: 46077 } } peers { permanent_uuid: "f24bef78f1584744beca96fe892ad06c" member_type: VOTER last_known_addr { host: "127.24.119.3" port: 44201 } }
I20260709 14:55:23.433883 26372 raft_consensus.cc:385] T 40ef7271e7bc462692e9aa1b2df614f7 P f24bef78f1584744beca96fe892ad06c [term 0 FOLLOWER]: Consensus starting up: Expiring failure detector timer to make a prompt election more likely
I20260709 14:55:23.434146 26372 raft_consensus.cc:740] T 40ef7271e7bc462692e9aa1b2df614f7 P f24bef78f1584744beca96fe892ad06c [term 0 FOLLOWER]: Becoming Follower/Learner. State: Replica: f24bef78f1584744beca96fe892ad06c, State: Initialized, Role: FOLLOWER
I20260709 14:55:23.435568 26372 consensus_queue.cc:260] T 40ef7271e7bc462692e9aa1b2df614f7 P f24bef78f1584744beca96fe892ad06c [NON_LEADER]: Queue going to NON_LEADER mode. State: All replicated index: 0, Majority replicated index: 0, Committed index: 0, Last appended: 0.0, Last appended by leader: 0, Current term: 0, Majority size: -1, State: 0, Mode: NON_LEADER, active raft config: opid_index: -1 OBSOLETE_local: false peers { permanent_uuid: "83615ba13cf64fb38d9066d73909d4bf" member_type: VOTER last_known_addr { host: "127.24.119.1" port: 41611 } } peers { permanent_uuid: "541db0b4a9464826b34a2db3d80c38c0" member_type: VOTER last_known_addr { host: "127.24.119.2" port: 46077 } } peers { permanent_uuid: "f24bef78f1584744beca96fe892ad06c" member_type: VOTER last_known_addr { host: "127.24.119.3" port: 44201 } }
I20260709 14:55:23.438593 26372 ts_tablet_manager.cc:1434] T 40ef7271e7bc462692e9aa1b2df614f7 P f24bef78f1584744beca96fe892ad06c: Time spent starting tablet: real 0.010s	user 0.005s	sys 0.000s
I20260709 14:55:23.439564 26372 tablet_bootstrap.cc:492] T a21a5d9cc6834b0a96f797d0b88ecbc4 P f24bef78f1584744beca96fe892ad06c: Bootstrap starting.
I20260709 14:55:23.456249 26370 tablet_bootstrap.cc:492] T 7aacb91847ea455d98c427aa781e7dc0 P 541db0b4a9464826b34a2db3d80c38c0: No bootstrap required, opened a new log
I20260709 14:55:23.457253 26370 ts_tablet_manager.cc:1403] T 7aacb91847ea455d98c427aa781e7dc0 P 541db0b4a9464826b34a2db3d80c38c0: Time spent bootstrapping tablet: real 0.055s	user 0.014s	sys 0.006s
I20260709 14:55:23.459178 26371 tablet_bootstrap.cc:654] T a21a5d9cc6834b0a96f797d0b88ecbc4 P 83615ba13cf64fb38d9066d73909d4bf: Neither blocks nor log segments found. Creating new log.
I20260709 14:55:23.461231 26370 raft_consensus.cc:359] T 7aacb91847ea455d98c427aa781e7dc0 P 541db0b4a9464826b34a2db3d80c38c0 [term 0 FOLLOWER]: Replica starting. Triggering 0 pending ops. Active config: opid_index: -1 OBSOLETE_local: false peers { permanent_uuid: "83615ba13cf64fb38d9066d73909d4bf" member_type: VOTER last_known_addr { host: "127.24.119.1" port: 41611 } } peers { permanent_uuid: "541db0b4a9464826b34a2db3d80c38c0" member_type: VOTER last_known_addr { host: "127.24.119.2" port: 46077 } } peers { permanent_uuid: "f24bef78f1584744beca96fe892ad06c" member_type: VOTER last_known_addr { host: "127.24.119.3" port: 44201 } }
I20260709 14:55:23.462266 26370 raft_consensus.cc:385] T 7aacb91847ea455d98c427aa781e7dc0 P 541db0b4a9464826b34a2db3d80c38c0 [term 0 FOLLOWER]: Consensus starting up: Expiring failure detector timer to make a prompt election more likely
I20260709 14:55:23.462544 26370 raft_consensus.cc:740] T 7aacb91847ea455d98c427aa781e7dc0 P 541db0b4a9464826b34a2db3d80c38c0 [term 0 FOLLOWER]: Becoming Follower/Learner. State: Replica: 541db0b4a9464826b34a2db3d80c38c0, State: Initialized, Role: FOLLOWER
I20260709 14:55:23.463243 26370 consensus_queue.cc:260] T 7aacb91847ea455d98c427aa781e7dc0 P 541db0b4a9464826b34a2db3d80c38c0 [NON_LEADER]: Queue going to NON_LEADER mode. State: All replicated index: 0, Majority replicated index: 0, Committed index: 0, Last appended: 0.0, Last appended by leader: 0, Current term: 0, Majority size: -1, State: 0, Mode: NON_LEADER, active raft config: opid_index: -1 OBSOLETE_local: false peers { permanent_uuid: "83615ba13cf64fb38d9066d73909d4bf" member_type: VOTER last_known_addr { host: "127.24.119.1" port: 41611 } } peers { permanent_uuid: "541db0b4a9464826b34a2db3d80c38c0" member_type: VOTER last_known_addr { host: "127.24.119.2" port: 46077 } } peers { permanent_uuid: "f24bef78f1584744beca96fe892ad06c" member_type: VOTER last_known_addr { host: "127.24.119.3" port: 44201 } }
I20260709 14:55:23.464957 26372 tablet_bootstrap.cc:654] T a21a5d9cc6834b0a96f797d0b88ecbc4 P f24bef78f1584744beca96fe892ad06c: Neither blocks nor log segments found. Creating new log.
I20260709 14:55:23.473582 26372 tablet_bootstrap.cc:492] T a21a5d9cc6834b0a96f797d0b88ecbc4 P f24bef78f1584744beca96fe892ad06c: No bootstrap required, opened a new log
I20260709 14:55:23.474148 26372 ts_tablet_manager.cc:1403] T a21a5d9cc6834b0a96f797d0b88ecbc4 P f24bef78f1584744beca96fe892ad06c: Time spent bootstrapping tablet: real 0.035s	user 0.010s	sys 0.004s
I20260709 14:55:23.479470 26372 raft_consensus.cc:359] T a21a5d9cc6834b0a96f797d0b88ecbc4 P f24bef78f1584744beca96fe892ad06c [term 0 FOLLOWER]: Replica starting. Triggering 0 pending ops. Active config: opid_index: -1 OBSOLETE_local: false peers { permanent_uuid: "83615ba13cf64fb38d9066d73909d4bf" member_type: VOTER last_known_addr { host: "127.24.119.1" port: 41611 } } peers { permanent_uuid: "541db0b4a9464826b34a2db3d80c38c0" member_type: VOTER last_known_addr { host: "127.24.119.2" port: 46077 } } peers { permanent_uuid: "f24bef78f1584744beca96fe892ad06c" member_type: VOTER last_known_addr { host: "127.24.119.3" port: 44201 } }
I20260709 14:55:23.480144 26372 raft_consensus.cc:385] T a21a5d9cc6834b0a96f797d0b88ecbc4 P f24bef78f1584744beca96fe892ad06c [term 0 FOLLOWER]: Consensus starting up: Expiring failure detector timer to make a prompt election more likely
I20260709 14:55:23.480453 26371 tablet_bootstrap.cc:492] T a21a5d9cc6834b0a96f797d0b88ecbc4 P 83615ba13cf64fb38d9066d73909d4bf: No bootstrap required, opened a new log
I20260709 14:55:23.480424 26372 raft_consensus.cc:740] T a21a5d9cc6834b0a96f797d0b88ecbc4 P f24bef78f1584744beca96fe892ad06c [term 0 FOLLOWER]: Becoming Follower/Learner. State: Replica: f24bef78f1584744beca96fe892ad06c, State: Initialized, Role: FOLLOWER
I20260709 14:55:23.481099 26371 ts_tablet_manager.cc:1403] T a21a5d9cc6834b0a96f797d0b88ecbc4 P 83615ba13cf64fb38d9066d73909d4bf: Time spent bootstrapping tablet: real 0.060s	user 0.018s	sys 0.005s
I20260709 14:55:23.481281 26372 consensus_queue.cc:260] T a21a5d9cc6834b0a96f797d0b88ecbc4 P f24bef78f1584744beca96fe892ad06c [NON_LEADER]: Queue going to NON_LEADER mode. State: All replicated index: 0, Majority replicated index: 0, Committed index: 0, Last appended: 0.0, Last appended by leader: 0, Current term: 0, Majority size: -1, State: 0, Mode: NON_LEADER, active raft config: opid_index: -1 OBSOLETE_local: false peers { permanent_uuid: "83615ba13cf64fb38d9066d73909d4bf" member_type: VOTER last_known_addr { host: "127.24.119.1" port: 41611 } } peers { permanent_uuid: "541db0b4a9464826b34a2db3d80c38c0" member_type: VOTER last_known_addr { host: "127.24.119.2" port: 46077 } } peers { permanent_uuid: "f24bef78f1584744beca96fe892ad06c" member_type: VOTER last_known_addr { host: "127.24.119.3" port: 44201 } }
I20260709 14:55:23.483958 26371 raft_consensus.cc:359] T a21a5d9cc6834b0a96f797d0b88ecbc4 P 83615ba13cf64fb38d9066d73909d4bf [term 0 FOLLOWER]: Replica starting. Triggering 0 pending ops. Active config: opid_index: -1 OBSOLETE_local: false peers { permanent_uuid: "83615ba13cf64fb38d9066d73909d4bf" member_type: VOTER last_known_addr { host: "127.24.119.1" port: 41611 } } peers { permanent_uuid: "541db0b4a9464826b34a2db3d80c38c0" member_type: VOTER last_known_addr { host: "127.24.119.2" port: 46077 } } peers { permanent_uuid: "f24bef78f1584744beca96fe892ad06c" member_type: VOTER last_known_addr { host: "127.24.119.3" port: 44201 } }
I20260709 14:55:23.484640 26371 raft_consensus.cc:385] T a21a5d9cc6834b0a96f797d0b88ecbc4 P 83615ba13cf64fb38d9066d73909d4bf [term 0 FOLLOWER]: Consensus starting up: Expiring failure detector timer to make a prompt election more likely
I20260709 14:55:23.484956 26371 raft_consensus.cc:740] T a21a5d9cc6834b0a96f797d0b88ecbc4 P 83615ba13cf64fb38d9066d73909d4bf [term 0 FOLLOWER]: Becoming Follower/Learner. State: Replica: 83615ba13cf64fb38d9066d73909d4bf, State: Initialized, Role: FOLLOWER
I20260709 14:55:23.485769 26371 consensus_queue.cc:260] T a21a5d9cc6834b0a96f797d0b88ecbc4 P 83615ba13cf64fb38d9066d73909d4bf [NON_LEADER]: Queue going to NON_LEADER mode. State: All replicated index: 0, Majority replicated index: 0, Committed index: 0, Last appended: 0.0, Last appended by leader: 0, Current term: 0, Majority size: -1, State: 0, Mode: NON_LEADER, active raft config: opid_index: -1 OBSOLETE_local: false peers { permanent_uuid: "83615ba13cf64fb38d9066d73909d4bf" member_type: VOTER last_known_addr { host: "127.24.119.1" port: 41611 } } peers { permanent_uuid: "541db0b4a9464826b34a2db3d80c38c0" member_type: VOTER last_known_addr { host: "127.24.119.2" port: 46077 } } peers { permanent_uuid: "f24bef78f1584744beca96fe892ad06c" member_type: VOTER last_known_addr { host: "127.24.119.3" port: 44201 } }
I20260709 14:55:23.486651 26370 ts_tablet_manager.cc:1434] T 7aacb91847ea455d98c427aa781e7dc0 P 541db0b4a9464826b34a2db3d80c38c0: Time spent starting tablet: real 0.029s	user 0.006s	sys 0.000s
I20260709 14:55:23.489022 26372 ts_tablet_manager.cc:1434] T a21a5d9cc6834b0a96f797d0b88ecbc4 P f24bef78f1584744beca96fe892ad06c: Time spent starting tablet: real 0.015s	user 0.007s	sys 0.000s
I20260709 14:55:23.493768 26372 tablet_bootstrap.cc:492] T fb5ed53540cc43139f0dd9c0c607e043 P f24bef78f1584744beca96fe892ad06c: Bootstrap starting.
I20260709 14:55:23.495980 26371 ts_tablet_manager.cc:1434] T a21a5d9cc6834b0a96f797d0b88ecbc4 P 83615ba13cf64fb38d9066d73909d4bf: Time spent starting tablet: real 0.015s	user 0.005s	sys 0.000s
I20260709 14:55:23.496959 26371 tablet_bootstrap.cc:492] T 0c96dfdaf99d453eb3692d95de90292b P 83615ba13cf64fb38d9066d73909d4bf: Bootstrap starting.
I20260709 14:55:23.498622 26487 consensus_queue.cc:1048] T c67029de0b4d4b7bb3210b4932fa248c P 83615ba13cf64fb38d9066d73909d4bf [LEADER]: Connected to new peer: Peer: permanent_uuid: "f24bef78f1584744beca96fe892ad06c" member_type: VOTER last_known_addr { host: "127.24.119.3" port: 44201 }, Status: LMP_MISMATCH, Last received: 0.0, Next index: 1, Last known committed idx: 0, Time since last communication: 0.000s
I20260709 14:55:23.499677 26372 tablet_bootstrap.cc:654] T fb5ed53540cc43139f0dd9c0c607e043 P f24bef78f1584744beca96fe892ad06c: Neither blocks nor log segments found. Creating new log.
I20260709 14:55:23.509363 26370 tablet_bootstrap.cc:492] T c67029de0b4d4b7bb3210b4932fa248c P 541db0b4a9464826b34a2db3d80c38c0: Bootstrap starting.
I20260709 14:55:23.518945 26486 raft_consensus.cc:493] T fb5ed53540cc43139f0dd9c0c607e043 P 83615ba13cf64fb38d9066d73909d4bf [term 0 FOLLOWER]: Starting pre-election (no leader contacted us within the election timeout)
I20260709 14:55:23.519515 26486 raft_consensus.cc:515] T fb5ed53540cc43139f0dd9c0c607e043 P 83615ba13cf64fb38d9066d73909d4bf [term 0 FOLLOWER]: Starting pre-election with config: opid_index: -1 OBSOLETE_local: false peers { permanent_uuid: "83615ba13cf64fb38d9066d73909d4bf" member_type: VOTER last_known_addr { host: "127.24.119.1" port: 41611 } } peers { permanent_uuid: "541db0b4a9464826b34a2db3d80c38c0" member_type: VOTER last_known_addr { host: "127.24.119.2" port: 46077 } } peers { permanent_uuid: "f24bef78f1584744beca96fe892ad06c" member_type: VOTER last_known_addr { host: "127.24.119.3" port: 44201 } }
I20260709 14:55:23.523626 26486 leader_election.cc:290] T fb5ed53540cc43139f0dd9c0c607e043 P 83615ba13cf64fb38d9066d73909d4bf [CANDIDATE]: Term 1 pre-election: Requested pre-vote from peers 541db0b4a9464826b34a2db3d80c38c0 (127.24.119.2:46077), f24bef78f1584744beca96fe892ad06c (127.24.119.3:44201)
I20260709 14:55:23.523736 26257 tablet_service.cc:1917] Received RequestConsensusVote() RPC: tablet_id: "fb5ed53540cc43139f0dd9c0c607e043" candidate_uuid: "83615ba13cf64fb38d9066d73909d4bf" candidate_term: 1 candidate_status { last_received { term: 0 index: 0 } } ignore_live_leader: false dest_uuid: "541db0b4a9464826b34a2db3d80c38c0" is_pre_election: true
I20260709 14:55:23.524550 26257 raft_consensus.cc:2468] T fb5ed53540cc43139f0dd9c0c607e043 P 541db0b4a9464826b34a2db3d80c38c0 [term 0 FOLLOWER]: Leader pre-election vote request: Granting yes vote for candidate 83615ba13cf64fb38d9066d73909d4bf in term 0.
I20260709 14:55:23.524950 26371 tablet_bootstrap.cc:654] T 0c96dfdaf99d453eb3692d95de90292b P 83615ba13cf64fb38d9066d73909d4bf: Neither blocks nor log segments found. Creating new log.
I20260709 14:55:23.526090 26147 leader_election.cc:304] T fb5ed53540cc43139f0dd9c0c607e043 P 83615ba13cf64fb38d9066d73909d4bf [CANDIDATE]: Term 1 pre-election: Election decided. Result: candidate won. Election summary: received 2 responses out of 3 voters: 2 yes votes; 0 no votes. yes voters: 541db0b4a9464826b34a2db3d80c38c0, 83615ba13cf64fb38d9066d73909d4bf; no voters: 
I20260709 14:55:23.526872 26486 raft_consensus.cc:2804] T fb5ed53540cc43139f0dd9c0c607e043 P 83615ba13cf64fb38d9066d73909d4bf [term 0 FOLLOWER]: Leader pre-election won for term 1
I20260709 14:55:23.527042 26370 tablet_bootstrap.cc:654] T c67029de0b4d4b7bb3210b4932fa248c P 541db0b4a9464826b34a2db3d80c38c0: Neither blocks nor log segments found. Creating new log.
I20260709 14:55:23.527232 26486 raft_consensus.cc:493] T fb5ed53540cc43139f0dd9c0c607e043 P 83615ba13cf64fb38d9066d73909d4bf [term 0 FOLLOWER]: Starting leader election (no leader contacted us within the election timeout)
I20260709 14:55:23.527575 26486 raft_consensus.cc:3060] T fb5ed53540cc43139f0dd9c0c607e043 P 83615ba13cf64fb38d9066d73909d4bf [term 0 FOLLOWER]: Advancing to term 1
I20260709 14:55:23.529541 26327 tablet_service.cc:1917] Received RequestConsensusVote() RPC: tablet_id: "fb5ed53540cc43139f0dd9c0c607e043" candidate_uuid: "83615ba13cf64fb38d9066d73909d4bf" candidate_term: 1 candidate_status { last_received { term: 0 index: 0 } } ignore_live_leader: false dest_uuid: "f24bef78f1584744beca96fe892ad06c" is_pre_election: true
W20260709 14:55:23.533597 26145 leader_election.cc:343] T fb5ed53540cc43139f0dd9c0c607e043 P 83615ba13cf64fb38d9066d73909d4bf [CANDIDATE]: Term 1 pre-election: Tablet error from VoteRequest() call to peer f24bef78f1584744beca96fe892ad06c (127.24.119.3:44201): Illegal state: must be running to vote when last-logged opid is not known
I20260709 14:55:23.535133 26487 raft_consensus.cc:493] T 12e84860d14c41f6a3917c20c1ed0366 P 83615ba13cf64fb38d9066d73909d4bf [term 0 FOLLOWER]: Starting pre-election (no leader contacted us within the election timeout)
I20260709 14:55:23.535374 26486 raft_consensus.cc:515] T fb5ed53540cc43139f0dd9c0c607e043 P 83615ba13cf64fb38d9066d73909d4bf [term 1 FOLLOWER]: Starting leader election with config: opid_index: -1 OBSOLETE_local: false peers { permanent_uuid: "83615ba13cf64fb38d9066d73909d4bf" member_type: VOTER last_known_addr { host: "127.24.119.1" port: 41611 } } peers { permanent_uuid: "541db0b4a9464826b34a2db3d80c38c0" member_type: VOTER last_known_addr { host: "127.24.119.2" port: 46077 } } peers { permanent_uuid: "f24bef78f1584744beca96fe892ad06c" member_type: VOTER last_known_addr { host: "127.24.119.3" port: 44201 } }
I20260709 14:55:23.535617 26487 raft_consensus.cc:515] T 12e84860d14c41f6a3917c20c1ed0366 P 83615ba13cf64fb38d9066d73909d4bf [term 0 FOLLOWER]: Starting pre-election with config: opid_index: -1 OBSOLETE_local: false peers { permanent_uuid: "83615ba13cf64fb38d9066d73909d4bf" member_type: VOTER last_known_addr { host: "127.24.119.1" port: 41611 } } peers { permanent_uuid: "541db0b4a9464826b34a2db3d80c38c0" member_type: VOTER last_known_addr { host: "127.24.119.2" port: 46077 } } peers { permanent_uuid: "f24bef78f1584744beca96fe892ad06c" member_type: VOTER last_known_addr { host: "127.24.119.3" port: 44201 } }
I20260709 14:55:23.546664 26487 leader_election.cc:290] T 12e84860d14c41f6a3917c20c1ed0366 P 83615ba13cf64fb38d9066d73909d4bf [CANDIDATE]: Term 1 pre-election: Requested pre-vote from peers 541db0b4a9464826b34a2db3d80c38c0 (127.24.119.2:46077), f24bef78f1584744beca96fe892ad06c (127.24.119.3:44201)
I20260709 14:55:23.547657 26327 tablet_service.cc:1917] Received RequestConsensusVote() RPC: tablet_id: "12e84860d14c41f6a3917c20c1ed0366" candidate_uuid: "83615ba13cf64fb38d9066d73909d4bf" candidate_term: 1 candidate_status { last_received { term: 0 index: 0 } } ignore_live_leader: false dest_uuid: "f24bef78f1584744beca96fe892ad06c" is_pre_election: true
I20260709 14:55:23.547721 26370 tablet_bootstrap.cc:492] T c67029de0b4d4b7bb3210b4932fa248c P 541db0b4a9464826b34a2db3d80c38c0: No bootstrap required, opened a new log
I20260709 14:55:23.548688 26370 ts_tablet_manager.cc:1403] T c67029de0b4d4b7bb3210b4932fa248c P 541db0b4a9464826b34a2db3d80c38c0: Time spent bootstrapping tablet: real 0.040s	user 0.011s	sys 0.004s
I20260709 14:55:23.548591 26257 tablet_service.cc:1917] Received RequestConsensusVote() RPC: tablet_id: "12e84860d14c41f6a3917c20c1ed0366" candidate_uuid: "83615ba13cf64fb38d9066d73909d4bf" candidate_term: 1 candidate_status { last_received { term: 0 index: 0 } } ignore_live_leader: false dest_uuid: "541db0b4a9464826b34a2db3d80c38c0" is_pre_election: true
I20260709 14:55:23.549499 26257 raft_consensus.cc:2393] T 12e84860d14c41f6a3917c20c1ed0366 P 541db0b4a9464826b34a2db3d80c38c0 [term 1 FOLLOWER]: Leader pre-election vote request: Denying vote to candidate 83615ba13cf64fb38d9066d73909d4bf in current term 1: Already voted for candidate f24bef78f1584744beca96fe892ad06c in this term.
I20260709 14:55:23.550943 26147 leader_election.cc:304] T 12e84860d14c41f6a3917c20c1ed0366 P 83615ba13cf64fb38d9066d73909d4bf [CANDIDATE]: Term 1 pre-election: Election decided. Result: candidate lost. Election summary: received 3 responses out of 3 voters: 1 yes votes; 2 no votes. yes voters: 83615ba13cf64fb38d9066d73909d4bf; no voters: 541db0b4a9464826b34a2db3d80c38c0, f24bef78f1584744beca96fe892ad06c
I20260709 14:55:23.552378 26487 raft_consensus.cc:3060] T 12e84860d14c41f6a3917c20c1ed0366 P 83615ba13cf64fb38d9066d73909d4bf [term 0 FOLLOWER]: Advancing to term 1
I20260709 14:55:23.552976 26370 raft_consensus.cc:359] T c67029de0b4d4b7bb3210b4932fa248c P 541db0b4a9464826b34a2db3d80c38c0 [term 0 FOLLOWER]: Replica starting. Triggering 0 pending ops. Active config: opid_index: -1 OBSOLETE_local: false peers { permanent_uuid: "83615ba13cf64fb38d9066d73909d4bf" member_type: VOTER last_known_addr { host: "127.24.119.1" port: 41611 } } peers { permanent_uuid: "541db0b4a9464826b34a2db3d80c38c0" member_type: VOTER last_known_addr { host: "127.24.119.2" port: 46077 } } peers { permanent_uuid: "f24bef78f1584744beca96fe892ad06c" member_type: VOTER last_known_addr { host: "127.24.119.3" port: 44201 } }
I20260709 14:55:23.553746 26370 raft_consensus.cc:385] T c67029de0b4d4b7bb3210b4932fa248c P 541db0b4a9464826b34a2db3d80c38c0 [term 0 FOLLOWER]: Consensus starting up: Expiring failure detector timer to make a prompt election more likely
I20260709 14:55:23.554008 26370 raft_consensus.cc:740] T c67029de0b4d4b7bb3210b4932fa248c P 541db0b4a9464826b34a2db3d80c38c0 [term 0 FOLLOWER]: Becoming Follower/Learner. State: Replica: 541db0b4a9464826b34a2db3d80c38c0, State: Initialized, Role: FOLLOWER
I20260709 14:55:23.555599 26370 consensus_queue.cc:260] T c67029de0b4d4b7bb3210b4932fa248c P 541db0b4a9464826b34a2db3d80c38c0 [NON_LEADER]: Queue going to NON_LEADER mode. State: All replicated index: 0, Majority replicated index: 0, Committed index: 0, Last appended: 0.0, Last appended by leader: 0, Current term: 0, Majority size: -1, State: 0, Mode: NON_LEADER, active raft config: opid_index: -1 OBSOLETE_local: false peers { permanent_uuid: "83615ba13cf64fb38d9066d73909d4bf" member_type: VOTER last_known_addr { host: "127.24.119.1" port: 41611 } } peers { permanent_uuid: "541db0b4a9464826b34a2db3d80c38c0" member_type: VOTER last_known_addr { host: "127.24.119.2" port: 46077 } } peers { permanent_uuid: "f24bef78f1584744beca96fe892ad06c" member_type: VOTER last_known_addr { host: "127.24.119.3" port: 44201 } }
I20260709 14:55:23.565402 26257 tablet_service.cc:1917] Received RequestConsensusVote() RPC: tablet_id: "fb5ed53540cc43139f0dd9c0c607e043" candidate_uuid: "83615ba13cf64fb38d9066d73909d4bf" candidate_term: 1 candidate_status { last_received { term: 0 index: 0 } } ignore_live_leader: false dest_uuid: "541db0b4a9464826b34a2db3d80c38c0"
I20260709 14:55:23.566100 26257 raft_consensus.cc:3060] T fb5ed53540cc43139f0dd9c0c607e043 P 541db0b4a9464826b34a2db3d80c38c0 [term 0 FOLLOWER]: Advancing to term 1
I20260709 14:55:23.568367 26601 consensus_queue.cc:1048] T 0c96dfdaf99d453eb3692d95de90292b P 541db0b4a9464826b34a2db3d80c38c0 [LEADER]: Connected to new peer: Peer: permanent_uuid: "f24bef78f1584744beca96fe892ad06c" member_type: VOTER last_known_addr { host: "127.24.119.3" port: 44201 }, Status: LMP_MISMATCH, Last received: 0.0, Next index: 1, Last known committed idx: 0, Time since last communication: 0.000s
I20260709 14:55:23.573395 26371 tablet_bootstrap.cc:492] T 0c96dfdaf99d453eb3692d95de90292b P 83615ba13cf64fb38d9066d73909d4bf: No bootstrap required, opened a new log
I20260709 14:55:23.573940 26371 ts_tablet_manager.cc:1403] T 0c96dfdaf99d453eb3692d95de90292b P 83615ba13cf64fb38d9066d73909d4bf: Time spent bootstrapping tablet: real 0.077s	user 0.013s	sys 0.002s
I20260709 14:55:23.576792 26371 raft_consensus.cc:359] T 0c96dfdaf99d453eb3692d95de90292b P 83615ba13cf64fb38d9066d73909d4bf [term 0 FOLLOWER]: Replica starting. Triggering 0 pending ops. Active config: opid_index: -1 OBSOLETE_local: false peers { permanent_uuid: "83615ba13cf64fb38d9066d73909d4bf" member_type: VOTER last_known_addr { host: "127.24.119.1" port: 41611 } } peers { permanent_uuid: "541db0b4a9464826b34a2db3d80c38c0" member_type: VOTER last_known_addr { host: "127.24.119.2" port: 46077 } } peers { permanent_uuid: "f24bef78f1584744beca96fe892ad06c" member_type: VOTER last_known_addr { host: "127.24.119.3" port: 44201 } }
I20260709 14:55:23.577484 26371 raft_consensus.cc:385] T 0c96dfdaf99d453eb3692d95de90292b P 83615ba13cf64fb38d9066d73909d4bf [term 0 FOLLOWER]: Consensus starting up: Expiring failure detector timer to make a prompt election more likely
W20260709 14:55:23.587436 26223 consensus_peers.cc:597] T 0c96dfdaf99d453eb3692d95de90292b P 541db0b4a9464826b34a2db3d80c38c0 -> Peer 83615ba13cf64fb38d9066d73909d4bf (127.24.119.1:41611): Couldn't send request to peer 83615ba13cf64fb38d9066d73909d4bf. Error code: TABLET_NOT_RUNNING (12). Status: Illegal state: Tablet not RUNNING: BOOTSTRAPPING. This is attempt 1: this message will repeat every 5th retry.
I20260709 14:55:23.593986 26371 raft_consensus.cc:740] T 0c96dfdaf99d453eb3692d95de90292b P 83615ba13cf64fb38d9066d73909d4bf [term 0 FOLLOWER]: Becoming Follower/Learner. State: Replica: 83615ba13cf64fb38d9066d73909d4bf, State: Initialized, Role: FOLLOWER
I20260709 14:55:23.594750 26371 consensus_queue.cc:260] T 0c96dfdaf99d453eb3692d95de90292b P 83615ba13cf64fb38d9066d73909d4bf [NON_LEADER]: Queue going to NON_LEADER mode. State: All replicated index: 0, Majority replicated index: 0, Committed index: 0, Last appended: 0.0, Last appended by leader: 0, Current term: 0, Majority size: -1, State: 0, Mode: NON_LEADER, active raft config: opid_index: -1 OBSOLETE_local: false peers { permanent_uuid: "83615ba13cf64fb38d9066d73909d4bf" member_type: VOTER last_known_addr { host: "127.24.119.1" port: 41611 } } peers { permanent_uuid: "541db0b4a9464826b34a2db3d80c38c0" member_type: VOTER last_known_addr { host: "127.24.119.2" port: 46077 } } peers { permanent_uuid: "f24bef78f1584744beca96fe892ad06c" member_type: VOTER last_known_addr { host: "127.24.119.3" port: 44201 } }
I20260709 14:55:23.581293 26487 raft_consensus.cc:2749] T 12e84860d14c41f6a3917c20c1ed0366 P 83615ba13cf64fb38d9066d73909d4bf [term 1 FOLLOWER]: Leader pre-election lost for term 1. Reason: could not achieve majority
I20260709 14:55:23.581923 26486 leader_election.cc:290] T fb5ed53540cc43139f0dd9c0c607e043 P 83615ba13cf64fb38d9066d73909d4bf [CANDIDATE]: Term 1 election: Requested vote from peers 541db0b4a9464826b34a2db3d80c38c0 (127.24.119.2:46077), f24bef78f1584744beca96fe892ad06c (127.24.119.3:44201)
I20260709 14:55:23.604374 26370 ts_tablet_manager.cc:1434] T c67029de0b4d4b7bb3210b4932fa248c P 541db0b4a9464826b34a2db3d80c38c0: Time spent starting tablet: real 0.055s	user 0.006s	sys 0.001s
I20260709 14:55:23.605715 26370 tablet_bootstrap.cc:492] T afd2f9a643244eb8953c5863021dcec9 P 541db0b4a9464826b34a2db3d80c38c0: Bootstrap starting.
I20260709 14:55:23.604269 26327 tablet_service.cc:1917] Received RequestConsensusVote() RPC: tablet_id: "fb5ed53540cc43139f0dd9c0c607e043" candidate_uuid: "83615ba13cf64fb38d9066d73909d4bf" candidate_term: 1 candidate_status { last_received { term: 0 index: 0 } } ignore_live_leader: false dest_uuid: "f24bef78f1584744beca96fe892ad06c"
W20260709 14:55:23.613795 26145 leader_election.cc:343] T fb5ed53540cc43139f0dd9c0c607e043 P 83615ba13cf64fb38d9066d73909d4bf [CANDIDATE]: Term 1 election: Tablet error from VoteRequest() call to peer f24bef78f1584744beca96fe892ad06c (127.24.119.3:44201): Illegal state: must be running to vote when last-logged opid is not known
I20260709 14:55:23.615749 26552 raft_consensus.cc:493] T 40ef7271e7bc462692e9aa1b2df614f7 P f24bef78f1584744beca96fe892ad06c [term 0 FOLLOWER]: Starting pre-election (no leader contacted us within the election timeout)
I20260709 14:55:23.616232 26552 raft_consensus.cc:515] T 40ef7271e7bc462692e9aa1b2df614f7 P f24bef78f1584744beca96fe892ad06c [term 0 FOLLOWER]: Starting pre-election with config: opid_index: -1 OBSOLETE_local: false peers { permanent_uuid: "83615ba13cf64fb38d9066d73909d4bf" member_type: VOTER last_known_addr { host: "127.24.119.1" port: 41611 } } peers { permanent_uuid: "541db0b4a9464826b34a2db3d80c38c0" member_type: VOTER last_known_addr { host: "127.24.119.2" port: 46077 } } peers { permanent_uuid: "f24bef78f1584744beca96fe892ad06c" member_type: VOTER last_known_addr { host: "127.24.119.3" port: 44201 } }
I20260709 14:55:23.623121 26552 leader_election.cc:290] T 40ef7271e7bc462692e9aa1b2df614f7 P f24bef78f1584744beca96fe892ad06c [CANDIDATE]: Term 1 pre-election: Requested pre-vote from peers 83615ba13cf64fb38d9066d73909d4bf (127.24.119.1:41611), 541db0b4a9464826b34a2db3d80c38c0 (127.24.119.2:46077)
I20260709 14:55:23.624226 26182 tablet_service.cc:1917] Received RequestConsensusVote() RPC: tablet_id: "40ef7271e7bc462692e9aa1b2df614f7" candidate_uuid: "f24bef78f1584744beca96fe892ad06c" candidate_term: 1 candidate_status { last_received { term: 0 index: 0 } } ignore_live_leader: false dest_uuid: "83615ba13cf64fb38d9066d73909d4bf" is_pre_election: true
I20260709 14:55:23.624317 26255 tablet_service.cc:1917] Received RequestConsensusVote() RPC: tablet_id: "40ef7271e7bc462692e9aa1b2df614f7" candidate_uuid: "f24bef78f1584744beca96fe892ad06c" candidate_term: 1 candidate_status { last_received { term: 0 index: 0 } } ignore_live_leader: false dest_uuid: "541db0b4a9464826b34a2db3d80c38c0" is_pre_election: true
I20260709 14:55:23.625483 26255 raft_consensus.cc:2468] T 40ef7271e7bc462692e9aa1b2df614f7 P 541db0b4a9464826b34a2db3d80c38c0 [term 0 FOLLOWER]: Leader pre-election vote request: Granting yes vote for candidate f24bef78f1584744beca96fe892ad06c in term 0.
W20260709 14:55:23.625591 26297 leader_election.cc:343] T 40ef7271e7bc462692e9aa1b2df614f7 P f24bef78f1584744beca96fe892ad06c [CANDIDATE]: Term 1 pre-election: Tablet error from VoteRequest() call to peer 83615ba13cf64fb38d9066d73909d4bf (127.24.119.1:41611): Illegal state: must be running to vote when last-logged opid is not known
I20260709 14:55:23.626881 26296 leader_election.cc:304] T 40ef7271e7bc462692e9aa1b2df614f7 P f24bef78f1584744beca96fe892ad06c [CANDIDATE]: Term 1 pre-election: Election decided. Result: candidate won. Election summary: received 3 responses out of 3 voters: 2 yes votes; 1 no votes. yes voters: 541db0b4a9464826b34a2db3d80c38c0, f24bef78f1584744beca96fe892ad06c; no voters: 83615ba13cf64fb38d9066d73909d4bf
I20260709 14:55:23.627491 26552 raft_consensus.cc:2804] T 40ef7271e7bc462692e9aa1b2df614f7 P f24bef78f1584744beca96fe892ad06c [term 0 FOLLOWER]: Leader pre-election won for term 1
I20260709 14:55:23.627903 26552 raft_consensus.cc:493] T 40ef7271e7bc462692e9aa1b2df614f7 P f24bef78f1584744beca96fe892ad06c [term 0 FOLLOWER]: Starting leader election (no leader contacted us within the election timeout)
I20260709 14:55:23.628304 26552 raft_consensus.cc:3060] T 40ef7271e7bc462692e9aa1b2df614f7 P f24bef78f1584744beca96fe892ad06c [term 0 FOLLOWER]: Advancing to term 1
I20260709 14:55:23.630470 26255 raft_consensus.cc:3060] T c67029de0b4d4b7bb3210b4932fa248c P 541db0b4a9464826b34a2db3d80c38c0 [term 0 FOLLOWER]: Advancing to term 1
I20260709 14:55:23.635921 26552 raft_consensus.cc:515] T 40ef7271e7bc462692e9aa1b2df614f7 P f24bef78f1584744beca96fe892ad06c [term 1 FOLLOWER]: Starting leader election with config: opid_index: -1 OBSOLETE_local: false peers { permanent_uuid: "83615ba13cf64fb38d9066d73909d4bf" member_type: VOTER last_known_addr { host: "127.24.119.1" port: 41611 } } peers { permanent_uuid: "541db0b4a9464826b34a2db3d80c38c0" member_type: VOTER last_known_addr { host: "127.24.119.2" port: 46077 } } peers { permanent_uuid: "f24bef78f1584744beca96fe892ad06c" member_type: VOTER last_known_addr { host: "127.24.119.3" port: 44201 } }
I20260709 14:55:23.641608 26182 tablet_service.cc:1917] Received RequestConsensusVote() RPC: tablet_id: "40ef7271e7bc462692e9aa1b2df614f7" candidate_uuid: "f24bef78f1584744beca96fe892ad06c" candidate_term: 1 candidate_status { last_received { term: 0 index: 0 } } ignore_live_leader: false dest_uuid: "83615ba13cf64fb38d9066d73909d4bf"
W20260709 14:55:23.643086 26297 leader_election.cc:343] T 40ef7271e7bc462692e9aa1b2df614f7 P f24bef78f1584744beca96fe892ad06c [CANDIDATE]: Term 1 election: Tablet error from VoteRequest() call to peer 83615ba13cf64fb38d9066d73909d4bf (127.24.119.1:41611): Illegal state: must be running to vote when last-logged opid is not known
I20260709 14:55:23.645596 26253 tablet_service.cc:1917] Received RequestConsensusVote() RPC: tablet_id: "40ef7271e7bc462692e9aa1b2df614f7" candidate_uuid: "f24bef78f1584744beca96fe892ad06c" candidate_term: 1 candidate_status { last_received { term: 0 index: 0 } } ignore_live_leader: false dest_uuid: "541db0b4a9464826b34a2db3d80c38c0"
I20260709 14:55:23.646181 26253 raft_consensus.cc:3060] T 40ef7271e7bc462692e9aa1b2df614f7 P 541db0b4a9464826b34a2db3d80c38c0 [term 0 FOLLOWER]: Advancing to term 1
I20260709 14:55:23.652128 26372 tablet_bootstrap.cc:492] T fb5ed53540cc43139f0dd9c0c607e043 P f24bef78f1584744beca96fe892ad06c: No bootstrap required, opened a new log
I20260709 14:55:23.652648 26372 ts_tablet_manager.cc:1403] T fb5ed53540cc43139f0dd9c0c607e043 P f24bef78f1584744beca96fe892ad06c: Time spent bootstrapping tablet: real 0.159s	user 0.010s	sys 0.034s
I20260709 14:55:23.652567 26257 raft_consensus.cc:2468] T fb5ed53540cc43139f0dd9c0c607e043 P 541db0b4a9464826b34a2db3d80c38c0 [term 1 FOLLOWER]: Leader election vote request: Granting yes vote for candidate 83615ba13cf64fb38d9066d73909d4bf in term 1.
I20260709 14:55:23.653271 26370 tablet_bootstrap.cc:654] T afd2f9a643244eb8953c5863021dcec9 P 541db0b4a9464826b34a2db3d80c38c0: Neither blocks nor log segments found. Creating new log.
I20260709 14:55:23.653980 26147 leader_election.cc:304] T fb5ed53540cc43139f0dd9c0c607e043 P 83615ba13cf64fb38d9066d73909d4bf [CANDIDATE]: Term 1 election: Election decided. Result: candidate won. Election summary: received 3 responses out of 3 voters: 2 yes votes; 1 no votes. yes voters: 541db0b4a9464826b34a2db3d80c38c0, 83615ba13cf64fb38d9066d73909d4bf; no voters: f24bef78f1584744beca96fe892ad06c
I20260709 14:55:23.655409 26629 raft_consensus.cc:2804] T fb5ed53540cc43139f0dd9c0c607e043 P 83615ba13cf64fb38d9066d73909d4bf [term 1 FOLLOWER]: Leader election won for term 1
I20260709 14:55:23.655861 26629 raft_consensus.cc:697] T fb5ed53540cc43139f0dd9c0c607e043 P 83615ba13cf64fb38d9066d73909d4bf [term 1 LEADER]: Becoming Leader. State: Replica: 83615ba13cf64fb38d9066d73909d4bf, State: Running, Role: LEADER
I20260709 14:55:23.656116 26372 raft_consensus.cc:359] T fb5ed53540cc43139f0dd9c0c607e043 P f24bef78f1584744beca96fe892ad06c [term 0 FOLLOWER]: Replica starting. Triggering 0 pending ops. Active config: opid_index: -1 OBSOLETE_local: false peers { permanent_uuid: "83615ba13cf64fb38d9066d73909d4bf" member_type: VOTER last_known_addr { host: "127.24.119.1" port: 41611 } } peers { permanent_uuid: "541db0b4a9464826b34a2db3d80c38c0" member_type: VOTER last_known_addr { host: "127.24.119.2" port: 46077 } } peers { permanent_uuid: "f24bef78f1584744beca96fe892ad06c" member_type: VOTER last_known_addr { host: "127.24.119.3" port: 44201 } }
