I20260709 14:43:57.037739   565 tablet_service.cc:1917] Received RequestConsensusVote() RPC: tablet_id: "0a2b30e5c5a949e3a63aecc4f8a05472" candidate_uuid: "3db2f881c88e43eb867bbaae33281ac7" candidate_term: 1 candidate_status { last_received { term: 0 index: 0 } } ignore_live_leader: false dest_uuid: "988ae0bc5ac2439b9412f37d4e8d4d8d" is_pre_election: true
I20260709 14:43:57.037962   640 tablet_service.cc:1917] Received RequestConsensusVote() RPC: tablet_id: "0a2b30e5c5a949e3a63aecc4f8a05472" candidate_uuid: "3db2f881c88e43eb867bbaae33281ac7" candidate_term: 1 candidate_status { last_received { term: 0 index: 0 } } ignore_live_leader: false dest_uuid: "a1c8e4e93dc24a739334b6ef2cabdb91" is_pre_election: true
I20260709 14:43:57.039194   565 raft_consensus.cc:2393] T 0a2b30e5c5a949e3a63aecc4f8a05472 P 988ae0bc5ac2439b9412f37d4e8d4d8d [term 1 FOLLOWER]: Leader pre-election vote request: Denying vote to candidate 3db2f881c88e43eb867bbaae33281ac7 in current term 1: Already voted for candidate a1c8e4e93dc24a739334b6ef2cabdb91 in this term.
I20260709 14:43:57.040326   680 leader_election.cc:304] T 0a2b30e5c5a949e3a63aecc4f8a05472 P 3db2f881c88e43eb867bbaae33281ac7 [CANDIDATE]: Term 1 pre-election: Election decided. Result: candidate lost. Election summary: received 3 responses out of 3 voters: 1 yes votes; 2 no votes. yes voters: 3db2f881c88e43eb867bbaae33281ac7; no voters: 988ae0bc5ac2439b9412f37d4e8d4d8d, a1c8e4e93dc24a739334b6ef2cabdb91
I20260709 14:43:57.040997   789 raft_consensus.cc:3060] T 0a2b30e5c5a949e3a63aecc4f8a05472 P 3db2f881c88e43eb867bbaae33281ac7 [term 0 FOLLOWER]: Advancing to term 1
I20260709 14:43:57.048620   789 raft_consensus.cc:2749] T 0a2b30e5c5a949e3a63aecc4f8a05472 P 3db2f881c88e43eb867bbaae33281ac7 [term 1 FOLLOWER]: Leader pre-election lost for term 1. Reason: could not achieve majority
I20260709 14:43:57.097640   774 raft_consensus.cc:493] T 4540f0d7aa6b4d638f8080b7ae5d772f P a1c8e4e93dc24a739334b6ef2cabdb91 [term 0 FOLLOWER]: Starting pre-election (no leader contacted us within the election timeout)
I20260709 14:43:57.098203   774 raft_consensus.cc:515] T 4540f0d7aa6b4d638f8080b7ae5d772f P a1c8e4e93dc24a739334b6ef2cabdb91 [term 0 FOLLOWER]: Starting pre-election with config: opid_index: -1 OBSOLETE_local: false peers { permanent_uuid: "988ae0bc5ac2439b9412f37d4e8d4d8d" member_type: VOTER last_known_addr { host: "127.0.107.193" port: 43517 } } peers { permanent_uuid: "a1c8e4e93dc24a739334b6ef2cabdb91" member_type: VOTER last_known_addr { host: "127.0.107.194" port: 43915 } } peers { permanent_uuid: "3db2f881c88e43eb867bbaae33281ac7" member_type: VOTER last_known_addr { host: "127.0.107.195" port: 32825 } }
I20260709 14:43:57.100886   774 leader_election.cc:290] T 4540f0d7aa6b4d638f8080b7ae5d772f P a1c8e4e93dc24a739334b6ef2cabdb91 [CANDIDATE]: Term 1 pre-election: Requested pre-vote from peers 988ae0bc5ac2439b9412f37d4e8d4d8d (127.0.107.193:43517), 3db2f881c88e43eb867bbaae33281ac7 (127.0.107.195:32825)
I20260709 14:43:57.102077   715 tablet_service.cc:1917] Received RequestConsensusVote() RPC: tablet_id: "4540f0d7aa6b4d638f8080b7ae5d772f" candidate_uuid: "a1c8e4e93dc24a739334b6ef2cabdb91" candidate_term: 1 candidate_status { last_received { term: 0 index: 0 } } ignore_live_leader: false dest_uuid: "3db2f881c88e43eb867bbaae33281ac7" is_pre_election: true
I20260709 14:43:57.102263   565 tablet_service.cc:1917] Received RequestConsensusVote() RPC: tablet_id: "4540f0d7aa6b4d638f8080b7ae5d772f" candidate_uuid: "a1c8e4e93dc24a739334b6ef2cabdb91" candidate_term: 1 candidate_status { last_received { term: 0 index: 0 } } ignore_live_leader: false dest_uuid: "988ae0bc5ac2439b9412f37d4e8d4d8d" is_pre_election: true
I20260709 14:43:57.103581   715 raft_consensus.cc:2393] T 4540f0d7aa6b4d638f8080b7ae5d772f P 3db2f881c88e43eb867bbaae33281ac7 [term 1 FOLLOWER]: Leader pre-election vote request: Denying vote to candidate a1c8e4e93dc24a739334b6ef2cabdb91 in current term 1: Already voted for candidate 988ae0bc5ac2439b9412f37d4e8d4d8d in this term.
I20260709 14:43:57.104943   604 leader_election.cc:304] T 4540f0d7aa6b4d638f8080b7ae5d772f P a1c8e4e93dc24a739334b6ef2cabdb91 [CANDIDATE]: Term 1 pre-election: Election decided. Result: candidate lost. Election summary: received 3 responses out of 3 voters: 1 yes votes; 2 no votes. yes voters: a1c8e4e93dc24a739334b6ef2cabdb91; no voters: 3db2f881c88e43eb867bbaae33281ac7, 988ae0bc5ac2439b9412f37d4e8d4d8d
I20260709 14:43:57.105484   774 consensus_queue.cc:1048] T f007d39b93834403a2fce62c8dc62f0c P a1c8e4e93dc24a739334b6ef2cabdb91 [LEADER]: Connected to new peer: Peer: permanent_uuid: "988ae0bc5ac2439b9412f37d4e8d4d8d" member_type: VOTER last_known_addr { host: "127.0.107.193" port: 43517 }, Status: LMP_MISMATCH, Last received: 0.0, Next index: 1, Last known committed idx: 0, Time since last communication: 0.000s
I20260709 14:43:57.105715   792 raft_consensus.cc:3060] T 4540f0d7aa6b4d638f8080b7ae5d772f P a1c8e4e93dc24a739334b6ef2cabdb91 [term 0 FOLLOWER]: Advancing to term 1
I20260709 14:43:57.112890   792 raft_consensus.cc:2749] T 4540f0d7aa6b4d638f8080b7ae5d772f P a1c8e4e93dc24a739334b6ef2cabdb91 [term 1 FOLLOWER]: Leader pre-election lost for term 1. Reason: could not achieve majority
I20260709 14:43:57.118610   762 consensus_queue.cc:1048] T f007d39b93834403a2fce62c8dc62f0c P a1c8e4e93dc24a739334b6ef2cabdb91 [LEADER]: Connected to new peer: Peer: permanent_uuid: "3db2f881c88e43eb867bbaae33281ac7" member_type: VOTER last_known_addr { host: "127.0.107.195" port: 32825 }, Status: LMP_MISMATCH, Last received: 0.0, Next index: 1, Last known committed idx: 0, Time since last communication: 0.000s
I20260709 14:43:57.127677   792 raft_consensus.cc:493] T ff0e5ad3924f432f8d6e0e2ed20e81a9 P a1c8e4e93dc24a739334b6ef2cabdb91 [term 0 FOLLOWER]: Starting pre-election (no leader contacted us within the election timeout)
I20260709 14:43:57.128329   792 raft_consensus.cc:515] T ff0e5ad3924f432f8d6e0e2ed20e81a9 P a1c8e4e93dc24a739334b6ef2cabdb91 [term 0 FOLLOWER]: Starting pre-election with config: opid_index: -1 OBSOLETE_local: false peers { permanent_uuid: "988ae0bc5ac2439b9412f37d4e8d4d8d" member_type: VOTER last_known_addr { host: "127.0.107.193" port: 43517 } } peers { permanent_uuid: "a1c8e4e93dc24a739334b6ef2cabdb91" member_type: VOTER last_known_addr { host: "127.0.107.194" port: 43915 } } peers { permanent_uuid: "3db2f881c88e43eb867bbaae33281ac7" member_type: VOTER last_known_addr { host: "127.0.107.195" port: 32825 } }
I20260709 14:43:57.131711   566 tablet_service.cc:1917] Received RequestConsensusVote() RPC: tablet_id: "ff0e5ad3924f432f8d6e0e2ed20e81a9" candidate_uuid: "a1c8e4e93dc24a739334b6ef2cabdb91" candidate_term: 1 candidate_status { last_received { term: 0 index: 0 } } ignore_live_leader: false dest_uuid: "988ae0bc5ac2439b9412f37d4e8d4d8d" is_pre_election: true
I20260709 14:43:57.132436   566 raft_consensus.cc:2468] T ff0e5ad3924f432f8d6e0e2ed20e81a9 P 988ae0bc5ac2439b9412f37d4e8d4d8d [term 0 FOLLOWER]: Leader pre-election vote request: Granting yes vote for candidate a1c8e4e93dc24a739334b6ef2cabdb91 in term 0.
I20260709 14:43:57.133425   792 leader_election.cc:290] T ff0e5ad3924f432f8d6e0e2ed20e81a9 P a1c8e4e93dc24a739334b6ef2cabdb91 [CANDIDATE]: Term 1 pre-election: Requested pre-vote from peers 988ae0bc5ac2439b9412f37d4e8d4d8d (127.0.107.193:43517), 3db2f881c88e43eb867bbaae33281ac7 (127.0.107.195:32825)
I20260709 14:43:57.133860   605 leader_election.cc:304] T ff0e5ad3924f432f8d6e0e2ed20e81a9 P a1c8e4e93dc24a739334b6ef2cabdb91 [CANDIDATE]: Term 1 pre-election: Election decided. Result: candidate won. Election summary: received 2 responses out of 3 voters: 2 yes votes; 0 no votes. yes voters: 988ae0bc5ac2439b9412f37d4e8d4d8d, a1c8e4e93dc24a739334b6ef2cabdb91; no voters: 
I20260709 14:43:57.134949   792 raft_consensus.cc:2804] T ff0e5ad3924f432f8d6e0e2ed20e81a9 P a1c8e4e93dc24a739334b6ef2cabdb91 [term 0 FOLLOWER]: Leader pre-election won for term 1
I20260709 14:43:57.135413   792 raft_consensus.cc:493] T ff0e5ad3924f432f8d6e0e2ed20e81a9 P a1c8e4e93dc24a739334b6ef2cabdb91 [term 0 FOLLOWER]: Starting leader election (no leader contacted us within the election timeout)
I20260709 14:43:57.135581   715 tablet_service.cc:1917] Received RequestConsensusVote() RPC: tablet_id: "ff0e5ad3924f432f8d6e0e2ed20e81a9" candidate_uuid: "a1c8e4e93dc24a739334b6ef2cabdb91" candidate_term: 1 candidate_status { last_received { term: 0 index: 0 } } ignore_live_leader: false dest_uuid: "3db2f881c88e43eb867bbaae33281ac7" is_pre_election: true
I20260709 14:43:57.135905   792 raft_consensus.cc:3060] T ff0e5ad3924f432f8d6e0e2ed20e81a9 P a1c8e4e93dc24a739334b6ef2cabdb91 [term 0 FOLLOWER]: Advancing to term 1
I20260709 14:43:57.136262   715 raft_consensus.cc:2468] T ff0e5ad3924f432f8d6e0e2ed20e81a9 P 3db2f881c88e43eb867bbaae33281ac7 [term 0 FOLLOWER]: Leader pre-election vote request: Granting yes vote for candidate a1c8e4e93dc24a739334b6ef2cabdb91 in term 0.
I20260709 14:43:57.141921   797 raft_consensus.cc:493] T 8422ed709e2d4bf199049e45b744be69 P 988ae0bc5ac2439b9412f37d4e8d4d8d [term 0 FOLLOWER]: Starting pre-election (no leader contacted us within the election timeout)
I20260709 14:43:57.142447   797 raft_consensus.cc:515] T 8422ed709e2d4bf199049e45b744be69 P 988ae0bc5ac2439b9412f37d4e8d4d8d [term 0 FOLLOWER]: Starting pre-election with config: opid_index: -1 OBSOLETE_local: false peers { permanent_uuid: "988ae0bc5ac2439b9412f37d4e8d4d8d" member_type: VOTER last_known_addr { host: "127.0.107.193" port: 43517 } } peers { permanent_uuid: "a1c8e4e93dc24a739334b6ef2cabdb91" member_type: VOTER last_known_addr { host: "127.0.107.194" port: 43915 } } peers { permanent_uuid: "3db2f881c88e43eb867bbaae33281ac7" member_type: VOTER last_known_addr { host: "127.0.107.195" port: 32825 } }
I20260709 14:43:57.144330   797 leader_election.cc:290] T 8422ed709e2d4bf199049e45b744be69 P 988ae0bc5ac2439b9412f37d4e8d4d8d [CANDIDATE]: Term 1 pre-election: Requested pre-vote from peers a1c8e4e93dc24a739334b6ef2cabdb91 (127.0.107.194:43915), 3db2f881c88e43eb867bbaae33281ac7 (127.0.107.195:32825)
I20260709 14:43:57.144129   792 raft_consensus.cc:515] T ff0e5ad3924f432f8d6e0e2ed20e81a9 P a1c8e4e93dc24a739334b6ef2cabdb91 [term 1 FOLLOWER]: Starting leader election with config: opid_index: -1 OBSOLETE_local: false peers { permanent_uuid: "988ae0bc5ac2439b9412f37d4e8d4d8d" member_type: VOTER last_known_addr { host: "127.0.107.193" port: 43517 } } peers { permanent_uuid: "a1c8e4e93dc24a739334b6ef2cabdb91" member_type: VOTER last_known_addr { host: "127.0.107.194" port: 43915 } } peers { permanent_uuid: "3db2f881c88e43eb867bbaae33281ac7" member_type: VOTER last_known_addr { host: "127.0.107.195" port: 32825 } }
I20260709 14:43:57.145159   640 tablet_service.cc:1917] Received RequestConsensusVote() RPC: tablet_id: "8422ed709e2d4bf199049e45b744be69" candidate_uuid: "988ae0bc5ac2439b9412f37d4e8d4d8d" candidate_term: 1 candidate_status { last_received { term: 0 index: 0 } } ignore_live_leader: false dest_uuid: "a1c8e4e93dc24a739334b6ef2cabdb91" is_pre_election: true
I20260709 14:43:57.145812   640 raft_consensus.cc:2468] T 8422ed709e2d4bf199049e45b744be69 P a1c8e4e93dc24a739334b6ef2cabdb91 [term 0 FOLLOWER]: Leader pre-election vote request: Granting yes vote for candidate 988ae0bc5ac2439b9412f37d4e8d4d8d in term 0.
I20260709 14:43:57.146893   531 leader_election.cc:304] T 8422ed709e2d4bf199049e45b744be69 P 988ae0bc5ac2439b9412f37d4e8d4d8d [CANDIDATE]: Term 1 pre-election: Election decided. Result: candidate won. Election summary: received 2 responses out of 3 voters: 2 yes votes; 0 no votes. yes voters: 988ae0bc5ac2439b9412f37d4e8d4d8d, a1c8e4e93dc24a739334b6ef2cabdb91; no voters: 
I20260709 14:43:57.147330   792 leader_election.cc:290] T ff0e5ad3924f432f8d6e0e2ed20e81a9 P a1c8e4e93dc24a739334b6ef2cabdb91 [CANDIDATE]: Term 1 election: Requested vote from peers 988ae0bc5ac2439b9412f37d4e8d4d8d (127.0.107.193:43517), 3db2f881c88e43eb867bbaae33281ac7 (127.0.107.195:32825)
I20260709 14:43:57.147449   566 tablet_service.cc:1917] Received RequestConsensusVote() RPC: tablet_id: "ff0e5ad3924f432f8d6e0e2ed20e81a9" candidate_uuid: "a1c8e4e93dc24a739334b6ef2cabdb91" candidate_term: 1 candidate_status { last_received { term: 0 index: 0 } } ignore_live_leader: false dest_uuid: "988ae0bc5ac2439b9412f37d4e8d4d8d"
I20260709 14:43:57.147828   797 raft_consensus.cc:2804] T 8422ed709e2d4bf199049e45b744be69 P 988ae0bc5ac2439b9412f37d4e8d4d8d [term 0 FOLLOWER]: Leader pre-election won for term 1
I20260709 14:43:57.148038   566 raft_consensus.cc:3060] T ff0e5ad3924f432f8d6e0e2ed20e81a9 P 988ae0bc5ac2439b9412f37d4e8d4d8d [term 0 FOLLOWER]: Advancing to term 1
I20260709 14:43:57.148217   797 raft_consensus.cc:493] T 8422ed709e2d4bf199049e45b744be69 P 988ae0bc5ac2439b9412f37d4e8d4d8d [term 0 FOLLOWER]: Starting leader election (no leader contacted us within the election timeout)
I20260709 14:43:57.148583   797 raft_consensus.cc:3060] T 8422ed709e2d4bf199049e45b744be69 P 988ae0bc5ac2439b9412f37d4e8d4d8d [term 0 FOLLOWER]: Advancing to term 1
I20260709 14:43:57.146158   715 tablet_service.cc:1917] Received RequestConsensusVote() RPC: tablet_id: "8422ed709e2d4bf199049e45b744be69" candidate_uuid: "988ae0bc5ac2439b9412f37d4e8d4d8d" candidate_term: 1 candidate_status { last_received { term: 0 index: 0 } } ignore_live_leader: false dest_uuid: "3db2f881c88e43eb867bbaae33281ac7" is_pre_election: true
I20260709 14:43:57.150916   714 tablet_service.cc:1917] Received RequestConsensusVote() RPC: tablet_id: "ff0e5ad3924f432f8d6e0e2ed20e81a9" candidate_uuid: "a1c8e4e93dc24a739334b6ef2cabdb91" candidate_term: 1 candidate_status { last_received { term: 0 index: 0 } } ignore_live_leader: false dest_uuid: "3db2f881c88e43eb867bbaae33281ac7"
I20260709 14:43:57.151154   715 raft_consensus.cc:2468] T 8422ed709e2d4bf199049e45b744be69 P 3db2f881c88e43eb867bbaae33281ac7 [term 0 FOLLOWER]: Leader pre-election vote request: Granting yes vote for candidate 988ae0bc5ac2439b9412f37d4e8d4d8d in term 0.
I20260709 14:43:57.151563   714 raft_consensus.cc:3060] T ff0e5ad3924f432f8d6e0e2ed20e81a9 P 3db2f881c88e43eb867bbaae33281ac7 [term 0 FOLLOWER]: Advancing to term 1
I20260709 14:43:57.155902   566 raft_consensus.cc:2468] T ff0e5ad3924f432f8d6e0e2ed20e81a9 P 988ae0bc5ac2439b9412f37d4e8d4d8d [term 1 FOLLOWER]: Leader election vote request: Granting yes vote for candidate a1c8e4e93dc24a739334b6ef2cabdb91 in term 1.
I20260709 14:43:57.157059   605 leader_election.cc:304] T ff0e5ad3924f432f8d6e0e2ed20e81a9 P a1c8e4e93dc24a739334b6ef2cabdb91 [CANDIDATE]: Term 1 election: Election decided. Result: candidate won. Election summary: received 2 responses out of 3 voters: 2 yes votes; 0 no votes. yes voters: 988ae0bc5ac2439b9412f37d4e8d4d8d, a1c8e4e93dc24a739334b6ef2cabdb91; no voters: 
I20260709 14:43:57.158595   792 raft_consensus.cc:2804] T ff0e5ad3924f432f8d6e0e2ed20e81a9 P a1c8e4e93dc24a739334b6ef2cabdb91 [term 1 FOLLOWER]: Leader election won for term 1
I20260709 14:43:57.159161   792 raft_consensus.cc:697] T ff0e5ad3924f432f8d6e0e2ed20e81a9 P a1c8e4e93dc24a739334b6ef2cabdb91 [term 1 LEADER]: Becoming Leader. State: Replica: a1c8e4e93dc24a739334b6ef2cabdb91, State: Running, Role: LEADER
I20260709 14:43:57.159427   714 raft_consensus.cc:2468] T ff0e5ad3924f432f8d6e0e2ed20e81a9 P 3db2f881c88e43eb867bbaae33281ac7 [term 1 FOLLOWER]: Leader election vote request: Granting yes vote for candidate a1c8e4e93dc24a739334b6ef2cabdb91 in term 1.
I20260709 14:43:57.158855   797 raft_consensus.cc:515] T 8422ed709e2d4bf199049e45b744be69 P 988ae0bc5ac2439b9412f37d4e8d4d8d [term 1 FOLLOWER]: Starting leader election with config: opid_index: -1 OBSOLETE_local: false peers { permanent_uuid: "988ae0bc5ac2439b9412f37d4e8d4d8d" member_type: VOTER last_known_addr { host: "127.0.107.193" port: 43517 } } peers { permanent_uuid: "a1c8e4e93dc24a739334b6ef2cabdb91" member_type: VOTER last_known_addr { host: "127.0.107.194" port: 43915 } } peers { permanent_uuid: "3db2f881c88e43eb867bbaae33281ac7" member_type: VOTER last_known_addr { host: "127.0.107.195" port: 32825 } }
I20260709 14:43:57.160029   792 consensus_queue.cc:237] T ff0e5ad3924f432f8d6e0e2ed20e81a9 P a1c8e4e93dc24a739334b6ef2cabdb91 [LEADER]: Queue going to LEADER mode. State: All replicated index: 0, Majority replicated index: 0, Committed index: 0, Last appended: 0.0, Last appended by leader: 0, Current term: 1, Majority size: 2, State: 0, Mode: LEADER, active raft config: opid_index: -1 OBSOLETE_local: false peers { permanent_uuid: "988ae0bc5ac2439b9412f37d4e8d4d8d" member_type: VOTER last_known_addr { host: "127.0.107.193" port: 43517 } } peers { permanent_uuid: "a1c8e4e93dc24a739334b6ef2cabdb91" member_type: VOTER last_known_addr { host: "127.0.107.194" port: 43915 } } peers { permanent_uuid: "3db2f881c88e43eb867bbaae33281ac7" member_type: VOTER last_known_addr { host: "127.0.107.195" port: 32825 } }
I20260709 14:43:57.162493   797 leader_election.cc:290] T 8422ed709e2d4bf199049e45b744be69 P 988ae0bc5ac2439b9412f37d4e8d4d8d [CANDIDATE]: Term 1 election: Requested vote from peers a1c8e4e93dc24a739334b6ef2cabdb91 (127.0.107.194:43915), 3db2f881c88e43eb867bbaae33281ac7 (127.0.107.195:32825)
I20260709 14:43:57.162717   640 tablet_service.cc:1917] Received RequestConsensusVote() RPC: tablet_id: "8422ed709e2d4bf199049e45b744be69" candidate_uuid: "988ae0bc5ac2439b9412f37d4e8d4d8d" candidate_term: 1 candidate_status { last_received { term: 0 index: 0 } } ignore_live_leader: false dest_uuid: "a1c8e4e93dc24a739334b6ef2cabdb91"
I20260709 14:43:57.163399   640 raft_consensus.cc:3060] T 8422ed709e2d4bf199049e45b744be69 P a1c8e4e93dc24a739334b6ef2cabdb91 [term 0 FOLLOWER]: Advancing to term 1
I20260709 14:43:57.167124   714 tablet_service.cc:1917] Received RequestConsensusVote() RPC: tablet_id: "8422ed709e2d4bf199049e45b744be69" candidate_uuid: "988ae0bc5ac2439b9412f37d4e8d4d8d" candidate_term: 1 candidate_status { last_received { term: 0 index: 0 } } ignore_live_leader: false dest_uuid: "3db2f881c88e43eb867bbaae33281ac7"
I20260709 14:43:57.167712   714 raft_consensus.cc:3060] T 8422ed709e2d4bf199049e45b744be69 P 3db2f881c88e43eb867bbaae33281ac7 [term 0 FOLLOWER]: Advancing to term 1
I20260709 14:43:57.169745   460 catalog_manager.cc:5697] T ff0e5ad3924f432f8d6e0e2ed20e81a9 P a1c8e4e93dc24a739334b6ef2cabdb91 reported cstate change: term changed from 0 to 1, leader changed from <none> to a1c8e4e93dc24a739334b6ef2cabdb91 (127.0.107.194). New cstate: current_term: 1 leader_uuid: "a1c8e4e93dc24a739334b6ef2cabdb91" committed_config { opid_index: -1 OBSOLETE_local: false peers { permanent_uuid: "988ae0bc5ac2439b9412f37d4e8d4d8d" member_type: VOTER last_known_addr { host: "127.0.107.193" port: 43517 } health_report { overall_health: UNKNOWN } } peers { permanent_uuid: "a1c8e4e93dc24a739334b6ef2cabdb91" member_type: VOTER last_known_addr { host: "127.0.107.194" port: 43915 } health_report { overall_health: HEALTHY } } peers { permanent_uuid: "3db2f881c88e43eb867bbaae33281ac7" member_type: VOTER last_known_addr { host: "127.0.107.195" port: 32825 } health_report { overall_health: UNKNOWN } } }
I20260709 14:43:57.170905   640 raft_consensus.cc:2468] T 8422ed709e2d4bf199049e45b744be69 P a1c8e4e93dc24a739334b6ef2cabdb91 [term 1 FOLLOWER]: Leader election vote request: Granting yes vote for candidate 988ae0bc5ac2439b9412f37d4e8d4d8d in term 1.
I20260709 14:43:57.172211   531 leader_election.cc:304] T 8422ed709e2d4bf199049e45b744be69 P 988ae0bc5ac2439b9412f37d4e8d4d8d [CANDIDATE]: Term 1 election: Election decided. Result: candidate won. Election summary: received 2 responses out of 3 voters: 2 yes votes; 0 no votes. yes voters: 988ae0bc5ac2439b9412f37d4e8d4d8d, a1c8e4e93dc24a739334b6ef2cabdb91; no voters: 
I20260709 14:43:57.173035   797 raft_consensus.cc:2804] T 8422ed709e2d4bf199049e45b744be69 P 988ae0bc5ac2439b9412f37d4e8d4d8d [term 1 FOLLOWER]: Leader election won for term 1
I20260709 14:43:57.173735   797 raft_consensus.cc:697] T 8422ed709e2d4bf199049e45b744be69 P 988ae0bc5ac2439b9412f37d4e8d4d8d [term 1 LEADER]: Becoming Leader. State: Replica: 988ae0bc5ac2439b9412f37d4e8d4d8d, State: Running, Role: LEADER
I20260709 14:43:57.174583   797 consensus_queue.cc:237] T 8422ed709e2d4bf199049e45b744be69 P 988ae0bc5ac2439b9412f37d4e8d4d8d [LEADER]: Queue going to LEADER mode. State: All replicated index: 0, Majority replicated index: 0, Committed index: 0, Last appended: 0.0, Last appended by leader: 0, Current term: 1, Majority size: 2, State: 0, Mode: LEADER, active raft config: opid_index: -1 OBSOLETE_local: false peers { permanent_uuid: "988ae0bc5ac2439b9412f37d4e8d4d8d" member_type: VOTER last_known_addr { host: "127.0.107.193" port: 43517 } } peers { permanent_uuid: "a1c8e4e93dc24a739334b6ef2cabdb91" member_type: VOTER last_known_addr { host: "127.0.107.194" port: 43915 } } peers { permanent_uuid: "3db2f881c88e43eb867bbaae33281ac7" member_type: VOTER last_known_addr { host: "127.0.107.195" port: 32825 } }
I20260709 14:43:57.175523   714 raft_consensus.cc:2468] T 8422ed709e2d4bf199049e45b744be69 P 3db2f881c88e43eb867bbaae33281ac7 [term 1 FOLLOWER]: Leader election vote request: Granting yes vote for candidate 988ae0bc5ac2439b9412f37d4e8d4d8d in term 1.
I20260709 14:43:57.185906   792 consensus_queue.cc:1048] T 0a2b30e5c5a949e3a63aecc4f8a05472 P a1c8e4e93dc24a739334b6ef2cabdb91 [LEADER]: Connected to new peer: Peer: permanent_uuid: "988ae0bc5ac2439b9412f37d4e8d4d8d" member_type: VOTER last_known_addr { host: "127.0.107.193" port: 43517 }, Status: LMP_MISMATCH, Last received: 0.0, Next index: 1, Last known committed idx: 0, Time since last communication: 0.000s
I20260709 14:43:57.187181   463 catalog_manager.cc:5697] T 8422ed709e2d4bf199049e45b744be69 P 988ae0bc5ac2439b9412f37d4e8d4d8d reported cstate change: term changed from 0 to 1, leader changed from <none> to 988ae0bc5ac2439b9412f37d4e8d4d8d (127.0.107.193). New cstate: current_term: 1 leader_uuid: "988ae0bc5ac2439b9412f37d4e8d4d8d" committed_config { opid_index: -1 OBSOLETE_local: false peers { permanent_uuid: "988ae0bc5ac2439b9412f37d4e8d4d8d" member_type: VOTER last_known_addr { host: "127.0.107.193" port: 43517 } health_report { overall_health: HEALTHY } } peers { permanent_uuid: "a1c8e4e93dc24a739334b6ef2cabdb91" member_type: VOTER last_known_addr { host: "127.0.107.194" port: 43915 } health_report { overall_health: UNKNOWN } } peers { permanent_uuid: "3db2f881c88e43eb867bbaae33281ac7" member_type: VOTER last_known_addr { host: "127.0.107.195" port: 32825 } health_report { overall_health: UNKNOWN } } }
I20260709 14:43:57.191694   797 consensus_queue.cc:1048] T 4540f0d7aa6b4d638f8080b7ae5d772f P 988ae0bc5ac2439b9412f37d4e8d4d8d [LEADER]: Connected to new peer: Peer: permanent_uuid: "a1c8e4e93dc24a739334b6ef2cabdb91" member_type: VOTER last_known_addr { host: "127.0.107.194" port: 43915 }, Status: LMP_MISMATCH, Last received: 0.0, Next index: 1, Last known committed idx: 0, Time since last communication: 0.001s
I20260709 14:43:57.199165   792 consensus_queue.cc:1048] T 0a2b30e5c5a949e3a63aecc4f8a05472 P a1c8e4e93dc24a739334b6ef2cabdb91 [LEADER]: Connected to new peer: Peer: permanent_uuid: "3db2f881c88e43eb867bbaae33281ac7" member_type: VOTER last_known_addr { host: "127.0.107.195" port: 32825 }, Status: LMP_MISMATCH, Last received: 0.0, Next index: 1, Last known committed idx: 0, Time since last communication: 0.000s
I20260709 14:43:57.223006   769 consensus_queue.cc:1048] T 4540f0d7aa6b4d638f8080b7ae5d772f P 988ae0bc5ac2439b9412f37d4e8d4d8d [LEADER]: Connected to new peer: Peer: permanent_uuid: "3db2f881c88e43eb867bbaae33281ac7" member_type: VOTER last_known_addr { host: "127.0.107.195" port: 32825 }, Status: LMP_MISMATCH, Last received: 0.0, Next index: 1, Last known committed idx: 0, Time since last communication: 0.000s
I20260709 14:43:57.260169   797 consensus_queue.cc:1048] T ba3f842776144354be8c857dc099595a P 988ae0bc5ac2439b9412f37d4e8d4d8d [LEADER]: Connected to new peer: Peer: permanent_uuid: "3db2f881c88e43eb867bbaae33281ac7" member_type: VOTER last_known_addr { host: "127.0.107.195" port: 32825 }, Status: LMP_MISMATCH, Last received: 0.0, Next index: 1, Last known committed idx: 0, Time since last communication: 0.000s
I20260709 14:43:57.274219   798 consensus_queue.cc:1048] T ba3f842776144354be8c857dc099595a P 988ae0bc5ac2439b9412f37d4e8d4d8d [LEADER]: Connected to new peer: Peer: permanent_uuid: "a1c8e4e93dc24a739334b6ef2cabdb91" member_type: VOTER last_known_addr { host: "127.0.107.194" port: 43915 }, Status: LMP_MISMATCH, Last received: 0.0, Next index: 1, Last known committed idx: 0, Time since last communication: 0.001s
I20260709 14:43:57.440047   823 consensus_queue.cc:1048] T cad2544eb5214c058a72c86564216f04 P a1c8e4e93dc24a739334b6ef2cabdb91 [LEADER]: Connected to new peer: Peer: permanent_uuid: "3db2f881c88e43eb867bbaae33281ac7" member_type: VOTER last_known_addr { host: "127.0.107.195" port: 32825 }, Status: LMP_MISMATCH, Last received: 0.0, Next index: 1, Last known committed idx: 0, Time since last communication: 0.000s
I20260709 14:43:57.451838   774 consensus_queue.cc:1048] T cad2544eb5214c058a72c86564216f04 P a1c8e4e93dc24a739334b6ef2cabdb91 [LEADER]: Connected to new peer: Peer: permanent_uuid: "988ae0bc5ac2439b9412f37d4e8d4d8d" member_type: VOTER last_known_addr { host: "127.0.107.193" port: 43517 }, Status: LMP_MISMATCH, Last received: 0.0, Next index: 1, Last known committed idx: 0, Time since last communication: 0.000s
I20260709 14:43:57.533800   640 tablet_service.cc:2072] Received LeaderStepDown RPC: tablet_id: "f007d39b93834403a2fce62c8dc62f0c"
dest_uuid: "a1c8e4e93dc24a739334b6ef2cabdb91"
mode: GRACEFUL
new_leader_uuid: "988ae0bc5ac2439b9412f37d4e8d4d8d"
 from {username='slave'} at 127.0.0.1:57796
I20260709 14:43:57.534636   640 raft_consensus.cc:606] T f007d39b93834403a2fce62c8dc62f0c P a1c8e4e93dc24a739334b6ef2cabdb91 [term 1 LEADER]: Received request to transfer leadership to TS 988ae0bc5ac2439b9412f37d4e8d4d8d
I20260709 14:43:57.542788   640 tablet_service.cc:2072] Received LeaderStepDown RPC: tablet_id: "c265ef4fcd7d42df836b30ab60b7c3a8"
dest_uuid: "a1c8e4e93dc24a739334b6ef2cabdb91"
mode: GRACEFUL
new_leader_uuid: "988ae0bc5ac2439b9412f37d4e8d4d8d"
 from {username='slave'} at 127.0.0.1:57796
I20260709 14:43:57.543409   640 raft_consensus.cc:606] T c265ef4fcd7d42df836b30ab60b7c3a8 P a1c8e4e93dc24a739334b6ef2cabdb91 [term 1 LEADER]: Received request to transfer leadership to TS 988ae0bc5ac2439b9412f37d4e8d4d8d
I20260709 14:43:57.565774   566 tablet_service.cc:2072] Received LeaderStepDown RPC: tablet_id: "4540f0d7aa6b4d638f8080b7ae5d772f"
dest_uuid: "988ae0bc5ac2439b9412f37d4e8d4d8d"
mode: GRACEFUL
new_leader_uuid: "a1c8e4e93dc24a739334b6ef2cabdb91"
 from {username='slave'} at 127.0.0.1:42730
I20260709 14:43:57.566320   566 raft_consensus.cc:606] T 4540f0d7aa6b4d638f8080b7ae5d772f P 988ae0bc5ac2439b9412f37d4e8d4d8d [term 1 LEADER]: Received request to transfer leadership to TS a1c8e4e93dc24a739334b6ef2cabdb91
I20260709 14:43:57.571166   566 tablet_service.cc:2072] Received LeaderStepDown RPC: tablet_id: "8422ed709e2d4bf199049e45b744be69"
dest_uuid: "988ae0bc5ac2439b9412f37d4e8d4d8d"
mode: GRACEFUL
new_leader_uuid: "a1c8e4e93dc24a739334b6ef2cabdb91"
 from {username='slave'} at 127.0.0.1:42730
I20260709 14:43:57.571693   566 raft_consensus.cc:606] T 8422ed709e2d4bf199049e45b744be69 P 988ae0bc5ac2439b9412f37d4e8d4d8d [term 1 LEADER]: Received request to transfer leadership to TS a1c8e4e93dc24a739334b6ef2cabdb91
I20260709 14:43:57.579578   640 tablet_service.cc:2072] Received LeaderStepDown RPC: tablet_id: "ff0e5ad3924f432f8d6e0e2ed20e81a9"
dest_uuid: "a1c8e4e93dc24a739334b6ef2cabdb91"
mode: GRACEFUL
new_leader_uuid: "3db2f881c88e43eb867bbaae33281ac7"
 from {username='slave'} at 127.0.0.1:57796
I20260709 14:43:57.580215   640 raft_consensus.cc:606] T ff0e5ad3924f432f8d6e0e2ed20e81a9 P a1c8e4e93dc24a739334b6ef2cabdb91 [term 1 LEADER]: Received request to transfer leadership to TS 3db2f881c88e43eb867bbaae33281ac7
I20260709 14:43:57.591425   769 consensus_queue.cc:1048] T 5ef9559051f043a1adb9934369f4eac8 P 988ae0bc5ac2439b9412f37d4e8d4d8d [LEADER]: Connected to new peer: Peer: permanent_uuid: "a1c8e4e93dc24a739334b6ef2cabdb91" member_type: VOTER last_known_addr { host: "127.0.107.194" port: 43915 }, Status: LMP_MISMATCH, Last received: 0.0, Next index: 1, Last known committed idx: 0, Time since last communication: 0.000s
I20260709 14:43:57.604322   798 consensus_queue.cc:1048] T 5ef9559051f043a1adb9934369f4eac8 P 988ae0bc5ac2439b9412f37d4e8d4d8d [LEADER]: Connected to new peer: Peer: permanent_uuid: "3db2f881c88e43eb867bbaae33281ac7" member_type: VOTER last_known_addr { host: "127.0.107.195" port: 32825 }, Status: LMP_MISMATCH, Last received: 0.0, Next index: 1, Last known committed idx: 0, Time since last communication: 0.000s
I20260709 14:43:57.610105   769 consensus_queue.cc:1048] T 8422ed709e2d4bf199049e45b744be69 P 988ae0bc5ac2439b9412f37d4e8d4d8d [LEADER]: Connected to new peer: Peer: permanent_uuid: "3db2f881c88e43eb867bbaae33281ac7" member_type: VOTER last_known_addr { host: "127.0.107.195" port: 32825 }, Status: LMP_MISMATCH, Last received: 0.0, Next index: 1, Last known committed idx: 0, Time since last communication: 0.001s
I20260709 14:43:57.628005   797 consensus_queue.cc:1048] T 8422ed709e2d4bf199049e45b744be69 P 988ae0bc5ac2439b9412f37d4e8d4d8d [LEADER]: Connected to new peer: Peer: permanent_uuid: "a1c8e4e93dc24a739334b6ef2cabdb91" member_type: VOTER last_known_addr { host: "127.0.107.194" port: 43915 }, Status: LMP_MISMATCH, Last received: 0.0, Next index: 1, Last known committed idx: 0, Time since last communication: 0.000s
I20260709 14:43:57.646245   797 raft_consensus.cc:993] T 8422ed709e2d4bf199049e45b744be69 P 988ae0bc5ac2439b9412f37d4e8d4d8d: : Instructing follower a1c8e4e93dc24a739334b6ef2cabdb91 to start an election
I20260709 14:43:57.646766   769 raft_consensus.cc:1081] T 8422ed709e2d4bf199049e45b744be69 P 988ae0bc5ac2439b9412f37d4e8d4d8d [term 1 LEADER]: Signalling peer a1c8e4e93dc24a739334b6ef2cabdb91 to start an election
I20260709 14:43:57.649645   640 tablet_service.cc:2044] Received Run Leader Election RPC: tablet_id: "8422ed709e2d4bf199049e45b744be69"
dest_uuid: "a1c8e4e93dc24a739334b6ef2cabdb91"
 from {username='slave'} at 127.0.0.1:57786
I20260709 14:43:57.651294   640 raft_consensus.cc:493] T 8422ed709e2d4bf199049e45b744be69 P a1c8e4e93dc24a739334b6ef2cabdb91 [term 1 FOLLOWER]: Starting forced leader election (received explicit request)
I20260709 14:43:57.652077   797 raft_consensus.cc:993] T 4540f0d7aa6b4d638f8080b7ae5d772f P 988ae0bc5ac2439b9412f37d4e8d4d8d: : Instructing follower a1c8e4e93dc24a739334b6ef2cabdb91 to start an election
I20260709 14:43:57.652529   769 raft_consensus.cc:1081] T 4540f0d7aa6b4d638f8080b7ae5d772f P 988ae0bc5ac2439b9412f37d4e8d4d8d [term 1 LEADER]: Signalling peer a1c8e4e93dc24a739334b6ef2cabdb91 to start an election
I20260709 14:43:57.653417   640 raft_consensus.cc:3060] T 8422ed709e2d4bf199049e45b744be69 P a1c8e4e93dc24a739334b6ef2cabdb91 [term 1 FOLLOWER]: Advancing to term 2
I20260709 14:43:57.654199   641 tablet_service.cc:2044] Received Run Leader Election RPC: tablet_id: "4540f0d7aa6b4d638f8080b7ae5d772f"
dest_uuid: "a1c8e4e93dc24a739334b6ef2cabdb91"
 from {username='slave'} at 127.0.0.1:57786
I20260709 14:43:57.654781   641 raft_consensus.cc:493] T 4540f0d7aa6b4d638f8080b7ae5d772f P a1c8e4e93dc24a739334b6ef2cabdb91 [term 1 FOLLOWER]: Starting forced leader election (received explicit request)
I20260709 14:43:57.655138   641 raft_consensus.cc:3060] T 4540f0d7aa6b4d638f8080b7ae5d772f P a1c8e4e93dc24a739334b6ef2cabdb91 [term 1 FOLLOWER]: Advancing to term 2
I20260709 14:43:57.659250   640 raft_consensus.cc:515] T 8422ed709e2d4bf199049e45b744be69 P a1c8e4e93dc24a739334b6ef2cabdb91 [term 2 FOLLOWER]: Starting forced leader election with config: opid_index: -1 OBSOLETE_local: false peers { permanent_uuid: "988ae0bc5ac2439b9412f37d4e8d4d8d" member_type: VOTER last_known_addr { host: "127.0.107.193" port: 43517 } } peers { permanent_uuid: "a1c8e4e93dc24a739334b6ef2cabdb91" member_type: VOTER last_known_addr { host: "127.0.107.194" port: 43915 } } peers { permanent_uuid: "3db2f881c88e43eb867bbaae33281ac7" member_type: VOTER last_known_addr { host: "127.0.107.195" port: 32825 } }
I20260709 14:43:57.662052   641 raft_consensus.cc:515] T 4540f0d7aa6b4d638f8080b7ae5d772f P a1c8e4e93dc24a739334b6ef2cabdb91 [term 2 FOLLOWER]: Starting forced leader election with config: opid_index: -1 OBSOLETE_local: false peers { permanent_uuid: "988ae0bc5ac2439b9412f37d4e8d4d8d" member_type: VOTER last_known_addr { host: "127.0.107.193" port: 43517 } } peers { permanent_uuid: "a1c8e4e93dc24a739334b6ef2cabdb91" member_type: VOTER last_known_addr { host: "127.0.107.194" port: 43915 } } peers { permanent_uuid: "3db2f881c88e43eb867bbaae33281ac7" member_type: VOTER last_known_addr { host: "127.0.107.195" port: 32825 } }
I20260709 14:43:57.662814   566 tablet_service.cc:1917] Received RequestConsensusVote() RPC: tablet_id: "8422ed709e2d4bf199049e45b744be69" candidate_uuid: "a1c8e4e93dc24a739334b6ef2cabdb91" candidate_term: 2 candidate_status { last_received { term: 1 index: 1 } } ignore_live_leader: true dest_uuid: "988ae0bc5ac2439b9412f37d4e8d4d8d"
I20260709 14:43:57.663066   640 leader_election.cc:290] T 8422ed709e2d4bf199049e45b744be69 P a1c8e4e93dc24a739334b6ef2cabdb91 [CANDIDATE]: Term 2 election: Requested vote from peers 988ae0bc5ac2439b9412f37d4e8d4d8d (127.0.107.193:43517), 3db2f881c88e43eb867bbaae33281ac7 (127.0.107.195:32825)
I20260709 14:43:57.663424   566 raft_consensus.cc:3055] T 8422ed709e2d4bf199049e45b744be69 P 988ae0bc5ac2439b9412f37d4e8d4d8d [term 1 LEADER]: Stepping down as leader of term 1
I20260709 14:43:57.663756   566 raft_consensus.cc:740] T 8422ed709e2d4bf199049e45b744be69 P 988ae0bc5ac2439b9412f37d4e8d4d8d [term 1 LEADER]: Becoming Follower/Learner. State: Replica: 988ae0bc5ac2439b9412f37d4e8d4d8d, State: Running, Role: LEADER
I20260709 14:43:57.664214   641 leader_election.cc:290] T 4540f0d7aa6b4d638f8080b7ae5d772f P a1c8e4e93dc24a739334b6ef2cabdb91 [CANDIDATE]: Term 2 election: Requested vote from peers 988ae0bc5ac2439b9412f37d4e8d4d8d (127.0.107.193:43517), 3db2f881c88e43eb867bbaae33281ac7 (127.0.107.195:32825)
I20260709 14:43:57.664589   566 consensus_queue.cc:260] T 8422ed709e2d4bf199049e45b744be69 P 988ae0bc5ac2439b9412f37d4e8d4d8d [NON_LEADER]: Queue going to NON_LEADER mode. State: All replicated index: 0, Majority replicated index: 1, Committed index: 1, Last appended: 1.1, Last appended by leader: 1, Current term: 1, Majority size: -1, State: 0, Mode: NON_LEADER, active raft config: opid_index: -1 OBSOLETE_local: false peers { permanent_uuid: "988ae0bc5ac2439b9412f37d4e8d4d8d" member_type: VOTER last_known_addr { host: "127.0.107.193" port: 43517 } } peers { permanent_uuid: "a1c8e4e93dc24a739334b6ef2cabdb91" member_type: VOTER last_known_addr { host: "127.0.107.194" port: 43915 } } peers { permanent_uuid: "3db2f881c88e43eb867bbaae33281ac7" member_type: VOTER last_known_addr { host: "127.0.107.195" port: 32825 } }
I20260709 14:43:57.665091   565 tablet_service.cc:1917] Received RequestConsensusVote() RPC: tablet_id: "4540f0d7aa6b4d638f8080b7ae5d772f" candidate_uuid: "a1c8e4e93dc24a739334b6ef2cabdb91" candidate_term: 2 candidate_status { last_received { term: 1 index: 1 } } ignore_live_leader: true dest_uuid: "988ae0bc5ac2439b9412f37d4e8d4d8d"
I20260709 14:43:57.665660   565 raft_consensus.cc:3055] T 4540f0d7aa6b4d638f8080b7ae5d772f P 988ae0bc5ac2439b9412f37d4e8d4d8d [term 1 LEADER]: Stepping down as leader of term 1
I20260709 14:43:57.665982   565 raft_consensus.cc:740] T 4540f0d7aa6b4d638f8080b7ae5d772f P 988ae0bc5ac2439b9412f37d4e8d4d8d [term 1 LEADER]: Becoming Follower/Learner. State: Replica: 988ae0bc5ac2439b9412f37d4e8d4d8d, State: Running, Role: LEADER
I20260709 14:43:57.667124   714 tablet_service.cc:1917] Received RequestConsensusVote() RPC: tablet_id: "8422ed709e2d4bf199049e45b744be69" candidate_uuid: "a1c8e4e93dc24a739334b6ef2cabdb91" candidate_term: 2 candidate_status { last_received { term: 1 index: 1 } } ignore_live_leader: true dest_uuid: "3db2f881c88e43eb867bbaae33281ac7"
I20260709 14:43:57.666821   565 consensus_queue.cc:260] T 4540f0d7aa6b4d638f8080b7ae5d772f P 988ae0bc5ac2439b9412f37d4e8d4d8d [NON_LEADER]: Queue going to NON_LEADER mode. State: All replicated index: 0, Majority replicated index: 1, Committed index: 1, Last appended: 1.1, Last appended by leader: 1, Current term: 1, Majority size: -1, State: 0, Mode: NON_LEADER, active raft config: opid_index: -1 OBSOLETE_local: false peers { permanent_uuid: "988ae0bc5ac2439b9412f37d4e8d4d8d" member_type: VOTER last_known_addr { host: "127.0.107.193" port: 43517 } } peers { permanent_uuid: "a1c8e4e93dc24a739334b6ef2cabdb91" member_type: VOTER last_known_addr { host: "127.0.107.194" port: 43915 } } peers { permanent_uuid: "3db2f881c88e43eb867bbaae33281ac7" member_type: VOTER last_known_addr { host: "127.0.107.195" port: 32825 } }
I20260709 14:43:57.667708   714 raft_consensus.cc:3060] T 8422ed709e2d4bf199049e45b744be69 P 3db2f881c88e43eb867bbaae33281ac7 [term 1 FOLLOWER]: Advancing to term 2
I20260709 14:43:57.668012   566 raft_consensus.cc:3060] T 8422ed709e2d4bf199049e45b744be69 P 988ae0bc5ac2439b9412f37d4e8d4d8d [term 1 FOLLOWER]: Advancing to term 2
I20260709 14:43:57.668488   565 raft_consensus.cc:3060] T 4540f0d7aa6b4d638f8080b7ae5d772f P 988ae0bc5ac2439b9412f37d4e8d4d8d [term 1 FOLLOWER]: Advancing to term 2
I20260709 14:43:57.673802   715 tablet_service.cc:1917] Received RequestConsensusVote() RPC: tablet_id: "4540f0d7aa6b4d638f8080b7ae5d772f" candidate_uuid: "a1c8e4e93dc24a739334b6ef2cabdb91" candidate_term: 2 candidate_status { last_received { term: 1 index: 1 } } ignore_live_leader: true dest_uuid: "3db2f881c88e43eb867bbaae33281ac7"
I20260709 14:43:57.674448   715 raft_consensus.cc:3060] T 4540f0d7aa6b4d638f8080b7ae5d772f P 3db2f881c88e43eb867bbaae33281ac7 [term 1 FOLLOWER]: Advancing to term 2
I20260709 14:43:57.680017   565 raft_consensus.cc:2468] T 4540f0d7aa6b4d638f8080b7ae5d772f P 988ae0bc5ac2439b9412f37d4e8d4d8d [term 2 FOLLOWER]: Leader election vote request: Granting yes vote for candidate a1c8e4e93dc24a739334b6ef2cabdb91 in term 2.
I20260709 14:43:57.680481   774 consensus_queue.cc:1048] T ff0e5ad3924f432f8d6e0e2ed20e81a9 P a1c8e4e93dc24a739334b6ef2cabdb91 [LEADER]: Connected to new peer: Peer: permanent_uuid: "988ae0bc5ac2439b9412f37d4e8d4d8d" member_type: VOTER last_known_addr { host: "127.0.107.193" port: 43517 }, Status: LMP_MISMATCH, Last received: 0.0, Next index: 1, Last known committed idx: 0, Time since last communication: 0.000s
I20260709 14:43:57.681341   605 leader_election.cc:304] T 4540f0d7aa6b4d638f8080b7ae5d772f P a1c8e4e93dc24a739334b6ef2cabdb91 [CANDIDATE]: Term 2 election: Election decided. Result: candidate won. Election summary: received 2 responses out of 3 voters: 2 yes votes; 0 no votes. yes voters: 988ae0bc5ac2439b9412f37d4e8d4d8d, a1c8e4e93dc24a739334b6ef2cabdb91; no voters: 
I20260709 14:43:57.681983   715 raft_consensus.cc:2468] T 4540f0d7aa6b4d638f8080b7ae5d772f P 3db2f881c88e43eb867bbaae33281ac7 [term 2 FOLLOWER]: Leader election vote request: Granting yes vote for candidate a1c8e4e93dc24a739334b6ef2cabdb91 in term 2.
I20260709 14:43:57.684639   774 raft_consensus.cc:2804] T 4540f0d7aa6b4d638f8080b7ae5d772f P a1c8e4e93dc24a739334b6ef2cabdb91 [term 2 FOLLOWER]: Leader election won for term 2
I20260709 14:43:57.678278   714 raft_consensus.cc:2468] T 8422ed709e2d4bf199049e45b744be69 P 3db2f881c88e43eb867bbaae33281ac7 [term 2 FOLLOWER]: Leader election vote request: Granting yes vote for candidate a1c8e4e93dc24a739334b6ef2cabdb91 in term 2.
I20260709 14:43:57.685719   774 raft_consensus.cc:697] T 4540f0d7aa6b4d638f8080b7ae5d772f P a1c8e4e93dc24a739334b6ef2cabdb91 [term 2 LEADER]: Becoming Leader. State: Replica: a1c8e4e93dc24a739334b6ef2cabdb91, State: Running, Role: LEADER
I20260709 14:43:57.687461   604 leader_election.cc:304] T 8422ed709e2d4bf199049e45b744be69 P a1c8e4e93dc24a739334b6ef2cabdb91 [CANDIDATE]: Term 2 election: Election decided. Result: candidate won. Election summary: received 2 responses out of 3 voters: 2 yes votes; 0 no votes. yes voters: 3db2f881c88e43eb867bbaae33281ac7, a1c8e4e93dc24a739334b6ef2cabdb91; no voters: 
I20260709 14:43:57.687763   774 consensus_queue.cc:237] T 4540f0d7aa6b4d638f8080b7ae5d772f P a1c8e4e93dc24a739334b6ef2cabdb91 [LEADER]: Queue going to LEADER mode. State: All replicated index: 0, Majority replicated index: 1, Committed index: 1, Last appended: 1.1, Last appended by leader: 1, Current term: 2, Majority size: 2, State: 0, Mode: LEADER, active raft config: opid_index: -1 OBSOLETE_local: false peers { permanent_uuid: "988ae0bc5ac2439b9412f37d4e8d4d8d" member_type: VOTER last_known_addr { host: "127.0.107.193" port: 43517 } } peers { permanent_uuid: "a1c8e4e93dc24a739334b6ef2cabdb91" member_type: VOTER last_known_addr { host: "127.0.107.194" port: 43915 } } peers { permanent_uuid: "3db2f881c88e43eb867bbaae33281ac7" member_type: VOTER last_known_addr { host: "127.0.107.195" port: 32825 } }
I20260709 14:43:57.688372   792 raft_consensus.cc:2804] T 8422ed709e2d4bf199049e45b744be69 P a1c8e4e93dc24a739334b6ef2cabdb91 [term 2 FOLLOWER]: Leader election won for term 2
I20260709 14:43:57.688895   792 raft_consensus.cc:697] T 8422ed709e2d4bf199049e45b744be69 P a1c8e4e93dc24a739334b6ef2cabdb91 [term 2 LEADER]: Becoming Leader. State: Replica: a1c8e4e93dc24a739334b6ef2cabdb91, State: Running, Role: LEADER
I20260709 14:43:57.689936   566 raft_consensus.cc:2468] T 8422ed709e2d4bf199049e45b744be69 P 988ae0bc5ac2439b9412f37d4e8d4d8d [term 2 FOLLOWER]: Leader election vote request: Granting yes vote for candidate a1c8e4e93dc24a739334b6ef2cabdb91 in term 2.
I20260709 14:43:57.689786   792 consensus_queue.cc:237] T 8422ed709e2d4bf199049e45b744be69 P a1c8e4e93dc24a739334b6ef2cabdb91 [LEADER]: Queue going to LEADER mode. State: All replicated index: 0, Majority replicated index: 1, Committed index: 1, Last appended: 1.1, Last appended by leader: 1, Current term: 2, Majority size: 2, State: 0, Mode: LEADER, active raft config: opid_index: -1 OBSOLETE_local: false peers { permanent_uuid: "988ae0bc5ac2439b9412f37d4e8d4d8d" member_type: VOTER last_known_addr { host: "127.0.107.193" port: 43517 } } peers { permanent_uuid: "a1c8e4e93dc24a739334b6ef2cabdb91" member_type: VOTER last_known_addr { host: "127.0.107.194" port: 43915 } } peers { permanent_uuid: "3db2f881c88e43eb867bbaae33281ac7" member_type: VOTER last_known_addr { host: "127.0.107.195" port: 32825 } }
I20260709 14:43:57.702914   463 catalog_manager.cc:5697] T 8422ed709e2d4bf199049e45b744be69 P a1c8e4e93dc24a739334b6ef2cabdb91 reported cstate change: term changed from 1 to 2, leader changed from 988ae0bc5ac2439b9412f37d4e8d4d8d (127.0.107.193) to a1c8e4e93dc24a739334b6ef2cabdb91 (127.0.107.194). New cstate: current_term: 2 leader_uuid: "a1c8e4e93dc24a739334b6ef2cabdb91" committed_config { opid_index: -1 OBSOLETE_local: false peers { permanent_uuid: "988ae0bc5ac2439b9412f37d4e8d4d8d" member_type: VOTER last_known_addr { host: "127.0.107.193" port: 43517 } health_report { overall_health: UNKNOWN } } peers { permanent_uuid: "a1c8e4e93dc24a739334b6ef2cabdb91" member_type: VOTER last_known_addr { host: "127.0.107.194" port: 43915 } health_report { overall_health: HEALTHY } } peers { permanent_uuid: "3db2f881c88e43eb867bbaae33281ac7" member_type: VOTER last_known_addr { host: "127.0.107.195" port: 32825 } health_report { overall_health: UNKNOWN } } }
I20260709 14:43:57.704605   463 catalog_manager.cc:5697] T 4540f0d7aa6b4d638f8080b7ae5d772f P a1c8e4e93dc24a739334b6ef2cabdb91 reported cstate change: term changed from 1 to 2, leader changed from 988ae0bc5ac2439b9412f37d4e8d4d8d (127.0.107.193) to a1c8e4e93dc24a739334b6ef2cabdb91 (127.0.107.194). New cstate: current_term: 2 leader_uuid: "a1c8e4e93dc24a739334b6ef2cabdb91" committed_config { opid_index: -1 OBSOLETE_local: false peers { permanent_uuid: "988ae0bc5ac2439b9412f37d4e8d4d8d" member_type: VOTER last_known_addr { host: "127.0.107.193" port: 43517 } health_report { overall_health: UNKNOWN } } peers { permanent_uuid: "a1c8e4e93dc24a739334b6ef2cabdb91" member_type: VOTER last_known_addr { host: "127.0.107.194" port: 43915 } health_report { overall_health: HEALTHY } } peers { permanent_uuid: "3db2f881c88e43eb867bbaae33281ac7" member_type: VOTER last_known_addr { host: "127.0.107.195" port: 32825 } health_report { overall_health: UNKNOWN } } }
I20260709 14:43:57.710305   762 consensus_queue.cc:1048] T ff0e5ad3924f432f8d6e0e2ed20e81a9 P a1c8e4e93dc24a739334b6ef2cabdb91 [LEADER]: Connected to new peer: Peer: permanent_uuid: "3db2f881c88e43eb867bbaae33281ac7" member_type: VOTER last_known_addr { host: "127.0.107.195" port: 32825 }, Status: LMP_MISMATCH, Last received: 0.0, Next index: 1, Last known committed idx: 0, Time since last communication: 0.000s
I20260709 14:43:57.720580   762 raft_consensus.cc:993] T f007d39b93834403a2fce62c8dc62f0c P a1c8e4e93dc24a739334b6ef2cabdb91: : Instructing follower 988ae0bc5ac2439b9412f37d4e8d4d8d to start an election
I20260709 14:43:57.721105   762 raft_consensus.cc:1081] T f007d39b93834403a2fce62c8dc62f0c P a1c8e4e93dc24a739334b6ef2cabdb91 [term 1 LEADER]: Signalling peer 988ae0bc5ac2439b9412f37d4e8d4d8d to start an election
I20260709 14:43:57.723220   564 tablet_service.cc:2044] Received Run Leader Election RPC: tablet_id: "f007d39b93834403a2fce62c8dc62f0c"
dest_uuid: "988ae0bc5ac2439b9412f37d4e8d4d8d"
 from {username='slave'} at 127.0.0.1:42714
I20260709 14:43:57.724081   564 raft_consensus.cc:493] T f007d39b93834403a2fce62c8dc62f0c P 988ae0bc5ac2439b9412f37d4e8d4d8d [term 1 FOLLOWER]: Starting forced leader election (received explicit request)
I20260709 14:43:57.724462   564 raft_consensus.cc:3060] T f007d39b93834403a2fce62c8dc62f0c P 988ae0bc5ac2439b9412f37d4e8d4d8d [term 1 FOLLOWER]: Advancing to term 2
I20260709 14:43:57.732432   564 raft_consensus.cc:515] T f007d39b93834403a2fce62c8dc62f0c P 988ae0bc5ac2439b9412f37d4e8d4d8d [term 2 FOLLOWER]: Starting forced leader election with config: opid_index: -1 OBSOLETE_local: false peers { permanent_uuid: "a1c8e4e93dc24a739334b6ef2cabdb91" member_type: VOTER last_known_addr { host: "127.0.107.194" port: 43915 } } peers { permanent_uuid: "988ae0bc5ac2439b9412f37d4e8d4d8d" member_type: VOTER last_known_addr { host: "127.0.107.193" port: 43517 } } peers { permanent_uuid: "3db2f881c88e43eb867bbaae33281ac7" member_type: VOTER last_known_addr { host: "127.0.107.195" port: 32825 } }
I20260709 14:43:57.735827   641 tablet_service.cc:1917] Received RequestConsensusVote() RPC: tablet_id: "f007d39b93834403a2fce62c8dc62f0c" candidate_uuid: "988ae0bc5ac2439b9412f37d4e8d4d8d" candidate_term: 2 candidate_status { last_received { term: 1 index: 1 } } ignore_live_leader: true dest_uuid: "a1c8e4e93dc24a739334b6ef2cabdb91"
I20260709 14:43:57.736706   641 raft_consensus.cc:3055] T f007d39b93834403a2fce62c8dc62f0c P a1c8e4e93dc24a739334b6ef2cabdb91 [term 1 LEADER]: Stepping down as leader of term 1
I20260709 14:43:57.737071   715 tablet_service.cc:1917] Received RequestConsensusVote() RPC: tablet_id: "f007d39b93834403a2fce62c8dc62f0c" candidate_uuid: "988ae0bc5ac2439b9412f37d4e8d4d8d" candidate_term: 2 candidate_status { last_received { term: 1 index: 1 } } ignore_live_leader: true dest_uuid: "3db2f881c88e43eb867bbaae33281ac7"
I20260709 14:43:57.737185   641 raft_consensus.cc:740] T f007d39b93834403a2fce62c8dc62f0c P a1c8e4e93dc24a739334b6ef2cabdb91 [term 1 LEADER]: Becoming Follower/Learner. State: Replica: a1c8e4e93dc24a739334b6ef2cabdb91, State: Running, Role: LEADER
I20260709 14:43:57.737784   715 raft_consensus.cc:3060] T f007d39b93834403a2fce62c8dc62f0c P 3db2f881c88e43eb867bbaae33281ac7 [term 1 FOLLOWER]: Advancing to term 2
I20260709 14:43:57.738595   641 consensus_queue.cc:260] T f007d39b93834403a2fce62c8dc62f0c P a1c8e4e93dc24a739334b6ef2cabdb91 [NON_LEADER]: Queue going to NON_LEADER mode. State: All replicated index: 0, Majority replicated index: 1, Committed index: 1, Last appended: 1.1, Last appended by leader: 1, Current term: 1, Majority size: -1, State: 0, Mode: NON_LEADER, active raft config: opid_index: -1 OBSOLETE_local: false peers { permanent_uuid: "a1c8e4e93dc24a739334b6ef2cabdb91" member_type: VOTER last_known_addr { host: "127.0.107.194" port: 43915 } } peers { permanent_uuid: "988ae0bc5ac2439b9412f37d4e8d4d8d" member_type: VOTER last_known_addr { host: "127.0.107.193" port: 43517 } } peers { permanent_uuid: "3db2f881c88e43eb867bbaae33281ac7" member_type: VOTER last_known_addr { host: "127.0.107.195" port: 32825 } }
I20260709 14:43:57.740286   641 raft_consensus.cc:3060] T f007d39b93834403a2fce62c8dc62f0c P a1c8e4e93dc24a739334b6ef2cabdb91 [term 1 FOLLOWER]: Advancing to term 2
I20260709 14:43:57.745509   715 raft_consensus.cc:2468] T f007d39b93834403a2fce62c8dc62f0c P 3db2f881c88e43eb867bbaae33281ac7 [term 2 FOLLOWER]: Leader election vote request: Granting yes vote for candidate 988ae0bc5ac2439b9412f37d4e8d4d8d in term 2.
I20260709 14:43:57.747325   529 leader_election.cc:304] T f007d39b93834403a2fce62c8dc62f0c P 988ae0bc5ac2439b9412f37d4e8d4d8d [CANDIDATE]: Term 2 election: Election decided. Result: candidate won. Election summary: received 2 responses out of 3 voters: 2 yes votes; 0 no votes. yes voters: 3db2f881c88e43eb867bbaae33281ac7, 988ae0bc5ac2439b9412f37d4e8d4d8d; no voters: 
I20260709 14:43:57.748260   798 raft_consensus.cc:2804] T f007d39b93834403a2fce62c8dc62f0c P 988ae0bc5ac2439b9412f37d4e8d4d8d [term 2 FOLLOWER]: Leader election won for term 2
I20260709 14:43:57.748731   798 raft_consensus.cc:697] T f007d39b93834403a2fce62c8dc62f0c P 988ae0bc5ac2439b9412f37d4e8d4d8d [term 2 LEADER]: Becoming Leader. State: Replica: 988ae0bc5ac2439b9412f37d4e8d4d8d, State: Running, Role: LEADER
