I20260709 14:55:23.207327 18694 tablet_service.cc:1917] Received RequestConsensusVote() RPC: tablet_id: "ea57cadb21ab482fae947fdb5a416ecd" candidate_uuid: "114b74deb38a4ac6be6c87e98ed6754f" candidate_term: 1 candidate_status { last_received { term: 0 index: 0 } } ignore_live_leader: false dest_uuid: "992814d02280464b8290da7e9ff49613" is_pre_election: true
I20260709 14:55:23.208259 18694 raft_consensus.cc:2468] T ea57cadb21ab482fae947fdb5a416ecd P 992814d02280464b8290da7e9ff49613 [term 0 FOLLOWER]: Leader pre-election vote request: Granting yes vote for candidate 114b74deb38a4ac6be6c87e98ed6754f in term 0.
I20260709 14:55:23.209142 18813 ts_tablet_manager.cc:1434] T 6b504088a2ed4bf48a7941faf29e50b9 P 114b74deb38a4ac6be6c87e98ed6754f: Time spent starting tablet: real 0.078s	user 0.008s	sys 0.000s
I20260709 14:55:23.210225 18589 leader_election.cc:304] T ea57cadb21ab482fae947fdb5a416ecd P 114b74deb38a4ac6be6c87e98ed6754f [CANDIDATE]: Term 1 pre-election: Election decided. Result: candidate won. Election summary: received 2 responses out of 3 voters: 2 yes votes; 0 no votes. yes voters: 114b74deb38a4ac6be6c87e98ed6754f, 992814d02280464b8290da7e9ff49613; no voters: 
I20260709 14:55:23.210695 18813 tablet_bootstrap.cc:492] T a1dd3b7bf4904980bfcd9fa7801324aa P 114b74deb38a4ac6be6c87e98ed6754f: Bootstrap starting.
I20260709 14:55:23.211251 19095 raft_consensus.cc:2804] T ea57cadb21ab482fae947fdb5a416ecd P 114b74deb38a4ac6be6c87e98ed6754f [term 0 FOLLOWER]: Leader pre-election won for term 1
I20260709 14:55:23.211655 19095 raft_consensus.cc:493] T ea57cadb21ab482fae947fdb5a416ecd P 114b74deb38a4ac6be6c87e98ed6754f [term 0 FOLLOWER]: Starting leader election (no leader contacted us within the election timeout)
I20260709 14:55:23.211992 19095 raft_consensus.cc:3060] T ea57cadb21ab482fae947fdb5a416ecd P 114b74deb38a4ac6be6c87e98ed6754f [term 0 FOLLOWER]: Advancing to term 1
I20260709 14:55:23.217998 18980 raft_consensus.cc:2804] T b5dd154840044e6096806bd27ab373e0 P f69b3fc01b9440f9b358a9b3c15d09d7 [term 1 FOLLOWER]: Leader election won for term 1
I20260709 14:55:23.218647 18980 raft_consensus.cc:697] T b5dd154840044e6096806bd27ab373e0 P f69b3fc01b9440f9b358a9b3c15d09d7 [term 1 LEADER]: Becoming Leader. State: Replica: f69b3fc01b9440f9b358a9b3c15d09d7, State: Running, Role: LEADER
I20260709 14:55:23.219640 18980 consensus_queue.cc:237] T b5dd154840044e6096806bd27ab373e0 P f69b3fc01b9440f9b358a9b3c15d09d7 [LEADER]: Queue going to LEADER mode. State: All replicated index: 0, Majority replicated index: 0, Committed index: 0, Last appended: 0.0, Last appended by leader: 0, Current term: 1, Majority size: 2, State: 0, Mode: LEADER, active raft config: opid_index: -1 OBSOLETE_local: false peers { permanent_uuid: "114b74deb38a4ac6be6c87e98ed6754f" member_type: VOTER last_known_addr { host: "127.17.12.1" port: 46579 } } peers { permanent_uuid: "992814d02280464b8290da7e9ff49613" member_type: VOTER last_known_addr { host: "127.17.12.2" port: 34547 } } peers { permanent_uuid: "f69b3fc01b9440f9b358a9b3c15d09d7" member_type: VOTER last_known_addr { host: "127.17.12.3" port: 38117 } }
I20260709 14:55:23.221357 19059 leader_election.cc:290] T ea57cadb21ab482fae947fdb5a416ecd P 114b74deb38a4ac6be6c87e98ed6754f [CANDIDATE]: Term 1 pre-election: Requested pre-vote from peers 992814d02280464b8290da7e9ff49613 (127.17.12.2:34547), f69b3fc01b9440f9b358a9b3c15d09d7 (127.17.12.3:38117)
I20260709 14:55:23.227644 18773 tablet_service.cc:1917] Received RequestConsensusVote() RPC: tablet_id: "1939becc3807444697b74b5f8647bca8" candidate_uuid: "992814d02280464b8290da7e9ff49613" candidate_term: 1 candidate_status { last_received { term: 0 index: 0 } } ignore_live_leader: false dest_uuid: "f69b3fc01b9440f9b358a9b3c15d09d7" is_pre_election: true
I20260709 14:55:23.231002 19095 raft_consensus.cc:515] T ea57cadb21ab482fae947fdb5a416ecd P 114b74deb38a4ac6be6c87e98ed6754f [term 1 FOLLOWER]: Starting leader election with config: opid_index: -1 OBSOLETE_local: false peers { permanent_uuid: "114b74deb38a4ac6be6c87e98ed6754f" member_type: VOTER last_known_addr { host: "127.17.12.1" port: 46579 } } peers { permanent_uuid: "992814d02280464b8290da7e9ff49613" member_type: VOTER last_known_addr { host: "127.17.12.2" port: 34547 } } peers { permanent_uuid: "f69b3fc01b9440f9b358a9b3c15d09d7" member_type: VOTER last_known_addr { host: "127.17.12.3" port: 38117 } }
I20260709 14:55:23.264276 19095 leader_election.cc:290] T ea57cadb21ab482fae947fdb5a416ecd P 114b74deb38a4ac6be6c87e98ed6754f [CANDIDATE]: Term 1 election: Requested vote from peers 992814d02280464b8290da7e9ff49613 (127.17.12.2:34547), f69b3fc01b9440f9b358a9b3c15d09d7 (127.17.12.3:38117)
I20260709 14:55:23.263759 18520 catalog_manager.cc:5697] T b5dd154840044e6096806bd27ab373e0 P f69b3fc01b9440f9b358a9b3c15d09d7 reported cstate change: term changed from 0 to 1, leader changed from <none> to f69b3fc01b9440f9b358a9b3c15d09d7 (127.17.12.3). New cstate: current_term: 1 leader_uuid: "f69b3fc01b9440f9b358a9b3c15d09d7" committed_config { opid_index: -1 OBSOLETE_local: false peers { permanent_uuid: "114b74deb38a4ac6be6c87e98ed6754f" member_type: VOTER last_known_addr { host: "127.17.12.1" port: 46579 } health_report { overall_health: UNKNOWN } } peers { permanent_uuid: "992814d02280464b8290da7e9ff49613" member_type: VOTER last_known_addr { host: "127.17.12.2" port: 34547 } health_report { overall_health: UNKNOWN } } peers { permanent_uuid: "f69b3fc01b9440f9b358a9b3c15d09d7" member_type: VOTER last_known_addr { host: "127.17.12.3" port: 38117 } health_report { overall_health: HEALTHY } } }
I20260709 14:55:23.265467 18980 raft_consensus.cc:493] T cf73009749d34b399d55fa557d8f964b P f69b3fc01b9440f9b358a9b3c15d09d7 [term 0 FOLLOWER]: Starting pre-election (no leader contacted us within the election timeout)
I20260709 14:55:23.265938 18942 raft_consensus.cc:493] T 432856704a5741ea9ebc9e5dbb6cc679 P 992814d02280464b8290da7e9ff49613 [term 0 FOLLOWER]: Starting pre-election (no leader contacted us within the election timeout)
I20260709 14:55:23.266090 18980 raft_consensus.cc:515] T cf73009749d34b399d55fa557d8f964b P f69b3fc01b9440f9b358a9b3c15d09d7 [term 0 FOLLOWER]: Starting pre-election with config: opid_index: -1 OBSOLETE_local: false peers { permanent_uuid: "114b74deb38a4ac6be6c87e98ed6754f" member_type: VOTER last_known_addr { host: "127.17.12.1" port: 46579 } } peers { permanent_uuid: "992814d02280464b8290da7e9ff49613" member_type: VOTER last_known_addr { host: "127.17.12.2" port: 34547 } } peers { permanent_uuid: "f69b3fc01b9440f9b358a9b3c15d09d7" member_type: VOTER last_known_addr { host: "127.17.12.3" port: 38117 } }
I20260709 14:55:23.266422 18942 raft_consensus.cc:515] T 432856704a5741ea9ebc9e5dbb6cc679 P 992814d02280464b8290da7e9ff49613 [term 0 FOLLOWER]: Starting pre-election with config: opid_index: -1 OBSOLETE_local: false peers { permanent_uuid: "114b74deb38a4ac6be6c87e98ed6754f" member_type: VOTER last_known_addr { host: "127.17.12.1" port: 46579 } } peers { permanent_uuid: "992814d02280464b8290da7e9ff49613" member_type: VOTER last_known_addr { host: "127.17.12.2" port: 34547 } } peers { permanent_uuid: "f69b3fc01b9440f9b358a9b3c15d09d7" member_type: VOTER last_known_addr { host: "127.17.12.3" port: 38117 } }
I20260709 14:55:23.252661 18773 tablet_service.cc:1917] Received RequestConsensusVote() RPC: tablet_id: "ea57cadb21ab482fae947fdb5a416ecd" candidate_uuid: "114b74deb38a4ac6be6c87e98ed6754f" candidate_term: 1 candidate_status { last_received { term: 0 index: 0 } } ignore_live_leader: false dest_uuid: "f69b3fc01b9440f9b358a9b3c15d09d7" is_pre_election: true
I20260709 14:55:23.268185 18980 leader_election.cc:290] T cf73009749d34b399d55fa557d8f964b P f69b3fc01b9440f9b358a9b3c15d09d7 [CANDIDATE]: Term 1 pre-election: Requested pre-vote from peers 114b74deb38a4ac6be6c87e98ed6754f (127.17.12.1:46579), 992814d02280464b8290da7e9ff49613 (127.17.12.2:34547)
I20260709 14:55:23.268441 18942 leader_election.cc:290] T 432856704a5741ea9ebc9e5dbb6cc679 P 992814d02280464b8290da7e9ff49613 [CANDIDATE]: Term 1 pre-election: Requested pre-vote from peers 114b74deb38a4ac6be6c87e98ed6754f (127.17.12.1:46579), f69b3fc01b9440f9b358a9b3c15d09d7 (127.17.12.3:38117)
I20260709 14:55:23.254364 18814 tablet_bootstrap.cc:492] T b5dd154840044e6096806bd27ab373e0 P 992814d02280464b8290da7e9ff49613: No bootstrap required, opened a new log
I20260709 14:55:23.263751 18694 tablet_service.cc:1917] Received RequestConsensusVote() RPC: tablet_id: "ea57cadb21ab482fae947fdb5a416ecd" candidate_uuid: "114b74deb38a4ac6be6c87e98ed6754f" candidate_term: 1 candidate_status { last_received { term: 0 index: 0 } } ignore_live_leader: false dest_uuid: "992814d02280464b8290da7e9ff49613"
I20260709 14:55:23.269173 18814 ts_tablet_manager.cc:1403] T b5dd154840044e6096806bd27ab373e0 P 992814d02280464b8290da7e9ff49613: Time spent bootstrapping tablet: real 0.075s	user 0.021s	sys 0.032s
W20260709 14:55:23.232182 18662 leader_election.cc:343] T 1939becc3807444697b74b5f8647bca8 P 992814d02280464b8290da7e9ff49613 [CANDIDATE]: Term 1 pre-election: Tablet error from VoteRequest() call to peer f69b3fc01b9440f9b358a9b3c15d09d7 (127.17.12.3:38117): Illegal state: must be running to vote when last-logged opid is not known
I20260709 14:55:23.269472 18694 raft_consensus.cc:3060] T ea57cadb21ab482fae947fdb5a416ecd P 992814d02280464b8290da7e9ff49613 [term 0 FOLLOWER]: Advancing to term 1
I20260709 14:55:23.270685 18665 leader_election.cc:304] T 1939becc3807444697b74b5f8647bca8 P 992814d02280464b8290da7e9ff49613 [CANDIDATE]: Term 1 pre-election: Election decided. Result: candidate won. Election summary: received 3 responses out of 3 voters: 2 yes votes; 1 no votes. yes voters: 114b74deb38a4ac6be6c87e98ed6754f, 992814d02280464b8290da7e9ff49613; no voters: f69b3fc01b9440f9b358a9b3c15d09d7
I20260709 14:55:23.271252 18880 raft_consensus.cc:493] T cf73009749d34b399d55fa557d8f964b P 992814d02280464b8290da7e9ff49613 [term 0 FOLLOWER]: Starting pre-election (no leader contacted us within the election timeout)
I20260709 14:55:23.271772 18880 raft_consensus.cc:515] T cf73009749d34b399d55fa557d8f964b P 992814d02280464b8290da7e9ff49613 [term 0 FOLLOWER]: Starting pre-election with config: opid_index: -1 OBSOLETE_local: false peers { permanent_uuid: "114b74deb38a4ac6be6c87e98ed6754f" member_type: VOTER last_known_addr { host: "127.17.12.1" port: 46579 } } peers { permanent_uuid: "992814d02280464b8290da7e9ff49613" member_type: VOTER last_known_addr { host: "127.17.12.2" port: 34547 } } peers { permanent_uuid: "f69b3fc01b9440f9b358a9b3c15d09d7" member_type: VOTER last_known_addr { host: "127.17.12.3" port: 38117 } }
I20260709 14:55:23.272176 18942 raft_consensus.cc:2804] T 1939becc3807444697b74b5f8647bca8 P 992814d02280464b8290da7e9ff49613 [term 0 FOLLOWER]: Leader pre-election won for term 1
W20260709 14:55:23.272431 18587 leader_election.cc:343] T ea57cadb21ab482fae947fdb5a416ecd P 114b74deb38a4ac6be6c87e98ed6754f [CANDIDATE]: Term 1 pre-election: Tablet error from VoteRequest() call to peer f69b3fc01b9440f9b358a9b3c15d09d7 (127.17.12.3:38117): Illegal state: must be running to vote when last-logged opid is not known
I20260709 14:55:23.272725 18942 raft_consensus.cc:493] T 1939becc3807444697b74b5f8647bca8 P 992814d02280464b8290da7e9ff49613 [term 0 FOLLOWER]: Starting leader election (no leader contacted us within the election timeout)
I20260709 14:55:23.273387 18942 raft_consensus.cc:3060] T 1939becc3807444697b74b5f8647bca8 P 992814d02280464b8290da7e9ff49613 [term 0 FOLLOWER]: Advancing to term 1
I20260709 14:55:23.273958 18880 leader_election.cc:290] T cf73009749d34b399d55fa557d8f964b P 992814d02280464b8290da7e9ff49613 [CANDIDATE]: Term 1 pre-election: Requested pre-vote from peers 114b74deb38a4ac6be6c87e98ed6754f (127.17.12.1:46579), f69b3fc01b9440f9b358a9b3c15d09d7 (127.17.12.3:38117)
I20260709 14:55:23.303071 18695 tablet_service.cc:1917] Received RequestConsensusVote() RPC: tablet_id: "cf73009749d34b399d55fa557d8f964b" candidate_uuid: "f69b3fc01b9440f9b358a9b3c15d09d7" candidate_term: 1 candidate_status { last_received { term: 0 index: 0 } } ignore_live_leader: false dest_uuid: "992814d02280464b8290da7e9ff49613" is_pre_election: true
I20260709 14:55:23.303808 18694 raft_consensus.cc:2468] T ea57cadb21ab482fae947fdb5a416ecd P 992814d02280464b8290da7e9ff49613 [term 1 FOLLOWER]: Leader election vote request: Granting yes vote for candidate 114b74deb38a4ac6be6c87e98ed6754f in term 1.
I20260709 14:55:23.303870 18695 raft_consensus.cc:2468] T cf73009749d34b399d55fa557d8f964b P 992814d02280464b8290da7e9ff49613 [term 0 FOLLOWER]: Leader pre-election vote request: Granting yes vote for candidate f69b3fc01b9440f9b358a9b3c15d09d7 in term 0.
I20260709 14:55:23.304977 18623 tablet_service.cc:1917] Received RequestConsensusVote() RPC: tablet_id: "432856704a5741ea9ebc9e5dbb6cc679" candidate_uuid: "992814d02280464b8290da7e9ff49613" candidate_term: 1 candidate_status { last_received { term: 0 index: 0 } } ignore_live_leader: false dest_uuid: "114b74deb38a4ac6be6c87e98ed6754f" is_pre_election: true
I20260709 14:55:23.305692 18623 raft_consensus.cc:2468] T 432856704a5741ea9ebc9e5dbb6cc679 P 114b74deb38a4ac6be6c87e98ed6754f [term 0 FOLLOWER]: Leader pre-election vote request: Granting yes vote for candidate 992814d02280464b8290da7e9ff49613 in term 0.
I20260709 14:55:23.306016 18814 raft_consensus.cc:359] T b5dd154840044e6096806bd27ab373e0 P 992814d02280464b8290da7e9ff49613 [term 0 FOLLOWER]: Replica starting. Triggering 0 pending ops. Active config: opid_index: -1 OBSOLETE_local: false peers { permanent_uuid: "114b74deb38a4ac6be6c87e98ed6754f" member_type: VOTER last_known_addr { host: "127.17.12.1" port: 46579 } } peers { permanent_uuid: "992814d02280464b8290da7e9ff49613" member_type: VOTER last_known_addr { host: "127.17.12.2" port: 34547 } } peers { permanent_uuid: "f69b3fc01b9440f9b358a9b3c15d09d7" member_type: VOTER last_known_addr { host: "127.17.12.3" port: 38117 } }
I20260709 14:55:23.306682 18814 raft_consensus.cc:385] T b5dd154840044e6096806bd27ab373e0 P 992814d02280464b8290da7e9ff49613 [term 0 FOLLOWER]: Consensus starting up: Expiring failure detector timer to make a prompt election more likely
I20260709 14:55:23.307062 18814 raft_consensus.cc:740] T b5dd154840044e6096806bd27ab373e0 P 992814d02280464b8290da7e9ff49613 [term 0 FOLLOWER]: Becoming Follower/Learner. State: Replica: 992814d02280464b8290da7e9ff49613, State: Initialized, Role: FOLLOWER
I20260709 14:55:23.307337 18623 tablet_service.cc:1917] Received RequestConsensusVote() RPC: tablet_id: "cf73009749d34b399d55fa557d8f964b" candidate_uuid: "992814d02280464b8290da7e9ff49613" candidate_term: 1 candidate_status { last_received { term: 0 index: 0 } } ignore_live_leader: false dest_uuid: "114b74deb38a4ac6be6c87e98ed6754f" is_pre_election: true
I20260709 14:55:23.306945 18942 raft_consensus.cc:515] T 1939becc3807444697b74b5f8647bca8 P 992814d02280464b8290da7e9ff49613 [term 1 FOLLOWER]: Starting leader election with config: opid_index: -1 OBSOLETE_local: false peers { permanent_uuid: "114b74deb38a4ac6be6c87e98ed6754f" member_type: VOTER last_known_addr { host: "127.17.12.1" port: 46579 } } peers { permanent_uuid: "992814d02280464b8290da7e9ff49613" member_type: VOTER last_known_addr { host: "127.17.12.2" port: 34547 } } peers { permanent_uuid: "f69b3fc01b9440f9b358a9b3c15d09d7" member_type: VOTER last_known_addr { host: "127.17.12.3" port: 38117 } }
I20260709 14:55:23.307912 18623 raft_consensus.cc:2468] T cf73009749d34b399d55fa557d8f964b P 114b74deb38a4ac6be6c87e98ed6754f [term 0 FOLLOWER]: Leader pre-election vote request: Granting yes vote for candidate 992814d02280464b8290da7e9ff49613 in term 0.
I20260709 14:55:23.307894 18814 consensus_queue.cc:260] T b5dd154840044e6096806bd27ab373e0 P 992814d02280464b8290da7e9ff49613 [NON_LEADER]: Queue going to NON_LEADER mode. State: All replicated index: 0, Majority replicated index: 0, Committed index: 0, Last appended: 0.0, Last appended by leader: 0, Current term: 0, Majority size: -1, State: 0, Mode: NON_LEADER, active raft config: opid_index: -1 OBSOLETE_local: false peers { permanent_uuid: "114b74deb38a4ac6be6c87e98ed6754f" member_type: VOTER last_known_addr { host: "127.17.12.1" port: 46579 } } peers { permanent_uuid: "992814d02280464b8290da7e9ff49613" member_type: VOTER last_known_addr { host: "127.17.12.2" port: 34547 } } peers { permanent_uuid: "f69b3fc01b9440f9b358a9b3c15d09d7" member_type: VOTER last_known_addr { host: "127.17.12.3" port: 38117 } }
I20260709 14:55:23.311187 18665 leader_election.cc:304] T 432856704a5741ea9ebc9e5dbb6cc679 P 992814d02280464b8290da7e9ff49613 [CANDIDATE]: Term 1 pre-election: Election decided. Result: candidate won. Election summary: received 2 responses out of 3 voters: 2 yes votes; 0 no votes. yes voters: 114b74deb38a4ac6be6c87e98ed6754f, 992814d02280464b8290da7e9ff49613; no voters: 
I20260709 14:55:23.313956 18589 leader_election.cc:304] T ea57cadb21ab482fae947fdb5a416ecd P 114b74deb38a4ac6be6c87e98ed6754f [CANDIDATE]: Term 1 election: Election decided. Result: candidate won. Election summary: received 2 responses out of 3 voters: 2 yes votes; 0 no votes. yes voters: 114b74deb38a4ac6be6c87e98ed6754f, 992814d02280464b8290da7e9ff49613; no voters: 
I20260709 14:55:23.312426 18814 ts_tablet_manager.cc:1434] T b5dd154840044e6096806bd27ab373e0 P 992814d02280464b8290da7e9ff49613: Time spent starting tablet: real 0.043s	user 0.005s	sys 0.006s
I20260709 14:55:23.314709 19077 raft_consensus.cc:2804] T 432856704a5741ea9ebc9e5dbb6cc679 P 992814d02280464b8290da7e9ff49613 [term 0 FOLLOWER]: Leader pre-election won for term 1
I20260709 14:55:23.315116 19077 raft_consensus.cc:493] T 432856704a5741ea9ebc9e5dbb6cc679 P 992814d02280464b8290da7e9ff49613 [term 0 FOLLOWER]: Starting leader election (no leader contacted us within the election timeout)
I20260709 14:55:23.315477 19077 raft_consensus.cc:3060] T 432856704a5741ea9ebc9e5dbb6cc679 P 992814d02280464b8290da7e9ff49613 [term 0 FOLLOWER]: Advancing to term 1
I20260709 14:55:23.315871 18942 leader_election.cc:290] T 1939becc3807444697b74b5f8647bca8 P 992814d02280464b8290da7e9ff49613 [CANDIDATE]: Term 1 election: Requested vote from peers 114b74deb38a4ac6be6c87e98ed6754f (127.17.12.1:46579), f69b3fc01b9440f9b358a9b3c15d09d7 (127.17.12.3:38117)
I20260709 14:55:23.316916 19095 raft_consensus.cc:2804] T ea57cadb21ab482fae947fdb5a416ecd P 114b74deb38a4ac6be6c87e98ed6754f [term 1 FOLLOWER]: Leader election won for term 1
I20260709 14:55:23.318176 19095 raft_consensus.cc:697] T ea57cadb21ab482fae947fdb5a416ecd P 114b74deb38a4ac6be6c87e98ed6754f [term 1 LEADER]: Becoming Leader. State: Replica: 114b74deb38a4ac6be6c87e98ed6754f, State: Running, Role: LEADER
I20260709 14:55:23.318997 19095 consensus_queue.cc:237] T ea57cadb21ab482fae947fdb5a416ecd P 114b74deb38a4ac6be6c87e98ed6754f [LEADER]: Queue going to LEADER mode. State: All replicated index: 0, Majority replicated index: 0, Committed index: 0, Last appended: 0.0, Last appended by leader: 0, Current term: 1, Majority size: 2, State: 0, Mode: LEADER, active raft config: opid_index: -1 OBSOLETE_local: false peers { permanent_uuid: "114b74deb38a4ac6be6c87e98ed6754f" member_type: VOTER last_known_addr { host: "127.17.12.1" port: 46579 } } peers { permanent_uuid: "992814d02280464b8290da7e9ff49613" member_type: VOTER last_known_addr { host: "127.17.12.2" port: 34547 } } peers { permanent_uuid: "f69b3fc01b9440f9b358a9b3c15d09d7" member_type: VOTER last_known_addr { host: "127.17.12.3" port: 38117 } }
I20260709 14:55:23.323148 19077 raft_consensus.cc:515] T 432856704a5741ea9ebc9e5dbb6cc679 P 992814d02280464b8290da7e9ff49613 [term 1 FOLLOWER]: Starting leader election with config: opid_index: -1 OBSOLETE_local: false peers { permanent_uuid: "114b74deb38a4ac6be6c87e98ed6754f" member_type: VOTER last_known_addr { host: "127.17.12.1" port: 46579 } } peers { permanent_uuid: "992814d02280464b8290da7e9ff49613" member_type: VOTER last_known_addr { host: "127.17.12.2" port: 34547 } } peers { permanent_uuid: "f69b3fc01b9440f9b358a9b3c15d09d7" member_type: VOTER last_known_addr { host: "127.17.12.3" port: 38117 } }
I20260709 14:55:23.327219 18814 tablet_bootstrap.cc:492] T 78d12abf97da4604b3939b16caaf53e6 P 992814d02280464b8290da7e9ff49613: Bootstrap starting.
I20260709 14:55:23.330193 19077 leader_election.cc:290] T 432856704a5741ea9ebc9e5dbb6cc679 P 992814d02280464b8290da7e9ff49613 [CANDIDATE]: Term 1 election: Requested vote from peers 114b74deb38a4ac6be6c87e98ed6754f (127.17.12.1:46579), f69b3fc01b9440f9b358a9b3c15d09d7 (127.17.12.3:38117)
I20260709 14:55:23.330193 18621 tablet_service.cc:1917] Received RequestConsensusVote() RPC: tablet_id: "1939becc3807444697b74b5f8647bca8" candidate_uuid: "992814d02280464b8290da7e9ff49613" candidate_term: 1 candidate_status { last_received { term: 0 index: 0 } } ignore_live_leader: false dest_uuid: "114b74deb38a4ac6be6c87e98ed6754f"
I20260709 14:55:23.330937 18815 tablet_bootstrap.cc:492] T 1dfb9695fa1d4522be1a676d586a879b P f69b3fc01b9440f9b358a9b3c15d09d7: No bootstrap required, opened a new log
I20260709 14:55:23.331434 18815 ts_tablet_manager.cc:1403] T 1dfb9695fa1d4522be1a676d586a879b P f69b3fc01b9440f9b358a9b3c15d09d7: Time spent bootstrapping tablet: real 0.192s	user 0.050s	sys 0.042s
I20260709 14:55:23.332633 18520 catalog_manager.cc:5697] T ea57cadb21ab482fae947fdb5a416ecd P 114b74deb38a4ac6be6c87e98ed6754f reported cstate change: term changed from 0 to 1, leader changed from <none> to 114b74deb38a4ac6be6c87e98ed6754f (127.17.12.1). New cstate: current_term: 1 leader_uuid: "114b74deb38a4ac6be6c87e98ed6754f" committed_config { opid_index: -1 OBSOLETE_local: false peers { permanent_uuid: "114b74deb38a4ac6be6c87e98ed6754f" member_type: VOTER last_known_addr { host: "127.17.12.1" port: 46579 } health_report { overall_health: HEALTHY } } peers { permanent_uuid: "992814d02280464b8290da7e9ff49613" member_type: VOTER last_known_addr { host: "127.17.12.2" port: 34547 } health_report { overall_health: UNKNOWN } } peers { permanent_uuid: "f69b3fc01b9440f9b358a9b3c15d09d7" member_type: VOTER last_known_addr { host: "127.17.12.3" port: 38117 } health_report { overall_health: UNKNOWN } } }
I20260709 14:55:23.334852 18813 tablet_bootstrap.cc:654] T a1dd3b7bf4904980bfcd9fa7801324aa P 114b74deb38a4ac6be6c87e98ed6754f: Neither blocks nor log segments found. Creating new log.
I20260709 14:55:23.330955 18621 raft_consensus.cc:3060] T 1939becc3807444697b74b5f8647bca8 P 114b74deb38a4ac6be6c87e98ed6754f [term 0 FOLLOWER]: Advancing to term 1
I20260709 14:55:23.338934 18773 tablet_service.cc:1917] Received RequestConsensusVote() RPC: tablet_id: "432856704a5741ea9ebc9e5dbb6cc679" candidate_uuid: "992814d02280464b8290da7e9ff49613" candidate_term: 1 candidate_status { last_received { term: 0 index: 0 } } ignore_live_leader: false dest_uuid: "f69b3fc01b9440f9b358a9b3c15d09d7" is_pre_election: true
I20260709 14:55:23.341593 18623 tablet_service.cc:1917] Received RequestConsensusVote() RPC: tablet_id: "cf73009749d34b399d55fa557d8f964b" candidate_uuid: "f69b3fc01b9440f9b358a9b3c15d09d7" candidate_term: 1 candidate_status { last_received { term: 0 index: 0 } } ignore_live_leader: false dest_uuid: "114b74deb38a4ac6be6c87e98ed6754f" is_pre_election: true
I20260709 14:55:23.341696 18770 tablet_service.cc:1917] Received RequestConsensusVote() RPC: tablet_id: "cf73009749d34b399d55fa557d8f964b" candidate_uuid: "992814d02280464b8290da7e9ff49613" candidate_term: 1 candidate_status { last_received { term: 0 index: 0 } } ignore_live_leader: false dest_uuid: "f69b3fc01b9440f9b358a9b3c15d09d7" is_pre_election: true
I20260709 14:55:23.342278 18623 raft_consensus.cc:2468] T cf73009749d34b399d55fa557d8f964b P 114b74deb38a4ac6be6c87e98ed6754f [term 0 FOLLOWER]: Leader pre-election vote request: Granting yes vote for candidate f69b3fc01b9440f9b358a9b3c15d09d7 in term 0.
I20260709 14:55:23.342585 18770 raft_consensus.cc:2468] T cf73009749d34b399d55fa557d8f964b P f69b3fc01b9440f9b358a9b3c15d09d7 [term 0 FOLLOWER]: Leader pre-election vote request: Granting yes vote for candidate 992814d02280464b8290da7e9ff49613 in term 0.
I20260709 14:55:23.345666 18770 tablet_service.cc:1917] Received RequestConsensusVote() RPC: tablet_id: "1939becc3807444697b74b5f8647bca8" candidate_uuid: "992814d02280464b8290da7e9ff49613" candidate_term: 1 candidate_status { last_received { term: 0 index: 0 } } ignore_live_leader: false dest_uuid: "f69b3fc01b9440f9b358a9b3c15d09d7"
I20260709 14:55:23.348685 18773 tablet_service.cc:1917] Received RequestConsensusVote() RPC: tablet_id: "432856704a5741ea9ebc9e5dbb6cc679" candidate_uuid: "992814d02280464b8290da7e9ff49613" candidate_term: 1 candidate_status { last_received { term: 0 index: 0 } } ignore_live_leader: false dest_uuid: "f69b3fc01b9440f9b358a9b3c15d09d7"
I20260709 14:55:23.351879 18739 leader_election.cc:304] T cf73009749d34b399d55fa557d8f964b P f69b3fc01b9440f9b358a9b3c15d09d7 [CANDIDATE]: Term 1 pre-election: Election decided. Result: candidate won. Election summary: received 2 responses out of 3 voters: 2 yes votes; 0 no votes. yes voters: 114b74deb38a4ac6be6c87e98ed6754f, f69b3fc01b9440f9b358a9b3c15d09d7; no voters: 
I20260709 14:55:23.353093 18930 raft_consensus.cc:2804] T cf73009749d34b399d55fa557d8f964b P f69b3fc01b9440f9b358a9b3c15d09d7 [term 0 FOLLOWER]: Leader pre-election won for term 1
I20260709 14:55:23.353531 18930 raft_consensus.cc:493] T cf73009749d34b399d55fa557d8f964b P f69b3fc01b9440f9b358a9b3c15d09d7 [term 0 FOLLOWER]: Starting leader election (no leader contacted us within the election timeout)
I20260709 14:55:23.353876 18930 raft_consensus.cc:3060] T cf73009749d34b399d55fa557d8f964b P f69b3fc01b9440f9b358a9b3c15d09d7 [term 0 FOLLOWER]: Advancing to term 1
I20260709 14:55:23.355404 18815 raft_consensus.cc:359] T 1dfb9695fa1d4522be1a676d586a879b P f69b3fc01b9440f9b358a9b3c15d09d7 [term 0 FOLLOWER]: Replica starting. Triggering 0 pending ops. Active config: opid_index: -1 OBSOLETE_local: false peers { permanent_uuid: "114b74deb38a4ac6be6c87e98ed6754f" member_type: VOTER last_known_addr { host: "127.17.12.1" port: 46579 } } peers { permanent_uuid: "992814d02280464b8290da7e9ff49613" member_type: VOTER last_known_addr { host: "127.17.12.2" port: 34547 } } peers { permanent_uuid: "f69b3fc01b9440f9b358a9b3c15d09d7" member_type: VOTER last_known_addr { host: "127.17.12.3" port: 38117 } }
W20260709 14:55:23.367755 18662 leader_election.cc:343] T 432856704a5741ea9ebc9e5dbb6cc679 P 992814d02280464b8290da7e9ff49613 [CANDIDATE]: Term 1 pre-election: Tablet error from VoteRequest() call to peer f69b3fc01b9440f9b358a9b3c15d09d7 (127.17.12.3:38117): Illegal state: must be running to vote when last-logged opid is not known
I20260709 14:55:23.367779 18815 raft_consensus.cc:385] T 1dfb9695fa1d4522be1a676d586a879b P f69b3fc01b9440f9b358a9b3c15d09d7 [term 0 FOLLOWER]: Consensus starting up: Expiring failure detector timer to make a prompt election more likely
I20260709 14:55:23.357628 18814 tablet_bootstrap.cc:654] T 78d12abf97da4604b3939b16caaf53e6 P 992814d02280464b8290da7e9ff49613: Neither blocks nor log segments found. Creating new log.
I20260709 14:55:23.331362 18665 leader_election.cc:304] T cf73009749d34b399d55fa557d8f964b P 992814d02280464b8290da7e9ff49613 [CANDIDATE]: Term 1 pre-election: Election decided. Result: candidate won. Election summary: received 2 responses out of 3 voters: 2 yes votes; 0 no votes. yes voters: 114b74deb38a4ac6be6c87e98ed6754f, 992814d02280464b8290da7e9ff49613; no voters: 
I20260709 14:55:23.368839 18815 raft_consensus.cc:740] T 1dfb9695fa1d4522be1a676d586a879b P f69b3fc01b9440f9b358a9b3c15d09d7 [term 0 FOLLOWER]: Becoming Follower/Learner. State: Replica: f69b3fc01b9440f9b358a9b3c15d09d7, State: Initialized, Role: FOLLOWER
I20260709 14:55:23.369575 18815 consensus_queue.cc:260] T 1dfb9695fa1d4522be1a676d586a879b P f69b3fc01b9440f9b358a9b3c15d09d7 [NON_LEADER]: Queue going to NON_LEADER mode. State: All replicated index: 0, Majority replicated index: 0, Committed index: 0, Last appended: 0.0, Last appended by leader: 0, Current term: 0, Majority size: -1, State: 0, Mode: NON_LEADER, active raft config: opid_index: -1 OBSOLETE_local: false peers { permanent_uuid: "114b74deb38a4ac6be6c87e98ed6754f" member_type: VOTER last_known_addr { host: "127.17.12.1" port: 46579 } } peers { permanent_uuid: "992814d02280464b8290da7e9ff49613" member_type: VOTER last_known_addr { host: "127.17.12.2" port: 34547 } } peers { permanent_uuid: "f69b3fc01b9440f9b358a9b3c15d09d7" member_type: VOTER last_known_addr { host: "127.17.12.3" port: 38117 } }
I20260709 14:55:23.370312 18880 raft_consensus.cc:2804] T cf73009749d34b399d55fa557d8f964b P 992814d02280464b8290da7e9ff49613 [term 0 FOLLOWER]: Leader pre-election won for term 1
I20260709 14:55:23.370688 18880 raft_consensus.cc:493] T cf73009749d34b399d55fa557d8f964b P 992814d02280464b8290da7e9ff49613 [term 0 FOLLOWER]: Starting leader election (no leader contacted us within the election timeout)
I20260709 14:55:23.371187 18880 raft_consensus.cc:3060] T cf73009749d34b399d55fa557d8f964b P 992814d02280464b8290da7e9ff49613 [term 0 FOLLOWER]: Advancing to term 1
I20260709 14:55:23.371786 18815 ts_tablet_manager.cc:1434] T 1dfb9695fa1d4522be1a676d586a879b P f69b3fc01b9440f9b358a9b3c15d09d7: Time spent starting tablet: real 0.040s	user 0.005s	sys 0.000s
I20260709 14:55:23.373580 18815 tablet_bootstrap.cc:492] T 1939becc3807444697b74b5f8647bca8 P f69b3fc01b9440f9b358a9b3c15d09d7: Bootstrap starting.
I20260709 14:55:23.373692 18620 tablet_service.cc:1917] Received RequestConsensusVote() RPC: tablet_id: "432856704a5741ea9ebc9e5dbb6cc679" candidate_uuid: "992814d02280464b8290da7e9ff49613" candidate_term: 1 candidate_status { last_received { term: 0 index: 0 } } ignore_live_leader: false dest_uuid: "114b74deb38a4ac6be6c87e98ed6754f"
I20260709 14:55:23.374315 18620 raft_consensus.cc:3060] T 432856704a5741ea9ebc9e5dbb6cc679 P 114b74deb38a4ac6be6c87e98ed6754f [term 0 FOLLOWER]: Advancing to term 1
I20260709 14:55:23.378098 18813 tablet_bootstrap.cc:492] T a1dd3b7bf4904980bfcd9fa7801324aa P 114b74deb38a4ac6be6c87e98ed6754f: No bootstrap required, opened a new log
I20260709 14:55:23.378731 18813 ts_tablet_manager.cc:1403] T a1dd3b7bf4904980bfcd9fa7801324aa P 114b74deb38a4ac6be6c87e98ed6754f: Time spent bootstrapping tablet: real 0.168s	user 0.033s	sys 0.006s
I20260709 14:55:23.359922 18770 tablet_service.cc:1917] Received RequestConsensusVote() RPC: tablet_id: "ea57cadb21ab482fae947fdb5a416ecd" candidate_uuid: "114b74deb38a4ac6be6c87e98ed6754f" candidate_term: 1 candidate_status { last_received { term: 0 index: 0 } } ignore_live_leader: false dest_uuid: "f69b3fc01b9440f9b358a9b3c15d09d7"
I20260709 14:55:23.365382 18621 raft_consensus.cc:2468] T 1939becc3807444697b74b5f8647bca8 P 114b74deb38a4ac6be6c87e98ed6754f [term 1 FOLLOWER]: Leader election vote request: Granting yes vote for candidate 992814d02280464b8290da7e9ff49613 in term 1.
I20260709 14:55:23.355803 19010 consensus_queue.cc:1048] T ef9b2705e48e428486b2477c4c8706e0 P f69b3fc01b9440f9b358a9b3c15d09d7 [LEADER]: Connected to new peer: Peer: permanent_uuid: "114b74deb38a4ac6be6c87e98ed6754f" member_type: VOTER last_known_addr { host: "127.17.12.1" port: 46579 }, Status: LMP_MISMATCH, Last received: 0.0, Next index: 1, Last known committed idx: 0, Time since last communication: 0.000s
I20260709 14:55:23.380990 18815 tablet_bootstrap.cc:654] T 1939becc3807444697b74b5f8647bca8 P f69b3fc01b9440f9b358a9b3c15d09d7: Neither blocks nor log segments found. Creating new log.
I20260709 14:55:23.386374 18665 leader_election.cc:304] T 1939becc3807444697b74b5f8647bca8 P 992814d02280464b8290da7e9ff49613 [CANDIDATE]: Term 1 election: Election decided. Result: candidate won. Election summary: received 2 responses out of 3 voters: 2 yes votes; 0 no votes. yes voters: 114b74deb38a4ac6be6c87e98ed6754f, 992814d02280464b8290da7e9ff49613; no voters: 
I20260709 14:55:23.395079 19077 raft_consensus.cc:2804] T 1939becc3807444697b74b5f8647bca8 P 992814d02280464b8290da7e9ff49613 [term 1 FOLLOWER]: Leader election won for term 1
I20260709 14:55:23.395680 19077 raft_consensus.cc:697] T 1939becc3807444697b74b5f8647bca8 P 992814d02280464b8290da7e9ff49613 [term 1 LEADER]: Becoming Leader. State: Replica: 992814d02280464b8290da7e9ff49613, State: Running, Role: LEADER
W20260709 14:55:23.401185 18662 leader_election.cc:343] T 1939becc3807444697b74b5f8647bca8 P 992814d02280464b8290da7e9ff49613 [CANDIDATE]: Term 1 election: Tablet error from VoteRequest() call to peer f69b3fc01b9440f9b358a9b3c15d09d7 (127.17.12.3:38117): Illegal state: must be running to vote when last-logged opid is not known
W20260709 14:55:23.403703 18662 leader_election.cc:343] T 432856704a5741ea9ebc9e5dbb6cc679 P 992814d02280464b8290da7e9ff49613 [CANDIDATE]: Term 1 election: Tablet error from VoteRequest() call to peer f69b3fc01b9440f9b358a9b3c15d09d7 (127.17.12.3:38117): Illegal state: must be running to vote when last-logged opid is not known
I20260709 14:55:23.407348 18930 raft_consensus.cc:515] T cf73009749d34b399d55fa557d8f964b P f69b3fc01b9440f9b358a9b3c15d09d7 [term 1 FOLLOWER]: Starting leader election with config: opid_index: -1 OBSOLETE_local: false peers { permanent_uuid: "114b74deb38a4ac6be6c87e98ed6754f" member_type: VOTER last_known_addr { host: "127.17.12.1" port: 46579 } } peers { permanent_uuid: "992814d02280464b8290da7e9ff49613" member_type: VOTER last_known_addr { host: "127.17.12.2" port: 34547 } } peers { permanent_uuid: "f69b3fc01b9440f9b358a9b3c15d09d7" member_type: VOTER last_known_addr { host: "127.17.12.3" port: 38117 } }
I20260709 14:55:23.396512 19077 consensus_queue.cc:237] T 1939becc3807444697b74b5f8647bca8 P 992814d02280464b8290da7e9ff49613 [LEADER]: Queue going to LEADER mode. State: All replicated index: 0, Majority replicated index: 0, Committed index: 0, Last appended: 0.0, Last appended by leader: 0, Current term: 1, Majority size: 2, State: 0, Mode: LEADER, active raft config: opid_index: -1 OBSOLETE_local: false peers { permanent_uuid: "114b74deb38a4ac6be6c87e98ed6754f" member_type: VOTER last_known_addr { host: "127.17.12.1" port: 46579 } } peers { permanent_uuid: "992814d02280464b8290da7e9ff49613" member_type: VOTER last_known_addr { host: "127.17.12.2" port: 34547 } } peers { permanent_uuid: "f69b3fc01b9440f9b358a9b3c15d09d7" member_type: VOTER last_known_addr { host: "127.17.12.3" port: 38117 } }
W20260709 14:55:23.416471 18587 leader_election.cc:343] T ea57cadb21ab482fae947fdb5a416ecd P 114b74deb38a4ac6be6c87e98ed6754f [CANDIDATE]: Term 1 election: Tablet error from VoteRequest() call to peer f69b3fc01b9440f9b358a9b3c15d09d7 (127.17.12.3:38117): Illegal state: must be running to vote when last-logged opid is not known
I20260709 14:55:23.381578 18813 raft_consensus.cc:359] T a1dd3b7bf4904980bfcd9fa7801324aa P 114b74deb38a4ac6be6c87e98ed6754f [term 0 FOLLOWER]: Replica starting. Triggering 0 pending ops. Active config: opid_index: -1 OBSOLETE_local: false peers { permanent_uuid: "114b74deb38a4ac6be6c87e98ed6754f" member_type: VOTER last_known_addr { host: "127.17.12.1" port: 46579 } } peers { permanent_uuid: "992814d02280464b8290da7e9ff49613" member_type: VOTER last_known_addr { host: "127.17.12.2" port: 34547 } } peers { permanent_uuid: "f69b3fc01b9440f9b358a9b3c15d09d7" member_type: VOTER last_known_addr { host: "127.17.12.3" port: 38117 } }
I20260709 14:55:23.429998 18813 raft_consensus.cc:385] T a1dd3b7bf4904980bfcd9fa7801324aa P 114b74deb38a4ac6be6c87e98ed6754f [term 0 FOLLOWER]: Consensus starting up: Expiring failure detector timer to make a prompt election more likely
I20260709 14:55:23.430285 18813 raft_consensus.cc:740] T a1dd3b7bf4904980bfcd9fa7801324aa P 114b74deb38a4ac6be6c87e98ed6754f [term 0 FOLLOWER]: Becoming Follower/Learner. State: Replica: 114b74deb38a4ac6be6c87e98ed6754f, State: Initialized, Role: FOLLOWER
I20260709 14:55:23.433866 18813 consensus_queue.cc:260] T a1dd3b7bf4904980bfcd9fa7801324aa P 114b74deb38a4ac6be6c87e98ed6754f [NON_LEADER]: Queue going to NON_LEADER mode. State: All replicated index: 0, Majority replicated index: 0, Committed index: 0, Last appended: 0.0, Last appended by leader: 0, Current term: 0, Majority size: -1, State: 0, Mode: NON_LEADER, active raft config: opid_index: -1 OBSOLETE_local: false peers { permanent_uuid: "114b74deb38a4ac6be6c87e98ed6754f" member_type: VOTER last_known_addr { host: "127.17.12.1" port: 46579 } } peers { permanent_uuid: "992814d02280464b8290da7e9ff49613" member_type: VOTER last_known_addr { host: "127.17.12.2" port: 34547 } } peers { permanent_uuid: "f69b3fc01b9440f9b358a9b3c15d09d7" member_type: VOTER last_known_addr { host: "127.17.12.3" port: 38117 } }
I20260709 14:55:23.387615 18880 raft_consensus.cc:515] T cf73009749d34b399d55fa557d8f964b P 992814d02280464b8290da7e9ff49613 [term 1 FOLLOWER]: Starting leader election with config: opid_index: -1 OBSOLETE_local: false peers { permanent_uuid: "114b74deb38a4ac6be6c87e98ed6754f" member_type: VOTER last_known_addr { host: "127.17.12.1" port: 46579 } } peers { permanent_uuid: "992814d02280464b8290da7e9ff49613" member_type: VOTER last_known_addr { host: "127.17.12.2" port: 34547 } } peers { permanent_uuid: "f69b3fc01b9440f9b358a9b3c15d09d7" member_type: VOTER last_known_addr { host: "127.17.12.3" port: 38117 } }
I20260709 14:55:23.442078 18813 ts_tablet_manager.cc:1434] T a1dd3b7bf4904980bfcd9fa7801324aa P 114b74deb38a4ac6be6c87e98ed6754f: Time spent starting tablet: real 0.063s	user 0.006s	sys 0.000s
I20260709 14:55:23.388659 18620 raft_consensus.cc:2468] T 432856704a5741ea9ebc9e5dbb6cc679 P 114b74deb38a4ac6be6c87e98ed6754f [term 1 FOLLOWER]: Leader election vote request: Granting yes vote for candidate 992814d02280464b8290da7e9ff49613 in term 1.
I20260709 14:55:23.446311 18813 tablet_bootstrap.cc:492] T d8e422499fc34f449955dfb46ce8699d P 114b74deb38a4ac6be6c87e98ed6754f: Bootstrap starting.
I20260709 14:55:23.448266 18814 tablet_bootstrap.cc:492] T 78d12abf97da4604b3939b16caaf53e6 P 992814d02280464b8290da7e9ff49613: No bootstrap required, opened a new log
I20260709 14:55:23.448830 18814 ts_tablet_manager.cc:1403] T 78d12abf97da4604b3939b16caaf53e6 P 992814d02280464b8290da7e9ff49613: Time spent bootstrapping tablet: real 0.122s	user 0.012s	sys 0.010s
I20260709 14:55:23.432646 19010 consensus_queue.cc:1048] T ef9b2705e48e428486b2477c4c8706e0 P f69b3fc01b9440f9b358a9b3c15d09d7 [LEADER]: Connected to new peer: Peer: permanent_uuid: "992814d02280464b8290da7e9ff49613" member_type: VOTER last_known_addr { host: "127.17.12.2" port: 34547 }, Status: LMP_MISMATCH, Last received: 0.0, Next index: 1, Last known committed idx: 0, Time since last communication: 0.010s
I20260709 14:55:23.451663 18624 tablet_service.cc:1917] Received RequestConsensusVote() RPC: tablet_id: "cf73009749d34b399d55fa557d8f964b" candidate_uuid: "f69b3fc01b9440f9b358a9b3c15d09d7" candidate_term: 1 candidate_status { last_received { term: 0 index: 0 } } ignore_live_leader: false dest_uuid: "114b74deb38a4ac6be6c87e98ed6754f"
I20260709 14:55:23.452339 18624 raft_consensus.cc:3060] T cf73009749d34b399d55fa557d8f964b P 114b74deb38a4ac6be6c87e98ed6754f [term 0 FOLLOWER]: Advancing to term 1
I20260709 14:55:23.440506 19046 raft_consensus.cc:493] T b5a5345909744d59b5979d2af1998243 P f69b3fc01b9440f9b358a9b3c15d09d7 [term 0 FOLLOWER]: Starting pre-election (no leader contacted us within the election timeout)
I20260709 14:55:23.453788 18665 leader_election.cc:304] T 432856704a5741ea9ebc9e5dbb6cc679 P 992814d02280464b8290da7e9ff49613 [CANDIDATE]: Term 1 election: Election decided. Result: candidate won. Election summary: received 3 responses out of 3 voters: 2 yes votes; 1 no votes. yes voters: 114b74deb38a4ac6be6c87e98ed6754f, 992814d02280464b8290da7e9ff49613; no voters: f69b3fc01b9440f9b358a9b3c15d09d7
I20260709 14:55:23.455535 19076 raft_consensus.cc:2804] T 432856704a5741ea9ebc9e5dbb6cc679 P 992814d02280464b8290da7e9ff49613 [term 1 FOLLOWER]: Leader election won for term 1
I20260709 14:55:23.455837 18880 leader_election.cc:290] T cf73009749d34b399d55fa557d8f964b P 992814d02280464b8290da7e9ff49613 [CANDIDATE]: Term 1 election: Requested vote from peers 114b74deb38a4ac6be6c87e98ed6754f (127.17.12.1:46579), f69b3fc01b9440f9b358a9b3c15d09d7 (127.17.12.3:38117)
I20260709 14:55:23.456040 19076 raft_consensus.cc:697] T 432856704a5741ea9ebc9e5dbb6cc679 P 992814d02280464b8290da7e9ff49613 [term 1 LEADER]: Becoming Leader. State: Replica: 992814d02280464b8290da7e9ff49613, State: Running, Role: LEADER
I20260709 14:55:23.453593 19046 raft_consensus.cc:515] T b5a5345909744d59b5979d2af1998243 P f69b3fc01b9440f9b358a9b3c15d09d7 [term 0 FOLLOWER]: Starting pre-election with config: opid_index: -1 OBSOLETE_local: false peers { permanent_uuid: "114b74deb38a4ac6be6c87e98ed6754f" member_type: VOTER last_known_addr { host: "127.17.12.1" port: 46579 } } peers { permanent_uuid: "992814d02280464b8290da7e9ff49613" member_type: VOTER last_known_addr { host: "127.17.12.2" port: 34547 } } peers { permanent_uuid: "f69b3fc01b9440f9b358a9b3c15d09d7" member_type: VOTER last_known_addr { host: "127.17.12.3" port: 38117 } }
I20260709 14:55:23.462149 18620 tablet_service.cc:1917] Received RequestConsensusVote() RPC: tablet_id: "cf73009749d34b399d55fa557d8f964b" candidate_uuid: "992814d02280464b8290da7e9ff49613" candidate_term: 1 candidate_status { last_received { term: 0 index: 0 } } ignore_live_leader: false dest_uuid: "114b74deb38a4ac6be6c87e98ed6754f"
I20260709 14:55:23.464866 18815 tablet_bootstrap.cc:492] T 1939becc3807444697b74b5f8647bca8 P f69b3fc01b9440f9b358a9b3c15d09d7: No bootstrap required, opened a new log
I20260709 14:55:23.465613 18815 ts_tablet_manager.cc:1403] T 1939becc3807444697b74b5f8647bca8 P f69b3fc01b9440f9b358a9b3c15d09d7: Time spent bootstrapping tablet: real 0.092s	user 0.021s	sys 0.008s
I20260709 14:55:23.465623 18814 raft_consensus.cc:359] T 78d12abf97da4604b3939b16caaf53e6 P 992814d02280464b8290da7e9ff49613 [term 0 FOLLOWER]: Replica starting. Triggering 0 pending ops. Active config: opid_index: -1 OBSOLETE_local: false peers { permanent_uuid: "114b74deb38a4ac6be6c87e98ed6754f" member_type: VOTER last_known_addr { host: "127.17.12.1" port: 46579 } } peers { permanent_uuid: "992814d02280464b8290da7e9ff49613" member_type: VOTER last_known_addr { host: "127.17.12.2" port: 34547 } } peers { permanent_uuid: "f69b3fc01b9440f9b358a9b3c15d09d7" member_type: VOTER last_known_addr { host: "127.17.12.3" port: 38117 } }
I20260709 14:55:23.467118 18814 raft_consensus.cc:385] T 78d12abf97da4604b3939b16caaf53e6 P 992814d02280464b8290da7e9ff49613 [term 0 FOLLOWER]: Consensus starting up: Expiring failure detector timer to make a prompt election more likely
I20260709 14:55:23.467417 18814 raft_consensus.cc:740] T 78d12abf97da4604b3939b16caaf53e6 P 992814d02280464b8290da7e9ff49613 [term 0 FOLLOWER]: Becoming Follower/Learner. State: Replica: 992814d02280464b8290da7e9ff49613, State: Initialized, Role: FOLLOWER
I20260709 14:55:23.468340 19046 leader_election.cc:290] T b5a5345909744d59b5979d2af1998243 P f69b3fc01b9440f9b358a9b3c15d09d7 [CANDIDATE]: Term 1 pre-election: Requested pre-vote from peers 114b74deb38a4ac6be6c87e98ed6754f (127.17.12.1:46579), 992814d02280464b8290da7e9ff49613 (127.17.12.2:34547)
I20260709 14:55:23.468096 18814 consensus_queue.cc:260] T 78d12abf97da4604b3939b16caaf53e6 P 992814d02280464b8290da7e9ff49613 [NON_LEADER]: Queue going to NON_LEADER mode. State: All replicated index: 0, Majority replicated index: 0, Committed index: 0, Last appended: 0.0, Last appended by leader: 0, Current term: 0, Majority size: -1, State: 0, Mode: NON_LEADER, active raft config: opid_index: -1 OBSOLETE_local: false peers { permanent_uuid: "114b74deb38a4ac6be6c87e98ed6754f" member_type: VOTER last_known_addr { host: "127.17.12.1" port: 46579 } } peers { permanent_uuid: "992814d02280464b8290da7e9ff49613" member_type: VOTER last_known_addr { host: "127.17.12.2" port: 34547 } } peers { permanent_uuid: "f69b3fc01b9440f9b358a9b3c15d09d7" member_type: VOTER last_known_addr { host: "127.17.12.3" port: 38117 } }
I20260709 14:55:23.470566 18814 ts_tablet_manager.cc:1434] T 78d12abf97da4604b3939b16caaf53e6 P 992814d02280464b8290da7e9ff49613: Time spent starting tablet: real 0.021s	user 0.006s	sys 0.000s
I20260709 14:55:23.471657 18814 tablet_bootstrap.cc:492] T b5a5345909744d59b5979d2af1998243 P 992814d02280464b8290da7e9ff49613: Bootstrap starting.
I20260709 14:55:23.475697 18930 leader_election.cc:290] T cf73009749d34b399d55fa557d8f964b P f69b3fc01b9440f9b358a9b3c15d09d7 [CANDIDATE]: Term 1 election: Requested vote from peers 114b74deb38a4ac6be6c87e98ed6754f (127.17.12.1:46579), 992814d02280464b8290da7e9ff49613 (127.17.12.2:34547)
I20260709 14:55:23.475410 18815 raft_consensus.cc:359] T 1939becc3807444697b74b5f8647bca8 P f69b3fc01b9440f9b358a9b3c15d09d7 [term 0 FOLLOWER]: Replica starting. Triggering 0 pending ops. Active config: opid_index: -1 OBSOLETE_local: false peers { permanent_uuid: "114b74deb38a4ac6be6c87e98ed6754f" member_type: VOTER last_known_addr { host: "127.17.12.1" port: 46579 } } peers { permanent_uuid: "992814d02280464b8290da7e9ff49613" member_type: VOTER last_known_addr { host: "127.17.12.2" port: 34547 } } peers { permanent_uuid: "f69b3fc01b9440f9b358a9b3c15d09d7" member_type: VOTER last_known_addr { host: "127.17.12.3" port: 38117 } }
I20260709 14:55:23.476233 18815 raft_consensus.cc:385] T 1939becc3807444697b74b5f8647bca8 P f69b3fc01b9440f9b358a9b3c15d09d7 [term 0 FOLLOWER]: Consensus starting up: Expiring failure detector timer to make a prompt election more likely
I20260709 14:55:23.476531 18815 raft_consensus.cc:740] T 1939becc3807444697b74b5f8647bca8 P f69b3fc01b9440f9b358a9b3c15d09d7 [term 0 FOLLOWER]: Becoming Follower/Learner. State: Replica: f69b3fc01b9440f9b358a9b3c15d09d7, State: Initialized, Role: FOLLOWER
I20260709 14:55:23.478067 18771 tablet_service.cc:1917] Received RequestConsensusVote() RPC: tablet_id: "cf73009749d34b399d55fa557d8f964b" candidate_uuid: "992814d02280464b8290da7e9ff49613" candidate_term: 1 candidate_status { last_received { term: 0 index: 0 } } ignore_live_leader: false dest_uuid: "f69b3fc01b9440f9b358a9b3c15d09d7"
I20260709 14:55:23.478951 18771 raft_consensus.cc:2393] T cf73009749d34b399d55fa557d8f964b P f69b3fc01b9440f9b358a9b3c15d09d7 [term 1 FOLLOWER]: Leader election vote request: Denying vote to candidate 992814d02280464b8290da7e9ff49613 in current term 1: Already voted for candidate f69b3fc01b9440f9b358a9b3c15d09d7 in this term.
I20260709 14:55:23.478595 18815 consensus_queue.cc:260] T 1939becc3807444697b74b5f8647bca8 P f69b3fc01b9440f9b358a9b3c15d09d7 [NON_LEADER]: Queue going to NON_LEADER mode. State: All replicated index: 0, Majority replicated index: 0, Committed index: 0, Last appended: 0.0, Last appended by leader: 0, Current term: 0, Majority size: -1, State: 0, Mode: NON_LEADER, active raft config: opid_index: -1 OBSOLETE_local: false peers { permanent_uuid: "114b74deb38a4ac6be6c87e98ed6754f" member_type: VOTER last_known_addr { host: "127.17.12.1" port: 46579 } } peers { permanent_uuid: "992814d02280464b8290da7e9ff49613" member_type: VOTER last_known_addr { host: "127.17.12.2" port: 34547 } } peers { permanent_uuid: "f69b3fc01b9440f9b358a9b3c15d09d7" member_type: VOTER last_known_addr { host: "127.17.12.3" port: 38117 } }
I20260709 14:55:23.481405 18695 tablet_service.cc:1917] Received RequestConsensusVote() RPC: tablet_id: "cf73009749d34b399d55fa557d8f964b" candidate_uuid: "f69b3fc01b9440f9b358a9b3c15d09d7" candidate_term: 1 candidate_status { last_received { term: 0 index: 0 } } ignore_live_leader: false dest_uuid: "992814d02280464b8290da7e9ff49613"
I20260709 14:55:23.488626 18695 raft_consensus.cc:2393] T cf73009749d34b399d55fa557d8f964b P 992814d02280464b8290da7e9ff49613 [term 1 FOLLOWER]: Leader election vote request: Denying vote to candidate f69b3fc01b9440f9b358a9b3c15d09d7 in current term 1: Already voted for candidate 992814d02280464b8290da7e9ff49613 in this term.
I20260709 14:55:23.485644 19076 consensus_queue.cc:237] T 432856704a5741ea9ebc9e5dbb6cc679 P 992814d02280464b8290da7e9ff49613 [LEADER]: Queue going to LEADER mode. State: All replicated index: 0, Majority replicated index: 0, Committed index: 0, Last appended: 0.0, Last appended by leader: 0, Current term: 1, Majority size: 2, State: 0, Mode: LEADER, active raft config: opid_index: -1 OBSOLETE_local: false peers { permanent_uuid: "114b74deb38a4ac6be6c87e98ed6754f" member_type: VOTER last_known_addr { host: "127.17.12.1" port: 46579 } } peers { permanent_uuid: "992814d02280464b8290da7e9ff49613" member_type: VOTER last_known_addr { host: "127.17.12.2" port: 34547 } } peers { permanent_uuid: "f69b3fc01b9440f9b358a9b3c15d09d7" member_type: VOTER last_known_addr { host: "127.17.12.3" port: 38117 } }
I20260709 14:55:23.483619 18698 tablet_service.cc:1917] Received RequestConsensusVote() RPC: tablet_id: "b5a5345909744d59b5979d2af1998243" candidate_uuid: "f69b3fc01b9440f9b358a9b3c15d09d7" candidate_term: 1 candidate_status { last_received { term: 0 index: 0 } } ignore_live_leader: false dest_uuid: "992814d02280464b8290da7e9ff49613" is_pre_election: true
I20260709 14:55:23.482322 18620 tablet_service.cc:1917] Received RequestConsensusVote() RPC: tablet_id: "b5a5345909744d59b5979d2af1998243" candidate_uuid: "f69b3fc01b9440f9b358a9b3c15d09d7" candidate_term: 1 candidate_status { last_received { term: 0 index: 0 } } ignore_live_leader: false dest_uuid: "114b74deb38a4ac6be6c87e98ed6754f" is_pre_election: true
I20260709 14:55:23.497188 18815 ts_tablet_manager.cc:1434] T 1939becc3807444697b74b5f8647bca8 P f69b3fc01b9440f9b358a9b3c15d09d7: Time spent starting tablet: real 0.031s	user 0.006s	sys 0.001s
I20260709 14:55:23.499215 18815 tablet_bootstrap.cc:492] T 78d12abf97da4604b3939b16caaf53e6 P f69b3fc01b9440f9b358a9b3c15d09d7: Bootstrap starting.
W20260709 14:55:23.501314 18570 auto_rebalancer.cc:288] Could not retrieve cluster info: Service unavailable: Tablet not running
