[==========] Running 8 tests from 2 test suites.
[----------] Global test environment set-up.
[----------] 6 tests from LeaderRebalancerTest
[ RUN      ] LeaderRebalancerTest.FunctionalTestForDivided
WARNING: Logging before InitGoogleLogging() is written to STDERR
I20260709 14:54:49.534906 23756 internal_mini_cluster.cc:156] Creating distributed mini masters. Addrs: 127.23.51.62:44065
I20260709 14:54:49.536564 23756 env_posix.cc:2285] Not raising this process' open files per process limit of 1048576; it is already as high as it can go
I20260709 14:54:49.537607 23756 file_cache.cc:504] Constructed file cache file cache with capacity 419430
W20260709 14:54:49.554576 23765 instance_detector.cc:116] could not retrieve OpenStack instance metadata: Network error: curl error: HTTP response code said error: The requested URL returned error: 404
W20260709 14:54:49.554615 23763 instance_detector.cc:116] could not retrieve Azure instance metadata: Network error: curl error: HTTP response code said error: The requested URL returned error: 404
I20260709 14:54:49.556012 23756 server_base.cc:1061] running on GCE node
W20260709 14:54:49.554811 23762 instance_detector.cc:116] could not retrieve AWS instance metadata: Network error: curl error: HTTP response code said error: The requested URL returned error: 404
I20260709 14:54:50.738276 23756 hybrid_clock.cc:584] initializing the hybrid clock with 'system_unsync' time source
W20260709 14:54:50.738525 23756 system_unsync_time.cc:38] NTP support is disabled. Clock error bounds will not be accurate. This configuration is not suitable for distributed clusters.
I20260709 14:54:50.738673 23756 hybrid_clock.cc:648] HybridClock initialized: now 1783608890738657 us; error 0 us; skew 500 ppm
I20260709 14:54:50.739470 23756 server_base.cc:861] Flag tcmalloc_max_total_thread_cache_bytes is not working since tcmalloc is not enabled.
I20260709 14:54:50.744741 23756 webserver.cc:533] Webserver started at http://127.23.51.62:40731/ using document root <none> and password file <none>
I20260709 14:54:50.745556 23756 fs_manager.cc:362] Metadata directory not provided
I20260709 14:54:50.745746 23756 fs_manager.cc:368] Using write-ahead log directory (fs_wal_dir) as metadata directory
I20260709 14:54:50.746153 23756 server_base.cc:909] This appears to be a new deployment of Kudu; creating new FS layout
I20260709 14:54:50.752401 23756 fs_manager.cc:1068] Generated new instance metadata in path /tmp/dist-test-taskZJ1RJ2/test-tmp/auto_leader_rebalancer-test.0.LeaderRebalancerTest.FunctionalTestForDivided.1783608889372354-23756-0/minicluster-data/master-0-root/instance:
uuid: "fc49ff8a36394c5c8f1125e3d76fc2e1"
format_stamp: "Formatted at 2026-07-09 14:54:50 on dist-test-slave-82f8"
I20260709 14:54:50.760035 23756 fs_manager.cc:696] Time spent creating directory manager: real 0.007s	user 0.003s	sys 0.005s
I20260709 14:54:50.765007 23771 log_block_manager.cc:4127] Time spent loading block containers with low live blocks: real 0.000s	user 0.000s	sys 0.000s
I20260709 14:54:50.766192 23756 fs_manager.cc:730] Time spent opening block manager: real 0.004s	user 0.003s	sys 0.002s
I20260709 14:54:50.766556 23756 fs_manager.cc:647] Opened local filesystem: /tmp/dist-test-taskZJ1RJ2/test-tmp/auto_leader_rebalancer-test.0.LeaderRebalancerTest.FunctionalTestForDivided.1783608889372354-23756-0/minicluster-data/master-0-root
uuid: "fc49ff8a36394c5c8f1125e3d76fc2e1"
format_stamp: "Formatted at 2026-07-09 14:54:50 on dist-test-slave-82f8"
I20260709 14:54:50.766887 23756 fs_report.cc:389] FS layout report
--------------------
wal directory: /tmp/dist-test-taskZJ1RJ2/test-tmp/auto_leader_rebalancer-test.0.LeaderRebalancerTest.FunctionalTestForDivided.1783608889372354-23756-0/minicluster-data/master-0-root
metadata directory: /tmp/dist-test-taskZJ1RJ2/test-tmp/auto_leader_rebalancer-test.0.LeaderRebalancerTest.FunctionalTestForDivided.1783608889372354-23756-0/minicluster-data/master-0-root
1 data directories: /tmp/dist-test-taskZJ1RJ2/test-tmp/auto_leader_rebalancer-test.0.LeaderRebalancerTest.FunctionalTestForDivided.1783608889372354-23756-0/minicluster-data/master-0-root/data
Total live blocks: 0
Total live bytes: 0
Total live bytes (after alignment): 0
Total number of LBM containers: 0 (0 full)
Did not check for missing blocks
Did not check for orphaned blocks
Total full LBM containers with extra space: 0 (0 repaired)
Total full LBM container extra space in bytes: 0 (0 repaired)
Total incomplete LBM containers: 0 (0 repaired)
Total LBM partial records: 0 (0 repaired)
Total corrupted LBM metadata records in RocksDB: 0 (0 repaired)
I20260709 14:54:50.820269 23756 rpc_server.cc:225] running with OpenSSL 1.1.1  11 Sep 2018
I20260709 14:54:50.821827 23756 env_posix.cc:2285] Not raising this process' running threads per effective uid limit of 18446744073709551615; it is already as high as it can go
I20260709 14:54:50.822288 23756 kserver.cc:163] Server-wide thread pool size limit: 3276
I20260709 14:54:50.893465 23756 rpc_server.cc:307] RPC server started. Bound to: 127.23.51.62:44065
I20260709 14:54:50.893575 23822 acceptor_pool.cc:272] collecting diagnostics on the listening RPC socket 127.23.51.62:44065 every 8 connection(s)
I20260709 14:54:50.901355 23823 data_dirs.cc:400] Could only allocate 1 dirs of requested 3 for tablet 00000000000000000000000000000000. 1 dirs total, 0 dirs full, 0 dirs failed
I20260709 14:54:50.922425 23823 tablet_bootstrap.cc:492] T 00000000000000000000000000000000 P fc49ff8a36394c5c8f1125e3d76fc2e1: Bootstrap starting.
I20260709 14:54:50.928228 23823 tablet_bootstrap.cc:654] T 00000000000000000000000000000000 P fc49ff8a36394c5c8f1125e3d76fc2e1: Neither blocks nor log segments found. Creating new log.
I20260709 14:54:50.930042 23823 log.cc:826] T 00000000000000000000000000000000 P fc49ff8a36394c5c8f1125e3d76fc2e1: Log is configured to *not* fsync() on all Append() calls
I20260709 14:54:50.934404 23823 tablet_bootstrap.cc:492] T 00000000000000000000000000000000 P fc49ff8a36394c5c8f1125e3d76fc2e1: No bootstrap required, opened a new log
I20260709 14:54:50.954661 23823 raft_consensus.cc:359] T 00000000000000000000000000000000 P fc49ff8a36394c5c8f1125e3d76fc2e1 [term 0 FOLLOWER]: Replica starting. Triggering 0 pending ops. Active config: opid_index: -1 OBSOLETE_local: true peers { permanent_uuid: "fc49ff8a36394c5c8f1125e3d76fc2e1" member_type: VOTER }
I20260709 14:54:50.955214 23823 raft_consensus.cc:385] T 00000000000000000000000000000000 P fc49ff8a36394c5c8f1125e3d76fc2e1 [term 0 FOLLOWER]: Consensus starting up: Expiring failure detector timer to make a prompt election more likely
I20260709 14:54:50.955435 23823 raft_consensus.cc:740] T 00000000000000000000000000000000 P fc49ff8a36394c5c8f1125e3d76fc2e1 [term 0 FOLLOWER]: Becoming Follower/Learner. State: Replica: fc49ff8a36394c5c8f1125e3d76fc2e1, State: Initialized, Role: FOLLOWER
I20260709 14:54:50.956398 23823 consensus_queue.cc:260] T 00000000000000000000000000000000 P fc49ff8a36394c5c8f1125e3d76fc2e1 [NON_LEADER]: Queue going to NON_LEADER mode. State: All replicated index: 0, Majority replicated index: 0, Committed index: 0, Last appended: 0.0, Last appended by leader: 0, Current term: 0, Majority size: -1, State: 0, Mode: NON_LEADER, active raft config: opid_index: -1 OBSOLETE_local: true peers { permanent_uuid: "fc49ff8a36394c5c8f1125e3d76fc2e1" member_type: VOTER }
I20260709 14:54:50.956871 23823 raft_consensus.cc:399] T 00000000000000000000000000000000 P fc49ff8a36394c5c8f1125e3d76fc2e1 [term 0 FOLLOWER]: Only one voter in the Raft config. Triggering election immediately
I20260709 14:54:50.957127 23823 raft_consensus.cc:493] T 00000000000000000000000000000000 P fc49ff8a36394c5c8f1125e3d76fc2e1 [term 0 FOLLOWER]: Starting leader election (initial election of a single-replica configuration)
I20260709 14:54:50.957415 23823 raft_consensus.cc:3060] T 00000000000000000000000000000000 P fc49ff8a36394c5c8f1125e3d76fc2e1 [term 0 FOLLOWER]: Advancing to term 1
I20260709 14:54:50.961442 23823 raft_consensus.cc:515] T 00000000000000000000000000000000 P fc49ff8a36394c5c8f1125e3d76fc2e1 [term 1 FOLLOWER]: Starting leader election with config: opid_index: -1 OBSOLETE_local: true peers { permanent_uuid: "fc49ff8a36394c5c8f1125e3d76fc2e1" member_type: VOTER }
I20260709 14:54:50.962154 23823 leader_election.cc:304] T 00000000000000000000000000000000 P fc49ff8a36394c5c8f1125e3d76fc2e1 [CANDIDATE]: Term 1 election: Election decided. Result: candidate won. Election summary: received 1 responses out of 1 voters: 1 yes votes; 0 no votes. yes voters: fc49ff8a36394c5c8f1125e3d76fc2e1; no voters: 
I20260709 14:54:50.963815 23823 leader_election.cc:290] T 00000000000000000000000000000000 P fc49ff8a36394c5c8f1125e3d76fc2e1 [CANDIDATE]: Term 1 election: Requested vote from peers 
I20260709 14:54:50.964208 23826 raft_consensus.cc:2804] T 00000000000000000000000000000000 P fc49ff8a36394c5c8f1125e3d76fc2e1 [term 1 FOLLOWER]: Leader election won for term 1
I20260709 14:54:50.966967 23826 raft_consensus.cc:697] T 00000000000000000000000000000000 P fc49ff8a36394c5c8f1125e3d76fc2e1 [term 1 LEADER]: Becoming Leader. State: Replica: fc49ff8a36394c5c8f1125e3d76fc2e1, State: Running, Role: LEADER
I20260709 14:54:50.967962 23826 consensus_queue.cc:237] T 00000000000000000000000000000000 P fc49ff8a36394c5c8f1125e3d76fc2e1 [LEADER]: Queue going to LEADER mode. State: All replicated index: 0, Majority replicated index: 0, Committed index: 0, Last appended: 0.0, Last appended by leader: 0, Current term: 1, Majority size: 1, State: 0, Mode: LEADER, active raft config: opid_index: -1 OBSOLETE_local: true peers { permanent_uuid: "fc49ff8a36394c5c8f1125e3d76fc2e1" member_type: VOTER }
I20260709 14:54:50.968992 23823 sys_catalog.cc:565] T 00000000000000000000000000000000 P fc49ff8a36394c5c8f1125e3d76fc2e1 [sys.catalog]: configured and running, proceeding with master startup.
I20260709 14:54:50.979161 23827 sys_catalog.cc:455] T 00000000000000000000000000000000 P fc49ff8a36394c5c8f1125e3d76fc2e1 [sys.catalog]: SysCatalogTable state changed. Reason: RaftConsensus started. Latest consensus state: current_term: 1 leader_uuid: "fc49ff8a36394c5c8f1125e3d76fc2e1" committed_config { opid_index: -1 OBSOLETE_local: true peers { permanent_uuid: "fc49ff8a36394c5c8f1125e3d76fc2e1" member_type: VOTER } }
I20260709 14:54:50.979662 23827 sys_catalog.cc:458] T 00000000000000000000000000000000 P fc49ff8a36394c5c8f1125e3d76fc2e1 [sys.catalog]: This master's current role is: LEADER
I20260709 14:54:50.981768 23828 sys_catalog.cc:455] T 00000000000000000000000000000000 P fc49ff8a36394c5c8f1125e3d76fc2e1 [sys.catalog]: SysCatalogTable state changed. Reason: New leader fc49ff8a36394c5c8f1125e3d76fc2e1. Latest consensus state: current_term: 1 leader_uuid: "fc49ff8a36394c5c8f1125e3d76fc2e1" committed_config { opid_index: -1 OBSOLETE_local: true peers { permanent_uuid: "fc49ff8a36394c5c8f1125e3d76fc2e1" member_type: VOTER } }
I20260709 14:54:50.982208 23828 sys_catalog.cc:458] T 00000000000000000000000000000000 P fc49ff8a36394c5c8f1125e3d76fc2e1 [sys.catalog]: This master's current role is: LEADER
I20260709 14:54:50.983168 23834 catalog_manager.cc:1511] Loading table and tablet metadata into memory...
I20260709 14:54:50.994742 23834 catalog_manager.cc:1520] Initializing Kudu cluster ID...
I20260709 14:54:50.997691 23756 internal_mini_cluster.cc:184] Waiting to initialize catalog manager on master 0
I20260709 14:54:51.012221 23834 catalog_manager.cc:1383] Generated new cluster ID: dce972223ccd418086475d0bc47575a5
I20260709 14:54:51.012533 23834 catalog_manager.cc:1531] Initializing Kudu internal certificate authority...
I20260709 14:54:51.033794 23834 catalog_manager.cc:1406] Generated new certificate authority record
I20260709 14:54:51.036038 23834 catalog_manager.cc:1540] Loading token signing keys...
I20260709 14:54:51.051028 23834 catalog_manager.cc:6070] T 00000000000000000000000000000000 P fc49ff8a36394c5c8f1125e3d76fc2e1: Generated new TSK 0
I20260709 14:54:51.052245 23834 catalog_manager.cc:1550] Initializing in-progress tserver states...
I20260709 14:54:51.064134 23756 file_cache.cc:504] Constructed file cache file cache with capacity 419430
W20260709 14:54:51.071873 23845 instance_detector.cc:116] could not retrieve AWS instance metadata: Network error: curl error: HTTP response code said error: The requested URL returned error: 404
W20260709 14:54:51.073487 23846 instance_detector.cc:116] could not retrieve Azure instance metadata: Network error: curl error: HTTP response code said error: The requested URL returned error: 404
W20260709 14:54:51.078231 23848 instance_detector.cc:116] could not retrieve OpenStack instance metadata: Network error: curl error: HTTP response code said error: The requested URL returned error: 404
I20260709 14:54:51.078511 23756 server_base.cc:1061] running on GCE node
I20260709 14:54:51.079312 23756 hybrid_clock.cc:584] initializing the hybrid clock with 'system_unsync' time source
W20260709 14:54:51.079547 23756 system_unsync_time.cc:38] NTP support is disabled. Clock error bounds will not be accurate. This configuration is not suitable for distributed clusters.
I20260709 14:54:51.079725 23756 hybrid_clock.cc:648] HybridClock initialized: now 1783608891079701 us; error 0 us; skew 500 ppm
I20260709 14:54:51.080339 23756 server_base.cc:861] Flag tcmalloc_max_total_thread_cache_bytes is not working since tcmalloc is not enabled.
I20260709 14:54:51.084774 23756 webserver.cc:533] Webserver started at http://127.23.51.1:36897/ using document root <none> and password file <none>
I20260709 14:54:51.085388 23756 fs_manager.cc:362] Metadata directory not provided
I20260709 14:54:51.085631 23756 fs_manager.cc:368] Using write-ahead log directory (fs_wal_dir) as metadata directory
I20260709 14:54:51.085997 23756 server_base.cc:909] This appears to be a new deployment of Kudu; creating new FS layout
I20260709 14:54:51.087217 23756 fs_manager.cc:1068] Generated new instance metadata in path /tmp/dist-test-taskZJ1RJ2/test-tmp/auto_leader_rebalancer-test.0.LeaderRebalancerTest.FunctionalTestForDivided.1783608889372354-23756-0/minicluster-data/ts-0-root/instance:
uuid: "00b3065af1e34e20bcd054e4996ac36a"
format_stamp: "Formatted at 2026-07-09 14:54:51 on dist-test-slave-82f8"
I20260709 14:54:51.093032 23756 fs_manager.cc:696] Time spent creating directory manager: real 0.005s	user 0.007s	sys 0.001s
I20260709 14:54:51.097642 23853 log_block_manager.cc:4127] Time spent loading block containers with low live blocks: real 0.000s	user 0.000s	sys 0.000s
I20260709 14:54:51.098488 23756 fs_manager.cc:730] Time spent opening block manager: real 0.003s	user 0.002s	sys 0.003s
I20260709 14:54:51.098779 23756 fs_manager.cc:647] Opened local filesystem: /tmp/dist-test-taskZJ1RJ2/test-tmp/auto_leader_rebalancer-test.0.LeaderRebalancerTest.FunctionalTestForDivided.1783608889372354-23756-0/minicluster-data/ts-0-root
uuid: "00b3065af1e34e20bcd054e4996ac36a"
format_stamp: "Formatted at 2026-07-09 14:54:51 on dist-test-slave-82f8"
I20260709 14:54:51.099084 23756 fs_report.cc:389] FS layout report
--------------------
wal directory: /tmp/dist-test-taskZJ1RJ2/test-tmp/auto_leader_rebalancer-test.0.LeaderRebalancerTest.FunctionalTestForDivided.1783608889372354-23756-0/minicluster-data/ts-0-root
metadata directory: /tmp/dist-test-taskZJ1RJ2/test-tmp/auto_leader_rebalancer-test.0.LeaderRebalancerTest.FunctionalTestForDivided.1783608889372354-23756-0/minicluster-data/ts-0-root
1 data directories: /tmp/dist-test-taskZJ1RJ2/test-tmp/auto_leader_rebalancer-test.0.LeaderRebalancerTest.FunctionalTestForDivided.1783608889372354-23756-0/minicluster-data/ts-0-root/data
Total live blocks: 0
Total live bytes: 0
Total live bytes (after alignment): 0
Total number of LBM containers: 0 (0 full)
Did not check for missing blocks
Did not check for orphaned blocks
Total full LBM containers with extra space: 0 (0 repaired)
Total full LBM container extra space in bytes: 0 (0 repaired)
Total incomplete LBM containers: 0 (0 repaired)
Total LBM partial records: 0 (0 repaired)
Total corrupted LBM metadata records in RocksDB: 0 (0 repaired)
I20260709 14:54:51.116034 23756 rpc_server.cc:225] running with OpenSSL 1.1.1  11 Sep 2018
I20260709 14:54:51.117393 23756 kserver.cc:163] Server-wide thread pool size limit: 3276
I20260709 14:54:51.120188 23756 txn_system_client.cc:432] TxnSystemClient initialization is disabled...
I20260709 14:54:51.124814 23756 ts_tablet_manager.cc:585] Loaded tablet metadata (0 total tablets, 0 live tablets)
I20260709 14:54:51.125043 23756 ts_tablet_manager.cc:531] Time spent load tablet metadata: real 0.000s	user 0.000s	sys 0.000s
I20260709 14:54:51.125367 23756 ts_tablet_manager.cc:616] Registered 0 tablets
I20260709 14:54:51.125524 23756 ts_tablet_manager.cc:595] Time spent register tablets: real 0.000s	user 0.000s	sys 0.000s
I20260709 14:54:51.232501 23756 rpc_server.cc:307] RPC server started. Bound to: 127.23.51.1:33497
I20260709 14:54:51.232590 23915 acceptor_pool.cc:272] collecting diagnostics on the listening RPC socket 127.23.51.1:33497 every 8 connection(s)
I20260709 14:54:51.239543 23756 file_cache.cc:504] Constructed file cache file cache with capacity 419430
W20260709 14:54:51.252794 23920 instance_detector.cc:116] could not retrieve AWS instance metadata: Network error: curl error: HTTP response code said error: The requested URL returned error: 404
W20260709 14:54:51.257010 23921 instance_detector.cc:116] could not retrieve Azure instance metadata: Network error: curl error: HTTP response code said error: The requested URL returned error: 404
W20260709 14:54:51.266610 23923 instance_detector.cc:116] could not retrieve OpenStack instance metadata: Network error: curl error: HTTP response code said error: The requested URL returned error: 404
I20260709 14:54:51.267639 23756 server_base.cc:1061] running on GCE node
I20260709 14:54:51.268733 23756 hybrid_clock.cc:584] initializing the hybrid clock with 'system_unsync' time source
W20260709 14:54:51.269016 23756 system_unsync_time.cc:38] NTP support is disabled. Clock error bounds will not be accurate. This configuration is not suitable for distributed clusters.
I20260709 14:54:51.269255 23756 hybrid_clock.cc:648] HybridClock initialized: now 1783608891269234 us; error 0 us; skew 500 ppm
I20260709 14:54:51.270074 23756 server_base.cc:861] Flag tcmalloc_max_total_thread_cache_bytes is not working since tcmalloc is not enabled.
I20260709 14:54:51.274567 23756 webserver.cc:533] Webserver started at http://127.23.51.2:43015/ using document root <none> and password file <none>
I20260709 14:54:51.275260 23756 fs_manager.cc:362] Metadata directory not provided
I20260709 14:54:51.275528 23756 fs_manager.cc:368] Using write-ahead log directory (fs_wal_dir) as metadata directory
I20260709 14:54:51.275746 23916 heartbeater.cc:344] Connected to a master server at 127.23.51.62:44065
I20260709 14:54:51.275861 23756 server_base.cc:909] This appears to be a new deployment of Kudu; creating new FS layout
I20260709 14:54:51.276382 23916 heartbeater.cc:461] Registering TS with master...
I20260709 14:54:51.277323 23756 fs_manager.cc:1068] Generated new instance metadata in path /tmp/dist-test-taskZJ1RJ2/test-tmp/auto_leader_rebalancer-test.0.LeaderRebalancerTest.FunctionalTestForDivided.1783608889372354-23756-0/minicluster-data/ts-1-root/instance:
uuid: "99df7ba439f64aa581e862d916b762ef"
format_stamp: "Formatted at 2026-07-09 14:54:51 on dist-test-slave-82f8"
I20260709 14:54:51.277614 23916 heartbeater.cc:507] Master 127.23.51.62:44065 requested a full tablet report, sending...
I20260709 14:54:51.281100 23788 ts_manager.cc:194] Registered new tserver with Master: 00b3065af1e34e20bcd054e4996ac36a (127.23.51.1:33497)
I20260709 14:54:51.283834 23756 fs_manager.cc:696] Time spent creating directory manager: real 0.006s	user 0.007s	sys 0.000s
I20260709 14:54:51.283898 23788 master_service.cc:502] Signed X509 certificate for tserver {username='slave'} at 127.0.0.1:53180
I20260709 14:54:51.289472 23928 log_block_manager.cc:4127] Time spent loading block containers with low live blocks: real 0.000s	user 0.000s	sys 0.000s
I20260709 14:54:51.290263 23756 fs_manager.cc:730] Time spent opening block manager: real 0.004s	user 0.001s	sys 0.002s
I20260709 14:54:51.290544 23756 fs_manager.cc:647] Opened local filesystem: /tmp/dist-test-taskZJ1RJ2/test-tmp/auto_leader_rebalancer-test.0.LeaderRebalancerTest.FunctionalTestForDivided.1783608889372354-23756-0/minicluster-data/ts-1-root
uuid: "99df7ba439f64aa581e862d916b762ef"
format_stamp: "Formatted at 2026-07-09 14:54:51 on dist-test-slave-82f8"
I20260709 14:54:51.290830 23756 fs_report.cc:389] FS layout report
--------------------
wal directory: /tmp/dist-test-taskZJ1RJ2/test-tmp/auto_leader_rebalancer-test.0.LeaderRebalancerTest.FunctionalTestForDivided.1783608889372354-23756-0/minicluster-data/ts-1-root
metadata directory: /tmp/dist-test-taskZJ1RJ2/test-tmp/auto_leader_rebalancer-test.0.LeaderRebalancerTest.FunctionalTestForDivided.1783608889372354-23756-0/minicluster-data/ts-1-root
1 data directories: /tmp/dist-test-taskZJ1RJ2/test-tmp/auto_leader_rebalancer-test.0.LeaderRebalancerTest.FunctionalTestForDivided.1783608889372354-23756-0/minicluster-data/ts-1-root/data
Total live blocks: 0
Total live bytes: 0
Total live bytes (after alignment): 0
Total number of LBM containers: 0 (0 full)
Did not check for missing blocks
Did not check for orphaned blocks
Total full LBM containers with extra space: 0 (0 repaired)
Total full LBM container extra space in bytes: 0 (0 repaired)
Total incomplete LBM containers: 0 (0 repaired)
Total LBM partial records: 0 (0 repaired)
Total corrupted LBM metadata records in RocksDB: 0 (0 repaired)
I20260709 14:54:51.304852 23756 rpc_server.cc:225] running with OpenSSL 1.1.1  11 Sep 2018
I20260709 14:54:51.306135 23756 kserver.cc:163] Server-wide thread pool size limit: 3276
I20260709 14:54:51.308673 23756 txn_system_client.cc:432] TxnSystemClient initialization is disabled...
I20260709 14:54:51.312047 23756 ts_tablet_manager.cc:585] Loaded tablet metadata (0 total tablets, 0 live tablets)
I20260709 14:54:51.312229 23756 ts_tablet_manager.cc:531] Time spent load tablet metadata: real 0.000s	user 0.000s	sys 0.000s
I20260709 14:54:51.312523 23756 ts_tablet_manager.cc:616] Registered 0 tablets
I20260709 14:54:51.312664 23756 ts_tablet_manager.cc:595] Time spent register tablets: real 0.000s	user 0.000s	sys 0.000s
I20260709 14:54:51.410759 23756 rpc_server.cc:307] RPC server started. Bound to: 127.23.51.2:45607
I20260709 14:54:51.410890 23990 acceptor_pool.cc:272] collecting diagnostics on the listening RPC socket 127.23.51.2:45607 every 8 connection(s)
I20260709 14:54:51.420145 23756 file_cache.cc:504] Constructed file cache file cache with capacity 419430
W20260709 14:54:51.429391 23994 instance_detector.cc:116] could not retrieve AWS instance metadata: Network error: curl error: HTTP response code said error: The requested URL returned error: 404
I20260709 14:54:51.432252 23991 heartbeater.cc:344] Connected to a master server at 127.23.51.62:44065
W20260709 14:54:51.432583 23995 instance_detector.cc:116] could not retrieve Azure instance metadata: Network error: curl error: HTTP response code said error: The requested URL returned error: 404
I20260709 14:54:51.432739 23991 heartbeater.cc:461] Registering TS with master...
I20260709 14:54:51.433990 23991 heartbeater.cc:507] Master 127.23.51.62:44065 requested a full tablet report, sending...
I20260709 14:54:51.436677 23788 ts_manager.cc:194] Registered new tserver with Master: 99df7ba439f64aa581e862d916b762ef (127.23.51.2:45607)
W20260709 14:54:51.437887 23997 instance_detector.cc:116] could not retrieve OpenStack instance metadata: Network error: curl error: HTTP response code said error: The requested URL returned error: 404
I20260709 14:54:51.438434 23788 master_service.cc:502] Signed X509 certificate for tserver {username='slave'} at 127.0.0.1:53182
I20260709 14:54:51.440964 23756 server_base.cc:1061] running on GCE node
I20260709 14:54:51.441874 23756 hybrid_clock.cc:584] initializing the hybrid clock with 'system_unsync' time source
W20260709 14:54:51.442087 23756 system_unsync_time.cc:38] NTP support is disabled. Clock error bounds will not be accurate. This configuration is not suitable for distributed clusters.
I20260709 14:54:51.442266 23756 hybrid_clock.cc:648] HybridClock initialized: now 1783608891442251 us; error 0 us; skew 500 ppm
I20260709 14:54:51.442800 23756 server_base.cc:861] Flag tcmalloc_max_total_thread_cache_bytes is not working since tcmalloc is not enabled.
I20260709 14:54:51.445431 23756 webserver.cc:533] Webserver started at http://127.23.51.3:32997/ using document root <none> and password file <none>
I20260709 14:54:51.445904 23756 fs_manager.cc:362] Metadata directory not provided
I20260709 14:54:51.446125 23756 fs_manager.cc:368] Using write-ahead log directory (fs_wal_dir) as metadata directory
I20260709 14:54:51.446389 23756 server_base.cc:909] This appears to be a new deployment of Kudu; creating new FS layout
I20260709 14:54:51.447481 23756 fs_manager.cc:1068] Generated new instance metadata in path /tmp/dist-test-taskZJ1RJ2/test-tmp/auto_leader_rebalancer-test.0.LeaderRebalancerTest.FunctionalTestForDivided.1783608889372354-23756-0/minicluster-data/ts-2-root/instance:
uuid: "185e72a154c845cd8cbe08b2944608ab"
format_stamp: "Formatted at 2026-07-09 14:54:51 on dist-test-slave-82f8"
I20260709 14:54:51.452118 23756 fs_manager.cc:696] Time spent creating directory manager: real 0.004s	user 0.002s	sys 0.001s
I20260709 14:54:51.455340 24002 log_block_manager.cc:4127] Time spent loading block containers with low live blocks: real 0.000s	user 0.000s	sys 0.000s
I20260709 14:54:51.456149 23756 fs_manager.cc:730] Time spent opening block manager: real 0.002s	user 0.003s	sys 0.000s
I20260709 14:54:51.456427 23756 fs_manager.cc:647] Opened local filesystem: /tmp/dist-test-taskZJ1RJ2/test-tmp/auto_leader_rebalancer-test.0.LeaderRebalancerTest.FunctionalTestForDivided.1783608889372354-23756-0/minicluster-data/ts-2-root
uuid: "185e72a154c845cd8cbe08b2944608ab"
format_stamp: "Formatted at 2026-07-09 14:54:51 on dist-test-slave-82f8"
I20260709 14:54:51.456729 23756 fs_report.cc:389] FS layout report
--------------------
wal directory: /tmp/dist-test-taskZJ1RJ2/test-tmp/auto_leader_rebalancer-test.0.LeaderRebalancerTest.FunctionalTestForDivided.1783608889372354-23756-0/minicluster-data/ts-2-root
metadata directory: /tmp/dist-test-taskZJ1RJ2/test-tmp/auto_leader_rebalancer-test.0.LeaderRebalancerTest.FunctionalTestForDivided.1783608889372354-23756-0/minicluster-data/ts-2-root
1 data directories: /tmp/dist-test-taskZJ1RJ2/test-tmp/auto_leader_rebalancer-test.0.LeaderRebalancerTest.FunctionalTestForDivided.1783608889372354-23756-0/minicluster-data/ts-2-root/data
Total live blocks: 0
Total live bytes: 0
Total live bytes (after alignment): 0
Total number of LBM containers: 0 (0 full)
Did not check for missing blocks
Did not check for orphaned blocks
Total full LBM containers with extra space: 0 (0 repaired)
Total full LBM container extra space in bytes: 0 (0 repaired)
Total incomplete LBM containers: 0 (0 repaired)
Total LBM partial records: 0 (0 repaired)
Total corrupted LBM metadata records in RocksDB: 0 (0 repaired)
I20260709 14:54:51.472015 23756 rpc_server.cc:225] running with OpenSSL 1.1.1  11 Sep 2018
I20260709 14:54:51.473371 23756 kserver.cc:163] Server-wide thread pool size limit: 3276
I20260709 14:54:51.475461 23756 txn_system_client.cc:432] TxnSystemClient initialization is disabled...
I20260709 14:54:51.478401 23756 ts_tablet_manager.cc:585] Loaded tablet metadata (0 total tablets, 0 live tablets)
I20260709 14:54:51.478624 23756 ts_tablet_manager.cc:531] Time spent load tablet metadata: real 0.000s	user 0.000s	sys 0.000s
I20260709 14:54:51.478884 23756 ts_tablet_manager.cc:616] Registered 0 tablets
I20260709 14:54:51.479102 23756 ts_tablet_manager.cc:595] Time spent register tablets: real 0.000s	user 0.000s	sys 0.000s
I20260709 14:54:51.563687 23756 rpc_server.cc:307] RPC server started. Bound to: 127.23.51.3:33175
I20260709 14:54:51.563839 24064 acceptor_pool.cc:272] collecting diagnostics on the listening RPC socket 127.23.51.3:33175 every 8 connection(s)
I20260709 14:54:51.580536 24065 heartbeater.cc:344] Connected to a master server at 127.23.51.62:44065
I20260709 14:54:51.580952 24065 heartbeater.cc:461] Registering TS with master...
I20260709 14:54:51.581670 24065 heartbeater.cc:507] Master 127.23.51.62:44065 requested a full tablet report, sending...
I20260709 14:54:51.583523 23788 ts_manager.cc:194] Registered new tserver with Master: 185e72a154c845cd8cbe08b2944608ab (127.23.51.3:33175)
I20260709 14:54:51.584466 23756 internal_mini_cluster.cc:371] 3 TS(s) registered with all masters after 0.015898458s
I20260709 14:54:51.584851 23788 master_service.cc:502] Signed X509 certificate for tserver {username='slave'} at 127.0.0.1:53186
I20260709 14:54:51.644906 23788 catalog_manager.cc:2283] Servicing CreateTable request from {username='slave'} at 127.0.0.1:53188:
name: "test-workload"
schema {
  columns {
    name: "key"
    type: INT32
    is_key: true
    is_nullable: false
    encoding: AUTO_ENCODING
    compression: DEFAULT_COMPRESSION
    cfile_block_size: 0
    immutable: false
  }
  columns {
    name: "int_val"
    type: INT32
    is_key: false
    is_nullable: false
    encoding: AUTO_ENCODING
    compression: DEFAULT_COMPRESSION
    cfile_block_size: 0
    immutable: false
  }
  columns {
    name: "string_val"
    type: STRING
    is_key: false
    is_nullable: true
    encoding: AUTO_ENCODING
    compression: DEFAULT_COMPRESSION
    cfile_block_size: 0
    immutable: false
  }
}
num_replicas: 3
split_rows_range_bounds {
  rows: "\004\001\000\216\3438\016\004\001\000\034\307q\034\004\001\000\252\252\252*\004\001\0008\216\3438\004\001\000\306q\034G\004\001\000TUUU\004\001\000\3428\216c\004\001\000p\034\307q""\004\001\000\216\3438\016\004\001\000\034\307q\034\004\001\000\252\252\252*\004\001\0008\216\3438\004\001\000\306q\034G\004\001\000TUUU\004\001\000\3428\216c\004\001\000p\034\307q"
  indirect_data: """"
}
partition_schema {
  range_schema {
    columns {
      name: "key"
    }
  }
}
W20260709 14:54:51.649917 23788 catalog_manager.cc:7077] The number of live tablet servers is not enough to re-replicate a tablet replica of the newly created table test-workload in case of a server failure: 4 tablet servers would be needed, 3 are available. Consider bringing up more tablet servers.
I20260709 14:54:51.751230 23956 tablet_service.cc:1511] Processing CreateTablet for tablet 13d4532582ad47518c76cd07e27dae41 (DEFAULT_TABLE table=test-workload [id=a17302e6d2224c9886766c3f080013b6]), partition=RANGE (key) PARTITION VALUES < 238609294
I20260709 14:54:51.756520 23955 tablet_service.cc:1511] Processing CreateTablet for tablet b7b5f9c5a25b4b77a893c3928a69f9fc (DEFAULT_TABLE table=test-workload [id=a17302e6d2224c9886766c3f080013b6]), partition=RANGE (key) PARTITION 238609294 <= VALUES < 477218588
I20260709 14:54:51.759986 23956 data_dirs.cc:400] Could only allocate 1 dirs of requested 3 for tablet 13d4532582ad47518c76cd07e27dae41. 1 dirs total, 0 dirs full, 0 dirs failed
I20260709 14:54:51.762518 23955 data_dirs.cc:400] Could only allocate 1 dirs of requested 3 for tablet b7b5f9c5a25b4b77a893c3928a69f9fc. 1 dirs total, 0 dirs full, 0 dirs failed
I20260709 14:54:51.764884 24030 tablet_service.cc:1511] Processing CreateTablet for tablet 13d4532582ad47518c76cd07e27dae41 (DEFAULT_TABLE table=test-workload [id=a17302e6d2224c9886766c3f080013b6]), partition=RANGE (key) PARTITION VALUES < 238609294
I20260709 14:54:51.765261 24029 tablet_service.cc:1511] Processing CreateTablet for tablet b7b5f9c5a25b4b77a893c3928a69f9fc (DEFAULT_TABLE table=test-workload [id=a17302e6d2224c9886766c3f080013b6]), partition=RANGE (key) PARTITION 238609294 <= VALUES < 477218588
I20260709 14:54:51.768867 24030 data_dirs.cc:400] Could only allocate 1 dirs of requested 3 for tablet 13d4532582ad47518c76cd07e27dae41. 1 dirs total, 0 dirs full, 0 dirs failed
I20260709 14:54:51.773135 24029 data_dirs.cc:400] Could only allocate 1 dirs of requested 3 for tablet b7b5f9c5a25b4b77a893c3928a69f9fc. 1 dirs total, 0 dirs full, 0 dirs failed
I20260709 14:54:51.776388 23954 tablet_service.cc:1511] Processing CreateTablet for tablet 2e9a89308afc42ac8ddcf2a48df3b604 (DEFAULT_TABLE table=test-workload [id=a17302e6d2224c9886766c3f080013b6]), partition=RANGE (key) PARTITION 477218588 <= VALUES < 715827882
I20260709 14:54:51.778851 23954 data_dirs.cc:400] Could only allocate 1 dirs of requested 3 for tablet 2e9a89308afc42ac8ddcf2a48df3b604. 1 dirs total, 0 dirs full, 0 dirs failed
I20260709 14:54:51.786142 24028 tablet_service.cc:1511] Processing CreateTablet for tablet 2e9a89308afc42ac8ddcf2a48df3b604 (DEFAULT_TABLE table=test-workload [id=a17302e6d2224c9886766c3f080013b6]), partition=RANGE (key) PARTITION 477218588 <= VALUES < 715827882
I20260709 14:54:51.790207 24028 data_dirs.cc:400] Could only allocate 1 dirs of requested 3 for tablet 2e9a89308afc42ac8ddcf2a48df3b604. 1 dirs total, 0 dirs full, 0 dirs failed
I20260709 14:54:51.795811 23953 tablet_service.cc:1511] Processing CreateTablet for tablet 774ab6987421431883b060ea9c4d03e8 (DEFAULT_TABLE table=test-workload [id=a17302e6d2224c9886766c3f080013b6]), partition=RANGE (key) PARTITION 715827882 <= VALUES < 954437176
I20260709 14:54:51.797806 23953 data_dirs.cc:400] Could only allocate 1 dirs of requested 3 for tablet 774ab6987421431883b060ea9c4d03e8. 1 dirs total, 0 dirs full, 0 dirs failed
I20260709 14:54:51.802855 24027 tablet_service.cc:1511] Processing CreateTablet for tablet 774ab6987421431883b060ea9c4d03e8 (DEFAULT_TABLE table=test-workload [id=a17302e6d2224c9886766c3f080013b6]), partition=RANGE (key) PARTITION 715827882 <= VALUES < 954437176
I20260709 14:54:51.804463 24027 data_dirs.cc:400] Could only allocate 1 dirs of requested 3 for tablet 774ab6987421431883b060ea9c4d03e8. 1 dirs total, 0 dirs full, 0 dirs failed
I20260709 14:54:51.829962 23952 tablet_service.cc:1511] Processing CreateTablet for tablet 541db998bef7412f87fe62d3c5e36f92 (DEFAULT_TABLE table=test-workload [id=a17302e6d2224c9886766c3f080013b6]), partition=RANGE (key) PARTITION 954437176 <= VALUES < 1193046470
I20260709 14:54:51.838626 23952 data_dirs.cc:400] Could only allocate 1 dirs of requested 3 for tablet 541db998bef7412f87fe62d3c5e36f92. 1 dirs total, 0 dirs full, 0 dirs failed
I20260709 14:54:51.839375 24026 tablet_service.cc:1511] Processing CreateTablet for tablet 541db998bef7412f87fe62d3c5e36f92 (DEFAULT_TABLE table=test-workload [id=a17302e6d2224c9886766c3f080013b6]), partition=RANGE (key) PARTITION 954437176 <= VALUES < 1193046470
I20260709 14:54:51.848170 24026 data_dirs.cc:400] Could only allocate 1 dirs of requested 3 for tablet 541db998bef7412f87fe62d3c5e36f92. 1 dirs total, 0 dirs full, 0 dirs failed
I20260709 14:54:51.855629 23955 tablet_service.cc:1511] Processing CreateTablet for tablet 0ed1f42c0971432c86eedd1e781d053b (DEFAULT_TABLE table=test-workload [id=a17302e6d2224c9886766c3f080013b6]), partition=RANGE (key) PARTITION 1193046470 <= VALUES < 1431655764
I20260709 14:54:51.865350 24083 tablet_bootstrap.cc:492] T b7b5f9c5a25b4b77a893c3928a69f9fc P 99df7ba439f64aa581e862d916b762ef: Bootstrap starting.
I20260709 14:54:51.869738 23955 data_dirs.cc:400] Could only allocate 1 dirs of requested 3 for tablet 0ed1f42c0971432c86eedd1e781d053b. 1 dirs total, 0 dirs full, 0 dirs failed
I20260709 14:54:51.879240 24025 tablet_service.cc:1511] Processing CreateTablet for tablet 0ed1f42c0971432c86eedd1e781d053b (DEFAULT_TABLE table=test-workload [id=a17302e6d2224c9886766c3f080013b6]), partition=RANGE (key) PARTITION 1193046470 <= VALUES < 1431655764
I20260709 14:54:51.884910 23880 tablet_service.cc:1511] Processing CreateTablet for tablet b7b5f9c5a25b4b77a893c3928a69f9fc (DEFAULT_TABLE table=test-workload [id=a17302e6d2224c9886766c3f080013b6]), partition=RANGE (key) PARTITION 238609294 <= VALUES < 477218588
I20260709 14:54:51.894619 23880 data_dirs.cc:400] Could only allocate 1 dirs of requested 3 for tablet b7b5f9c5a25b4b77a893c3928a69f9fc. 1 dirs total, 0 dirs full, 0 dirs failed
I20260709 14:54:51.893112 24025 data_dirs.cc:400] Could only allocate 1 dirs of requested 3 for tablet 0ed1f42c0971432c86eedd1e781d053b. 1 dirs total, 0 dirs full, 0 dirs failed
I20260709 14:54:51.884917 23881 tablet_service.cc:1511] Processing CreateTablet for tablet 13d4532582ad47518c76cd07e27dae41 (DEFAULT_TABLE table=test-workload [id=a17302e6d2224c9886766c3f080013b6]), partition=RANGE (key) PARTITION VALUES < 238609294
I20260709 14:54:51.891115 23879 tablet_service.cc:1511] Processing CreateTablet for tablet 2e9a89308afc42ac8ddcf2a48df3b604 (DEFAULT_TABLE table=test-workload [id=a17302e6d2224c9886766c3f080013b6]), partition=RANGE (key) PARTITION 477218588 <= VALUES < 715827882
I20260709 14:54:51.902205 24084 tablet_bootstrap.cc:492] T 774ab6987421431883b060ea9c4d03e8 P 185e72a154c845cd8cbe08b2944608ab: Bootstrap starting.
I20260709 14:54:51.905441 23878 tablet_service.cc:1511] Processing CreateTablet for tablet 774ab6987421431883b060ea9c4d03e8 (DEFAULT_TABLE table=test-workload [id=a17302e6d2224c9886766c3f080013b6]), partition=RANGE (key) PARTITION 715827882 <= VALUES < 954437176
I20260709 14:54:51.905372 23877 tablet_service.cc:1511] Processing CreateTablet for tablet 541db998bef7412f87fe62d3c5e36f92 (DEFAULT_TABLE table=test-workload [id=a17302e6d2224c9886766c3f080013b6]), partition=RANGE (key) PARTITION 954437176 <= VALUES < 1193046470
I20260709 14:54:51.909641 23875 tablet_service.cc:1511] Processing CreateTablet for tablet 821364506de2438bb70da4797c477e02 (DEFAULT_TABLE table=test-workload [id=a17302e6d2224c9886766c3f080013b6]), partition=RANGE (key) PARTITION 1431655764 <= VALUES < 1670265058
I20260709 14:54:51.911010 23876 tablet_service.cc:1511] Processing CreateTablet for tablet 0ed1f42c0971432c86eedd1e781d053b (DEFAULT_TABLE table=test-workload [id=a17302e6d2224c9886766c3f080013b6]), partition=RANGE (key) PARTITION 1193046470 <= VALUES < 1431655764
I20260709 14:54:51.917488 23881 data_dirs.cc:400] Could only allocate 1 dirs of requested 3 for tablet 13d4532582ad47518c76cd07e27dae41. 1 dirs total, 0 dirs full, 0 dirs failed
I20260709 14:54:51.924382 23954 tablet_service.cc:1511] Processing CreateTablet for tablet 821364506de2438bb70da4797c477e02 (DEFAULT_TABLE table=test-workload [id=a17302e6d2224c9886766c3f080013b6]), partition=RANGE (key) PARTITION 1431655764 <= VALUES < 1670265058
I20260709 14:54:51.925868 23954 data_dirs.cc:400] Could only allocate 1 dirs of requested 3 for tablet 821364506de2438bb70da4797c477e02. 1 dirs total, 0 dirs full, 0 dirs failed
I20260709 14:54:51.933665 23874 tablet_service.cc:1511] Processing CreateTablet for tablet 85eecaa25fd34e14b143565fc9ce7a40 (DEFAULT_TABLE table=test-workload [id=a17302e6d2224c9886766c3f080013b6]), partition=RANGE (key) PARTITION 1670265058 <= VALUES < 1908874352
I20260709 14:54:51.936429 23877 data_dirs.cc:400] Could only allocate 1 dirs of requested 3 for tablet 541db998bef7412f87fe62d3c5e36f92. 1 dirs total, 0 dirs full, 0 dirs failed
I20260709 14:54:51.938098 23874 data_dirs.cc:400] Could only allocate 1 dirs of requested 3 for tablet 85eecaa25fd34e14b143565fc9ce7a40. 1 dirs total, 0 dirs full, 0 dirs failed
I20260709 14:54:51.939402 23879 data_dirs.cc:400] Could only allocate 1 dirs of requested 3 for tablet 2e9a89308afc42ac8ddcf2a48df3b604. 1 dirs total, 0 dirs full, 0 dirs failed
I20260709 14:54:51.940981 24029 tablet_service.cc:1511] Processing CreateTablet for tablet 821364506de2438bb70da4797c477e02 (DEFAULT_TABLE table=test-workload [id=a17302e6d2224c9886766c3f080013b6]), partition=RANGE (key) PARTITION 1431655764 <= VALUES < 1670265058
I20260709 14:54:51.954643 23875 data_dirs.cc:400] Could only allocate 1 dirs of requested 3 for tablet 821364506de2438bb70da4797c477e02. 1 dirs total, 0 dirs full, 0 dirs failed
I20260709 14:54:51.947825 23953 tablet_service.cc:1511] Processing CreateTablet for tablet 85eecaa25fd34e14b143565fc9ce7a40 (DEFAULT_TABLE table=test-workload [id=a17302e6d2224c9886766c3f080013b6]), partition=RANGE (key) PARTITION 1670265058 <= VALUES < 1908874352
I20260709 14:54:51.957145 23876 data_dirs.cc:400] Could only allocate 1 dirs of requested 3 for tablet 0ed1f42c0971432c86eedd1e781d053b. 1 dirs total, 0 dirs full, 0 dirs failed
I20260709 14:54:51.966490 23953 data_dirs.cc:400] Could only allocate 1 dirs of requested 3 for tablet 85eecaa25fd34e14b143565fc9ce7a40. 1 dirs total, 0 dirs full, 0 dirs failed
I20260709 14:54:51.966727 24026 tablet_service.cc:1511] Processing CreateTablet for tablet 85eecaa25fd34e14b143565fc9ce7a40 (DEFAULT_TABLE table=test-workload [id=a17302e6d2224c9886766c3f080013b6]), partition=RANGE (key) PARTITION 1670265058 <= VALUES < 1908874352
I20260709 14:54:51.974691 23878 data_dirs.cc:400] Could only allocate 1 dirs of requested 3 for tablet 774ab6987421431883b060ea9c4d03e8. 1 dirs total, 0 dirs full, 0 dirs failed
I20260709 14:54:51.976189 24029 data_dirs.cc:400] Could only allocate 1 dirs of requested 3 for tablet 821364506de2438bb70da4797c477e02. 1 dirs total, 0 dirs full, 0 dirs failed
I20260709 14:54:51.984936 24083 tablet_bootstrap.cc:654] T b7b5f9c5a25b4b77a893c3928a69f9fc P 99df7ba439f64aa581e862d916b762ef: Neither blocks nor log segments found. Creating new log.
W20260709 14:54:51.989388 23836 auto_rebalancer.cc:288] Could not retrieve cluster info: Service unavailable: Tablet not running
I20260709 14:54:51.992036 24026 data_dirs.cc:400] Could only allocate 1 dirs of requested 3 for tablet 85eecaa25fd34e14b143565fc9ce7a40. 1 dirs total, 0 dirs full, 0 dirs failed
I20260709 14:54:51.992372 23952 tablet_service.cc:1511] Processing CreateTablet for tablet 6173955f84f74ad6815bbb9c40e6fa11 (DEFAULT_TABLE table=test-workload [id=a17302e6d2224c9886766c3f080013b6]), partition=RANGE (key) PARTITION 1908874352 <= VALUES
I20260709 14:54:51.996622 23952 data_dirs.cc:400] Could only allocate 1 dirs of requested 3 for tablet 6173955f84f74ad6815bbb9c40e6fa11. 1 dirs total, 0 dirs full, 0 dirs failed
I20260709 14:54:51.993260 23873 tablet_service.cc:1511] Processing CreateTablet for tablet 6173955f84f74ad6815bbb9c40e6fa11 (DEFAULT_TABLE table=test-workload [id=a17302e6d2224c9886766c3f080013b6]), partition=RANGE (key) PARTITION 1908874352 <= VALUES
I20260709 14:54:52.000649 23873 data_dirs.cc:400] Could only allocate 1 dirs of requested 3 for tablet 6173955f84f74ad6815bbb9c40e6fa11. 1 dirs total, 0 dirs full, 0 dirs failed
I20260709 14:54:52.007187 24030 tablet_service.cc:1511] Processing CreateTablet for tablet 6173955f84f74ad6815bbb9c40e6fa11 (DEFAULT_TABLE table=test-workload [id=a17302e6d2224c9886766c3f080013b6]), partition=RANGE (key) PARTITION 1908874352 <= VALUES
I20260709 14:54:52.008879 24030 data_dirs.cc:400] Could only allocate 1 dirs of requested 3 for tablet 6173955f84f74ad6815bbb9c40e6fa11. 1 dirs total, 0 dirs full, 0 dirs failed
I20260709 14:54:52.013005 24085 tablet_bootstrap.cc:492] T b7b5f9c5a25b4b77a893c3928a69f9fc P 00b3065af1e34e20bcd054e4996ac36a: Bootstrap starting.
I20260709 14:54:52.025254 24084 tablet_bootstrap.cc:654] T 774ab6987421431883b060ea9c4d03e8 P 185e72a154c845cd8cbe08b2944608ab: Neither blocks nor log segments found. Creating new log.
I20260709 14:54:52.082369 24083 tablet_bootstrap.cc:492] T b7b5f9c5a25b4b77a893c3928a69f9fc P 99df7ba439f64aa581e862d916b762ef: No bootstrap required, opened a new log
I20260709 14:54:52.082880 24083 ts_tablet_manager.cc:1403] T b7b5f9c5a25b4b77a893c3928a69f9fc P 99df7ba439f64aa581e862d916b762ef: Time spent bootstrapping tablet: real 0.224s	user 0.018s	sys 0.005s
I20260709 14:54:52.084103 24085 tablet_bootstrap.cc:654] T b7b5f9c5a25b4b77a893c3928a69f9fc P 00b3065af1e34e20bcd054e4996ac36a: Neither blocks nor log segments found. Creating new log.
I20260709 14:54:52.091156 24084 tablet_bootstrap.cc:492] T 774ab6987421431883b060ea9c4d03e8 P 185e72a154c845cd8cbe08b2944608ab: No bootstrap required, opened a new log
I20260709 14:54:52.091599 24084 ts_tablet_manager.cc:1403] T 774ab6987421431883b060ea9c4d03e8 P 185e72a154c845cd8cbe08b2944608ab: Time spent bootstrapping tablet: real 0.202s	user 0.021s	sys 0.014s
I20260709 14:54:52.091740 24083 raft_consensus.cc:359] T b7b5f9c5a25b4b77a893c3928a69f9fc P 99df7ba439f64aa581e862d916b762ef [term 0 FOLLOWER]: Replica starting. Triggering 0 pending ops. Active config: opid_index: -1 OBSOLETE_local: false peers { permanent_uuid: "00b3065af1e34e20bcd054e4996ac36a" member_type: VOTER last_known_addr { host: "127.23.51.1" port: 33497 } } peers { permanent_uuid: "99df7ba439f64aa581e862d916b762ef" member_type: VOTER last_known_addr { host: "127.23.51.2" port: 45607 } } peers { permanent_uuid: "185e72a154c845cd8cbe08b2944608ab" member_type: VOTER last_known_addr { host: "127.23.51.3" port: 33175 } }
I20260709 14:54:52.093955 24083 raft_consensus.cc:385] T b7b5f9c5a25b4b77a893c3928a69f9fc P 99df7ba439f64aa581e862d916b762ef [term 0 FOLLOWER]: Consensus starting up: Expiring failure detector timer to make a prompt election more likely
I20260709 14:54:52.094272 24083 raft_consensus.cc:740] T b7b5f9c5a25b4b77a893c3928a69f9fc P 99df7ba439f64aa581e862d916b762ef [term 0 FOLLOWER]: Becoming Follower/Learner. State: Replica: 99df7ba439f64aa581e862d916b762ef, State: Initialized, Role: FOLLOWER
I20260709 14:54:52.095849 24084 raft_consensus.cc:359] T 774ab6987421431883b060ea9c4d03e8 P 185e72a154c845cd8cbe08b2944608ab [term 0 FOLLOWER]: Replica starting. Triggering 0 pending ops. Active config: opid_index: -1 OBSOLETE_local: false peers { permanent_uuid: "00b3065af1e34e20bcd054e4996ac36a" member_type: VOTER last_known_addr { host: "127.23.51.1" port: 33497 } } peers { permanent_uuid: "99df7ba439f64aa581e862d916b762ef" member_type: VOTER last_known_addr { host: "127.23.51.2" port: 45607 } } peers { permanent_uuid: "185e72a154c845cd8cbe08b2944608ab" member_type: VOTER last_known_addr { host: "127.23.51.3" port: 33175 } }
I20260709 14:54:52.096801 24084 raft_consensus.cc:385] T 774ab6987421431883b060ea9c4d03e8 P 185e72a154c845cd8cbe08b2944608ab [term 0 FOLLOWER]: Consensus starting up: Expiring failure detector timer to make a prompt election more likely
I20260709 14:54:52.097139 24084 raft_consensus.cc:740] T 774ab6987421431883b060ea9c4d03e8 P 185e72a154c845cd8cbe08b2944608ab [term 0 FOLLOWER]: Becoming Follower/Learner. State: Replica: 185e72a154c845cd8cbe08b2944608ab, State: Initialized, Role: FOLLOWER
I20260709 14:54:52.097956 24084 consensus_queue.cc:260] T 774ab6987421431883b060ea9c4d03e8 P 185e72a154c845cd8cbe08b2944608ab [NON_LEADER]: Queue going to NON_LEADER mode. State: All replicated index: 0, Majority replicated index: 0, Committed index: 0, Last appended: 0.0, Last appended by leader: 0, Current term: 0, Majority size: -1, State: 0, Mode: NON_LEADER, active raft config: opid_index: -1 OBSOLETE_local: false peers { permanent_uuid: "00b3065af1e34e20bcd054e4996ac36a" member_type: VOTER last_known_addr { host: "127.23.51.1" port: 33497 } } peers { permanent_uuid: "99df7ba439f64aa581e862d916b762ef" member_type: VOTER last_known_addr { host: "127.23.51.2" port: 45607 } } peers { permanent_uuid: "185e72a154c845cd8cbe08b2944608ab" member_type: VOTER last_known_addr { host: "127.23.51.3" port: 33175 } }
I20260709 14:54:52.096866 24083 consensus_queue.cc:260] T b7b5f9c5a25b4b77a893c3928a69f9fc P 99df7ba439f64aa581e862d916b762ef [NON_LEADER]: Queue going to NON_LEADER mode. State: All replicated index: 0, Majority replicated index: 0, Committed index: 0, Last appended: 0.0, Last appended by leader: 0, Current term: 0, Majority size: -1, State: 0, Mode: NON_LEADER, active raft config: opid_index: -1 OBSOLETE_local: false peers { permanent_uuid: "00b3065af1e34e20bcd054e4996ac36a" member_type: VOTER last_known_addr { host: "127.23.51.1" port: 33497 } } peers { permanent_uuid: "99df7ba439f64aa581e862d916b762ef" member_type: VOTER last_known_addr { host: "127.23.51.2" port: 45607 } } peers { permanent_uuid: "185e72a154c845cd8cbe08b2944608ab" member_type: VOTER last_known_addr { host: "127.23.51.3" port: 33175 } }
I20260709 14:54:52.105053 23991 heartbeater.cc:499] Master 127.23.51.62:44065 was elected leader, sending a full tablet report...
I20260709 14:54:52.105258 24065 heartbeater.cc:499] Master 127.23.51.62:44065 was elected leader, sending a full tablet report...
I20260709 14:54:52.107249 24085 tablet_bootstrap.cc:492] T b7b5f9c5a25b4b77a893c3928a69f9fc P 00b3065af1e34e20bcd054e4996ac36a: No bootstrap required, opened a new log
I20260709 14:54:52.107702 24085 ts_tablet_manager.cc:1403] T b7b5f9c5a25b4b77a893c3928a69f9fc P 00b3065af1e34e20bcd054e4996ac36a: Time spent bootstrapping tablet: real 0.103s	user 0.011s	sys 0.011s
I20260709 14:54:52.109553 24083 ts_tablet_manager.cc:1434] T b7b5f9c5a25b4b77a893c3928a69f9fc P 99df7ba439f64aa581e862d916b762ef: Time spent starting tablet: real 0.026s	user 0.009s	sys 0.001s
I20260709 14:54:52.110535 24083 tablet_bootstrap.cc:492] T 2e9a89308afc42ac8ddcf2a48df3b604 P 99df7ba439f64aa581e862d916b762ef: Bootstrap starting.
I20260709 14:54:52.111428 24085 raft_consensus.cc:359] T b7b5f9c5a25b4b77a893c3928a69f9fc P 00b3065af1e34e20bcd054e4996ac36a [term 0 FOLLOWER]: Replica starting. Triggering 0 pending ops. Active config: opid_index: -1 OBSOLETE_local: false peers { permanent_uuid: "00b3065af1e34e20bcd054e4996ac36a" member_type: VOTER last_known_addr { host: "127.23.51.1" port: 33497 } } peers { permanent_uuid: "99df7ba439f64aa581e862d916b762ef" member_type: VOTER last_known_addr { host: "127.23.51.2" port: 45607 } } peers { permanent_uuid: "185e72a154c845cd8cbe08b2944608ab" member_type: VOTER last_known_addr { host: "127.23.51.3" port: 33175 } }
