I20260709 14:55:17.168030 16777 catalog_manager.cc:5697] T 7c4bbd4e88124933be0958af20ffdd23 P 62204824344a4d79b41d1830b6f75639 reported cstate change: term changed from 0 to 1, leader changed from <none> to 62204824344a4d79b41d1830b6f75639 (127.15.105.131). New cstate: current_term: 1 leader_uuid: "62204824344a4d79b41d1830b6f75639" committed_config { opid_index: -1 OBSOLETE_local: false peers { permanent_uuid: "0289539928ef445abc70eb515d59f109" member_type: VOTER last_known_addr { host: "127.15.105.129" port: 37499 } health_report { overall_health: UNKNOWN } } peers { permanent_uuid: "a16403a779bc4fb0811f6228f1949143" member_type: VOTER last_known_addr { host: "127.15.105.130" port: 40507 } health_report { overall_health: UNKNOWN } } peers { permanent_uuid: "62204824344a4d79b41d1830b6f75639" member_type: VOTER last_known_addr { host: "127.15.105.131" port: 33765 } health_report { overall_health: HEALTHY } } }
I20260709 14:55:17.177378 16879 tablet_service.cc:1917] Received RequestConsensusVote() RPC: tablet_id: "5876f08c53d74ebb935bb1ad784f5498" candidate_uuid: "a16403a779bc4fb0811f6228f1949143" candidate_term: 1 candidate_status { last_received { term: 0 index: 0 } } ignore_live_leader: false dest_uuid: "0289539928ef445abc70eb515d59f109" is_pre_election: true
I20260709 14:55:17.178041 16879 raft_consensus.cc:2468] T 5876f08c53d74ebb935bb1ad784f5498 P 0289539928ef445abc70eb515d59f109 [term 0 FOLLOWER]: Leader pre-election vote request: Granting yes vote for candidate a16403a779bc4fb0811f6228f1949143 in term 0.
I20260709 14:55:17.181970 17028 tablet_service.cc:1917] Received RequestConsensusVote() RPC: tablet_id: "5876f08c53d74ebb935bb1ad784f5498" candidate_uuid: "a16403a779bc4fb0811f6228f1949143" candidate_term: 1 candidate_status { last_received { term: 0 index: 0 } } ignore_live_leader: false dest_uuid: "62204824344a4d79b41d1830b6f75639" is_pre_election: true
I20260709 14:55:17.182576 17028 raft_consensus.cc:2468] T 5876f08c53d74ebb935bb1ad784f5498 P 62204824344a4d79b41d1830b6f75639 [term 0 FOLLOWER]: Leader pre-election vote request: Granting yes vote for candidate a16403a779bc4fb0811f6228f1949143 in term 0.
W20260709 14:55:17.183203 16994 leader_election.cc:343] T fa096f55586841ceb9db1736fc5b2f55 P 62204824344a4d79b41d1830b6f75639 [CANDIDATE]: Term 1 pre-election: Tablet error from VoteRequest() call to peer 0289539928ef445abc70eb515d59f109 (127.15.105.129:37499): Illegal state: must be running to vote when last-logged opid is not known
I20260709 14:55:17.183621 16994 leader_election.cc:304] T fa096f55586841ceb9db1736fc5b2f55 P 62204824344a4d79b41d1830b6f75639 [CANDIDATE]: Term 1 pre-election: Election decided. Result: candidate lost. Election summary: received 3 responses out of 3 voters: 1 yes votes; 2 no votes. yes voters: 62204824344a4d79b41d1830b6f75639; no voters: 0289539928ef445abc70eb515d59f109, a16403a779bc4fb0811f6228f1949143
I20260709 14:55:17.183964 16921 leader_election.cc:304] T 5876f08c53d74ebb935bb1ad784f5498 P a16403a779bc4fb0811f6228f1949143 [CANDIDATE]: Term 1 pre-election: Election decided. Result: candidate won. Election summary: received 2 responses out of 3 voters: 2 yes votes; 0 no votes. yes voters: 62204824344a4d79b41d1830b6f75639, a16403a779bc4fb0811f6228f1949143; no voters: 
I20260709 14:55:17.185273 17315 raft_consensus.cc:2804] T 5876f08c53d74ebb935bb1ad784f5498 P a16403a779bc4fb0811f6228f1949143 [term 0 FOLLOWER]: Leader pre-election won for term 1
I20260709 14:55:17.185626 17315 raft_consensus.cc:493] T 5876f08c53d74ebb935bb1ad784f5498 P a16403a779bc4fb0811f6228f1949143 [term 0 FOLLOWER]: Starting leader election (no leader contacted us within the election timeout)
I20260709 14:55:17.185957 17315 raft_consensus.cc:3060] T 5876f08c53d74ebb935bb1ad784f5498 P a16403a779bc4fb0811f6228f1949143 [term 0 FOLLOWER]: Advancing to term 1
I20260709 14:55:17.186307 17071 tablet_bootstrap.cc:654] T b18a2976b5cf4e9184c0f89eec208b45 P 62204824344a4d79b41d1830b6f75639: Neither blocks nor log segments found. Creating new log.
I20260709 14:55:17.188992 17130 raft_consensus.cc:2749] T fa096f55586841ceb9db1736fc5b2f55 P 62204824344a4d79b41d1830b6f75639 [term 0 FOLLOWER]: Leader pre-election lost for term 1. Reason: could not achieve majority
I20260709 14:55:17.168298 16955 raft_consensus.cc:2468] T d6b2587599a248d494696b2f2c015331 P a16403a779bc4fb0811f6228f1949143 [term 0 FOLLOWER]: Leader pre-election vote request: Granting yes vote for candidate 62204824344a4d79b41d1830b6f75639 in term 0.
I20260709 14:55:17.186311 16775 catalog_manager.cc:5697] T 36c8af69e09a471b828f8d1173af4cd6 P a16403a779bc4fb0811f6228f1949143 reported cstate change: term changed from 0 to 1, leader changed from <none> to a16403a779bc4fb0811f6228f1949143 (127.15.105.130). New cstate: current_term: 1 leader_uuid: "a16403a779bc4fb0811f6228f1949143" committed_config { opid_index: -1 OBSOLETE_local: false peers { permanent_uuid: "0289539928ef445abc70eb515d59f109" member_type: VOTER last_known_addr { host: "127.15.105.129" port: 37499 } health_report { overall_health: UNKNOWN } } peers { permanent_uuid: "a16403a779bc4fb0811f6228f1949143" member_type: VOTER last_known_addr { host: "127.15.105.130" port: 40507 } health_report { overall_health: HEALTHY } } peers { permanent_uuid: "62204824344a4d79b41d1830b6f75639" member_type: VOTER last_known_addr { host: "127.15.105.131" port: 33765 } health_report { overall_health: UNKNOWN } } }
I20260709 14:55:17.191385 16775 catalog_manager.cc:5697] T 2b2456d080804dd4b87d16987c2a5c8a P a16403a779bc4fb0811f6228f1949143 reported cstate change: term changed from 0 to 1, leader changed from <none> to a16403a779bc4fb0811f6228f1949143 (127.15.105.130). New cstate: current_term: 1 leader_uuid: "a16403a779bc4fb0811f6228f1949143" committed_config { opid_index: -1 OBSOLETE_local: false peers { permanent_uuid: "0289539928ef445abc70eb515d59f109" member_type: VOTER last_known_addr { host: "127.15.105.129" port: 37499 } health_report { overall_health: UNKNOWN } } peers { permanent_uuid: "a16403a779bc4fb0811f6228f1949143" member_type: VOTER last_known_addr { host: "127.15.105.130" port: 40507 } health_report { overall_health: HEALTHY } } peers { permanent_uuid: "62204824344a4d79b41d1830b6f75639" member_type: VOTER last_known_addr { host: "127.15.105.131" port: 33765 } health_report { overall_health: UNKNOWN } } }
I20260709 14:55:17.191900 17029 raft_consensus.cc:2468] T 36c8af69e09a471b828f8d1173af4cd6 P 62204824344a4d79b41d1830b6f75639 [term 1 FOLLOWER]: Leader election vote request: Granting yes vote for candidate a16403a779bc4fb0811f6228f1949143 in term 1.
I20260709 14:55:17.193374 17315 raft_consensus.cc:515] T 5876f08c53d74ebb935bb1ad784f5498 P a16403a779bc4fb0811f6228f1949143 [term 1 FOLLOWER]: Starting leader election with config: opid_index: -1 OBSOLETE_local: false peers { permanent_uuid: "0289539928ef445abc70eb515d59f109" member_type: VOTER last_known_addr { host: "127.15.105.129" port: 37499 } } peers { permanent_uuid: "a16403a779bc4fb0811f6228f1949143" member_type: VOTER last_known_addr { host: "127.15.105.130" port: 40507 } } peers { permanent_uuid: "62204824344a4d79b41d1830b6f75639" member_type: VOTER last_known_addr { host: "127.15.105.131" port: 33765 } }
I20260709 14:55:17.194067 17318 consensus_queue.cc:1048] T 01444f0f46fc423a848d9ba59fdb2be6 P a16403a779bc4fb0811f6228f1949143 [LEADER]: Connected to new peer: Peer: permanent_uuid: "0289539928ef445abc70eb515d59f109" member_type: VOTER last_known_addr { host: "127.15.105.129" port: 37499 }, Status: LMP_MISMATCH, Last received: 0.0, Next index: 1, Last known committed idx: 0, Time since last communication: 0.000s
I20260709 14:55:17.197553 17088 raft_consensus.cc:515] T d6b2587599a248d494696b2f2c015331 P 62204824344a4d79b41d1830b6f75639 [term 1 FOLLOWER]: Starting leader election with config: opid_index: -1 OBSOLETE_local: false peers { permanent_uuid: "0289539928ef445abc70eb515d59f109" member_type: VOTER last_known_addr { host: "127.15.105.129" port: 37499 } } peers { permanent_uuid: "a16403a779bc4fb0811f6228f1949143" member_type: VOTER last_known_addr { host: "127.15.105.130" port: 40507 } } peers { permanent_uuid: "62204824344a4d79b41d1830b6f75639" member_type: VOTER last_known_addr { host: "127.15.105.131" port: 33765 } }
I20260709 14:55:17.204756 17069 tablet_bootstrap.cc:492] T 8d76f9c68c2247d8a24bd9c3fe0b8efb P a16403a779bc4fb0811f6228f1949143: No bootstrap required, opened a new log
I20260709 14:55:17.205128 17069 ts_tablet_manager.cc:1403] T 8d76f9c68c2247d8a24bd9c3fe0b8efb P a16403a779bc4fb0811f6228f1949143: Time spent bootstrapping tablet: real 0.154s	user 0.007s	sys 0.004s
I20260709 14:55:17.207734 17069 raft_consensus.cc:359] T 8d76f9c68c2247d8a24bd9c3fe0b8efb P a16403a779bc4fb0811f6228f1949143 [term 0 FOLLOWER]: Replica starting. Triggering 0 pending ops. Active config: opid_index: -1 OBSOLETE_local: false peers { permanent_uuid: "0289539928ef445abc70eb515d59f109" member_type: VOTER last_known_addr { host: "127.15.105.129" port: 37499 } } peers { permanent_uuid: "a16403a779bc4fb0811f6228f1949143" member_type: VOTER last_known_addr { host: "127.15.105.130" port: 40507 } } peers { permanent_uuid: "62204824344a4d79b41d1830b6f75639" member_type: VOTER last_known_addr { host: "127.15.105.131" port: 33765 } }
I20260709 14:55:17.208336 17069 raft_consensus.cc:385] T 8d76f9c68c2247d8a24bd9c3fe0b8efb P a16403a779bc4fb0811f6228f1949143 [term 0 FOLLOWER]: Consensus starting up: Expiring failure detector timer to make a prompt election more likely
I20260709 14:55:17.208601 17069 raft_consensus.cc:740] T 8d76f9c68c2247d8a24bd9c3fe0b8efb P a16403a779bc4fb0811f6228f1949143 [term 0 FOLLOWER]: Becoming Follower/Learner. State: Replica: a16403a779bc4fb0811f6228f1949143, State: Initialized, Role: FOLLOWER
I20260709 14:55:17.209208 17069 consensus_queue.cc:260] T 8d76f9c68c2247d8a24bd9c3fe0b8efb P a16403a779bc4fb0811f6228f1949143 [NON_LEADER]: Queue going to NON_LEADER mode. State: All replicated index: 0, Majority replicated index: 0, Committed index: 0, Last appended: 0.0, Last appended by leader: 0, Current term: 0, Majority size: -1, State: 0, Mode: NON_LEADER, active raft config: opid_index: -1 OBSOLETE_local: false peers { permanent_uuid: "0289539928ef445abc70eb515d59f109" member_type: VOTER last_known_addr { host: "127.15.105.129" port: 37499 } } peers { permanent_uuid: "a16403a779bc4fb0811f6228f1949143" member_type: VOTER last_known_addr { host: "127.15.105.130" port: 40507 } } peers { permanent_uuid: "62204824344a4d79b41d1830b6f75639" member_type: VOTER last_known_addr { host: "127.15.105.131" port: 33765 } }
I20260709 14:55:17.215281 16876 tablet_service.cc:1917] Received RequestConsensusVote() RPC: tablet_id: "5876f08c53d74ebb935bb1ad784f5498" candidate_uuid: "a16403a779bc4fb0811f6228f1949143" candidate_term: 1 candidate_status { last_received { term: 0 index: 0 } } ignore_live_leader: false dest_uuid: "0289539928ef445abc70eb515d59f109"
I20260709 14:55:17.215943 16879 tablet_service.cc:1917] Received RequestConsensusVote() RPC: tablet_id: "d6b2587599a248d494696b2f2c015331" candidate_uuid: "62204824344a4d79b41d1830b6f75639" candidate_term: 1 candidate_status { last_received { term: 0 index: 0 } } ignore_live_leader: false dest_uuid: "0289539928ef445abc70eb515d59f109"
I20260709 14:55:17.216537 16879 raft_consensus.cc:3060] T d6b2587599a248d494696b2f2c015331 P 0289539928ef445abc70eb515d59f109 [term 0 FOLLOWER]: Advancing to term 1
I20260709 14:55:17.215891 16876 raft_consensus.cc:3060] T 5876f08c53d74ebb935bb1ad784f5498 P 0289539928ef445abc70eb515d59f109 [term 0 FOLLOWER]: Advancing to term 1
I20260709 14:55:17.217931 17088 leader_election.cc:290] T d6b2587599a248d494696b2f2c015331 P 62204824344a4d79b41d1830b6f75639 [CANDIDATE]: Term 1 election: Requested vote from peers 0289539928ef445abc70eb515d59f109 (127.15.105.129:37499), a16403a779bc4fb0811f6228f1949143 (127.15.105.130:40507)
I20260709 14:55:17.225934 17072 tablet_bootstrap.cc:492] T fa096f55586841ceb9db1736fc5b2f55 P 0289539928ef445abc70eb515d59f109: No bootstrap required, opened a new log
I20260709 14:55:17.226357 17072 ts_tablet_manager.cc:1403] T fa096f55586841ceb9db1736fc5b2f55 P 0289539928ef445abc70eb515d59f109: Time spent bootstrapping tablet: real 0.153s	user 0.014s	sys 0.022s
I20260709 14:55:17.228899 17072 raft_consensus.cc:359] T fa096f55586841ceb9db1736fc5b2f55 P 0289539928ef445abc70eb515d59f109 [term 0 FOLLOWER]: Replica starting. Triggering 0 pending ops. Active config: opid_index: -1 OBSOLETE_local: false peers { permanent_uuid: "0289539928ef445abc70eb515d59f109" member_type: VOTER last_known_addr { host: "127.15.105.129" port: 37499 } } peers { permanent_uuid: "a16403a779bc4fb0811f6228f1949143" member_type: VOTER last_known_addr { host: "127.15.105.130" port: 40507 } } peers { permanent_uuid: "62204824344a4d79b41d1830b6f75639" member_type: VOTER last_known_addr { host: "127.15.105.131" port: 33765 } }
I20260709 14:55:17.229537 17072 raft_consensus.cc:385] T fa096f55586841ceb9db1736fc5b2f55 P 0289539928ef445abc70eb515d59f109 [term 0 FOLLOWER]: Consensus starting up: Expiring failure detector timer to make a prompt election more likely
I20260709 14:55:17.229785 17072 raft_consensus.cc:740] T fa096f55586841ceb9db1736fc5b2f55 P 0289539928ef445abc70eb515d59f109 [term 0 FOLLOWER]: Becoming Follower/Learner. State: Replica: 0289539928ef445abc70eb515d59f109, State: Initialized, Role: FOLLOWER
I20260709 14:55:17.224936 17069 ts_tablet_manager.cc:1434] T 8d76f9c68c2247d8a24bd9c3fe0b8efb P a16403a779bc4fb0811f6228f1949143: Time spent starting tablet: real 0.020s	user 0.003s	sys 0.002s
I20260709 14:55:17.230383 17072 consensus_queue.cc:260] T fa096f55586841ceb9db1736fc5b2f55 P 0289539928ef445abc70eb515d59f109 [NON_LEADER]: Queue going to NON_LEADER mode. State: All replicated index: 0, Majority replicated index: 0, Committed index: 0, Last appended: 0.0, Last appended by leader: 0, Current term: 0, Majority size: -1, State: 0, Mode: NON_LEADER, active raft config: opid_index: -1 OBSOLETE_local: false peers { permanent_uuid: "0289539928ef445abc70eb515d59f109" member_type: VOTER last_known_addr { host: "127.15.105.129" port: 37499 } } peers { permanent_uuid: "a16403a779bc4fb0811f6228f1949143" member_type: VOTER last_known_addr { host: "127.15.105.130" port: 40507 } } peers { permanent_uuid: "62204824344a4d79b41d1830b6f75639" member_type: VOTER last_known_addr { host: "127.15.105.131" port: 33765 } }
I20260709 14:55:17.230880 17069 tablet_bootstrap.cc:492] T 6accb80921324190b86e5b99e2bb0383 P a16403a779bc4fb0811f6228f1949143: Bootstrap starting.
I20260709 14:55:17.235054 16955 tablet_service.cc:1917] Received RequestConsensusVote() RPC: tablet_id: "d6b2587599a248d494696b2f2c015331" candidate_uuid: "62204824344a4d79b41d1830b6f75639" candidate_term: 1 candidate_status { last_received { term: 0 index: 0 } } ignore_live_leader: false dest_uuid: "a16403a779bc4fb0811f6228f1949143"
I20260709 14:55:17.235594 16955 raft_consensus.cc:3060] T d6b2587599a248d494696b2f2c015331 P a16403a779bc4fb0811f6228f1949143 [term 0 FOLLOWER]: Advancing to term 1
I20260709 14:55:17.219794 17315 leader_election.cc:290] T 5876f08c53d74ebb935bb1ad784f5498 P a16403a779bc4fb0811f6228f1949143 [CANDIDATE]: Term 1 election: Requested vote from peers 0289539928ef445abc70eb515d59f109 (127.15.105.129:37499), 62204824344a4d79b41d1830b6f75639 (127.15.105.131:33765)
I20260709 14:55:17.247139 17072 ts_tablet_manager.cc:1434] T fa096f55586841ceb9db1736fc5b2f55 P 0289539928ef445abc70eb515d59f109: Time spent starting tablet: real 0.021s	user 0.005s	sys 0.001s
I20260709 14:55:17.248536 17072 tablet_bootstrap.cc:492] T a1f605e31b6848b6b50dd23af8203779 P 0289539928ef445abc70eb515d59f109: Bootstrap starting.
I20260709 14:55:17.236614 17029 tablet_service.cc:1917] Received RequestConsensusVote() RPC: tablet_id: "5876f08c53d74ebb935bb1ad784f5498" candidate_uuid: "a16403a779bc4fb0811f6228f1949143" candidate_term: 1 candidate_status { last_received { term: 0 index: 0 } } ignore_live_leader: false dest_uuid: "62204824344a4d79b41d1830b6f75639"
I20260709 14:55:17.251978 17029 raft_consensus.cc:3060] T 5876f08c53d74ebb935bb1ad784f5498 P 62204824344a4d79b41d1830b6f75639 [term 0 FOLLOWER]: Advancing to term 1
I20260709 14:55:17.262208 17088 raft_consensus.cc:493] T aa4b0ab09d5d44068118728abe4c4cae P 62204824344a4d79b41d1830b6f75639 [term 0 FOLLOWER]: Starting pre-election (no leader contacted us within the election timeout)
I20260709 14:55:17.262648 17088 raft_consensus.cc:515] T aa4b0ab09d5d44068118728abe4c4cae P 62204824344a4d79b41d1830b6f75639 [term 0 FOLLOWER]: Starting pre-election with config: opid_index: -1 OBSOLETE_local: false peers { permanent_uuid: "0289539928ef445abc70eb515d59f109" member_type: VOTER last_known_addr { host: "127.15.105.129" port: 37499 } } peers { permanent_uuid: "a16403a779bc4fb0811f6228f1949143" member_type: VOTER last_known_addr { host: "127.15.105.130" port: 40507 } } peers { permanent_uuid: "62204824344a4d79b41d1830b6f75639" member_type: VOTER last_known_addr { host: "127.15.105.131" port: 33765 } }
I20260709 14:55:17.264436 17071 tablet_bootstrap.cc:492] T b18a2976b5cf4e9184c0f89eec208b45 P 62204824344a4d79b41d1830b6f75639: No bootstrap required, opened a new log
I20260709 14:55:17.264489 17027 raft_consensus.cc:1275] T e30c344c105a454d92ad73a46a61d682 P 62204824344a4d79b41d1830b6f75639 [term 2 FOLLOWER]: Refusing update from remote peer a16403a779bc4fb0811f6228f1949143: Log matching property violated. Preceding OpId in replica: term: 0 index: 0. Preceding OpId from leader: term: 2 index: 1. (index mismatch)
I20260709 14:55:17.264981 17071 ts_tablet_manager.cc:1403] T b18a2976b5cf4e9184c0f89eec208b45 P 62204824344a4d79b41d1830b6f75639: Time spent bootstrapping tablet: real 0.118s	user 0.014s	sys 0.007s
I20260709 14:55:17.268585 17141 consensus_queue.cc:1048] T e30c344c105a454d92ad73a46a61d682 P a16403a779bc4fb0811f6228f1949143 [LEADER]: Connected to new peer: Peer: permanent_uuid: "62204824344a4d79b41d1830b6f75639" member_type: VOTER last_known_addr { host: "127.15.105.131" port: 33765 }, Status: LMP_MISMATCH, Last received: 0.0, Next index: 1, Last known committed idx: 0, Time since last communication: 0.004s
I20260709 14:55:17.279235 17071 raft_consensus.cc:359] T b18a2976b5cf4e9184c0f89eec208b45 P 62204824344a4d79b41d1830b6f75639 [term 0 FOLLOWER]: Replica starting. Triggering 0 pending ops. Active config: opid_index: -1 OBSOLETE_local: false peers { permanent_uuid: "0289539928ef445abc70eb515d59f109" member_type: VOTER last_known_addr { host: "127.15.105.129" port: 37499 } } peers { permanent_uuid: "a16403a779bc4fb0811f6228f1949143" member_type: VOTER last_known_addr { host: "127.15.105.130" port: 40507 } } peers { permanent_uuid: "62204824344a4d79b41d1830b6f75639" member_type: VOTER last_known_addr { host: "127.15.105.131" port: 33765 } }
I20260709 14:55:17.279919 17071 raft_consensus.cc:385] T b18a2976b5cf4e9184c0f89eec208b45 P 62204824344a4d79b41d1830b6f75639 [term 0 FOLLOWER]: Consensus starting up: Expiring failure detector timer to make a prompt election more likely
I20260709 14:55:17.281360 17071 raft_consensus.cc:740] T b18a2976b5cf4e9184c0f89eec208b45 P 62204824344a4d79b41d1830b6f75639 [term 0 FOLLOWER]: Becoming Follower/Learner. State: Replica: 62204824344a4d79b41d1830b6f75639, State: Initialized, Role: FOLLOWER
I20260709 14:55:17.282047 17071 consensus_queue.cc:260] T b18a2976b5cf4e9184c0f89eec208b45 P 62204824344a4d79b41d1830b6f75639 [NON_LEADER]: Queue going to NON_LEADER mode. State: All replicated index: 0, Majority replicated index: 0, Committed index: 0, Last appended: 0.0, Last appended by leader: 0, Current term: 0, Majority size: -1, State: 0, Mode: NON_LEADER, active raft config: opid_index: -1 OBSOLETE_local: false peers { permanent_uuid: "0289539928ef445abc70eb515d59f109" member_type: VOTER last_known_addr { host: "127.15.105.129" port: 37499 } } peers { permanent_uuid: "a16403a779bc4fb0811f6228f1949143" member_type: VOTER last_known_addr { host: "127.15.105.130" port: 40507 } } peers { permanent_uuid: "62204824344a4d79b41d1830b6f75639" member_type: VOTER last_known_addr { host: "127.15.105.131" port: 33765 } }
I20260709 14:55:17.282349 17088 leader_election.cc:290] T aa4b0ab09d5d44068118728abe4c4cae P 62204824344a4d79b41d1830b6f75639 [CANDIDATE]: Term 1 pre-election: Requested pre-vote from peers 0289539928ef445abc70eb515d59f109 (127.15.105.129:37499), a16403a779bc4fb0811f6228f1949143 (127.15.105.130:40507)
W20260709 14:55:17.286834 16826 auto_rebalancer.cc:288] Could not retrieve cluster info: Service unavailable: Tablet not running
W20260709 14:55:17.275058 17331 log.cc:927] Time spent T 2d8999bb93594b4eb12c52d4151ee5e0 P 0289539928ef445abc70eb515d59f109: Append to log took a long time: real 0.060s	user 0.001s	sys 0.000s
I20260709 14:55:17.290957 17071 ts_tablet_manager.cc:1434] T b18a2976b5cf4e9184c0f89eec208b45 P 62204824344a4d79b41d1830b6f75639: Time spent starting tablet: real 0.026s	user 0.004s	sys 0.001s
I20260709 14:55:17.291664 17071 tablet_bootstrap.cc:492] T cd8280da78d64bb0919f19ea83013cae P 62204824344a4d79b41d1830b6f75639: Bootstrap starting.
I20260709 14:55:17.295990 16873 tablet_service.cc:1917] Received RequestConsensusVote() RPC: tablet_id: "aa4b0ab09d5d44068118728abe4c4cae" candidate_uuid: "62204824344a4d79b41d1830b6f75639" candidate_term: 1 candidate_status { last_received { term: 0 index: 0 } } ignore_live_leader: false dest_uuid: "0289539928ef445abc70eb515d59f109" is_pre_election: true
I20260709 14:55:17.302358 16951 tablet_service.cc:1917] Received RequestConsensusVote() RPC: tablet_id: "aa4b0ab09d5d44068118728abe4c4cae" candidate_uuid: "62204824344a4d79b41d1830b6f75639" candidate_term: 1 candidate_status { last_received { term: 0 index: 0 } } ignore_live_leader: false dest_uuid: "a16403a779bc4fb0811f6228f1949143" is_pre_election: true
W20260709 14:55:17.303522 16994 leader_election.cc:343] T aa4b0ab09d5d44068118728abe4c4cae P 62204824344a4d79b41d1830b6f75639 [CANDIDATE]: Term 1 pre-election: Tablet error from VoteRequest() call to peer 0289539928ef445abc70eb515d59f109 (127.15.105.129:37499): Illegal state: must be running to vote when last-logged opid is not known
I20260709 14:55:17.300262 16876 raft_consensus.cc:2468] T 5876f08c53d74ebb935bb1ad784f5498 P 0289539928ef445abc70eb515d59f109 [term 1 FOLLOWER]: Leader election vote request: Granting yes vote for candidate a16403a779bc4fb0811f6228f1949143 in term 1.
I20260709 14:55:17.315893 16920 leader_election.cc:304] T 5876f08c53d74ebb935bb1ad784f5498 P a16403a779bc4fb0811f6228f1949143 [CANDIDATE]: Term 1 election: Election decided. Result: candidate won. Election summary: received 2 responses out of 3 voters: 2 yes votes; 0 no votes. yes voters: 0289539928ef445abc70eb515d59f109, a16403a779bc4fb0811f6228f1949143; no voters: 
I20260709 14:55:17.317409 17151 raft_consensus.cc:2804] T 5876f08c53d74ebb935bb1ad784f5498 P a16403a779bc4fb0811f6228f1949143 [term 1 FOLLOWER]: Leader election won for term 1
I20260709 14:55:17.321416 17151 raft_consensus.cc:697] T 5876f08c53d74ebb935bb1ad784f5498 P a16403a779bc4fb0811f6228f1949143 [term 1 LEADER]: Becoming Leader. State: Replica: a16403a779bc4fb0811f6228f1949143, State: Running, Role: LEADER
I20260709 14:55:17.315106 16955 raft_consensus.cc:2468] T d6b2587599a248d494696b2f2c015331 P a16403a779bc4fb0811f6228f1949143 [term 1 FOLLOWER]: Leader election vote request: Granting yes vote for candidate 62204824344a4d79b41d1830b6f75639 in term 1.
I20260709 14:55:17.322220 17151 consensus_queue.cc:237] T 5876f08c53d74ebb935bb1ad784f5498 P a16403a779bc4fb0811f6228f1949143 [LEADER]: Queue going to LEADER mode. State: All replicated index: 0, Majority replicated index: 0, Committed index: 0, Last appended: 0.0, Last appended by leader: 0, Current term: 1, Majority size: 2, State: 0, Mode: LEADER, active raft config: opid_index: -1 OBSOLETE_local: false peers { permanent_uuid: "0289539928ef445abc70eb515d59f109" member_type: VOTER last_known_addr { host: "127.15.105.129" port: 37499 } } peers { permanent_uuid: "a16403a779bc4fb0811f6228f1949143" member_type: VOTER last_known_addr { host: "127.15.105.130" port: 40507 } } peers { permanent_uuid: "62204824344a4d79b41d1830b6f75639" member_type: VOTER last_known_addr { host: "127.15.105.131" port: 33765 } }
W20260709 14:55:17.333427 16992 leader_election.cc:343] T aa4b0ab09d5d44068118728abe4c4cae P 62204824344a4d79b41d1830b6f75639 [CANDIDATE]: Term 1 pre-election: Tablet error from VoteRequest() call to peer a16403a779bc4fb0811f6228f1949143 (127.15.105.130:40507): Illegal state: must be running to vote when last-logged opid is not known
I20260709 14:55:17.333900 16992 leader_election.cc:304] T aa4b0ab09d5d44068118728abe4c4cae P 62204824344a4d79b41d1830b6f75639 [CANDIDATE]: Term 1 pre-election: Election decided. Result: candidate lost. Election summary: received 3 responses out of 3 voters: 1 yes votes; 2 no votes. yes voters: 62204824344a4d79b41d1830b6f75639; no voters: 0289539928ef445abc70eb515d59f109, a16403a779bc4fb0811f6228f1949143
I20260709 14:55:17.334579 17103 raft_consensus.cc:2749] T aa4b0ab09d5d44068118728abe4c4cae P 62204824344a4d79b41d1830b6f75639 [term 0 FOLLOWER]: Leader pre-election lost for term 1. Reason: could not achieve majority
I20260709 14:55:17.335561 16992 leader_election.cc:304] T d6b2587599a248d494696b2f2c015331 P 62204824344a4d79b41d1830b6f75639 [CANDIDATE]: Term 1 election: Election decided. Result: candidate won. Election summary: received 2 responses out of 3 voters: 2 yes votes; 0 no votes. yes voters: 62204824344a4d79b41d1830b6f75639, a16403a779bc4fb0811f6228f1949143; no voters: 
I20260709 14:55:17.335863 16879 raft_consensus.cc:2468] T d6b2587599a248d494696b2f2c015331 P 0289539928ef445abc70eb515d59f109 [term 1 FOLLOWER]: Leader election vote request: Granting yes vote for candidate 62204824344a4d79b41d1830b6f75639 in term 1.
I20260709 14:55:17.340598 17071 tablet_bootstrap.cc:654] T cd8280da78d64bb0919f19ea83013cae P 62204824344a4d79b41d1830b6f75639: Neither blocks nor log segments found. Creating new log.
I20260709 14:55:17.343971 17029 raft_consensus.cc:2468] T 5876f08c53d74ebb935bb1ad784f5498 P 62204824344a4d79b41d1830b6f75639 [term 1 FOLLOWER]: Leader election vote request: Granting yes vote for candidate a16403a779bc4fb0811f6228f1949143 in term 1.
I20260709 14:55:17.347975 17103 raft_consensus.cc:2804] T d6b2587599a248d494696b2f2c015331 P 62204824344a4d79b41d1830b6f75639 [term 1 FOLLOWER]: Leader election won for term 1
I20260709 14:55:17.348582 17103 raft_consensus.cc:697] T d6b2587599a248d494696b2f2c015331 P 62204824344a4d79b41d1830b6f75639 [term 1 LEADER]: Becoming Leader. State: Replica: 62204824344a4d79b41d1830b6f75639, State: Running, Role: LEADER
I20260709 14:55:17.349390 17103 consensus_queue.cc:237] T d6b2587599a248d494696b2f2c015331 P 62204824344a4d79b41d1830b6f75639 [LEADER]: Queue going to LEADER mode. State: All replicated index: 0, Majority replicated index: 0, Committed index: 0, Last appended: 0.0, Last appended by leader: 0, Current term: 1, Majority size: 2, State: 0, Mode: LEADER, active raft config: opid_index: -1 OBSOLETE_local: false peers { permanent_uuid: "0289539928ef445abc70eb515d59f109" member_type: VOTER last_known_addr { host: "127.15.105.129" port: 37499 } } peers { permanent_uuid: "a16403a779bc4fb0811f6228f1949143" member_type: VOTER last_known_addr { host: "127.15.105.130" port: 40507 } } peers { permanent_uuid: "62204824344a4d79b41d1830b6f75639" member_type: VOTER last_known_addr { host: "127.15.105.131" port: 33765 } }
I20260709 14:55:17.350068 17088 raft_consensus.cc:493] T 8d76f9c68c2247d8a24bd9c3fe0b8efb P 62204824344a4d79b41d1830b6f75639 [term 0 FOLLOWER]: Starting pre-election (no leader contacted us within the election timeout)
I20260709 14:55:17.350476 17088 raft_consensus.cc:515] T 8d76f9c68c2247d8a24bd9c3fe0b8efb P 62204824344a4d79b41d1830b6f75639 [term 0 FOLLOWER]: Starting pre-election with config: opid_index: -1 OBSOLETE_local: false peers { permanent_uuid: "0289539928ef445abc70eb515d59f109" member_type: VOTER last_known_addr { host: "127.15.105.129" port: 37499 } } peers { permanent_uuid: "a16403a779bc4fb0811f6228f1949143" member_type: VOTER last_known_addr { host: "127.15.105.130" port: 40507 } } peers { permanent_uuid: "62204824344a4d79b41d1830b6f75639" member_type: VOTER last_known_addr { host: "127.15.105.131" port: 33765 } }
I20260709 14:55:17.352205 17088 leader_election.cc:290] T 8d76f9c68c2247d8a24bd9c3fe0b8efb P 62204824344a4d79b41d1830b6f75639 [CANDIDATE]: Term 1 pre-election: Requested pre-vote from peers 0289539928ef445abc70eb515d59f109 (127.15.105.129:37499), a16403a779bc4fb0811f6228f1949143 (127.15.105.130:40507)
I20260709 14:55:17.354581 17069 tablet_bootstrap.cc:654] T 6accb80921324190b86e5b99e2bb0383 P a16403a779bc4fb0811f6228f1949143: Neither blocks nor log segments found. Creating new log.
I20260709 14:55:17.355466 17072 tablet_bootstrap.cc:654] T a1f605e31b6848b6b50dd23af8203779 P 0289539928ef445abc70eb515d59f109: Neither blocks nor log segments found. Creating new log.
I20260709 14:55:17.359572 16955 tablet_service.cc:1917] Received RequestConsensusVote() RPC: tablet_id: "8d76f9c68c2247d8a24bd9c3fe0b8efb" candidate_uuid: "62204824344a4d79b41d1830b6f75639" candidate_term: 1 candidate_status { last_received { term: 0 index: 0 } } ignore_live_leader: false dest_uuid: "a16403a779bc4fb0811f6228f1949143" is_pre_election: true
I20260709 14:55:17.363838 16876 tablet_service.cc:1917] Received RequestConsensusVote() RPC: tablet_id: "8d76f9c68c2247d8a24bd9c3fe0b8efb" candidate_uuid: "62204824344a4d79b41d1830b6f75639" candidate_term: 1 candidate_status { last_received { term: 0 index: 0 } } ignore_live_leader: false dest_uuid: "0289539928ef445abc70eb515d59f109" is_pre_election: true
W20260709 14:55:17.365373 16920 consensus_peers.cc:597] T a1f605e31b6848b6b50dd23af8203779 P a16403a779bc4fb0811f6228f1949143 -> Peer 0289539928ef445abc70eb515d59f109 (127.15.105.129:37499): Couldn't send request to peer 0289539928ef445abc70eb515d59f109. Error code: TABLET_NOT_RUNNING (12). Status: Illegal state: Tablet not RUNNING: BOOTSTRAPPING. This is attempt 1: this message will repeat every 5th retry.
W20260709 14:55:17.365598 16994 leader_election.cc:343] T 8d76f9c68c2247d8a24bd9c3fe0b8efb P 62204824344a4d79b41d1830b6f75639 [CANDIDATE]: Term 1 pre-election: Tablet error from VoteRequest() call to peer 0289539928ef445abc70eb515d59f109 (127.15.105.129:37499): Illegal state: must be running to vote when last-logged opid is not known
I20260709 14:55:17.374589 17069 tablet_bootstrap.cc:492] T 6accb80921324190b86e5b99e2bb0383 P a16403a779bc4fb0811f6228f1949143: No bootstrap required, opened a new log
I20260709 14:55:17.375120 17069 ts_tablet_manager.cc:1403] T 6accb80921324190b86e5b99e2bb0383 P a16403a779bc4fb0811f6228f1949143: Time spent bootstrapping tablet: real 0.144s	user 0.014s	sys 0.000s
I20260709 14:55:17.363862 16955 raft_consensus.cc:2468] T 8d76f9c68c2247d8a24bd9c3fe0b8efb P a16403a779bc4fb0811f6228f1949143 [term 0 FOLLOWER]: Leader pre-election vote request: Granting yes vote for candidate 62204824344a4d79b41d1830b6f75639 in term 0.
I20260709 14:55:17.376796 16876 raft_consensus.cc:3060] T db6cd2b5780742ff87e32a2bdd0210ec P 0289539928ef445abc70eb515d59f109 [term 0 FOLLOWER]: Advancing to term 1
I20260709 14:55:17.379257 17069 raft_consensus.cc:359] T 6accb80921324190b86e5b99e2bb0383 P a16403a779bc4fb0811f6228f1949143 [term 0 FOLLOWER]: Replica starting. Triggering 0 pending ops. Active config: opid_index: -1 OBSOLETE_local: false peers { permanent_uuid: "0289539928ef445abc70eb515d59f109" member_type: VOTER last_known_addr { host: "127.15.105.129" port: 37499 } } peers { permanent_uuid: "a16403a779bc4fb0811f6228f1949143" member_type: VOTER last_known_addr { host: "127.15.105.130" port: 40507 } } peers { permanent_uuid: "62204824344a4d79b41d1830b6f75639" member_type: VOTER last_known_addr { host: "127.15.105.131" port: 33765 } }
I20260709 14:55:17.380009 17069 raft_consensus.cc:385] T 6accb80921324190b86e5b99e2bb0383 P a16403a779bc4fb0811f6228f1949143 [term 0 FOLLOWER]: Consensus starting up: Expiring failure detector timer to make a prompt election more likely
I20260709 14:55:17.380255 17069 raft_consensus.cc:740] T 6accb80921324190b86e5b99e2bb0383 P a16403a779bc4fb0811f6228f1949143 [term 0 FOLLOWER]: Becoming Follower/Learner. State: Replica: a16403a779bc4fb0811f6228f1949143, State: Initialized, Role: FOLLOWER
I20260709 14:55:17.383586 17069 consensus_queue.cc:260] T 6accb80921324190b86e5b99e2bb0383 P a16403a779bc4fb0811f6228f1949143 [NON_LEADER]: Queue going to NON_LEADER mode. State: All replicated index: 0, Majority replicated index: 0, Committed index: 0, Last appended: 0.0, Last appended by leader: 0, Current term: 0, Majority size: -1, State: 0, Mode: NON_LEADER, active raft config: opid_index: -1 OBSOLETE_local: false peers { permanent_uuid: "0289539928ef445abc70eb515d59f109" member_type: VOTER last_known_addr { host: "127.15.105.129" port: 37499 } } peers { permanent_uuid: "a16403a779bc4fb0811f6228f1949143" member_type: VOTER last_known_addr { host: "127.15.105.130" port: 40507 } } peers { permanent_uuid: "62204824344a4d79b41d1830b6f75639" member_type: VOTER last_known_addr { host: "127.15.105.131" port: 33765 } }
I20260709 14:55:17.384341 17072 tablet_bootstrap.cc:492] T a1f605e31b6848b6b50dd23af8203779 P 0289539928ef445abc70eb515d59f109: No bootstrap required, opened a new log
I20260709 14:55:17.384764 17072 ts_tablet_manager.cc:1403] T a1f605e31b6848b6b50dd23af8203779 P 0289539928ef445abc70eb515d59f109: Time spent bootstrapping tablet: real 0.136s	user 0.010s	sys 0.008s
I20260709 14:55:17.385558 17069 ts_tablet_manager.cc:1434] T 6accb80921324190b86e5b99e2bb0383 P a16403a779bc4fb0811f6228f1949143: Time spent starting tablet: real 0.010s	user 0.006s	sys 0.000s
I20260709 14:55:17.386430 17069 tablet_bootstrap.cc:492] T e4e2d1d6f7a343949ed1597aed6f600e P a16403a779bc4fb0811f6228f1949143: Bootstrap starting.
I20260709 14:55:17.387131 17072 raft_consensus.cc:359] T a1f605e31b6848b6b50dd23af8203779 P 0289539928ef445abc70eb515d59f109 [term 0 FOLLOWER]: Replica starting. Triggering 0 pending ops. Active config: opid_index: -1 OBSOLETE_local: false peers { permanent_uuid: "0289539928ef445abc70eb515d59f109" member_type: VOTER last_known_addr { host: "127.15.105.129" port: 37499 } } peers { permanent_uuid: "a16403a779bc4fb0811f6228f1949143" member_type: VOTER last_known_addr { host: "127.15.105.130" port: 40507 } } peers { permanent_uuid: "62204824344a4d79b41d1830b6f75639" member_type: VOTER last_known_addr { host: "127.15.105.131" port: 33765 } }
I20260709 14:55:17.387765 17072 raft_consensus.cc:385] T a1f605e31b6848b6b50dd23af8203779 P 0289539928ef445abc70eb515d59f109 [term 0 FOLLOWER]: Consensus starting up: Expiring failure detector timer to make a prompt election more likely
I20260709 14:55:17.388054 17072 raft_consensus.cc:740] T a1f605e31b6848b6b50dd23af8203779 P 0289539928ef445abc70eb515d59f109 [term 0 FOLLOWER]: Becoming Follower/Learner. State: Replica: 0289539928ef445abc70eb515d59f109, State: Initialized, Role: FOLLOWER
I20260709 14:55:17.388972 16992 leader_election.cc:304] T 8d76f9c68c2247d8a24bd9c3fe0b8efb P 62204824344a4d79b41d1830b6f75639 [CANDIDATE]: Term 1 pre-election: Election decided. Result: candidate won. Election summary: received 3 responses out of 3 voters: 2 yes votes; 1 no votes. yes voters: 62204824344a4d79b41d1830b6f75639, a16403a779bc4fb0811f6228f1949143; no voters: 0289539928ef445abc70eb515d59f109
I20260709 14:55:17.389973 17130 raft_consensus.cc:2804] T 8d76f9c68c2247d8a24bd9c3fe0b8efb P 62204824344a4d79b41d1830b6f75639 [term 0 FOLLOWER]: Leader pre-election won for term 1
I20260709 14:55:17.390321 17130 raft_consensus.cc:493] T 8d76f9c68c2247d8a24bd9c3fe0b8efb P 62204824344a4d79b41d1830b6f75639 [term 0 FOLLOWER]: Starting leader election (no leader contacted us within the election timeout)
I20260709 14:55:17.390650 17130 raft_consensus.cc:3060] T 8d76f9c68c2247d8a24bd9c3fe0b8efb P 62204824344a4d79b41d1830b6f75639 [term 0 FOLLOWER]: Advancing to term 1
I20260709 14:55:17.390661 17071 tablet_bootstrap.cc:492] T cd8280da78d64bb0919f19ea83013cae P 62204824344a4d79b41d1830b6f75639: No bootstrap required, opened a new log
I20260709 14:55:17.391237 17071 ts_tablet_manager.cc:1403] T cd8280da78d64bb0919f19ea83013cae P 62204824344a4d79b41d1830b6f75639: Time spent bootstrapping tablet: real 0.100s	user 0.010s	sys 0.002s
I20260709 14:55:17.392630 17151 consensus_queue.cc:1048] T 36c8af69e09a471b828f8d1173af4cd6 P a16403a779bc4fb0811f6228f1949143 [LEADER]: Connected to new peer: Peer: permanent_uuid: "0289539928ef445abc70eb515d59f109" member_type: VOTER last_known_addr { host: "127.15.105.129" port: 37499 }, Status: LMP_MISMATCH, Last received: 0.0, Next index: 1, Last known committed idx: 0, Time since last communication: 0.000s
I20260709 14:55:17.393780 17071 raft_consensus.cc:359] T cd8280da78d64bb0919f19ea83013cae P 62204824344a4d79b41d1830b6f75639 [term 0 FOLLOWER]: Replica starting. Triggering 0 pending ops. Active config: opid_index: -1 OBSOLETE_local: false peers { permanent_uuid: "0289539928ef445abc70eb515d59f109" member_type: VOTER last_known_addr { host: "127.15.105.129" port: 37499 } } peers { permanent_uuid: "a16403a779bc4fb0811f6228f1949143" member_type: VOTER last_known_addr { host: "127.15.105.130" port: 40507 } } peers { permanent_uuid: "62204824344a4d79b41d1830b6f75639" member_type: VOTER last_known_addr { host: "127.15.105.131" port: 33765 } }
I20260709 14:55:17.394440 17071 raft_consensus.cc:385] T cd8280da78d64bb0919f19ea83013cae P 62204824344a4d79b41d1830b6f75639 [term 0 FOLLOWER]: Consensus starting up: Expiring failure detector timer to make a prompt election more likely
I20260709 14:55:17.394713 17071 raft_consensus.cc:740] T cd8280da78d64bb0919f19ea83013cae P 62204824344a4d79b41d1830b6f75639 [term 0 FOLLOWER]: Becoming Follower/Learner. State: Replica: 62204824344a4d79b41d1830b6f75639, State: Initialized, Role: FOLLOWER
I20260709 14:55:17.396189 17097 raft_consensus.cc:493] T fa096f55586841ceb9db1736fc5b2f55 P 0289539928ef445abc70eb515d59f109 [term 0 FOLLOWER]: Starting pre-election (no leader contacted us within the election timeout)
I20260709 14:55:17.396631 17097 raft_consensus.cc:515] T fa096f55586841ceb9db1736fc5b2f55 P 0289539928ef445abc70eb515d59f109 [term 0 FOLLOWER]: Starting pre-election with config: opid_index: -1 OBSOLETE_local: false peers { permanent_uuid: "0289539928ef445abc70eb515d59f109" member_type: VOTER last_known_addr { host: "127.15.105.129" port: 37499 } } peers { permanent_uuid: "a16403a779bc4fb0811f6228f1949143" member_type: VOTER last_known_addr { host: "127.15.105.130" port: 40507 } } peers { permanent_uuid: "62204824344a4d79b41d1830b6f75639" member_type: VOTER last_known_addr { host: "127.15.105.131" port: 33765 } }
I20260709 14:55:17.397035 17130 raft_consensus.cc:515] T 8d76f9c68c2247d8a24bd9c3fe0b8efb P 62204824344a4d79b41d1830b6f75639 [term 1 FOLLOWER]: Starting leader election with config: opid_index: -1 OBSOLETE_local: false peers { permanent_uuid: "0289539928ef445abc70eb515d59f109" member_type: VOTER last_known_addr { host: "127.15.105.129" port: 37499 } } peers { permanent_uuid: "a16403a779bc4fb0811f6228f1949143" member_type: VOTER last_known_addr { host: "127.15.105.130" port: 40507 } } peers { permanent_uuid: "62204824344a4d79b41d1830b6f75639" member_type: VOTER last_known_addr { host: "127.15.105.131" port: 33765 } }
I20260709 14:55:17.398475 17097 leader_election.cc:290] T fa096f55586841ceb9db1736fc5b2f55 P 0289539928ef445abc70eb515d59f109 [CANDIDATE]: Term 1 pre-election: Requested pre-vote from peers a16403a779bc4fb0811f6228f1949143 (127.15.105.130:40507), 62204824344a4d79b41d1830b6f75639 (127.15.105.131:33765)
I20260709 14:55:17.399219 17130 leader_election.cc:290] T 8d76f9c68c2247d8a24bd9c3fe0b8efb P 62204824344a4d79b41d1830b6f75639 [CANDIDATE]: Term 1 election: Requested vote from peers 0289539928ef445abc70eb515d59f109 (127.15.105.129:37499), a16403a779bc4fb0811f6228f1949143 (127.15.105.130:40507)
I20260709 14:55:17.401995 16877 tablet_service.cc:1917] Received RequestConsensusVote() RPC: tablet_id: "8d76f9c68c2247d8a24bd9c3fe0b8efb" candidate_uuid: "62204824344a4d79b41d1830b6f75639" candidate_term: 1 candidate_status { last_received { term: 0 index: 0 } } ignore_live_leader: false dest_uuid: "0289539928ef445abc70eb515d59f109"
W20260709 14:55:17.403386 16994 leader_election.cc:343] T 8d76f9c68c2247d8a24bd9c3fe0b8efb P 62204824344a4d79b41d1830b6f75639 [CANDIDATE]: Term 1 election: Tablet error from VoteRequest() call to peer 0289539928ef445abc70eb515d59f109 (127.15.105.129:37499): Illegal state: must be running to vote when last-logged opid is not known
I20260709 14:55:17.403687 16955 tablet_service.cc:1917] Received RequestConsensusVote() RPC: tablet_id: "fa096f55586841ceb9db1736fc5b2f55" candidate_uuid: "0289539928ef445abc70eb515d59f109" candidate_term: 1 candidate_status { last_received { term: 0 index: 0 } } ignore_live_leader: false dest_uuid: "a16403a779bc4fb0811f6228f1949143" is_pre_election: true
I20260709 14:55:17.404099 17072 consensus_queue.cc:260] T a1f605e31b6848b6b50dd23af8203779 P 0289539928ef445abc70eb515d59f109 [NON_LEADER]: Queue going to NON_LEADER mode. State: All replicated index: 0, Majority replicated index: 0, Committed index: 0, Last appended: 0.0, Last appended by leader: 0, Current term: 0, Majority size: -1, State: 0, Mode: NON_LEADER, active raft config: opid_index: -1 OBSOLETE_local: false peers { permanent_uuid: "0289539928ef445abc70eb515d59f109" member_type: VOTER last_known_addr { host: "127.15.105.129" port: 37499 } } peers { permanent_uuid: "a16403a779bc4fb0811f6228f1949143" member_type: VOTER last_known_addr { host: "127.15.105.130" port: 40507 } } peers { permanent_uuid: "62204824344a4d79b41d1830b6f75639" member_type: VOTER last_known_addr { host: "127.15.105.131" port: 33765 } }
W20260709 14:55:17.406127 16843 leader_election.cc:343] T fa096f55586841ceb9db1736fc5b2f55 P 0289539928ef445abc70eb515d59f109 [CANDIDATE]: Term 1 pre-election: Tablet error from VoteRequest() call to peer a16403a779bc4fb0811f6228f1949143 (127.15.105.130:40507): Illegal state: must be running to vote when last-logged opid is not known
W20260709 14:55:17.406208 16920 consensus_peers.cc:597] T 2b2456d080804dd4b87d16987c2a5c8a P a16403a779bc4fb0811f6228f1949143 -> Peer 0289539928ef445abc70eb515d59f109 (127.15.105.129:37499): Couldn't send request to peer 0289539928ef445abc70eb515d59f109. Error code: TABLET_NOT_RUNNING (12). Status: Illegal state: Tablet not RUNNING: INITIALIZED. This is attempt 1: this message will repeat every 5th retry.
I20260709 14:55:17.395334 17071 consensus_queue.cc:260] T cd8280da78d64bb0919f19ea83013cae P 62204824344a4d79b41d1830b6f75639 [NON_LEADER]: Queue going to NON_LEADER mode. State: All replicated index: 0, Majority replicated index: 0, Committed index: 0, Last appended: 0.0, Last appended by leader: 0, Current term: 0, Majority size: -1, State: 0, Mode: NON_LEADER, active raft config: opid_index: -1 OBSOLETE_local: false peers { permanent_uuid: "0289539928ef445abc70eb515d59f109" member_type: VOTER last_known_addr { host: "127.15.105.129" port: 37499 } } peers { permanent_uuid: "a16403a779bc4fb0811f6228f1949143" member_type: VOTER last_known_addr { host: "127.15.105.130" port: 40507 } } peers { permanent_uuid: "62204824344a4d79b41d1830b6f75639" member_type: VOTER last_known_addr { host: "127.15.105.131" port: 33765 } }
I20260709 14:55:17.409475 17071 ts_tablet_manager.cc:1434] T cd8280da78d64bb0919f19ea83013cae P 62204824344a4d79b41d1830b6f75639: Time spent starting tablet: real 0.018s	user 0.007s	sys 0.000s
I20260709 14:55:17.410408 17071 tablet_bootstrap.cc:492] T 2b651ac1eb9d4e4fbbb5c01c16e38e8f P 62204824344a4d79b41d1830b6f75639: Bootstrap starting.
I20260709 14:55:17.413676 17025 tablet_service.cc:1917] Received RequestConsensusVote() RPC: tablet_id: "fa096f55586841ceb9db1736fc5b2f55" candidate_uuid: "0289539928ef445abc70eb515d59f109" candidate_term: 1 candidate_status { last_received { term: 0 index: 0 } } ignore_live_leader: false dest_uuid: "62204824344a4d79b41d1830b6f75639" is_pre_election: true
I20260709 14:55:17.414333 17072 ts_tablet_manager.cc:1434] T a1f605e31b6848b6b50dd23af8203779 P 0289539928ef445abc70eb515d59f109: Time spent starting tablet: real 0.029s	user 0.004s	sys 0.004s
I20260709 14:55:17.414281 17025 raft_consensus.cc:2468] T fa096f55586841ceb9db1736fc5b2f55 P 62204824344a4d79b41d1830b6f75639 [term 0 FOLLOWER]: Leader pre-election vote request: Granting yes vote for candidate 0289539928ef445abc70eb515d59f109 in term 0.
I20260709 14:55:17.415323 17072 tablet_bootstrap.cc:492] T e4e2d1d6f7a343949ed1597aed6f600e P 0289539928ef445abc70eb515d59f109: Bootstrap starting.
I20260709 14:55:17.416082 17069 tablet_bootstrap.cc:654] T e4e2d1d6f7a343949ed1597aed6f600e P a16403a779bc4fb0811f6228f1949143: Neither blocks nor log segments found. Creating new log.
I20260709 14:55:17.417456 16775 catalog_manager.cc:5697] T 5876f08c53d74ebb935bb1ad784f5498 P a16403a779bc4fb0811f6228f1949143 reported cstate change: term changed from 0 to 1, leader changed from <none> to a16403a779bc4fb0811f6228f1949143 (127.15.105.130). New cstate: current_term: 1 leader_uuid: "a16403a779bc4fb0811f6228f1949143" committed_config { opid_index: -1 OBSOLETE_local: false peers { permanent_uuid: "0289539928ef445abc70eb515d59f109" member_type: VOTER last_known_addr { host: "127.15.105.129" port: 37499 } health_report { overall_health: UNKNOWN } } peers { permanent_uuid: "a16403a779bc4fb0811f6228f1949143" member_type: VOTER last_known_addr { host: "127.15.105.130" port: 40507 } health_report { overall_health: HEALTHY } } peers { permanent_uuid: "62204824344a4d79b41d1830b6f75639" member_type: VOTER last_known_addr { host: "127.15.105.131" port: 33765 } health_report { overall_health: UNKNOWN } } }
I20260709 14:55:17.426784 16846 leader_election.cc:304] T fa096f55586841ceb9db1736fc5b2f55 P 0289539928ef445abc70eb515d59f109 [CANDIDATE]: Term 1 pre-election: Election decided. Result: candidate won. Election summary: received 3 responses out of 3 voters: 2 yes votes; 1 no votes. yes voters: 0289539928ef445abc70eb515d59f109, 62204824344a4d79b41d1830b6f75639; no voters: a16403a779bc4fb0811f6228f1949143
I20260709 14:55:17.427572 17097 raft_consensus.cc:2804] T fa096f55586841ceb9db1736fc5b2f55 P 0289539928ef445abc70eb515d59f109 [term 0 FOLLOWER]: Leader pre-election won for term 1
I20260709 14:55:17.427819 17097 raft_consensus.cc:493] T fa096f55586841ceb9db1736fc5b2f55 P 0289539928ef445abc70eb515d59f109 [term 0 FOLLOWER]: Starting leader election (no leader contacted us within the election timeout)
I20260709 14:55:17.428040 17097 raft_consensus.cc:3060] T fa096f55586841ceb9db1736fc5b2f55 P 0289539928ef445abc70eb515d59f109 [term 0 FOLLOWER]: Advancing to term 1
I20260709 14:55:17.432366 16955 tablet_service.cc:1917] Received RequestConsensusVote() RPC: tablet_id: "8d76f9c68c2247d8a24bd9c3fe0b8efb" candidate_uuid: "62204824344a4d79b41d1830b6f75639" candidate_term: 1 candidate_status { last_received { term: 0 index: 0 } } ignore_live_leader: false dest_uuid: "a16403a779bc4fb0811f6228f1949143"
I20260709 14:55:17.432945 16955 raft_consensus.cc:3060] T 8d76f9c68c2247d8a24bd9c3fe0b8efb P a16403a779bc4fb0811f6228f1949143 [term 0 FOLLOWER]: Advancing to term 1
I20260709 14:55:17.449425 17097 raft_consensus.cc:515] T fa096f55586841ceb9db1736fc5b2f55 P 0289539928ef445abc70eb515d59f109 [term 1 FOLLOWER]: Starting leader election with config: opid_index: -1 OBSOLETE_local: false peers { permanent_uuid: "0289539928ef445abc70eb515d59f109" member_type: VOTER last_known_addr { host: "127.15.105.129" port: 37499 } } peers { permanent_uuid: "a16403a779bc4fb0811f6228f1949143" member_type: VOTER last_known_addr { host: "127.15.105.130" port: 40507 } } peers { permanent_uuid: "62204824344a4d79b41d1830b6f75639" member_type: VOTER last_known_addr { host: "127.15.105.131" port: 33765 } }
I20260709 14:55:17.454869 16955 raft_consensus.cc:2468] T 8d76f9c68c2247d8a24bd9c3fe0b8efb P a16403a779bc4fb0811f6228f1949143 [term 1 FOLLOWER]: Leader election vote request: Granting yes vote for candidate 62204824344a4d79b41d1830b6f75639 in term 1.
I20260709 14:55:17.457109 17097 leader_election.cc:290] T fa096f55586841ceb9db1736fc5b2f55 P 0289539928ef445abc70eb515d59f109 [CANDIDATE]: Term 1 election: Requested vote from peers a16403a779bc4fb0811f6228f1949143 (127.15.105.130:40507), 62204824344a4d79b41d1830b6f75639 (127.15.105.131:33765)
I20260709 14:55:17.458714 16951 tablet_service.cc:1917] Received RequestConsensusVote() RPC: tablet_id: "fa096f55586841ceb9db1736fc5b2f55" candidate_uuid: "0289539928ef445abc70eb515d59f109" candidate_term: 1 candidate_status { last_received { term: 0 index: 0 } } ignore_live_leader: false dest_uuid: "a16403a779bc4fb0811f6228f1949143"
I20260709 14:55:17.463481 17072 tablet_bootstrap.cc:654] T e4e2d1d6f7a343949ed1597aed6f600e P 0289539928ef445abc70eb515d59f109: Neither blocks nor log segments found. Creating new log.
I20260709 14:55:17.465378 17275 consensus_queue.cc:1048] T 36c8af69e09a471b828f8d1173af4cd6 P a16403a779bc4fb0811f6228f1949143 [LEADER]: Connected to new peer: Peer: permanent_uuid: "62204824344a4d79b41d1830b6f75639" member_type: VOTER last_known_addr { host: "127.15.105.131" port: 33765 }, Status: LMP_MISMATCH, Last received: 0.0, Next index: 1, Last known committed idx: 0, Time since last communication: 0.003s
I20260709 14:55:17.468955 16992 leader_election.cc:304] T 8d76f9c68c2247d8a24bd9c3fe0b8efb P 62204824344a4d79b41d1830b6f75639 [CANDIDATE]: Term 1 election: Election decided. Result: candidate won. Election summary: received 3 responses out of 3 voters: 2 yes votes; 1 no votes. yes voters: 62204824344a4d79b41d1830b6f75639, a16403a779bc4fb0811f6228f1949143; no voters: 0289539928ef445abc70eb515d59f109
