I20260709 14:54:58.309762 10485 raft_consensus.cc:515] T d3d4525fc67b4f04bee51e8f9f15d65a P f0612aa2618b4aeca71b6b482c6c53c4 [term 2 FOLLOWER]: Starting forced leader election with config: opid_index: -1 OBSOLETE_local: false peers { permanent_uuid: "dfed0e1d3e674049abbed498ca6cdd2d" member_type: VOTER last_known_addr { host: "127.10.9.65" port: 37869 } } peers { permanent_uuid: "f0612aa2618b4aeca71b6b482c6c53c4" member_type: VOTER last_known_addr { host: "127.10.9.66" port: 36223 } } peers { permanent_uuid: "0491a51628274b2291bd6cc080dee36a" member_type: VOTER last_known_addr { host: "127.10.9.67" port: 34853 } }
I20260709 14:54:58.311266 10485 leader_election.cc:290] T d3d4525fc67b4f04bee51e8f9f15d65a P f0612aa2618b4aeca71b6b482c6c53c4 [CANDIDATE]: Term 2 election: Requested vote from peers dfed0e1d3e674049abbed498ca6cdd2d (127.10.9.65:37869), 0491a51628274b2291bd6cc080dee36a (127.10.9.67:34853)
I20260709 14:54:58.312259 10411 tablet_service.cc:1917] Received RequestConsensusVote() RPC: tablet_id: "d3d4525fc67b4f04bee51e8f9f15d65a" candidate_uuid: "f0612aa2618b4aeca71b6b482c6c53c4" candidate_term: 2 candidate_status { last_received { term: 1 index: 1 } } ignore_live_leader: true dest_uuid: "dfed0e1d3e674049abbed498ca6cdd2d"
I20260709 14:54:58.312420 10560 tablet_service.cc:1917] Received RequestConsensusVote() RPC: tablet_id: "d3d4525fc67b4f04bee51e8f9f15d65a" candidate_uuid: "f0612aa2618b4aeca71b6b482c6c53c4" candidate_term: 2 candidate_status { last_received { term: 1 index: 1 } } ignore_live_leader: true dest_uuid: "0491a51628274b2291bd6cc080dee36a"
I20260709 14:54:58.312809 10411 raft_consensus.cc:3055] T d3d4525fc67b4f04bee51e8f9f15d65a P dfed0e1d3e674049abbed498ca6cdd2d [term 1 LEADER]: Stepping down as leader of term 1
I20260709 14:54:58.313014 10560 raft_consensus.cc:3060] T d3d4525fc67b4f04bee51e8f9f15d65a P 0491a51628274b2291bd6cc080dee36a [term 1 FOLLOWER]: Advancing to term 2
I20260709 14:54:58.313161 10411 raft_consensus.cc:740] T d3d4525fc67b4f04bee51e8f9f15d65a P dfed0e1d3e674049abbed498ca6cdd2d [term 1 LEADER]: Becoming Follower/Learner. State: Replica: dfed0e1d3e674049abbed498ca6cdd2d, State: Running, Role: LEADER
I20260709 14:54:58.313942 10411 consensus_queue.cc:260] T d3d4525fc67b4f04bee51e8f9f15d65a P dfed0e1d3e674049abbed498ca6cdd2d [NON_LEADER]: Queue going to NON_LEADER mode. State: All replicated index: 0, Majority replicated index: 1, Committed index: 1, Last appended: 1.1, Last appended by leader: 1, Current term: 1, Majority size: -1, State: 0, Mode: NON_LEADER, active raft config: opid_index: -1 OBSOLETE_local: false peers { permanent_uuid: "dfed0e1d3e674049abbed498ca6cdd2d" member_type: VOTER last_known_addr { host: "127.10.9.65" port: 37869 } } peers { permanent_uuid: "f0612aa2618b4aeca71b6b482c6c53c4" member_type: VOTER last_known_addr { host: "127.10.9.66" port: 36223 } } peers { permanent_uuid: "0491a51628274b2291bd6cc080dee36a" member_type: VOTER last_known_addr { host: "127.10.9.67" port: 34853 } }
I20260709 14:54:58.314913 10411 raft_consensus.cc:3060] T d3d4525fc67b4f04bee51e8f9f15d65a P dfed0e1d3e674049abbed498ca6cdd2d [term 1 FOLLOWER]: Advancing to term 2
I20260709 14:54:58.317936 10560 raft_consensus.cc:2468] T d3d4525fc67b4f04bee51e8f9f15d65a P 0491a51628274b2291bd6cc080dee36a [term 2 FOLLOWER]: Leader election vote request: Granting yes vote for candidate f0612aa2618b4aeca71b6b482c6c53c4 in term 2.
I20260709 14:54:58.319074 10453 leader_election.cc:304] T d3d4525fc67b4f04bee51e8f9f15d65a P f0612aa2618b4aeca71b6b482c6c53c4 [CANDIDATE]: Term 2 election: Election decided. Result: candidate won. Election summary: received 2 responses out of 3 voters: 2 yes votes; 0 no votes. yes voters: 0491a51628274b2291bd6cc080dee36a, f0612aa2618b4aeca71b6b482c6c53c4; no voters: 
I20260709 14:54:58.319505 10411 raft_consensus.cc:2468] T d3d4525fc67b4f04bee51e8f9f15d65a P dfed0e1d3e674049abbed498ca6cdd2d [term 2 FOLLOWER]: Leader election vote request: Granting yes vote for candidate f0612aa2618b4aeca71b6b482c6c53c4 in term 2.
I20260709 14:54:58.319768 10695 raft_consensus.cc:2804] T d3d4525fc67b4f04bee51e8f9f15d65a P f0612aa2618b4aeca71b6b482c6c53c4 [term 2 FOLLOWER]: Leader election won for term 2
I20260709 14:54:58.320889 10695 raft_consensus.cc:697] T d3d4525fc67b4f04bee51e8f9f15d65a P f0612aa2618b4aeca71b6b482c6c53c4 [term 2 LEADER]: Becoming Leader. State: Replica: f0612aa2618b4aeca71b6b482c6c53c4, State: Running, Role: LEADER
I20260709 14:54:58.321637 10695 consensus_queue.cc:237] T d3d4525fc67b4f04bee51e8f9f15d65a P f0612aa2618b4aeca71b6b482c6c53c4 [LEADER]: Queue going to LEADER mode. State: All replicated index: 0, Majority replicated index: 1, Committed index: 1, Last appended: 1.1, Last appended by leader: 1, Current term: 2, Majority size: 2, State: 0, Mode: LEADER, active raft config: opid_index: -1 OBSOLETE_local: false peers { permanent_uuid: "dfed0e1d3e674049abbed498ca6cdd2d" member_type: VOTER last_known_addr { host: "127.10.9.65" port: 37869 } } peers { permanent_uuid: "f0612aa2618b4aeca71b6b482c6c53c4" member_type: VOTER last_known_addr { host: "127.10.9.66" port: 36223 } } peers { permanent_uuid: "0491a51628274b2291bd6cc080dee36a" member_type: VOTER last_known_addr { host: "127.10.9.67" port: 34853 } }
I20260709 14:54:58.328328 10306 catalog_manager.cc:5697] T d3d4525fc67b4f04bee51e8f9f15d65a P f0612aa2618b4aeca71b6b482c6c53c4 reported cstate change: term changed from 1 to 2, leader changed from dfed0e1d3e674049abbed498ca6cdd2d (127.10.9.65) to f0612aa2618b4aeca71b6b482c6c53c4 (127.10.9.66). New cstate: current_term: 2 leader_uuid: "f0612aa2618b4aeca71b6b482c6c53c4" committed_config { opid_index: -1 OBSOLETE_local: false peers { permanent_uuid: "dfed0e1d3e674049abbed498ca6cdd2d" member_type: VOTER last_known_addr { host: "127.10.9.65" port: 37869 } health_report { overall_health: UNKNOWN } } peers { permanent_uuid: "f0612aa2618b4aeca71b6b482c6c53c4" member_type: VOTER last_known_addr { host: "127.10.9.66" port: 36223 } health_report { overall_health: HEALTHY } } peers { permanent_uuid: "0491a51628274b2291bd6cc080dee36a" member_type: VOTER last_known_addr { host: "127.10.9.67" port: 34853 } health_report { overall_health: UNKNOWN } } }
I20260709 14:54:58.373792 10746 raft_consensus.cc:993] T 4030eb60732a41039a74b5e421578557 P dfed0e1d3e674049abbed498ca6cdd2d: : Instructing follower f0612aa2618b4aeca71b6b482c6c53c4 to start an election
I20260709 14:54:58.374217 10729 raft_consensus.cc:1081] T 4030eb60732a41039a74b5e421578557 P dfed0e1d3e674049abbed498ca6cdd2d [term 2 LEADER]: Signalling peer f0612aa2618b4aeca71b6b482c6c53c4 to start an election
I20260709 14:54:58.375638 10485 tablet_service.cc:2044] Received Run Leader Election RPC: tablet_id: "4030eb60732a41039a74b5e421578557"
dest_uuid: "f0612aa2618b4aeca71b6b482c6c53c4"
 from {username='slave'} at 127.0.0.1:49874
I20260709 14:54:58.376130 10485 raft_consensus.cc:493] T 4030eb60732a41039a74b5e421578557 P f0612aa2618b4aeca71b6b482c6c53c4 [term 2 FOLLOWER]: Starting forced leader election (received explicit request)
I20260709 14:54:58.376376 10485 raft_consensus.cc:3060] T 4030eb60732a41039a74b5e421578557 P f0612aa2618b4aeca71b6b482c6c53c4 [term 2 FOLLOWER]: Advancing to term 3
I20260709 14:54:58.380504 10485 raft_consensus.cc:515] T 4030eb60732a41039a74b5e421578557 P f0612aa2618b4aeca71b6b482c6c53c4 [term 3 FOLLOWER]: Starting forced leader election with config: opid_index: -1 OBSOLETE_local: false peers { permanent_uuid: "dfed0e1d3e674049abbed498ca6cdd2d" member_type: VOTER last_known_addr { host: "127.10.9.65" port: 37869 } } peers { permanent_uuid: "f0612aa2618b4aeca71b6b482c6c53c4" member_type: VOTER last_known_addr { host: "127.10.9.66" port: 36223 } } peers { permanent_uuid: "0491a51628274b2291bd6cc080dee36a" member_type: VOTER last_known_addr { host: "127.10.9.67" port: 34853 } }
I20260709 14:54:58.381922 10485 leader_election.cc:290] T 4030eb60732a41039a74b5e421578557 P f0612aa2618b4aeca71b6b482c6c53c4 [CANDIDATE]: Term 3 election: Requested vote from peers dfed0e1d3e674049abbed498ca6cdd2d (127.10.9.65:37869), 0491a51628274b2291bd6cc080dee36a (127.10.9.67:34853)
I20260709 14:54:58.382862 10411 tablet_service.cc:1917] Received RequestConsensusVote() RPC: tablet_id: "4030eb60732a41039a74b5e421578557" candidate_uuid: "f0612aa2618b4aeca71b6b482c6c53c4" candidate_term: 3 candidate_status { last_received { term: 2 index: 2 } } ignore_live_leader: true dest_uuid: "dfed0e1d3e674049abbed498ca6cdd2d"
I20260709 14:54:58.382870 10560 tablet_service.cc:1917] Received RequestConsensusVote() RPC: tablet_id: "4030eb60732a41039a74b5e421578557" candidate_uuid: "f0612aa2618b4aeca71b6b482c6c53c4" candidate_term: 3 candidate_status { last_received { term: 2 index: 2 } } ignore_live_leader: true dest_uuid: "0491a51628274b2291bd6cc080dee36a"
I20260709 14:54:58.383495 10411 raft_consensus.cc:3055] T 4030eb60732a41039a74b5e421578557 P dfed0e1d3e674049abbed498ca6cdd2d [term 2 LEADER]: Stepping down as leader of term 2
I20260709 14:54:58.383579 10560 raft_consensus.cc:3060] T 4030eb60732a41039a74b5e421578557 P 0491a51628274b2291bd6cc080dee36a [term 2 FOLLOWER]: Advancing to term 3
I20260709 14:54:58.383795 10411 raft_consensus.cc:740] T 4030eb60732a41039a74b5e421578557 P dfed0e1d3e674049abbed498ca6cdd2d [term 2 LEADER]: Becoming Follower/Learner. State: Replica: dfed0e1d3e674049abbed498ca6cdd2d, State: Running, Role: LEADER
I20260709 14:54:58.384555 10411 consensus_queue.cc:260] T 4030eb60732a41039a74b5e421578557 P dfed0e1d3e674049abbed498ca6cdd2d [NON_LEADER]: Queue going to NON_LEADER mode. State: All replicated index: 0, Majority replicated index: 2, Committed index: 2, Last appended: 2.2, Last appended by leader: 2, Current term: 2, Majority size: -1, State: 0, Mode: NON_LEADER, active raft config: opid_index: -1 OBSOLETE_local: false peers { permanent_uuid: "dfed0e1d3e674049abbed498ca6cdd2d" member_type: VOTER last_known_addr { host: "127.10.9.65" port: 37869 } } peers { permanent_uuid: "f0612aa2618b4aeca71b6b482c6c53c4" member_type: VOTER last_known_addr { host: "127.10.9.66" port: 36223 } } peers { permanent_uuid: "0491a51628274b2291bd6cc080dee36a" member_type: VOTER last_known_addr { host: "127.10.9.67" port: 34853 } }
I20260709 14:54:58.385492 10411 raft_consensus.cc:3060] T 4030eb60732a41039a74b5e421578557 P dfed0e1d3e674049abbed498ca6cdd2d [term 2 FOLLOWER]: Advancing to term 3
I20260709 14:54:58.388561 10560 raft_consensus.cc:2468] T 4030eb60732a41039a74b5e421578557 P 0491a51628274b2291bd6cc080dee36a [term 3 FOLLOWER]: Leader election vote request: Granting yes vote for candidate f0612aa2618b4aeca71b6b482c6c53c4 in term 3.
I20260709 14:54:58.389830 10453 leader_election.cc:304] T 4030eb60732a41039a74b5e421578557 P f0612aa2618b4aeca71b6b482c6c53c4 [CANDIDATE]: Term 3 election: Election decided. Result: candidate won. Election summary: received 2 responses out of 3 voters: 2 yes votes; 0 no votes. yes voters: 0491a51628274b2291bd6cc080dee36a, f0612aa2618b4aeca71b6b482c6c53c4; no voters: 
I20260709 14:54:58.390679 10695 raft_consensus.cc:2804] T 4030eb60732a41039a74b5e421578557 P f0612aa2618b4aeca71b6b482c6c53c4 [term 3 FOLLOWER]: Leader election won for term 3
I20260709 14:54:58.391167 10695 raft_consensus.cc:697] T 4030eb60732a41039a74b5e421578557 P f0612aa2618b4aeca71b6b482c6c53c4 [term 3 LEADER]: Becoming Leader. State: Replica: f0612aa2618b4aeca71b6b482c6c53c4, State: Running, Role: LEADER
I20260709 14:54:58.391812 10411 raft_consensus.cc:2468] T 4030eb60732a41039a74b5e421578557 P dfed0e1d3e674049abbed498ca6cdd2d [term 3 FOLLOWER]: Leader election vote request: Granting yes vote for candidate f0612aa2618b4aeca71b6b482c6c53c4 in term 3.
I20260709 14:54:58.391964 10695 consensus_queue.cc:237] T 4030eb60732a41039a74b5e421578557 P f0612aa2618b4aeca71b6b482c6c53c4 [LEADER]: Queue going to LEADER mode. State: All replicated index: 0, Majority replicated index: 2, Committed index: 2, Last appended: 2.2, Last appended by leader: 2, Current term: 3, Majority size: 2, State: 0, Mode: LEADER, active raft config: opid_index: -1 OBSOLETE_local: false peers { permanent_uuid: "dfed0e1d3e674049abbed498ca6cdd2d" member_type: VOTER last_known_addr { host: "127.10.9.65" port: 37869 } } peers { permanent_uuid: "f0612aa2618b4aeca71b6b482c6c53c4" member_type: VOTER last_known_addr { host: "127.10.9.66" port: 36223 } } peers { permanent_uuid: "0491a51628274b2291bd6cc080dee36a" member_type: VOTER last_known_addr { host: "127.10.9.67" port: 34853 } }
I20260709 14:54:58.398138 10306 catalog_manager.cc:5697] T 4030eb60732a41039a74b5e421578557 P f0612aa2618b4aeca71b6b482c6c53c4 reported cstate change: term changed from 2 to 3, leader changed from dfed0e1d3e674049abbed498ca6cdd2d (127.10.9.65) to f0612aa2618b4aeca71b6b482c6c53c4 (127.10.9.66). New cstate: current_term: 3 leader_uuid: "f0612aa2618b4aeca71b6b482c6c53c4" committed_config { opid_index: -1 OBSOLETE_local: false peers { permanent_uuid: "dfed0e1d3e674049abbed498ca6cdd2d" member_type: VOTER last_known_addr { host: "127.10.9.65" port: 37869 } health_report { overall_health: UNKNOWN } } peers { permanent_uuid: "f0612aa2618b4aeca71b6b482c6c53c4" member_type: VOTER last_known_addr { host: "127.10.9.66" port: 36223 } health_report { overall_health: HEALTHY } } peers { permanent_uuid: "0491a51628274b2291bd6cc080dee36a" member_type: VOTER last_known_addr { host: "127.10.9.67" port: 34853 } health_report { overall_health: UNKNOWN } } }
I20260709 14:54:58.553122 10741 raft_consensus.cc:993] T 598bad1f97d8490f852833d342c2e25c P 0491a51628274b2291bd6cc080dee36a: : Instructing follower f0612aa2618b4aeca71b6b482c6c53c4 to start an election
I20260709 14:54:58.553561 10731 raft_consensus.cc:1081] T 598bad1f97d8490f852833d342c2e25c P 0491a51628274b2291bd6cc080dee36a [term 2 LEADER]: Signalling peer f0612aa2618b4aeca71b6b482c6c53c4 to start an election
I20260709 14:54:58.554972 10485 tablet_service.cc:2044] Received Run Leader Election RPC: tablet_id: "598bad1f97d8490f852833d342c2e25c"
dest_uuid: "f0612aa2618b4aeca71b6b482c6c53c4"
 from {username='slave'} at 127.0.0.1:49884
I20260709 14:54:58.555418 10485 raft_consensus.cc:493] T 598bad1f97d8490f852833d342c2e25c P f0612aa2618b4aeca71b6b482c6c53c4 [term 2 FOLLOWER]: Starting forced leader election (received explicit request)
I20260709 14:54:58.555708 10485 raft_consensus.cc:3060] T 598bad1f97d8490f852833d342c2e25c P f0612aa2618b4aeca71b6b482c6c53c4 [term 2 FOLLOWER]: Advancing to term 3
I20260709 14:54:58.559613 10485 raft_consensus.cc:515] T 598bad1f97d8490f852833d342c2e25c P f0612aa2618b4aeca71b6b482c6c53c4 [term 3 FOLLOWER]: Starting forced leader election with config: opid_index: -1 OBSOLETE_local: false peers { permanent_uuid: "dfed0e1d3e674049abbed498ca6cdd2d" member_type: VOTER last_known_addr { host: "127.10.9.65" port: 37869 } } peers { permanent_uuid: "f0612aa2618b4aeca71b6b482c6c53c4" member_type: VOTER last_known_addr { host: "127.10.9.66" port: 36223 } } peers { permanent_uuid: "0491a51628274b2291bd6cc080dee36a" member_type: VOTER last_known_addr { host: "127.10.9.67" port: 34853 } }
I20260709 14:54:58.561132 10485 leader_election.cc:290] T 598bad1f97d8490f852833d342c2e25c P f0612aa2618b4aeca71b6b482c6c53c4 [CANDIDATE]: Term 3 election: Requested vote from peers dfed0e1d3e674049abbed498ca6cdd2d (127.10.9.65:37869), 0491a51628274b2291bd6cc080dee36a (127.10.9.67:34853)
I20260709 14:54:58.561893 10411 tablet_service.cc:1917] Received RequestConsensusVote() RPC: tablet_id: "598bad1f97d8490f852833d342c2e25c" candidate_uuid: "f0612aa2618b4aeca71b6b482c6c53c4" candidate_term: 3 candidate_status { last_received { term: 2 index: 2 } } ignore_live_leader: true dest_uuid: "dfed0e1d3e674049abbed498ca6cdd2d"
I20260709 14:54:58.562183 10560 tablet_service.cc:1917] Received RequestConsensusVote() RPC: tablet_id: "598bad1f97d8490f852833d342c2e25c" candidate_uuid: "f0612aa2618b4aeca71b6b482c6c53c4" candidate_term: 3 candidate_status { last_received { term: 2 index: 2 } } ignore_live_leader: true dest_uuid: "0491a51628274b2291bd6cc080dee36a"
I20260709 14:54:58.562531 10411 raft_consensus.cc:3060] T 598bad1f97d8490f852833d342c2e25c P dfed0e1d3e674049abbed498ca6cdd2d [term 2 FOLLOWER]: Advancing to term 3
I20260709 14:54:58.562739 10560 raft_consensus.cc:3055] T 598bad1f97d8490f852833d342c2e25c P 0491a51628274b2291bd6cc080dee36a [term 2 LEADER]: Stepping down as leader of term 2
I20260709 14:54:58.563097 10560 raft_consensus.cc:740] T 598bad1f97d8490f852833d342c2e25c P 0491a51628274b2291bd6cc080dee36a [term 2 LEADER]: Becoming Follower/Learner. State: Replica: 0491a51628274b2291bd6cc080dee36a, State: Running, Role: LEADER
I20260709 14:54:58.563918 10560 consensus_queue.cc:260] T 598bad1f97d8490f852833d342c2e25c P 0491a51628274b2291bd6cc080dee36a [NON_LEADER]: Queue going to NON_LEADER mode. State: All replicated index: 0, Majority replicated index: 2, Committed index: 2, Last appended: 2.2, Last appended by leader: 2, Current term: 2, Majority size: -1, State: 0, Mode: NON_LEADER, active raft config: opid_index: -1 OBSOLETE_local: false peers { permanent_uuid: "dfed0e1d3e674049abbed498ca6cdd2d" member_type: VOTER last_known_addr { host: "127.10.9.65" port: 37869 } } peers { permanent_uuid: "f0612aa2618b4aeca71b6b482c6c53c4" member_type: VOTER last_known_addr { host: "127.10.9.66" port: 36223 } } peers { permanent_uuid: "0491a51628274b2291bd6cc080dee36a" member_type: VOTER last_known_addr { host: "127.10.9.67" port: 34853 } }
I20260709 14:54:58.565142 10560 raft_consensus.cc:3060] T 598bad1f97d8490f852833d342c2e25c P 0491a51628274b2291bd6cc080dee36a [term 2 FOLLOWER]: Advancing to term 3
I20260709 14:54:58.569420 10411 raft_consensus.cc:2468] T 598bad1f97d8490f852833d342c2e25c P dfed0e1d3e674049abbed498ca6cdd2d [term 3 FOLLOWER]: Leader election vote request: Granting yes vote for candidate f0612aa2618b4aeca71b6b482c6c53c4 in term 3.
I20260709 14:54:58.570590 10452 leader_election.cc:304] T 598bad1f97d8490f852833d342c2e25c P f0612aa2618b4aeca71b6b482c6c53c4 [CANDIDATE]: Term 3 election: Election decided. Result: candidate won. Election summary: received 2 responses out of 3 voters: 2 yes votes; 0 no votes. yes voters: dfed0e1d3e674049abbed498ca6cdd2d, f0612aa2618b4aeca71b6b482c6c53c4; no voters: 
I20260709 14:54:58.571373 10695 raft_consensus.cc:2804] T 598bad1f97d8490f852833d342c2e25c P f0612aa2618b4aeca71b6b482c6c53c4 [term 3 FOLLOWER]: Leader election won for term 3
I20260709 14:54:58.571509 10560 raft_consensus.cc:2468] T 598bad1f97d8490f852833d342c2e25c P 0491a51628274b2291bd6cc080dee36a [term 3 FOLLOWER]: Leader election vote request: Granting yes vote for candidate f0612aa2618b4aeca71b6b482c6c53c4 in term 3.
I20260709 14:54:58.571870 10695 raft_consensus.cc:697] T 598bad1f97d8490f852833d342c2e25c P f0612aa2618b4aeca71b6b482c6c53c4 [term 3 LEADER]: Becoming Leader. State: Replica: f0612aa2618b4aeca71b6b482c6c53c4, State: Running, Role: LEADER
I20260709 14:54:58.572736 10695 consensus_queue.cc:237] T 598bad1f97d8490f852833d342c2e25c P f0612aa2618b4aeca71b6b482c6c53c4 [LEADER]: Queue going to LEADER mode. State: All replicated index: 0, Majority replicated index: 2, Committed index: 2, Last appended: 2.2, Last appended by leader: 2, Current term: 3, Majority size: 2, State: 0, Mode: LEADER, active raft config: opid_index: -1 OBSOLETE_local: false peers { permanent_uuid: "dfed0e1d3e674049abbed498ca6cdd2d" member_type: VOTER last_known_addr { host: "127.10.9.65" port: 37869 } } peers { permanent_uuid: "f0612aa2618b4aeca71b6b482c6c53c4" member_type: VOTER last_known_addr { host: "127.10.9.66" port: 36223 } } peers { permanent_uuid: "0491a51628274b2291bd6cc080dee36a" member_type: VOTER last_known_addr { host: "127.10.9.67" port: 34853 } }
I20260709 14:54:58.578560 10306 catalog_manager.cc:5697] T 598bad1f97d8490f852833d342c2e25c P f0612aa2618b4aeca71b6b482c6c53c4 reported cstate change: term changed from 2 to 3, leader changed from 0491a51628274b2291bd6cc080dee36a (127.10.9.67) to f0612aa2618b4aeca71b6b482c6c53c4 (127.10.9.66). New cstate: current_term: 3 leader_uuid: "f0612aa2618b4aeca71b6b482c6c53c4" committed_config { opid_index: -1 OBSOLETE_local: false peers { permanent_uuid: "dfed0e1d3e674049abbed498ca6cdd2d" member_type: VOTER last_known_addr { host: "127.10.9.65" port: 37869 } health_report { overall_health: UNKNOWN } } peers { permanent_uuid: "f0612aa2618b4aeca71b6b482c6c53c4" member_type: VOTER last_known_addr { host: "127.10.9.66" port: 36223 } health_report { overall_health: HEALTHY } } peers { permanent_uuid: "0491a51628274b2291bd6cc080dee36a" member_type: VOTER last_known_addr { host: "127.10.9.67" port: 34853 } health_report { overall_health: UNKNOWN } } }
I20260709 14:54:58.659231 10746 raft_consensus.cc:993] T 1477356a91704dafb9ec133f44c633d9 P dfed0e1d3e674049abbed498ca6cdd2d: : Instructing follower f0612aa2618b4aeca71b6b482c6c53c4 to start an election
I20260709 14:54:58.659752 10729 raft_consensus.cc:1081] T 1477356a91704dafb9ec133f44c633d9 P dfed0e1d3e674049abbed498ca6cdd2d [term 3 LEADER]: Signalling peer f0612aa2618b4aeca71b6b482c6c53c4 to start an election
I20260709 14:54:58.661064 10741 raft_consensus.cc:993] T 073bd6885e2748f780ba0760450df49e P 0491a51628274b2291bd6cc080dee36a: : Instructing follower f0612aa2618b4aeca71b6b482c6c53c4 to start an election
I20260709 14:54:58.661386 10485 tablet_service.cc:2044] Received Run Leader Election RPC: tablet_id: "1477356a91704dafb9ec133f44c633d9"
dest_uuid: "f0612aa2618b4aeca71b6b482c6c53c4"
 from {username='slave'} at 127.0.0.1:49874
I20260709 14:54:58.661525 10731 raft_consensus.cc:1081] T 073bd6885e2748f780ba0760450df49e P 0491a51628274b2291bd6cc080dee36a [term 3 LEADER]: Signalling peer f0612aa2618b4aeca71b6b482c6c53c4 to start an election
I20260709 14:54:58.662031 10485 raft_consensus.cc:493] T 1477356a91704dafb9ec133f44c633d9 P f0612aa2618b4aeca71b6b482c6c53c4 [term 3 FOLLOWER]: Starting forced leader election (received explicit request)
I20260709 14:54:58.662447 10485 raft_consensus.cc:3060] T 1477356a91704dafb9ec133f44c633d9 P f0612aa2618b4aeca71b6b482c6c53c4 [term 3 FOLLOWER]: Advancing to term 4
I20260709 14:54:58.663542 10487 tablet_service.cc:2044] Received Run Leader Election RPC: tablet_id: "073bd6885e2748f780ba0760450df49e"
dest_uuid: "f0612aa2618b4aeca71b6b482c6c53c4"
 from {username='slave'} at 127.0.0.1:49884
I20260709 14:54:58.664155 10487 raft_consensus.cc:493] T 073bd6885e2748f780ba0760450df49e P f0612aa2618b4aeca71b6b482c6c53c4 [term 3 FOLLOWER]: Starting forced leader election (received explicit request)
I20260709 14:54:58.664426 10487 raft_consensus.cc:3060] T 073bd6885e2748f780ba0760450df49e P f0612aa2618b4aeca71b6b482c6c53c4 [term 3 FOLLOWER]: Advancing to term 4
I20260709 14:54:58.667018 10485 raft_consensus.cc:515] T 1477356a91704dafb9ec133f44c633d9 P f0612aa2618b4aeca71b6b482c6c53c4 [term 4 FOLLOWER]: Starting forced leader election with config: opid_index: -1 OBSOLETE_local: false peers { permanent_uuid: "dfed0e1d3e674049abbed498ca6cdd2d" member_type: VOTER last_known_addr { host: "127.10.9.65" port: 37869 } } peers { permanent_uuid: "f0612aa2618b4aeca71b6b482c6c53c4" member_type: VOTER last_known_addr { host: "127.10.9.66" port: 36223 } } peers { permanent_uuid: "0491a51628274b2291bd6cc080dee36a" member_type: VOTER last_known_addr { host: "127.10.9.67" port: 34853 } }
I20260709 14:54:58.668612 10487 raft_consensus.cc:515] T 073bd6885e2748f780ba0760450df49e P f0612aa2618b4aeca71b6b482c6c53c4 [term 4 FOLLOWER]: Starting forced leader election with config: opid_index: -1 OBSOLETE_local: false peers { permanent_uuid: "dfed0e1d3e674049abbed498ca6cdd2d" member_type: VOTER last_known_addr { host: "127.10.9.65" port: 37869 } } peers { permanent_uuid: "f0612aa2618b4aeca71b6b482c6c53c4" member_type: VOTER last_known_addr { host: "127.10.9.66" port: 36223 } } peers { permanent_uuid: "0491a51628274b2291bd6cc080dee36a" member_type: VOTER last_known_addr { host: "127.10.9.67" port: 34853 } }
I20260709 14:54:58.669066 10485 leader_election.cc:290] T 1477356a91704dafb9ec133f44c633d9 P f0612aa2618b4aeca71b6b482c6c53c4 [CANDIDATE]: Term 4 election: Requested vote from peers dfed0e1d3e674049abbed498ca6cdd2d (127.10.9.65:37869), 0491a51628274b2291bd6cc080dee36a (127.10.9.67:34853)
I20260709 14:54:58.669373 10411 tablet_service.cc:1917] Received RequestConsensusVote() RPC: tablet_id: "1477356a91704dafb9ec133f44c633d9" candidate_uuid: "f0612aa2618b4aeca71b6b482c6c53c4" candidate_term: 4 candidate_status { last_received { term: 3 index: 2 } } ignore_live_leader: true dest_uuid: "dfed0e1d3e674049abbed498ca6cdd2d"
I20260709 14:54:58.669814 10560 tablet_service.cc:1917] Received RequestConsensusVote() RPC: tablet_id: "1477356a91704dafb9ec133f44c633d9" candidate_uuid: "f0612aa2618b4aeca71b6b482c6c53c4" candidate_term: 4 candidate_status { last_received { term: 3 index: 2 } } ignore_live_leader: true dest_uuid: "0491a51628274b2291bd6cc080dee36a"
I20260709 14:54:58.670469 10560 raft_consensus.cc:3060] T 1477356a91704dafb9ec133f44c633d9 P 0491a51628274b2291bd6cc080dee36a [term 3 FOLLOWER]: Advancing to term 4
I20260709 14:54:58.671448 10412 tablet_service.cc:1917] Received RequestConsensusVote() RPC: tablet_id: "073bd6885e2748f780ba0760450df49e" candidate_uuid: "f0612aa2618b4aeca71b6b482c6c53c4" candidate_term: 4 candidate_status { last_received { term: 3 index: 3 } } ignore_live_leader: true dest_uuid: "dfed0e1d3e674049abbed498ca6cdd2d"
I20260709 14:54:58.671500 10487 leader_election.cc:290] T 073bd6885e2748f780ba0760450df49e P f0612aa2618b4aeca71b6b482c6c53c4 [CANDIDATE]: Term 4 election: Requested vote from peers dfed0e1d3e674049abbed498ca6cdd2d (127.10.9.65:37869), 0491a51628274b2291bd6cc080dee36a (127.10.9.67:34853)
I20260709 14:54:58.672014 10412 raft_consensus.cc:3060] T 073bd6885e2748f780ba0760450df49e P dfed0e1d3e674049abbed498ca6cdd2d [term 3 FOLLOWER]: Advancing to term 4
I20260709 14:54:58.671801 10561 tablet_service.cc:1917] Received RequestConsensusVote() RPC: tablet_id: "073bd6885e2748f780ba0760450df49e" candidate_uuid: "f0612aa2618b4aeca71b6b482c6c53c4" candidate_term: 4 candidate_status { last_received { term: 3 index: 3 } } ignore_live_leader: true dest_uuid: "0491a51628274b2291bd6cc080dee36a"
I20260709 14:54:58.672600 10561 raft_consensus.cc:3055] T 073bd6885e2748f780ba0760450df49e P 0491a51628274b2291bd6cc080dee36a [term 3 LEADER]: Stepping down as leader of term 3
I20260709 14:54:58.672914 10561 raft_consensus.cc:740] T 073bd6885e2748f780ba0760450df49e P 0491a51628274b2291bd6cc080dee36a [term 3 LEADER]: Becoming Follower/Learner. State: Replica: 0491a51628274b2291bd6cc080dee36a, State: Running, Role: LEADER
I20260709 14:54:58.673676 10561 consensus_queue.cc:260] T 073bd6885e2748f780ba0760450df49e P 0491a51628274b2291bd6cc080dee36a [NON_LEADER]: Queue going to NON_LEADER mode. State: All replicated index: 0, Majority replicated index: 3, Committed index: 3, Last appended: 3.3, Last appended by leader: 3, Current term: 3, Majority size: -1, State: 0, Mode: NON_LEADER, active raft config: opid_index: -1 OBSOLETE_local: false peers { permanent_uuid: "dfed0e1d3e674049abbed498ca6cdd2d" member_type: VOTER last_known_addr { host: "127.10.9.65" port: 37869 } } peers { permanent_uuid: "f0612aa2618b4aeca71b6b482c6c53c4" member_type: VOTER last_known_addr { host: "127.10.9.66" port: 36223 } } peers { permanent_uuid: "0491a51628274b2291bd6cc080dee36a" member_type: VOTER last_known_addr { host: "127.10.9.67" port: 34853 } }
I20260709 14:54:58.674722 10561 raft_consensus.cc:3060] T 073bd6885e2748f780ba0760450df49e P 0491a51628274b2291bd6cc080dee36a [term 3 FOLLOWER]: Advancing to term 4
I20260709 14:54:58.670357 10411 raft_consensus.cc:3055] T 1477356a91704dafb9ec133f44c633d9 P dfed0e1d3e674049abbed498ca6cdd2d [term 3 LEADER]: Stepping down as leader of term 3
I20260709 14:54:58.675601 10411 raft_consensus.cc:740] T 1477356a91704dafb9ec133f44c633d9 P dfed0e1d3e674049abbed498ca6cdd2d [term 3 LEADER]: Becoming Follower/Learner. State: Replica: dfed0e1d3e674049abbed498ca6cdd2d, State: Running, Role: LEADER
I20260709 14:54:58.676369 10411 consensus_queue.cc:260] T 1477356a91704dafb9ec133f44c633d9 P dfed0e1d3e674049abbed498ca6cdd2d [NON_LEADER]: Queue going to NON_LEADER mode. State: All replicated index: 0, Majority replicated index: 2, Committed index: 2, Last appended: 3.2, Last appended by leader: 2, Current term: 3, Majority size: -1, State: 0, Mode: NON_LEADER, active raft config: opid_index: -1 OBSOLETE_local: false peers { permanent_uuid: "dfed0e1d3e674049abbed498ca6cdd2d" member_type: VOTER last_known_addr { host: "127.10.9.65" port: 37869 } } peers { permanent_uuid: "f0612aa2618b4aeca71b6b482c6c53c4" member_type: VOTER last_known_addr { host: "127.10.9.66" port: 36223 } } peers { permanent_uuid: "0491a51628274b2291bd6cc080dee36a" member_type: VOTER last_known_addr { host: "127.10.9.67" port: 34853 } }
I20260709 14:54:58.677634 10411 raft_consensus.cc:3060] T 1477356a91704dafb9ec133f44c633d9 P dfed0e1d3e674049abbed498ca6cdd2d [term 3 FOLLOWER]: Advancing to term 4
I20260709 14:54:58.677748 10412 raft_consensus.cc:2468] T 073bd6885e2748f780ba0760450df49e P dfed0e1d3e674049abbed498ca6cdd2d [term 4 FOLLOWER]: Leader election vote request: Granting yes vote for candidate f0612aa2618b4aeca71b6b482c6c53c4 in term 4.
I20260709 14:54:58.677783 10560 raft_consensus.cc:2468] T 1477356a91704dafb9ec133f44c633d9 P 0491a51628274b2291bd6cc080dee36a [term 4 FOLLOWER]: Leader election vote request: Granting yes vote for candidate f0612aa2618b4aeca71b6b482c6c53c4 in term 4.
I20260709 14:54:58.679203 10452 leader_election.cc:304] T 073bd6885e2748f780ba0760450df49e P f0612aa2618b4aeca71b6b482c6c53c4 [CANDIDATE]: Term 4 election: Election decided. Result: candidate won. Election summary: received 2 responses out of 3 voters: 2 yes votes; 0 no votes. yes voters: dfed0e1d3e674049abbed498ca6cdd2d, f0612aa2618b4aeca71b6b482c6c53c4; no voters: 
I20260709 14:54:58.679402 10453 leader_election.cc:304] T 1477356a91704dafb9ec133f44c633d9 P f0612aa2618b4aeca71b6b482c6c53c4 [CANDIDATE]: Term 4 election: Election decided. Result: candidate won. Election summary: received 2 responses out of 3 voters: 2 yes votes; 0 no votes. yes voters: 0491a51628274b2291bd6cc080dee36a, f0612aa2618b4aeca71b6b482c6c53c4; no voters: 
I20260709 14:54:58.680130 10695 raft_consensus.cc:2804] T 073bd6885e2748f780ba0760450df49e P f0612aa2618b4aeca71b6b482c6c53c4 [term 4 FOLLOWER]: Leader election won for term 4
I20260709 14:54:58.680303 10747 raft_consensus.cc:2804] T 1477356a91704dafb9ec133f44c633d9 P f0612aa2618b4aeca71b6b482c6c53c4 [term 4 FOLLOWER]: Leader election won for term 4
I20260709 14:54:58.681295 10561 raft_consensus.cc:2468] T 073bd6885e2748f780ba0760450df49e P 0491a51628274b2291bd6cc080dee36a [term 4 FOLLOWER]: Leader election vote request: Granting yes vote for candidate f0612aa2618b4aeca71b6b482c6c53c4 in term 4.
I20260709 14:54:58.683087 10747 raft_consensus.cc:697] T 1477356a91704dafb9ec133f44c633d9 P f0612aa2618b4aeca71b6b482c6c53c4 [term 4 LEADER]: Becoming Leader. State: Replica: f0612aa2618b4aeca71b6b482c6c53c4, State: Running, Role: LEADER
I20260709 14:54:58.684037 10747 consensus_queue.cc:237] T 1477356a91704dafb9ec133f44c633d9 P f0612aa2618b4aeca71b6b482c6c53c4 [LEADER]: Queue going to LEADER mode. State: All replicated index: 0, Majority replicated index: 2, Committed index: 2, Last appended: 3.2, Last appended by leader: 2, Current term: 4, Majority size: 2, State: 0, Mode: LEADER, active raft config: opid_index: -1 OBSOLETE_local: false peers { permanent_uuid: "dfed0e1d3e674049abbed498ca6cdd2d" member_type: VOTER last_known_addr { host: "127.10.9.65" port: 37869 } } peers { permanent_uuid: "f0612aa2618b4aeca71b6b482c6c53c4" member_type: VOTER last_known_addr { host: "127.10.9.66" port: 36223 } } peers { permanent_uuid: "0491a51628274b2291bd6cc080dee36a" member_type: VOTER last_known_addr { host: "127.10.9.67" port: 34853 } }
I20260709 14:54:58.686373 10411 raft_consensus.cc:2468] T 1477356a91704dafb9ec133f44c633d9 P dfed0e1d3e674049abbed498ca6cdd2d [term 4 FOLLOWER]: Leader election vote request: Granting yes vote for candidate f0612aa2618b4aeca71b6b482c6c53c4 in term 4.
I20260709 14:54:58.688179 10695 raft_consensus.cc:697] T 073bd6885e2748f780ba0760450df49e P f0612aa2618b4aeca71b6b482c6c53c4 [term 4 LEADER]: Becoming Leader. State: Replica: f0612aa2618b4aeca71b6b482c6c53c4, State: Running, Role: LEADER
I20260709 14:54:58.689074 10695 consensus_queue.cc:237] T 073bd6885e2748f780ba0760450df49e P f0612aa2618b4aeca71b6b482c6c53c4 [LEADER]: Queue going to LEADER mode. State: All replicated index: 0, Majority replicated index: 3, Committed index: 3, Last appended: 3.3, Last appended by leader: 3, Current term: 4, Majority size: 2, State: 0, Mode: LEADER, active raft config: opid_index: -1 OBSOLETE_local: false peers { permanent_uuid: "dfed0e1d3e674049abbed498ca6cdd2d" member_type: VOTER last_known_addr { host: "127.10.9.65" port: 37869 } } peers { permanent_uuid: "f0612aa2618b4aeca71b6b482c6c53c4" member_type: VOTER last_known_addr { host: "127.10.9.66" port: 36223 } } peers { permanent_uuid: "0491a51628274b2291bd6cc080dee36a" member_type: VOTER last_known_addr { host: "127.10.9.67" port: 34853 } }
I20260709 14:54:58.695077 10306 catalog_manager.cc:5697] T 073bd6885e2748f780ba0760450df49e P f0612aa2618b4aeca71b6b482c6c53c4 reported cstate change: term changed from 3 to 4, leader changed from 0491a51628274b2291bd6cc080dee36a (127.10.9.67) to f0612aa2618b4aeca71b6b482c6c53c4 (127.10.9.66). New cstate: current_term: 4 leader_uuid: "f0612aa2618b4aeca71b6b482c6c53c4" committed_config { opid_index: -1 OBSOLETE_local: false peers { permanent_uuid: "dfed0e1d3e674049abbed498ca6cdd2d" member_type: VOTER last_known_addr { host: "127.10.9.65" port: 37869 } health_report { overall_health: UNKNOWN } } peers { permanent_uuid: "f0612aa2618b4aeca71b6b482c6c53c4" member_type: VOTER last_known_addr { host: "127.10.9.66" port: 36223 } health_report { overall_health: HEALTHY } } peers { permanent_uuid: "0491a51628274b2291bd6cc080dee36a" member_type: VOTER last_known_addr { host: "127.10.9.67" port: 34853 } health_report { overall_health: UNKNOWN } } }
I20260709 14:54:58.696247 10306 catalog_manager.cc:5697] T 1477356a91704dafb9ec133f44c633d9 P f0612aa2618b4aeca71b6b482c6c53c4 reported cstate change: term changed from 3 to 4, leader changed from dfed0e1d3e674049abbed498ca6cdd2d (127.10.9.65) to f0612aa2618b4aeca71b6b482c6c53c4 (127.10.9.66). New cstate: current_term: 4 leader_uuid: "f0612aa2618b4aeca71b6b482c6c53c4" committed_config { opid_index: -1 OBSOLETE_local: false peers { permanent_uuid: "dfed0e1d3e674049abbed498ca6cdd2d" member_type: VOTER last_known_addr { host: "127.10.9.65" port: 37869 } health_report { overall_health: UNKNOWN } } peers { permanent_uuid: "f0612aa2618b4aeca71b6b482c6c53c4" member_type: VOTER last_known_addr { host: "127.10.9.66" port: 36223 } health_report { overall_health: HEALTHY } } peers { permanent_uuid: "0491a51628274b2291bd6cc080dee36a" member_type: VOTER last_known_addr { host: "127.10.9.67" port: 34853 } health_report { overall_health: UNKNOWN } } }
I20260709 14:54:58.854048 10411 raft_consensus.cc:1275] T d3d4525fc67b4f04bee51e8f9f15d65a P dfed0e1d3e674049abbed498ca6cdd2d [term 2 FOLLOWER]: Refusing update from remote peer f0612aa2618b4aeca71b6b482c6c53c4: Log matching property violated. Preceding OpId in replica: term: 1 index: 1. Preceding OpId from leader: term: 2 index: 2. (index mismatch)
I20260709 14:54:58.855351 10695 consensus_queue.cc:1048] T d3d4525fc67b4f04bee51e8f9f15d65a P f0612aa2618b4aeca71b6b482c6c53c4 [LEADER]: Connected to new peer: Peer: permanent_uuid: "dfed0e1d3e674049abbed498ca6cdd2d" member_type: VOTER last_known_addr { host: "127.10.9.65" port: 37869 }, Status: LMP_MISMATCH, Last received: 0.0, Next index: 2, Last known committed idx: 1, Time since last communication: 0.000s
I20260709 14:54:58.865388 10560 raft_consensus.cc:1275] T d3d4525fc67b4f04bee51e8f9f15d65a P 0491a51628274b2291bd6cc080dee36a [term 2 FOLLOWER]: Refusing update from remote peer f0612aa2618b4aeca71b6b482c6c53c4: Log matching property violated. Preceding OpId in replica: term: 1 index: 1. Preceding OpId from leader: term: 2 index: 2. (index mismatch)
I20260709 14:54:58.867372 10695 consensus_queue.cc:1048] T d3d4525fc67b4f04bee51e8f9f15d65a P f0612aa2618b4aeca71b6b482c6c53c4 [LEADER]: Connected to new peer: Peer: permanent_uuid: "0491a51628274b2291bd6cc080dee36a" member_type: VOTER last_known_addr { host: "127.10.9.67" port: 34853 }, Status: LMP_MISMATCH, Last received: 0.0, Next index: 2, Last known committed idx: 1, Time since last communication: 0.000s
I20260709 14:54:58.950755 10411 raft_consensus.cc:1275] T 4030eb60732a41039a74b5e421578557 P dfed0e1d3e674049abbed498ca6cdd2d [term 3 FOLLOWER]: Refusing update from remote peer f0612aa2618b4aeca71b6b482c6c53c4: Log matching property violated. Preceding OpId in replica: term: 2 index: 2. Preceding OpId from leader: term: 3 index: 3. (index mismatch)
I20260709 14:54:58.953606 10747 consensus_queue.cc:1048] T 4030eb60732a41039a74b5e421578557 P f0612aa2618b4aeca71b6b482c6c53c4 [LEADER]: Connected to new peer: Peer: permanent_uuid: "dfed0e1d3e674049abbed498ca6cdd2d" member_type: VOTER last_known_addr { host: "127.10.9.65" port: 37869 }, Status: LMP_MISMATCH, Last received: 0.0, Next index: 3, Last known committed idx: 2, Time since last communication: 0.001s
I20260709 14:54:58.966369 10560 raft_consensus.cc:1275] T 4030eb60732a41039a74b5e421578557 P 0491a51628274b2291bd6cc080dee36a [term 3 FOLLOWER]: Refusing update from remote peer f0612aa2618b4aeca71b6b482c6c53c4: Log matching property violated. Preceding OpId in replica: term: 2 index: 2. Preceding OpId from leader: term: 3 index: 3. (index mismatch)
I20260709 14:54:58.970245 10747 consensus_queue.cc:1048] T 4030eb60732a41039a74b5e421578557 P f0612aa2618b4aeca71b6b482c6c53c4 [LEADER]: Connected to new peer: Peer: permanent_uuid: "0491a51628274b2291bd6cc080dee36a" member_type: VOTER last_known_addr { host: "127.10.9.67" port: 34853 }, Status: LMP_MISMATCH, Last received: 0.0, Next index: 3, Last known committed idx: 2, Time since last communication: 0.000s
I20260709 14:54:59.061009 10560 raft_consensus.cc:1275] T 598bad1f97d8490f852833d342c2e25c P 0491a51628274b2291bd6cc080dee36a [term 3 FOLLOWER]: Refusing update from remote peer f0612aa2618b4aeca71b6b482c6c53c4: Log matching property violated. Preceding OpId in replica: term: 2 index: 2. Preceding OpId from leader: term: 3 index: 3. (index mismatch)
I20260709 14:54:59.062346 10747 consensus_queue.cc:1048] T 598bad1f97d8490f852833d342c2e25c P f0612aa2618b4aeca71b6b482c6c53c4 [LEADER]: Connected to new peer: Peer: permanent_uuid: "0491a51628274b2291bd6cc080dee36a" member_type: VOTER last_known_addr { host: "127.10.9.67" port: 34853 }, Status: LMP_MISMATCH, Last received: 0.0, Next index: 3, Last known committed idx: 2, Time since last communication: 0.000s
I20260709 14:54:59.067566 10411 raft_consensus.cc:1275] T 598bad1f97d8490f852833d342c2e25c P dfed0e1d3e674049abbed498ca6cdd2d [term 3 FOLLOWER]: Refusing update from remote peer f0612aa2618b4aeca71b6b482c6c53c4: Log matching property violated. Preceding OpId in replica: term: 2 index: 2. Preceding OpId from leader: term: 3 index: 3. (index mismatch)
I20260709 14:54:59.070453 10747 consensus_queue.cc:1048] T 598bad1f97d8490f852833d342c2e25c P f0612aa2618b4aeca71b6b482c6c53c4 [LEADER]: Connected to new peer: Peer: permanent_uuid: "dfed0e1d3e674049abbed498ca6cdd2d" member_type: VOTER last_known_addr { host: "127.10.9.65" port: 37869 }, Status: LMP_MISMATCH, Last received: 0.0, Next index: 3, Last known committed idx: 2, Time since last communication: 0.000s
I20260709 14:54:59.130257 10411 raft_consensus.cc:1275] T 1477356a91704dafb9ec133f44c633d9 P dfed0e1d3e674049abbed498ca6cdd2d [term 4 FOLLOWER]: Refusing update from remote peer f0612aa2618b4aeca71b6b482c6c53c4: Log matching property violated. Preceding OpId in replica: term: 3 index: 2. Preceding OpId from leader: term: 4 index: 3. (index mismatch)
I20260709 14:54:59.131842 10747 consensus_queue.cc:1048] T 1477356a91704dafb9ec133f44c633d9 P f0612aa2618b4aeca71b6b482c6c53c4 [LEADER]: Connected to new peer: Peer: permanent_uuid: "dfed0e1d3e674049abbed498ca6cdd2d" member_type: VOTER last_known_addr { host: "127.10.9.65" port: 37869 }, Status: LMP_MISMATCH, Last received: 0.0, Next index: 3, Last known committed idx: 2, Time since last communication: 0.000s
I20260709 14:54:59.143246 10560 raft_consensus.cc:1275] T 1477356a91704dafb9ec133f44c633d9 P 0491a51628274b2291bd6cc080dee36a [term 4 FOLLOWER]: Refusing update from remote peer f0612aa2618b4aeca71b6b482c6c53c4: Log matching property violated. Preceding OpId in replica: term: 3 index: 2. Preceding OpId from leader: term: 4 index: 3. (index mismatch)
I20260709 14:54:59.146347 10754 consensus_queue.cc:1048] T 1477356a91704dafb9ec133f44c633d9 P f0612aa2618b4aeca71b6b482c6c53c4 [LEADER]: Connected to new peer: Peer: permanent_uuid: "0491a51628274b2291bd6cc080dee36a" member_type: VOTER last_known_addr { host: "127.10.9.67" port: 34853 }, Status: LMP_MISMATCH, Last received: 0.0, Next index: 3, Last known committed idx: 2, Time since last communication: 0.001s
I20260709 14:54:59.203266 10560 raft_consensus.cc:1275] T 073bd6885e2748f780ba0760450df49e P 0491a51628274b2291bd6cc080dee36a [term 4 FOLLOWER]: Refusing update from remote peer f0612aa2618b4aeca71b6b482c6c53c4: Log matching property violated. Preceding OpId in replica: term: 3 index: 3. Preceding OpId from leader: term: 4 index: 4. (index mismatch)
I20260709 14:54:59.204689 10754 consensus_queue.cc:1048] T 073bd6885e2748f780ba0760450df49e P f0612aa2618b4aeca71b6b482c6c53c4 [LEADER]: Connected to new peer: Peer: permanent_uuid: "0491a51628274b2291bd6cc080dee36a" member_type: VOTER last_known_addr { host: "127.10.9.67" port: 34853 }, Status: LMP_MISMATCH, Last received: 0.0, Next index: 4, Last known committed idx: 3, Time since last communication: 0.000s
I20260709 14:54:59.214696 10411 raft_consensus.cc:1275] T 073bd6885e2748f780ba0760450df49e P dfed0e1d3e674049abbed498ca6cdd2d [term 4 FOLLOWER]: Refusing update from remote peer f0612aa2618b4aeca71b6b482c6c53c4: Log matching property violated. Preceding OpId in replica: term: 3 index: 3. Preceding OpId from leader: term: 4 index: 4. (index mismatch)
I20260709 14:54:59.216254 10695 consensus_queue.cc:1048] T 073bd6885e2748f780ba0760450df49e P f0612aa2618b4aeca71b6b482c6c53c4 [LEADER]: Connected to new peer: Peer: permanent_uuid: "dfed0e1d3e674049abbed498ca6cdd2d" member_type: VOTER last_known_addr { host: "127.10.9.65" port: 37869 }, Status: LMP_MISMATCH, Last received: 0.0, Next index: 4, Last known committed idx: 3, Time since last communication: 0.001s
I20260709 14:55:01.220293 10277 auto_leader_rebalancer.cc:141] leader rebalance for table test-workload
I20260709 14:55:01.227545 10487 tablet_service.cc:2072] Received LeaderStepDown RPC: tablet_id: "073bd6885e2748f780ba0760450df49e"
dest_uuid: "f0612aa2618b4aeca71b6b482c6c53c4"
mode: GRACEFUL
new_leader_uuid: "dfed0e1d3e674049abbed498ca6cdd2d"
 from {username='slave'} at 127.0.0.1:60964
I20260709 14:55:01.228447 10487 raft_consensus.cc:606] T 073bd6885e2748f780ba0760450df49e P f0612aa2618b4aeca71b6b482c6c53c4 [term 4 LEADER]: Received request to transfer leadership to TS dfed0e1d3e674049abbed498ca6cdd2d
I20260709 14:55:01.231532 10487 tablet_service.cc:2072] Received LeaderStepDown RPC: tablet_id: "1477356a91704dafb9ec133f44c633d9"
dest_uuid: "f0612aa2618b4aeca71b6b482c6c53c4"
mode: GRACEFUL
new_leader_uuid: "dfed0e1d3e674049abbed498ca6cdd2d"
 from {username='slave'} at 127.0.0.1:60964
I20260709 14:55:01.232084 10487 raft_consensus.cc:606] T 1477356a91704dafb9ec133f44c633d9 P f0612aa2618b4aeca71b6b482c6c53c4 [term 4 LEADER]: Received request to transfer leadership to TS dfed0e1d3e674049abbed498ca6cdd2d
I20260709 14:55:01.234689 10487 tablet_service.cc:2072] Received LeaderStepDown RPC: tablet_id: "22106f6fe66945d7ae74bea4dc3d1b17"
dest_uuid: "f0612aa2618b4aeca71b6b482c6c53c4"
mode: GRACEFUL
new_leader_uuid: "dfed0e1d3e674049abbed498ca6cdd2d"
 from {username='slave'} at 127.0.0.1:60964
I20260709 14:55:01.235203 10487 raft_consensus.cc:606] T 22106f6fe66945d7ae74bea4dc3d1b17 P f0612aa2618b4aeca71b6b482c6c53c4 [term 2 LEADER]: Received request to transfer leadership to TS dfed0e1d3e674049abbed498ca6cdd2d
I20260709 14:55:01.237658 10487 tablet_service.cc:2072] Received LeaderStepDown RPC: tablet_id: "c4f0d07b26964092a39bc12b9a3ed07a"
dest_uuid: "f0612aa2618b4aeca71b6b482c6c53c4"
mode: GRACEFUL
new_leader_uuid: "0491a51628274b2291bd6cc080dee36a"
 from {username='slave'} at 127.0.0.1:60964
I20260709 14:55:01.238207 10487 raft_consensus.cc:606] T c4f0d07b26964092a39bc12b9a3ed07a P f0612aa2618b4aeca71b6b482c6c53c4 [term 1 LEADER]: Received request to transfer leadership to TS 0491a51628274b2291bd6cc080dee36a
I20260709 14:55:01.240811 10487 tablet_service.cc:2072] Received LeaderStepDown RPC: tablet_id: "d3d4525fc67b4f04bee51e8f9f15d65a"
dest_uuid: "f0612aa2618b4aeca71b6b482c6c53c4"
mode: GRACEFUL
new_leader_uuid: "0491a51628274b2291bd6cc080dee36a"
 from {username='slave'} at 127.0.0.1:60964
I20260709 14:55:01.241361 10487 raft_consensus.cc:606] T d3d4525fc67b4f04bee51e8f9f15d65a P f0612aa2618b4aeca71b6b482c6c53c4 [term 2 LEADER]: Received request to transfer leadership to TS 0491a51628274b2291bd6cc080dee36a
I20260709 14:55:01.242429 10277 auto_leader_rebalancer.cc:452] table: test-workload, leader rebalance finish, leader transfer count: 5
I20260709 14:55:01.242985 10277 auto_leader_rebalancer.cc:527] All tables' leader rebalancing finished this round
I20260709 14:55:01.245271 10747 raft_consensus.cc:993] T 22106f6fe66945d7ae74bea4dc3d1b17 P f0612aa2618b4aeca71b6b482c6c53c4: : Instructing follower dfed0e1d3e674049abbed498ca6cdd2d to start an election
I20260709 14:55:01.245700 10768 raft_consensus.cc:1081] T 22106f6fe66945d7ae74bea4dc3d1b17 P f0612aa2618b4aeca71b6b482c6c53c4 [term 2 LEADER]: Signalling peer dfed0e1d3e674049abbed498ca6cdd2d to start an election
I20260709 14:55:01.246961 10411 tablet_service.cc:2044] Received Run Leader Election RPC: tablet_id: "22106f6fe66945d7ae74bea4dc3d1b17"
dest_uuid: "dfed0e1d3e674049abbed498ca6cdd2d"
 from {username='slave'} at 127.0.0.1:49262
I20260709 14:55:01.247331 10411 raft_consensus.cc:493] T 22106f6fe66945d7ae74bea4dc3d1b17 P dfed0e1d3e674049abbed498ca6cdd2d [term 2 FOLLOWER]: Starting forced leader election (received explicit request)
I20260709 14:55:01.247557 10411 raft_consensus.cc:3060] T 22106f6fe66945d7ae74bea4dc3d1b17 P dfed0e1d3e674049abbed498ca6cdd2d [term 2 FOLLOWER]: Advancing to term 3
I20260709 14:55:01.252727 10411 raft_consensus.cc:515] T 22106f6fe66945d7ae74bea4dc3d1b17 P dfed0e1d3e674049abbed498ca6cdd2d [term 3 FOLLOWER]: Starting forced leader election with config: opid_index: -1 OBSOLETE_local: false peers { permanent_uuid: "dfed0e1d3e674049abbed498ca6cdd2d" member_type: VOTER last_known_addr { host: "127.10.9.65" port: 37869 } } peers { permanent_uuid: "f0612aa2618b4aeca71b6b482c6c53c4" member_type: VOTER last_known_addr { host: "127.10.9.66" port: 36223 } } peers { permanent_uuid: "0491a51628274b2291bd6cc080dee36a" member_type: VOTER last_known_addr { host: "127.10.9.67" port: 34853 } }
I20260709 14:55:01.254611 10411 leader_election.cc:290] T 22106f6fe66945d7ae74bea4dc3d1b17 P dfed0e1d3e674049abbed498ca6cdd2d [CANDIDATE]: Term 3 election: Requested vote from peers f0612aa2618b4aeca71b6b482c6c53c4 (127.10.9.66:36223), 0491a51628274b2291bd6cc080dee36a (127.10.9.67:34853)
I20260709 14:55:01.255470 10487 tablet_service.cc:1917] Received RequestConsensusVote() RPC: tablet_id: "22106f6fe66945d7ae74bea4dc3d1b17" candidate_uuid: "dfed0e1d3e674049abbed498ca6cdd2d" candidate_term: 3 candidate_status { last_received { term: 2 index: 2 } } ignore_live_leader: true dest_uuid: "f0612aa2618b4aeca71b6b482c6c53c4"
I20260709 14:55:01.255877 10561 tablet_service.cc:1917] Received RequestConsensusVote() RPC: tablet_id: "22106f6fe66945d7ae74bea4dc3d1b17" candidate_uuid: "dfed0e1d3e674049abbed498ca6cdd2d" candidate_term: 3 candidate_status { last_received { term: 2 index: 2 } } ignore_live_leader: true dest_uuid: "0491a51628274b2291bd6cc080dee36a"
I20260709 14:55:01.256150 10487 raft_consensus.cc:3055] T 22106f6fe66945d7ae74bea4dc3d1b17 P f0612aa2618b4aeca71b6b482c6c53c4 [term 2 LEADER]: Stepping down as leader of term 2
I20260709 14:55:01.256398 10561 raft_consensus.cc:3060] T 22106f6fe66945d7ae74bea4dc3d1b17 P 0491a51628274b2291bd6cc080dee36a [term 2 FOLLOWER]: Advancing to term 3
I20260709 14:55:01.256479 10487 raft_consensus.cc:740] T 22106f6fe66945d7ae74bea4dc3d1b17 P f0612aa2618b4aeca71b6b482c6c53c4 [term 2 LEADER]: Becoming Follower/Learner. State: Replica: f0612aa2618b4aeca71b6b482c6c53c4, State: Running, Role: LEADER
I20260709 14:55:01.257369 10487 consensus_queue.cc:260] T 22106f6fe66945d7ae74bea4dc3d1b17 P f0612aa2618b4aeca71b6b482c6c53c4 [NON_LEADER]: Queue going to NON_LEADER mode. State: All replicated index: 0, Majority replicated index: 2, Committed index: 2, Last appended: 2.2, Last appended by leader: 2, Current term: 2, Majority size: -1, State: 0, Mode: NON_LEADER, active raft config: opid_index: -1 OBSOLETE_local: false peers { permanent_uuid: "dfed0e1d3e674049abbed498ca6cdd2d" member_type: VOTER last_known_addr { host: "127.10.9.65" port: 37869 } } peers { permanent_uuid: "f0612aa2618b4aeca71b6b482c6c53c4" member_type: VOTER last_known_addr { host: "127.10.9.66" port: 36223 } } peers { permanent_uuid: "0491a51628274b2291bd6cc080dee36a" member_type: VOTER last_known_addr { host: "127.10.9.67" port: 34853 } }
I20260709 14:55:01.258647 10487 raft_consensus.cc:3060] T 22106f6fe66945d7ae74bea4dc3d1b17 P f0612aa2618b4aeca71b6b482c6c53c4 [term 2 FOLLOWER]: Advancing to term 3
I20260709 14:55:01.263131 10561 raft_consensus.cc:2468] T 22106f6fe66945d7ae74bea4dc3d1b17 P 0491a51628274b2291bd6cc080dee36a [term 3 FOLLOWER]: Leader election vote request: Granting yes vote for candidate dfed0e1d3e674049abbed498ca6cdd2d in term 3.
