I20260709 14:55:14.935144 20616 raft_consensus.cc:3060] T e100c44cd2024d7498c8661c37780cd8 P 00a7defbf5024215ba9be2712ffdcfc2 [term 0 FOLLOWER]: Advancing to term 1
I20260709 14:55:14.938004 20690 raft_consensus.cc:2468] T 1d064f1c83724e70a0cfd31137be24ce P 7bfa18fb29c54c84b7cc009b5c083172 [term 1 FOLLOWER]: Leader election vote request: Granting yes vote for candidate 00a7defbf5024215ba9be2712ffdcfc2 in term 1.
I20260709 14:55:14.939132 20583 leader_election.cc:304] T 1d064f1c83724e70a0cfd31137be24ce P 00a7defbf5024215ba9be2712ffdcfc2 [CANDIDATE]: Term 1 election: Election decided. Result: candidate won. Election summary: received 2 responses out of 3 voters: 2 yes votes; 0 no votes. yes voters: 00a7defbf5024215ba9be2712ffdcfc2, 7bfa18fb29c54c84b7cc009b5c083172; no voters: 
I20260709 14:55:14.939935 20795 raft_consensus.cc:493] T 851ac549b2714b9bae84ed0c721b7750 P 00a7defbf5024215ba9be2712ffdcfc2 [term 0 FOLLOWER]: Starting pre-election (no leader contacted us within the election timeout)
I20260709 14:55:14.941776 20616 raft_consensus.cc:2468] T e100c44cd2024d7498c8661c37780cd8 P 00a7defbf5024215ba9be2712ffdcfc2 [term 1 FOLLOWER]: Leader election vote request: Granting yes vote for candidate 64a0a29a26d94ebcb81cbd3eae80003b in term 1.
I20260709 14:55:14.942113 20795 raft_consensus.cc:515] T 851ac549b2714b9bae84ed0c721b7750 P 00a7defbf5024215ba9be2712ffdcfc2 [term 0 FOLLOWER]: Starting pre-election with config: opid_index: -1 OBSOLETE_local: false peers { permanent_uuid: "64a0a29a26d94ebcb81cbd3eae80003b" member_type: VOTER last_known_addr { host: "127.18.244.1" port: 33807 } } peers { permanent_uuid: "00a7defbf5024215ba9be2712ffdcfc2" member_type: VOTER last_known_addr { host: "127.18.244.2" port: 40431 } } peers { permanent_uuid: "7bfa18fb29c54c84b7cc009b5c083172" member_type: VOTER last_known_addr { host: "127.18.244.3" port: 34583 } }
I20260709 14:55:14.943447 20506 leader_election.cc:304] T e100c44cd2024d7498c8661c37780cd8 P 64a0a29a26d94ebcb81cbd3eae80003b [CANDIDATE]: Term 1 election: Election decided. Result: candidate won. Election summary: received 3 responses out of 3 voters: 2 yes votes; 1 no votes. yes voters: 00a7defbf5024215ba9be2712ffdcfc2, 64a0a29a26d94ebcb81cbd3eae80003b; no voters: 7bfa18fb29c54c84b7cc009b5c083172
I20260709 14:55:14.944571 20797 leader_election.cc:290] T 1d064f1c83724e70a0cfd31137be24ce P 00a7defbf5024215ba9be2712ffdcfc2 [CANDIDATE]: Term 1 election: Requested vote from peers 7bfa18fb29c54c84b7cc009b5c083172 (127.18.244.3:34583), 64a0a29a26d94ebcb81cbd3eae80003b (127.18.244.1:33807)
I20260709 14:55:14.944574 20772 raft_consensus.cc:2804] T e100c44cd2024d7498c8661c37780cd8 P 64a0a29a26d94ebcb81cbd3eae80003b [term 1 FOLLOWER]: Leader election won for term 1
I20260709 14:55:14.945216 20772 raft_consensus.cc:697] T e100c44cd2024d7498c8661c37780cd8 P 64a0a29a26d94ebcb81cbd3eae80003b [term 1 LEADER]: Becoming Leader. State: Replica: 64a0a29a26d94ebcb81cbd3eae80003b, State: Running, Role: LEADER
I20260709 14:55:14.946425 20797 raft_consensus.cc:2804] T 1d064f1c83724e70a0cfd31137be24ce P 00a7defbf5024215ba9be2712ffdcfc2 [term 1 FOLLOWER]: Leader election won for term 1
I20260709 14:55:14.946074 20772 consensus_queue.cc:237] T e100c44cd2024d7498c8661c37780cd8 P 64a0a29a26d94ebcb81cbd3eae80003b [LEADER]: Queue going to LEADER mode. State: All replicated index: 0, Majority replicated index: 0, Committed index: 0, Last appended: 0.0, Last appended by leader: 0, Current term: 1, Majority size: 2, State: 0, Mode: LEADER, active raft config: opid_index: -1 OBSOLETE_local: false peers { permanent_uuid: "64a0a29a26d94ebcb81cbd3eae80003b" member_type: VOTER last_known_addr { host: "127.18.244.1" port: 33807 } } peers { permanent_uuid: "00a7defbf5024215ba9be2712ffdcfc2" member_type: VOTER last_known_addr { host: "127.18.244.2" port: 40431 } } peers { permanent_uuid: "7bfa18fb29c54c84b7cc009b5c083172" member_type: VOTER last_known_addr { host: "127.18.244.3" port: 34583 } }
I20260709 14:55:14.946863 20797 raft_consensus.cc:697] T 1d064f1c83724e70a0cfd31137be24ce P 00a7defbf5024215ba9be2712ffdcfc2 [term 1 LEADER]: Becoming Leader. State: Replica: 00a7defbf5024215ba9be2712ffdcfc2, State: Running, Role: LEADER
I20260709 14:55:14.947268 20690 tablet_service.cc:1917] Received RequestConsensusVote() RPC: tablet_id: "851ac549b2714b9bae84ed0c721b7750" candidate_uuid: "00a7defbf5024215ba9be2712ffdcfc2" candidate_term: 1 candidate_status { last_received { term: 0 index: 0 } } ignore_live_leader: false dest_uuid: "7bfa18fb29c54c84b7cc009b5c083172" is_pre_election: true
I20260709 14:55:14.947652 20797 consensus_queue.cc:237] T 1d064f1c83724e70a0cfd31137be24ce P 00a7defbf5024215ba9be2712ffdcfc2 [LEADER]: Queue going to LEADER mode. State: All replicated index: 0, Majority replicated index: 0, Committed index: 0, Last appended: 0.0, Last appended by leader: 0, Current term: 1, Majority size: 2, State: 0, Mode: LEADER, active raft config: opid_index: -1 OBSOLETE_local: false peers { permanent_uuid: "7bfa18fb29c54c84b7cc009b5c083172" member_type: VOTER last_known_addr { host: "127.18.244.3" port: 34583 } } peers { permanent_uuid: "00a7defbf5024215ba9be2712ffdcfc2" member_type: VOTER last_known_addr { host: "127.18.244.2" port: 40431 } } peers { permanent_uuid: "64a0a29a26d94ebcb81cbd3eae80003b" member_type: VOTER last_known_addr { host: "127.18.244.1" port: 33807 } }
W20260709 14:55:14.948684 20583 leader_election.cc:343] T 851ac549b2714b9bae84ed0c721b7750 P 00a7defbf5024215ba9be2712ffdcfc2 [CANDIDATE]: Term 1 pre-election: Tablet error from VoteRequest() call to peer 7bfa18fb29c54c84b7cc009b5c083172 (127.18.244.3:34583): Illegal state: must be running to vote when last-logged opid is not known
I20260709 14:55:14.949870 20795 leader_election.cc:290] T 851ac549b2714b9bae84ed0c721b7750 P 00a7defbf5024215ba9be2712ffdcfc2 [CANDIDATE]: Term 1 pre-election: Requested pre-vote from peers 64a0a29a26d94ebcb81cbd3eae80003b (127.18.244.1:33807), 7bfa18fb29c54c84b7cc009b5c083172 (127.18.244.3:34583)
I20260709 14:55:14.949992 20542 tablet_service.cc:1917] Received RequestConsensusVote() RPC: tablet_id: "1d064f1c83724e70a0cfd31137be24ce" candidate_uuid: "00a7defbf5024215ba9be2712ffdcfc2" candidate_term: 1 candidate_status { last_received { term: 0 index: 0 } } ignore_live_leader: false dest_uuid: "64a0a29a26d94ebcb81cbd3eae80003b" is_pre_election: true
I20260709 14:55:14.950888 20542 raft_consensus.cc:2468] T 1d064f1c83724e70a0cfd31137be24ce P 64a0a29a26d94ebcb81cbd3eae80003b [term 0 FOLLOWER]: Leader pre-election vote request: Granting yes vote for candidate 00a7defbf5024215ba9be2712ffdcfc2 in term 0.
W20260709 14:55:14.955152 20582 leader_election.cc:343] T 4f19209be5c2484dbe4c4d3657f37980 P 00a7defbf5024215ba9be2712ffdcfc2 [CANDIDATE]: Term 1 election: Tablet error from VoteRequest() call to peer 64a0a29a26d94ebcb81cbd3eae80003b (127.18.244.1:33807): Illegal state: must be running to vote when last-logged opid is not known
I20260709 14:55:14.961953 20437 catalog_manager.cc:5697] T 98dd5ab9f094431e859459fb292da8ed P 64a0a29a26d94ebcb81cbd3eae80003b reported cstate change: term changed from 0 to 1, leader changed from <none> to 64a0a29a26d94ebcb81cbd3eae80003b (127.18.244.1). New cstate: current_term: 1 leader_uuid: "64a0a29a26d94ebcb81cbd3eae80003b" committed_config { opid_index: -1 OBSOLETE_local: false peers { permanent_uuid: "64a0a29a26d94ebcb81cbd3eae80003b" member_type: VOTER last_known_addr { host: "127.18.244.1" port: 33807 } health_report { overall_health: HEALTHY } } peers { permanent_uuid: "00a7defbf5024215ba9be2712ffdcfc2" member_type: VOTER last_known_addr { host: "127.18.244.2" port: 40431 } health_report { overall_health: UNKNOWN } } peers { permanent_uuid: "7bfa18fb29c54c84b7cc009b5c083172" member_type: VOTER last_known_addr { host: "127.18.244.3" port: 34583 } health_report { overall_health: UNKNOWN } } }
I20260709 14:55:14.965822 20542 tablet_service.cc:1917] Received RequestConsensusVote() RPC: tablet_id: "1d064f1c83724e70a0cfd31137be24ce" candidate_uuid: "00a7defbf5024215ba9be2712ffdcfc2" candidate_term: 1 candidate_status { last_received { term: 0 index: 0 } } ignore_live_leader: false dest_uuid: "64a0a29a26d94ebcb81cbd3eae80003b"
I20260709 14:55:14.966369 20542 raft_consensus.cc:3060] T 1d064f1c83724e70a0cfd31137be24ce P 64a0a29a26d94ebcb81cbd3eae80003b [term 0 FOLLOWER]: Advancing to term 1
I20260709 14:55:14.974860 20733 tablet_bootstrap.cc:492] T 8c02f32162f94770aef5b1a73e6ceaa9 P 7bfa18fb29c54c84b7cc009b5c083172: No bootstrap required, opened a new log
I20260709 14:55:14.975356 20733 ts_tablet_manager.cc:1403] T 8c02f32162f94770aef5b1a73e6ceaa9 P 7bfa18fb29c54c84b7cc009b5c083172: Time spent bootstrapping tablet: real 0.197s	user 0.045s	sys 0.077s
I20260709 14:55:14.977850 20733 raft_consensus.cc:359] T 8c02f32162f94770aef5b1a73e6ceaa9 P 7bfa18fb29c54c84b7cc009b5c083172 [term 0 FOLLOWER]: Replica starting. Triggering 0 pending ops. Active config: opid_index: -1 OBSOLETE_local: false peers { permanent_uuid: "64a0a29a26d94ebcb81cbd3eae80003b" member_type: VOTER last_known_addr { host: "127.18.244.1" port: 33807 } } peers { permanent_uuid: "00a7defbf5024215ba9be2712ffdcfc2" member_type: VOTER last_known_addr { host: "127.18.244.2" port: 40431 } } peers { permanent_uuid: "7bfa18fb29c54c84b7cc009b5c083172" member_type: VOTER last_known_addr { host: "127.18.244.3" port: 34583 } }
I20260709 14:55:14.978523 20733 raft_consensus.cc:385] T 8c02f32162f94770aef5b1a73e6ceaa9 P 7bfa18fb29c54c84b7cc009b5c083172 [term 0 FOLLOWER]: Consensus starting up: Expiring failure detector timer to make a prompt election more likely
I20260709 14:55:14.978826 20733 raft_consensus.cc:740] T 8c02f32162f94770aef5b1a73e6ceaa9 P 7bfa18fb29c54c84b7cc009b5c083172 [term 0 FOLLOWER]: Becoming Follower/Learner. State: Replica: 7bfa18fb29c54c84b7cc009b5c083172, State: Initialized, Role: FOLLOWER
I20260709 14:55:14.979418 20731 tablet_bootstrap.cc:492] T 8c02f32162f94770aef5b1a73e6ceaa9 P 64a0a29a26d94ebcb81cbd3eae80003b: No bootstrap required, opened a new log
I20260709 14:55:14.982862 20731 ts_tablet_manager.cc:1403] T 8c02f32162f94770aef5b1a73e6ceaa9 P 64a0a29a26d94ebcb81cbd3eae80003b: Time spent bootstrapping tablet: real 0.164s	user 0.059s	sys 0.085s
I20260709 14:55:14.981006 20733 consensus_queue.cc:260] T 8c02f32162f94770aef5b1a73e6ceaa9 P 7bfa18fb29c54c84b7cc009b5c083172 [NON_LEADER]: Queue going to NON_LEADER mode. State: All replicated index: 0, Majority replicated index: 0, Committed index: 0, Last appended: 0.0, Last appended by leader: 0, Current term: 0, Majority size: -1, State: 0, Mode: NON_LEADER, active raft config: opid_index: -1 OBSOLETE_local: false peers { permanent_uuid: "64a0a29a26d94ebcb81cbd3eae80003b" member_type: VOTER last_known_addr { host: "127.18.244.1" port: 33807 } } peers { permanent_uuid: "00a7defbf5024215ba9be2712ffdcfc2" member_type: VOTER last_known_addr { host: "127.18.244.2" port: 40431 } } peers { permanent_uuid: "7bfa18fb29c54c84b7cc009b5c083172" member_type: VOTER last_known_addr { host: "127.18.244.3" port: 34583 } }
I20260709 14:55:14.983892 20732 tablet_bootstrap.cc:492] T 31f609908334428b8a26c7ea5c292421 P 00a7defbf5024215ba9be2712ffdcfc2: No bootstrap required, opened a new log
I20260709 14:55:14.984292 20732 ts_tablet_manager.cc:1403] T 31f609908334428b8a26c7ea5c292421 P 00a7defbf5024215ba9be2712ffdcfc2: Time spent bootstrapping tablet: real 0.158s	user 0.022s	sys 0.049s
I20260709 14:55:14.985291 20731 raft_consensus.cc:359] T 8c02f32162f94770aef5b1a73e6ceaa9 P 64a0a29a26d94ebcb81cbd3eae80003b [term 0 FOLLOWER]: Replica starting. Triggering 0 pending ops. Active config: opid_index: -1 OBSOLETE_local: false peers { permanent_uuid: "64a0a29a26d94ebcb81cbd3eae80003b" member_type: VOTER last_known_addr { host: "127.18.244.1" port: 33807 } } peers { permanent_uuid: "00a7defbf5024215ba9be2712ffdcfc2" member_type: VOTER last_known_addr { host: "127.18.244.2" port: 40431 } } peers { permanent_uuid: "7bfa18fb29c54c84b7cc009b5c083172" member_type: VOTER last_known_addr { host: "127.18.244.3" port: 34583 } }
I20260709 14:55:14.985913 20731 raft_consensus.cc:385] T 8c02f32162f94770aef5b1a73e6ceaa9 P 64a0a29a26d94ebcb81cbd3eae80003b [term 0 FOLLOWER]: Consensus starting up: Expiring failure detector timer to make a prompt election more likely
I20260709 14:55:14.986166 20731 raft_consensus.cc:740] T 8c02f32162f94770aef5b1a73e6ceaa9 P 64a0a29a26d94ebcb81cbd3eae80003b [term 0 FOLLOWER]: Becoming Follower/Learner. State: Replica: 64a0a29a26d94ebcb81cbd3eae80003b, State: Initialized, Role: FOLLOWER
I20260709 14:55:14.985509 20437 catalog_manager.cc:5697] T fd3791edfa104f30a54fb042fc9a31d6 P 00a7defbf5024215ba9be2712ffdcfc2 reported cstate change: term changed from 0 to 1, leader changed from <none> to 00a7defbf5024215ba9be2712ffdcfc2 (127.18.244.2). New cstate: current_term: 1 leader_uuid: "00a7defbf5024215ba9be2712ffdcfc2" committed_config { opid_index: -1 OBSOLETE_local: false peers { permanent_uuid: "64a0a29a26d94ebcb81cbd3eae80003b" member_type: VOTER last_known_addr { host: "127.18.244.1" port: 33807 } health_report { overall_health: UNKNOWN } } peers { permanent_uuid: "00a7defbf5024215ba9be2712ffdcfc2" member_type: VOTER last_known_addr { host: "127.18.244.2" port: 40431 } health_report { overall_health: HEALTHY } } peers { permanent_uuid: "7bfa18fb29c54c84b7cc009b5c083172" member_type: VOTER last_known_addr { host: "127.18.244.3" port: 34583 } health_report { overall_health: UNKNOWN } } }
I20260709 14:55:14.986611 20732 raft_consensus.cc:359] T 31f609908334428b8a26c7ea5c292421 P 00a7defbf5024215ba9be2712ffdcfc2 [term 0 FOLLOWER]: Replica starting. Triggering 0 pending ops. Active config: opid_index: -1 OBSOLETE_local: false peers { permanent_uuid: "64a0a29a26d94ebcb81cbd3eae80003b" member_type: VOTER last_known_addr { host: "127.18.244.1" port: 33807 } } peers { permanent_uuid: "00a7defbf5024215ba9be2712ffdcfc2" member_type: VOTER last_known_addr { host: "127.18.244.2" port: 40431 } } peers { permanent_uuid: "7bfa18fb29c54c84b7cc009b5c083172" member_type: VOTER last_known_addr { host: "127.18.244.3" port: 34583 } }
I20260709 14:55:14.987205 20732 raft_consensus.cc:385] T 31f609908334428b8a26c7ea5c292421 P 00a7defbf5024215ba9be2712ffdcfc2 [term 0 FOLLOWER]: Consensus starting up: Expiring failure detector timer to make a prompt election more likely
I20260709 14:55:14.986855 20731 consensus_queue.cc:260] T 8c02f32162f94770aef5b1a73e6ceaa9 P 64a0a29a26d94ebcb81cbd3eae80003b [NON_LEADER]: Queue going to NON_LEADER mode. State: All replicated index: 0, Majority replicated index: 0, Committed index: 0, Last appended: 0.0, Last appended by leader: 0, Current term: 0, Majority size: -1, State: 0, Mode: NON_LEADER, active raft config: opid_index: -1 OBSOLETE_local: false peers { permanent_uuid: "64a0a29a26d94ebcb81cbd3eae80003b" member_type: VOTER last_known_addr { host: "127.18.244.1" port: 33807 } } peers { permanent_uuid: "00a7defbf5024215ba9be2712ffdcfc2" member_type: VOTER last_known_addr { host: "127.18.244.2" port: 40431 } } peers { permanent_uuid: "7bfa18fb29c54c84b7cc009b5c083172" member_type: VOTER last_known_addr { host: "127.18.244.3" port: 34583 } }
I20260709 14:55:14.987493 20732 raft_consensus.cc:740] T 31f609908334428b8a26c7ea5c292421 P 00a7defbf5024215ba9be2712ffdcfc2 [term 0 FOLLOWER]: Becoming Follower/Learner. State: Replica: 00a7defbf5024215ba9be2712ffdcfc2, State: Initialized, Role: FOLLOWER
I20260709 14:55:14.988723 20541 tablet_service.cc:1917] Received RequestConsensusVote() RPC: tablet_id: "851ac549b2714b9bae84ed0c721b7750" candidate_uuid: "00a7defbf5024215ba9be2712ffdcfc2" candidate_term: 1 candidate_status { last_received { term: 0 index: 0 } } ignore_live_leader: false dest_uuid: "64a0a29a26d94ebcb81cbd3eae80003b" is_pre_election: true
I20260709 14:55:14.989315 20541 raft_consensus.cc:2468] T 851ac549b2714b9bae84ed0c721b7750 P 64a0a29a26d94ebcb81cbd3eae80003b [term 0 FOLLOWER]: Leader pre-election vote request: Granting yes vote for candidate 00a7defbf5024215ba9be2712ffdcfc2 in term 0.
I20260709 14:55:14.989849 20733 ts_tablet_manager.cc:1434] T 8c02f32162f94770aef5b1a73e6ceaa9 P 7bfa18fb29c54c84b7cc009b5c083172: Time spent starting tablet: real 0.014s	user 0.004s	sys 0.004s
I20260709 14:55:14.990743 20733 tablet_bootstrap.cc:492] T e100c44cd2024d7498c8661c37780cd8 P 7bfa18fb29c54c84b7cc009b5c083172: Bootstrap starting.
I20260709 14:55:14.990645 20582 leader_election.cc:304] T 851ac549b2714b9bae84ed0c721b7750 P 00a7defbf5024215ba9be2712ffdcfc2 [CANDIDATE]: Term 1 pre-election: Election decided. Result: candidate won. Election summary: received 3 responses out of 3 voters: 2 yes votes; 1 no votes. yes voters: 00a7defbf5024215ba9be2712ffdcfc2, 64a0a29a26d94ebcb81cbd3eae80003b; no voters: 7bfa18fb29c54c84b7cc009b5c083172
I20260709 14:55:14.991987 20792 raft_consensus.cc:2804] T 851ac549b2714b9bae84ed0c721b7750 P 00a7defbf5024215ba9be2712ffdcfc2 [term 0 FOLLOWER]: Leader pre-election won for term 1
I20260709 14:55:14.991982 20772 raft_consensus.cc:493] T 8c02f32162f94770aef5b1a73e6ceaa9 P 64a0a29a26d94ebcb81cbd3eae80003b [term 0 FOLLOWER]: Starting pre-election (no leader contacted us within the election timeout)
I20260709 14:55:14.992520 20792 raft_consensus.cc:493] T 851ac549b2714b9bae84ed0c721b7750 P 00a7defbf5024215ba9be2712ffdcfc2 [term 0 FOLLOWER]: Starting leader election (no leader contacted us within the election timeout)
I20260709 14:55:14.992913 20792 raft_consensus.cc:3060] T 851ac549b2714b9bae84ed0c721b7750 P 00a7defbf5024215ba9be2712ffdcfc2 [term 0 FOLLOWER]: Advancing to term 1
I20260709 14:55:14.992662 20772 raft_consensus.cc:515] T 8c02f32162f94770aef5b1a73e6ceaa9 P 64a0a29a26d94ebcb81cbd3eae80003b [term 0 FOLLOWER]: Starting pre-election with config: opid_index: -1 OBSOLETE_local: false peers { permanent_uuid: "64a0a29a26d94ebcb81cbd3eae80003b" member_type: VOTER last_known_addr { host: "127.18.244.1" port: 33807 } } peers { permanent_uuid: "00a7defbf5024215ba9be2712ffdcfc2" member_type: VOTER last_known_addr { host: "127.18.244.2" port: 40431 } } peers { permanent_uuid: "7bfa18fb29c54c84b7cc009b5c083172" member_type: VOTER last_known_addr { host: "127.18.244.3" port: 34583 } }
I20260709 14:55:14.995455 20772 leader_election.cc:290] T 8c02f32162f94770aef5b1a73e6ceaa9 P 64a0a29a26d94ebcb81cbd3eae80003b [CANDIDATE]: Term 1 pre-election: Requested pre-vote from peers 00a7defbf5024215ba9be2712ffdcfc2 (127.18.244.2:40431), 7bfa18fb29c54c84b7cc009b5c083172 (127.18.244.3:34583)
I20260709 14:55:14.996172 20691 tablet_service.cc:1917] Received RequestConsensusVote() RPC: tablet_id: "8c02f32162f94770aef5b1a73e6ceaa9" candidate_uuid: "64a0a29a26d94ebcb81cbd3eae80003b" candidate_term: 1 candidate_status { last_received { term: 0 index: 0 } } ignore_live_leader: false dest_uuid: "7bfa18fb29c54c84b7cc009b5c083172" is_pre_election: true
I20260709 14:55:14.998786 20731 ts_tablet_manager.cc:1434] T 8c02f32162f94770aef5b1a73e6ceaa9 P 64a0a29a26d94ebcb81cbd3eae80003b: Time spent starting tablet: real 0.016s	user 0.003s	sys 0.003s
I20260709 14:55:14.998693 20691 raft_consensus.cc:2468] T 8c02f32162f94770aef5b1a73e6ceaa9 P 7bfa18fb29c54c84b7cc009b5c083172 [term 0 FOLLOWER]: Leader pre-election vote request: Granting yes vote for candidate 64a0a29a26d94ebcb81cbd3eae80003b in term 0.
I20260709 14:55:14.999650 20731 tablet_bootstrap.cc:492] T 7bfdf1b9b67c4d2cac4e7504fe945f74 P 64a0a29a26d94ebcb81cbd3eae80003b: Bootstrap starting.
I20260709 14:55:14.999922 20508 leader_election.cc:304] T 8c02f32162f94770aef5b1a73e6ceaa9 P 64a0a29a26d94ebcb81cbd3eae80003b [CANDIDATE]: Term 1 pre-election: Election decided. Result: candidate won. Election summary: received 2 responses out of 3 voters: 2 yes votes; 0 no votes. yes voters: 64a0a29a26d94ebcb81cbd3eae80003b, 7bfa18fb29c54c84b7cc009b5c083172; no voters: 
I20260709 14:55:15.001099 20773 raft_consensus.cc:2804] T 8c02f32162f94770aef5b1a73e6ceaa9 P 64a0a29a26d94ebcb81cbd3eae80003b [term 0 FOLLOWER]: Leader pre-election won for term 1
I20260709 14:55:15.001482 20773 raft_consensus.cc:493] T 8c02f32162f94770aef5b1a73e6ceaa9 P 64a0a29a26d94ebcb81cbd3eae80003b [term 0 FOLLOWER]: Starting leader election (no leader contacted us within the election timeout)
I20260709 14:55:15.001837 20773 raft_consensus.cc:3060] T 8c02f32162f94770aef5b1a73e6ceaa9 P 64a0a29a26d94ebcb81cbd3eae80003b [term 0 FOLLOWER]: Advancing to term 1
I20260709 14:55:15.003985 20616 tablet_service.cc:1917] Received RequestConsensusVote() RPC: tablet_id: "8c02f32162f94770aef5b1a73e6ceaa9" candidate_uuid: "64a0a29a26d94ebcb81cbd3eae80003b" candidate_term: 1 candidate_status { last_received { term: 0 index: 0 } } ignore_live_leader: false dest_uuid: "00a7defbf5024215ba9be2712ffdcfc2" is_pre_election: true
I20260709 14:55:14.998291 20733 tablet_bootstrap.cc:654] T e100c44cd2024d7498c8661c37780cd8 P 7bfa18fb29c54c84b7cc009b5c083172: Neither blocks nor log segments found. Creating new log.
I20260709 14:55:14.997632 20732 consensus_queue.cc:260] T 31f609908334428b8a26c7ea5c292421 P 00a7defbf5024215ba9be2712ffdcfc2 [NON_LEADER]: Queue going to NON_LEADER mode. State: All replicated index: 0, Majority replicated index: 0, Committed index: 0, Last appended: 0.0, Last appended by leader: 0, Current term: 0, Majority size: -1, State: 0, Mode: NON_LEADER, active raft config: opid_index: -1 OBSOLETE_local: false peers { permanent_uuid: "64a0a29a26d94ebcb81cbd3eae80003b" member_type: VOTER last_known_addr { host: "127.18.244.1" port: 33807 } } peers { permanent_uuid: "00a7defbf5024215ba9be2712ffdcfc2" member_type: VOTER last_known_addr { host: "127.18.244.2" port: 40431 } } peers { permanent_uuid: "7bfa18fb29c54c84b7cc009b5c083172" member_type: VOTER last_known_addr { host: "127.18.244.3" port: 34583 } }
I20260709 14:55:15.004580 20616 raft_consensus.cc:2468] T 8c02f32162f94770aef5b1a73e6ceaa9 P 00a7defbf5024215ba9be2712ffdcfc2 [term 0 FOLLOWER]: Leader pre-election vote request: Granting yes vote for candidate 64a0a29a26d94ebcb81cbd3eae80003b in term 0.
I20260709 14:55:15.005224 20731 tablet_bootstrap.cc:654] T 7bfdf1b9b67c4d2cac4e7504fe945f74 P 64a0a29a26d94ebcb81cbd3eae80003b: Neither blocks nor log segments found. Creating new log.
I20260709 14:55:15.006141 20732 ts_tablet_manager.cc:1434] T 31f609908334428b8a26c7ea5c292421 P 00a7defbf5024215ba9be2712ffdcfc2: Time spent starting tablet: real 0.022s	user 0.005s	sys 0.001s
I20260709 14:55:15.008256 20732 tablet_bootstrap.cc:492] T ae3cb21526ad4c19a20ea95c720d74d7 P 00a7defbf5024215ba9be2712ffdcfc2: Bootstrap starting.
I20260709 14:55:15.008649 20542 raft_consensus.cc:2468] T 1d064f1c83724e70a0cfd31137be24ce P 64a0a29a26d94ebcb81cbd3eae80003b [term 1 FOLLOWER]: Leader election vote request: Granting yes vote for candidate 00a7defbf5024215ba9be2712ffdcfc2 in term 1.
I20260709 14:55:15.011771 20773 raft_consensus.cc:515] T 8c02f32162f94770aef5b1a73e6ceaa9 P 64a0a29a26d94ebcb81cbd3eae80003b [term 1 FOLLOWER]: Starting leader election with config: opid_index: -1 OBSOLETE_local: false peers { permanent_uuid: "64a0a29a26d94ebcb81cbd3eae80003b" member_type: VOTER last_known_addr { host: "127.18.244.1" port: 33807 } } peers { permanent_uuid: "00a7defbf5024215ba9be2712ffdcfc2" member_type: VOTER last_known_addr { host: "127.18.244.2" port: 40431 } } peers { permanent_uuid: "7bfa18fb29c54c84b7cc009b5c083172" member_type: VOTER last_known_addr { host: "127.18.244.3" port: 34583 } }
I20260709 14:55:15.013339 20732 tablet_bootstrap.cc:654] T ae3cb21526ad4c19a20ea95c720d74d7 P 00a7defbf5024215ba9be2712ffdcfc2: Neither blocks nor log segments found. Creating new log.
I20260709 14:55:15.017336 20616 tablet_service.cc:1917] Received RequestConsensusVote() RPC: tablet_id: "8c02f32162f94770aef5b1a73e6ceaa9" candidate_uuid: "64a0a29a26d94ebcb81cbd3eae80003b" candidate_term: 1 candidate_status { last_received { term: 0 index: 0 } } ignore_live_leader: false dest_uuid: "00a7defbf5024215ba9be2712ffdcfc2"
I20260709 14:55:15.017915 20616 raft_consensus.cc:3060] T 8c02f32162f94770aef5b1a73e6ceaa9 P 00a7defbf5024215ba9be2712ffdcfc2 [term 0 FOLLOWER]: Advancing to term 1
I20260709 14:55:15.025661 20438 catalog_manager.cc:5697] T e100c44cd2024d7498c8661c37780cd8 P 64a0a29a26d94ebcb81cbd3eae80003b reported cstate change: term changed from 0 to 1, leader changed from <none> to 64a0a29a26d94ebcb81cbd3eae80003b (127.18.244.1). New cstate: current_term: 1 leader_uuid: "64a0a29a26d94ebcb81cbd3eae80003b" committed_config { opid_index: -1 OBSOLETE_local: false peers { permanent_uuid: "64a0a29a26d94ebcb81cbd3eae80003b" member_type: VOTER last_known_addr { host: "127.18.244.1" port: 33807 } health_report { overall_health: HEALTHY } } peers { permanent_uuid: "00a7defbf5024215ba9be2712ffdcfc2" member_type: VOTER last_known_addr { host: "127.18.244.2" port: 40431 } health_report { overall_health: UNKNOWN } } peers { permanent_uuid: "7bfa18fb29c54c84b7cc009b5c083172" member_type: VOTER last_known_addr { host: "127.18.244.3" port: 34583 } health_report { overall_health: UNKNOWN } } }
I20260709 14:55:15.027243 20616 raft_consensus.cc:2468] T 8c02f32162f94770aef5b1a73e6ceaa9 P 00a7defbf5024215ba9be2712ffdcfc2 [term 1 FOLLOWER]: Leader election vote request: Granting yes vote for candidate 64a0a29a26d94ebcb81cbd3eae80003b in term 1.
I20260709 14:55:15.028350 20506 leader_election.cc:304] T 8c02f32162f94770aef5b1a73e6ceaa9 P 64a0a29a26d94ebcb81cbd3eae80003b [CANDIDATE]: Term 1 election: Election decided. Result: candidate won. Election summary: received 2 responses out of 3 voters: 2 yes votes; 0 no votes. yes voters: 00a7defbf5024215ba9be2712ffdcfc2, 64a0a29a26d94ebcb81cbd3eae80003b; no voters: 
I20260709 14:55:15.029109 20772 raft_consensus.cc:2804] T 8c02f32162f94770aef5b1a73e6ceaa9 P 64a0a29a26d94ebcb81cbd3eae80003b [term 1 FOLLOWER]: Leader election won for term 1
I20260709 14:55:15.029594 20772 raft_consensus.cc:697] T 8c02f32162f94770aef5b1a73e6ceaa9 P 64a0a29a26d94ebcb81cbd3eae80003b [term 1 LEADER]: Becoming Leader. State: Replica: 64a0a29a26d94ebcb81cbd3eae80003b, State: Running, Role: LEADER
I20260709 14:55:15.030361 20772 consensus_queue.cc:237] T 8c02f32162f94770aef5b1a73e6ceaa9 P 64a0a29a26d94ebcb81cbd3eae80003b [LEADER]: Queue going to LEADER mode. State: All replicated index: 0, Majority replicated index: 0, Committed index: 0, Last appended: 0.0, Last appended by leader: 0, Current term: 1, Majority size: 2, State: 0, Mode: LEADER, active raft config: opid_index: -1 OBSOLETE_local: false peers { permanent_uuid: "64a0a29a26d94ebcb81cbd3eae80003b" member_type: VOTER last_known_addr { host: "127.18.244.1" port: 33807 } } peers { permanent_uuid: "00a7defbf5024215ba9be2712ffdcfc2" member_type: VOTER last_known_addr { host: "127.18.244.2" port: 40431 } } peers { permanent_uuid: "7bfa18fb29c54c84b7cc009b5c083172" member_type: VOTER last_known_addr { host: "127.18.244.3" port: 34583 } }
I20260709 14:55:15.032676 20745 raft_consensus.cc:493] T 739a1a8e7faa4452a6fc20bb51c67d0d P 7bfa18fb29c54c84b7cc009b5c083172 [term 0 FOLLOWER]: Starting pre-election (no leader contacted us within the election timeout)
I20260709 14:55:15.033139 20745 raft_consensus.cc:515] T 739a1a8e7faa4452a6fc20bb51c67d0d P 7bfa18fb29c54c84b7cc009b5c083172 [term 0 FOLLOWER]: Starting pre-election with config: opid_index: -1 OBSOLETE_local: false peers { permanent_uuid: "64a0a29a26d94ebcb81cbd3eae80003b" member_type: VOTER last_known_addr { host: "127.18.244.1" port: 33807 } } peers { permanent_uuid: "00a7defbf5024215ba9be2712ffdcfc2" member_type: VOTER last_known_addr { host: "127.18.244.2" port: 40431 } } peers { permanent_uuid: "7bfa18fb29c54c84b7cc009b5c083172" member_type: VOTER last_known_addr { host: "127.18.244.3" port: 34583 } }
I20260709 14:55:15.035141 20745 leader_election.cc:290] T 739a1a8e7faa4452a6fc20bb51c67d0d P 7bfa18fb29c54c84b7cc009b5c083172 [CANDIDATE]: Term 1 pre-election: Requested pre-vote from peers 64a0a29a26d94ebcb81cbd3eae80003b (127.18.244.1:33807), 00a7defbf5024215ba9be2712ffdcfc2 (127.18.244.2:40431)
I20260709 14:55:15.037038 20691 tablet_service.cc:1917] Received RequestConsensusVote() RPC: tablet_id: "8c02f32162f94770aef5b1a73e6ceaa9" candidate_uuid: "64a0a29a26d94ebcb81cbd3eae80003b" candidate_term: 1 candidate_status { last_received { term: 0 index: 0 } } ignore_live_leader: false dest_uuid: "7bfa18fb29c54c84b7cc009b5c083172"
I20260709 14:55:15.037601 20773 leader_election.cc:290] T 8c02f32162f94770aef5b1a73e6ceaa9 P 64a0a29a26d94ebcb81cbd3eae80003b [CANDIDATE]: Term 1 election: Requested vote from peers 00a7defbf5024215ba9be2712ffdcfc2 (127.18.244.2:40431), 7bfa18fb29c54c84b7cc009b5c083172 (127.18.244.3:34583)
I20260709 14:55:15.037675 20691 raft_consensus.cc:3060] T 8c02f32162f94770aef5b1a73e6ceaa9 P 7bfa18fb29c54c84b7cc009b5c083172 [term 0 FOLLOWER]: Advancing to term 1
I20260709 14:55:15.038976 20798 raft_consensus.cc:515] T cb3338d9039e49b78cc8cf1cdd9b2014 P 00a7defbf5024215ba9be2712ffdcfc2 [term 1 FOLLOWER]: Starting leader election with config: opid_index: -1 OBSOLETE_local: false peers { permanent_uuid: "64a0a29a26d94ebcb81cbd3eae80003b" member_type: VOTER last_known_addr { host: "127.18.244.1" port: 33807 } } peers { permanent_uuid: "00a7defbf5024215ba9be2712ffdcfc2" member_type: VOTER last_known_addr { host: "127.18.244.2" port: 40431 } } peers { permanent_uuid: "7bfa18fb29c54c84b7cc009b5c083172" member_type: VOTER last_known_addr { host: "127.18.244.3" port: 34583 } }
I20260709 14:55:15.042886 20616 tablet_service.cc:1917] Received RequestConsensusVote() RPC: tablet_id: "739a1a8e7faa4452a6fc20bb51c67d0d" candidate_uuid: "7bfa18fb29c54c84b7cc009b5c083172" candidate_term: 1 candidate_status { last_received { term: 0 index: 0 } } ignore_live_leader: false dest_uuid: "00a7defbf5024215ba9be2712ffdcfc2" is_pre_election: true
I20260709 14:55:15.044044 20732 tablet_bootstrap.cc:492] T ae3cb21526ad4c19a20ea95c720d74d7 P 00a7defbf5024215ba9be2712ffdcfc2: No bootstrap required, opened a new log
I20260709 14:55:15.044481 20732 ts_tablet_manager.cc:1403] T ae3cb21526ad4c19a20ea95c720d74d7 P 00a7defbf5024215ba9be2712ffdcfc2: Time spent bootstrapping tablet: real 0.038s	user 0.008s	sys 0.002s
I20260709 14:55:15.044543 20691 raft_consensus.cc:2468] T 8c02f32162f94770aef5b1a73e6ceaa9 P 7bfa18fb29c54c84b7cc009b5c083172 [term 1 FOLLOWER]: Leader election vote request: Granting yes vote for candidate 64a0a29a26d94ebcb81cbd3eae80003b in term 1.
I20260709 14:55:15.037086 20542 tablet_service.cc:1917] Received RequestConsensusVote() RPC: tablet_id: "739a1a8e7faa4452a6fc20bb51c67d0d" candidate_uuid: "7bfa18fb29c54c84b7cc009b5c083172" candidate_term: 1 candidate_status { last_received { term: 0 index: 0 } } ignore_live_leader: false dest_uuid: "64a0a29a26d94ebcb81cbd3eae80003b" is_pre_election: true
I20260709 14:55:15.045589 20542 raft_consensus.cc:2468] T 739a1a8e7faa4452a6fc20bb51c67d0d P 64a0a29a26d94ebcb81cbd3eae80003b [term 0 FOLLOWER]: Leader pre-election vote request: Granting yes vote for candidate 7bfa18fb29c54c84b7cc009b5c083172 in term 0.
W20260709 14:55:15.045650 20655 leader_election.cc:343] T 739a1a8e7faa4452a6fc20bb51c67d0d P 7bfa18fb29c54c84b7cc009b5c083172 [CANDIDATE]: Term 1 pre-election: Tablet error from VoteRequest() call to peer 00a7defbf5024215ba9be2712ffdcfc2 (127.18.244.2:40431): Illegal state: must be running to vote when last-logged opid is not known
I20260709 14:55:15.047129 20656 leader_election.cc:304] T 739a1a8e7faa4452a6fc20bb51c67d0d P 7bfa18fb29c54c84b7cc009b5c083172 [CANDIDATE]: Term 1 pre-election: Election decided. Result: candidate won. Election summary: received 3 responses out of 3 voters: 2 yes votes; 1 no votes. yes voters: 64a0a29a26d94ebcb81cbd3eae80003b, 7bfa18fb29c54c84b7cc009b5c083172; no voters: 00a7defbf5024215ba9be2712ffdcfc2
I20260709 14:55:15.047390 20732 raft_consensus.cc:359] T ae3cb21526ad4c19a20ea95c720d74d7 P 00a7defbf5024215ba9be2712ffdcfc2 [term 0 FOLLOWER]: Replica starting. Triggering 0 pending ops. Active config: opid_index: -1 OBSOLETE_local: false peers { permanent_uuid: "64a0a29a26d94ebcb81cbd3eae80003b" member_type: VOTER last_known_addr { host: "127.18.244.1" port: 33807 } } peers { permanent_uuid: "00a7defbf5024215ba9be2712ffdcfc2" member_type: VOTER last_known_addr { host: "127.18.244.2" port: 40431 } } peers { permanent_uuid: "7bfa18fb29c54c84b7cc009b5c083172" member_type: VOTER last_known_addr { host: "127.18.244.3" port: 34583 } }
I20260709 14:55:15.048126 20732 raft_consensus.cc:385] T ae3cb21526ad4c19a20ea95c720d74d7 P 00a7defbf5024215ba9be2712ffdcfc2 [term 0 FOLLOWER]: Consensus starting up: Expiring failure detector timer to make a prompt election more likely
I20260709 14:55:15.048273 20745 raft_consensus.cc:2804] T 739a1a8e7faa4452a6fc20bb51c67d0d P 7bfa18fb29c54c84b7cc009b5c083172 [term 0 FOLLOWER]: Leader pre-election won for term 1
I20260709 14:55:15.048395 20732 raft_consensus.cc:740] T ae3cb21526ad4c19a20ea95c720d74d7 P 00a7defbf5024215ba9be2712ffdcfc2 [term 0 FOLLOWER]: Becoming Follower/Learner. State: Replica: 00a7defbf5024215ba9be2712ffdcfc2, State: Initialized, Role: FOLLOWER
I20260709 14:55:15.048696 20745 raft_consensus.cc:493] T 739a1a8e7faa4452a6fc20bb51c67d0d P 7bfa18fb29c54c84b7cc009b5c083172 [term 0 FOLLOWER]: Starting leader election (no leader contacted us within the election timeout)
I20260709 14:55:15.049036 20745 raft_consensus.cc:3060] T 739a1a8e7faa4452a6fc20bb51c67d0d P 7bfa18fb29c54c84b7cc009b5c083172 [term 0 FOLLOWER]: Advancing to term 1
I20260709 14:55:15.049094 20732 consensus_queue.cc:260] T ae3cb21526ad4c19a20ea95c720d74d7 P 00a7defbf5024215ba9be2712ffdcfc2 [NON_LEADER]: Queue going to NON_LEADER mode. State: All replicated index: 0, Majority replicated index: 0, Committed index: 0, Last appended: 0.0, Last appended by leader: 0, Current term: 0, Majority size: -1, State: 0, Mode: NON_LEADER, active raft config: opid_index: -1 OBSOLETE_local: false peers { permanent_uuid: "64a0a29a26d94ebcb81cbd3eae80003b" member_type: VOTER last_known_addr { host: "127.18.244.1" port: 33807 } } peers { permanent_uuid: "00a7defbf5024215ba9be2712ffdcfc2" member_type: VOTER last_known_addr { host: "127.18.244.2" port: 40431 } } peers { permanent_uuid: "7bfa18fb29c54c84b7cc009b5c083172" member_type: VOTER last_known_addr { host: "127.18.244.3" port: 34583 } }
I20260709 14:55:15.049753 20437 catalog_manager.cc:5697] T 4f19209be5c2484dbe4c4d3657f37980 P 00a7defbf5024215ba9be2712ffdcfc2 reported cstate change: term changed from 0 to 1, leader changed from <none> to 00a7defbf5024215ba9be2712ffdcfc2 (127.18.244.2). New cstate: current_term: 1 leader_uuid: "00a7defbf5024215ba9be2712ffdcfc2" committed_config { opid_index: -1 OBSOLETE_local: false peers { permanent_uuid: "64a0a29a26d94ebcb81cbd3eae80003b" member_type: VOTER last_known_addr { host: "127.18.244.1" port: 33807 } health_report { overall_health: UNKNOWN } } peers { permanent_uuid: "00a7defbf5024215ba9be2712ffdcfc2" member_type: VOTER last_known_addr { host: "127.18.244.2" port: 40431 } health_report { overall_health: HEALTHY } } peers { permanent_uuid: "7bfa18fb29c54c84b7cc009b5c083172" member_type: VOTER last_known_addr { host: "127.18.244.3" port: 34583 } health_report { overall_health: UNKNOWN } } }
I20260709 14:55:15.051469 20732 ts_tablet_manager.cc:1434] T ae3cb21526ad4c19a20ea95c720d74d7 P 00a7defbf5024215ba9be2712ffdcfc2: Time spent starting tablet: real 0.007s	user 0.007s	sys 0.000s
I20260709 14:55:15.051373 20437 catalog_manager.cc:5697] T 1d064f1c83724e70a0cfd31137be24ce P 00a7defbf5024215ba9be2712ffdcfc2 reported cstate change: term changed from 0 to 1, leader changed from <none> to 00a7defbf5024215ba9be2712ffdcfc2 (127.18.244.2). New cstate: current_term: 1 leader_uuid: "00a7defbf5024215ba9be2712ffdcfc2" committed_config { opid_index: -1 OBSOLETE_local: false peers { permanent_uuid: "7bfa18fb29c54c84b7cc009b5c083172" member_type: VOTER last_known_addr { host: "127.18.244.3" port: 34583 } health_report { overall_health: UNKNOWN } } peers { permanent_uuid: "00a7defbf5024215ba9be2712ffdcfc2" member_type: VOTER last_known_addr { host: "127.18.244.2" port: 40431 } health_report { overall_health: HEALTHY } } peers { permanent_uuid: "64a0a29a26d94ebcb81cbd3eae80003b" member_type: VOTER last_known_addr { host: "127.18.244.1" port: 33807 } health_report { overall_health: UNKNOWN } } }
I20260709 14:55:15.052289 20732 tablet_bootstrap.cc:492] T 819c507a8f574e06b9356d5dab5220f0 P 00a7defbf5024215ba9be2712ffdcfc2: Bootstrap starting.
I20260709 14:55:15.055703 20798 leader_election.cc:290] T cb3338d9039e49b78cc8cf1cdd9b2014 P 00a7defbf5024215ba9be2712ffdcfc2 [CANDIDATE]: Term 1 election: Requested vote from peers 64a0a29a26d94ebcb81cbd3eae80003b (127.18.244.1:33807), 7bfa18fb29c54c84b7cc009b5c083172 (127.18.244.3:34583)
I20260709 14:55:15.055645 20745 raft_consensus.cc:515] T 739a1a8e7faa4452a6fc20bb51c67d0d P 7bfa18fb29c54c84b7cc009b5c083172 [term 1 FOLLOWER]: Starting leader election with config: opid_index: -1 OBSOLETE_local: false peers { permanent_uuid: "64a0a29a26d94ebcb81cbd3eae80003b" member_type: VOTER last_known_addr { host: "127.18.244.1" port: 33807 } } peers { permanent_uuid: "00a7defbf5024215ba9be2712ffdcfc2" member_type: VOTER last_known_addr { host: "127.18.244.2" port: 40431 } } peers { permanent_uuid: "7bfa18fb29c54c84b7cc009b5c083172" member_type: VOTER last_known_addr { host: "127.18.244.3" port: 34583 } }
I20260709 14:55:15.057246 20541 tablet_service.cc:1917] Received RequestConsensusVote() RPC: tablet_id: "cb3338d9039e49b78cc8cf1cdd9b2014" candidate_uuid: "00a7defbf5024215ba9be2712ffdcfc2" candidate_term: 1 candidate_status { last_received { term: 0 index: 0 } } ignore_live_leader: false dest_uuid: "64a0a29a26d94ebcb81cbd3eae80003b"
I20260709 14:55:15.057521 20778 raft_consensus.cc:493] T ae3cb21526ad4c19a20ea95c720d74d7 P 7bfa18fb29c54c84b7cc009b5c083172 [term 0 FOLLOWER]: Starting pre-election (no leader contacted us within the election timeout)
I20260709 14:55:15.057823 20732 tablet_bootstrap.cc:654] T 819c507a8f574e06b9356d5dab5220f0 P 00a7defbf5024215ba9be2712ffdcfc2: Neither blocks nor log segments found. Creating new log.
I20260709 14:55:15.057976 20778 raft_consensus.cc:515] T ae3cb21526ad4c19a20ea95c720d74d7 P 7bfa18fb29c54c84b7cc009b5c083172 [term 0 FOLLOWER]: Starting pre-election with config: opid_index: -1 OBSOLETE_local: false peers { permanent_uuid: "64a0a29a26d94ebcb81cbd3eae80003b" member_type: VOTER last_known_addr { host: "127.18.244.1" port: 33807 } } peers { permanent_uuid: "00a7defbf5024215ba9be2712ffdcfc2" member_type: VOTER last_known_addr { host: "127.18.244.2" port: 40431 } } peers { permanent_uuid: "7bfa18fb29c54c84b7cc009b5c083172" member_type: VOTER last_known_addr { host: "127.18.244.3" port: 34583 } }
I20260709 14:55:15.058482 20541 raft_consensus.cc:3060] T cb3338d9039e49b78cc8cf1cdd9b2014 P 64a0a29a26d94ebcb81cbd3eae80003b [term 0 FOLLOWER]: Advancing to term 1
I20260709 14:55:15.060062 20778 leader_election.cc:290] T ae3cb21526ad4c19a20ea95c720d74d7 P 7bfa18fb29c54c84b7cc009b5c083172 [CANDIDATE]: Term 1 pre-election: Requested pre-vote from peers 64a0a29a26d94ebcb81cbd3eae80003b (127.18.244.1:33807), 00a7defbf5024215ba9be2712ffdcfc2 (127.18.244.2:40431)
I20260709 14:55:15.062278 20540 tablet_service.cc:1917] Received RequestConsensusVote() RPC: tablet_id: "ae3cb21526ad4c19a20ea95c720d74d7" candidate_uuid: "7bfa18fb29c54c84b7cc009b5c083172" candidate_term: 1 candidate_status { last_received { term: 0 index: 0 } } ignore_live_leader: false dest_uuid: "64a0a29a26d94ebcb81cbd3eae80003b" is_pre_election: true
I20260709 14:55:15.062923 20540 raft_consensus.cc:2468] T ae3cb21526ad4c19a20ea95c720d74d7 P 64a0a29a26d94ebcb81cbd3eae80003b [term 0 FOLLOWER]: Leader pre-election vote request: Granting yes vote for candidate 7bfa18fb29c54c84b7cc009b5c083172 in term 0.
I20260709 14:55:15.064137 20656 leader_election.cc:304] T ae3cb21526ad4c19a20ea95c720d74d7 P 7bfa18fb29c54c84b7cc009b5c083172 [CANDIDATE]: Term 1 pre-election: Election decided. Result: candidate won. Election summary: received 2 responses out of 3 voters: 2 yes votes; 0 no votes. yes voters: 64a0a29a26d94ebcb81cbd3eae80003b, 7bfa18fb29c54c84b7cc009b5c083172; no voters: 
I20260709 14:55:15.064764 20616 tablet_service.cc:1917] Received RequestConsensusVote() RPC: tablet_id: "ae3cb21526ad4c19a20ea95c720d74d7" candidate_uuid: "7bfa18fb29c54c84b7cc009b5c083172" candidate_term: 1 candidate_status { last_received { term: 0 index: 0 } } ignore_live_leader: false dest_uuid: "00a7defbf5024215ba9be2712ffdcfc2" is_pre_election: true
I20260709 14:55:15.064942 20778 raft_consensus.cc:2804] T ae3cb21526ad4c19a20ea95c720d74d7 P 7bfa18fb29c54c84b7cc009b5c083172 [term 0 FOLLOWER]: Leader pre-election won for term 1
I20260709 14:55:15.065274 20778 raft_consensus.cc:493] T ae3cb21526ad4c19a20ea95c720d74d7 P 7bfa18fb29c54c84b7cc009b5c083172 [term 0 FOLLOWER]: Starting leader election (no leader contacted us within the election timeout)
I20260709 14:55:15.065315 20616 raft_consensus.cc:2468] T ae3cb21526ad4c19a20ea95c720d74d7 P 00a7defbf5024215ba9be2712ffdcfc2 [term 0 FOLLOWER]: Leader pre-election vote request: Granting yes vote for candidate 7bfa18fb29c54c84b7cc009b5c083172 in term 0.
I20260709 14:55:15.065550 20541 raft_consensus.cc:2468] T cb3338d9039e49b78cc8cf1cdd9b2014 P 64a0a29a26d94ebcb81cbd3eae80003b [term 1 FOLLOWER]: Leader election vote request: Granting yes vote for candidate 00a7defbf5024215ba9be2712ffdcfc2 in term 1.
I20260709 14:55:15.065660 20778 raft_consensus.cc:3060] T ae3cb21526ad4c19a20ea95c720d74d7 P 7bfa18fb29c54c84b7cc009b5c083172 [term 0 FOLLOWER]: Advancing to term 1
I20260709 14:55:15.066891 20691 tablet_service.cc:1917] Received RequestConsensusVote() RPC: tablet_id: "cb3338d9039e49b78cc8cf1cdd9b2014" candidate_uuid: "00a7defbf5024215ba9be2712ffdcfc2" candidate_term: 1 candidate_status { last_received { term: 0 index: 0 } } ignore_live_leader: false dest_uuid: "7bfa18fb29c54c84b7cc009b5c083172"
I20260709 14:55:15.066989 20582 leader_election.cc:304] T cb3338d9039e49b78cc8cf1cdd9b2014 P 00a7defbf5024215ba9be2712ffdcfc2 [CANDIDATE]: Term 1 election: Election decided. Result: candidate won. Election summary: received 2 responses out of 3 voters: 2 yes votes; 0 no votes. yes voters: 00a7defbf5024215ba9be2712ffdcfc2, 64a0a29a26d94ebcb81cbd3eae80003b; no voters: 
I20260709 14:55:15.067883 20798 raft_consensus.cc:2804] T cb3338d9039e49b78cc8cf1cdd9b2014 P 00a7defbf5024215ba9be2712ffdcfc2 [term 1 FOLLOWER]: Leader election won for term 1
I20260709 14:55:15.068321 20798 raft_consensus.cc:697] T cb3338d9039e49b78cc8cf1cdd9b2014 P 00a7defbf5024215ba9be2712ffdcfc2 [term 1 LEADER]: Becoming Leader. State: Replica: 00a7defbf5024215ba9be2712ffdcfc2, State: Running, Role: LEADER
W20260709 14:55:15.068363 20583 leader_election.cc:343] T cb3338d9039e49b78cc8cf1cdd9b2014 P 00a7defbf5024215ba9be2712ffdcfc2 [CANDIDATE]: Term 1 election: Tablet error from VoteRequest() call to peer 7bfa18fb29c54c84b7cc009b5c083172 (127.18.244.3:34583): Illegal state: must be running to vote when last-logged opid is not known
I20260709 14:55:15.069499 20773 raft_consensus.cc:493] T 5337096874a742088b8f31590557dc50 P 64a0a29a26d94ebcb81cbd3eae80003b [term 0 FOLLOWER]: Starting pre-election (no leader contacted us within the election timeout)
I20260709 14:55:15.070051 20773 raft_consensus.cc:515] T 5337096874a742088b8f31590557dc50 P 64a0a29a26d94ebcb81cbd3eae80003b [term 0 FOLLOWER]: Starting pre-election with config: opid_index: -1 OBSOLETE_local: false peers { permanent_uuid: "64a0a29a26d94ebcb81cbd3eae80003b" member_type: VOTER last_known_addr { host: "127.18.244.1" port: 33807 } } peers { permanent_uuid: "00a7defbf5024215ba9be2712ffdcfc2" member_type: VOTER last_known_addr { host: "127.18.244.2" port: 40431 } } peers { permanent_uuid: "7bfa18fb29c54c84b7cc009b5c083172" member_type: VOTER last_known_addr { host: "127.18.244.3" port: 34583 } }
I20260709 14:55:15.072279 20778 raft_consensus.cc:515] T ae3cb21526ad4c19a20ea95c720d74d7 P 7bfa18fb29c54c84b7cc009b5c083172 [term 1 FOLLOWER]: Starting leader election with config: opid_index: -1 OBSOLETE_local: false peers { permanent_uuid: "64a0a29a26d94ebcb81cbd3eae80003b" member_type: VOTER last_known_addr { host: "127.18.244.1" port: 33807 } } peers { permanent_uuid: "00a7defbf5024215ba9be2712ffdcfc2" member_type: VOTER last_known_addr { host: "127.18.244.2" port: 40431 } } peers { permanent_uuid: "7bfa18fb29c54c84b7cc009b5c083172" member_type: VOTER last_known_addr { host: "127.18.244.3" port: 34583 } }
I20260709 14:55:15.074798 20541 tablet_service.cc:1917] Received RequestConsensusVote() RPC: tablet_id: "ae3cb21526ad4c19a20ea95c720d74d7" candidate_uuid: "7bfa18fb29c54c84b7cc009b5c083172" candidate_term: 1 candidate_status { last_received { term: 0 index: 0 } } ignore_live_leader: false dest_uuid: "64a0a29a26d94ebcb81cbd3eae80003b"
I20260709 14:55:15.075354 20541 raft_consensus.cc:3060] T ae3cb21526ad4c19a20ea95c720d74d7 P 64a0a29a26d94ebcb81cbd3eae80003b [term 0 FOLLOWER]: Advancing to term 1
I20260709 14:55:15.081869 20541 raft_consensus.cc:2468] T ae3cb21526ad4c19a20ea95c720d74d7 P 64a0a29a26d94ebcb81cbd3eae80003b [term 1 FOLLOWER]: Leader election vote request: Granting yes vote for candidate 7bfa18fb29c54c84b7cc009b5c083172 in term 1.
I20260709 14:55:15.082908 20656 leader_election.cc:304] T ae3cb21526ad4c19a20ea95c720d74d7 P 7bfa18fb29c54c84b7cc009b5c083172 [CANDIDATE]: Term 1 election: Election decided. Result: candidate won. Election summary: received 2 responses out of 3 voters: 2 yes votes; 0 no votes. yes voters: 64a0a29a26d94ebcb81cbd3eae80003b, 7bfa18fb29c54c84b7cc009b5c083172; no voters: 
I20260709 14:55:15.071149 20792 raft_consensus.cc:515] T 851ac549b2714b9bae84ed0c721b7750 P 00a7defbf5024215ba9be2712ffdcfc2 [term 1 FOLLOWER]: Starting leader election with config: opid_index: -1 OBSOLETE_local: false peers { permanent_uuid: "64a0a29a26d94ebcb81cbd3eae80003b" member_type: VOTER last_known_addr { host: "127.18.244.1" port: 33807 } } peers { permanent_uuid: "00a7defbf5024215ba9be2712ffdcfc2" member_type: VOTER last_known_addr { host: "127.18.244.2" port: 40431 } } peers { permanent_uuid: "7bfa18fb29c54c84b7cc009b5c083172" member_type: VOTER last_known_addr { host: "127.18.244.3" port: 34583 } }
I20260709 14:55:15.085819 20540 tablet_service.cc:1917] Received RequestConsensusVote() RPC: tablet_id: "851ac549b2714b9bae84ed0c721b7750" candidate_uuid: "00a7defbf5024215ba9be2712ffdcfc2" candidate_term: 1 candidate_status { last_received { term: 0 index: 0 } } ignore_live_leader: false dest_uuid: "64a0a29a26d94ebcb81cbd3eae80003b"
I20260709 14:55:15.086383 20540 raft_consensus.cc:3060] T 851ac549b2714b9bae84ed0c721b7750 P 64a0a29a26d94ebcb81cbd3eae80003b [term 0 FOLLOWER]: Advancing to term 1
I20260709 14:55:15.092204 20616 tablet_service.cc:1917] Received RequestConsensusVote() RPC: tablet_id: "739a1a8e7faa4452a6fc20bb51c67d0d" candidate_uuid: "7bfa18fb29c54c84b7cc009b5c083172" candidate_term: 1 candidate_status { last_received { term: 0 index: 0 } } ignore_live_leader: false dest_uuid: "00a7defbf5024215ba9be2712ffdcfc2"
I20260709 14:55:15.093958 20778 leader_election.cc:290] T ae3cb21526ad4c19a20ea95c720d74d7 P 7bfa18fb29c54c84b7cc009b5c083172 [CANDIDATE]: Term 1 election: Requested vote from peers 64a0a29a26d94ebcb81cbd3eae80003b (127.18.244.1:33807), 00a7defbf5024215ba9be2712ffdcfc2 (127.18.244.2:40431)
I20260709 14:55:15.094139 20540 raft_consensus.cc:2468] T 851ac549b2714b9bae84ed0c721b7750 P 64a0a29a26d94ebcb81cbd3eae80003b [term 1 FOLLOWER]: Leader election vote request: Granting yes vote for candidate 00a7defbf5024215ba9be2712ffdcfc2 in term 1.
I20260709 14:55:15.094517 20778 raft_consensus.cc:2804] T ae3cb21526ad4c19a20ea95c720d74d7 P 7bfa18fb29c54c84b7cc009b5c083172 [term 1 FOLLOWER]: Leader election won for term 1
W20260709 14:55:15.094795 20655 leader_election.cc:343] T 739a1a8e7faa4452a6fc20bb51c67d0d P 7bfa18fb29c54c84b7cc009b5c083172 [CANDIDATE]: Term 1 election: Tablet error from VoteRequest() call to peer 00a7defbf5024215ba9be2712ffdcfc2 (127.18.244.2:40431): Illegal state: must be running to vote when last-logged opid is not known
I20260709 14:55:15.094976 20778 raft_consensus.cc:697] T ae3cb21526ad4c19a20ea95c720d74d7 P 7bfa18fb29c54c84b7cc009b5c083172 [term 1 LEADER]: Becoming Leader. State: Replica: 7bfa18fb29c54c84b7cc009b5c083172, State: Running, Role: LEADER
I20260709 14:55:15.095556 20616 tablet_service.cc:1917] Received RequestConsensusVote() RPC: tablet_id: "ae3cb21526ad4c19a20ea95c720d74d7" candidate_uuid: "7bfa18fb29c54c84b7cc009b5c083172" candidate_term: 1 candidate_status { last_received { term: 0 index: 0 } } ignore_live_leader: false dest_uuid: "00a7defbf5024215ba9be2712ffdcfc2"
I20260709 14:55:15.096134 20616 raft_consensus.cc:3060] T ae3cb21526ad4c19a20ea95c720d74d7 P 00a7defbf5024215ba9be2712ffdcfc2 [term 0 FOLLOWER]: Advancing to term 1
I20260709 14:55:15.095782 20778 consensus_queue.cc:237] T ae3cb21526ad4c19a20ea95c720d74d7 P 7bfa18fb29c54c84b7cc009b5c083172 [LEADER]: Queue going to LEADER mode. State: All replicated index: 0, Majority replicated index: 0, Committed index: 0, Last appended: 0.0, Last appended by leader: 0, Current term: 1, Majority size: 2, State: 0, Mode: LEADER, active raft config: opid_index: -1 OBSOLETE_local: false peers { permanent_uuid: "64a0a29a26d94ebcb81cbd3eae80003b" member_type: VOTER last_known_addr { host: "127.18.244.1" port: 33807 } } peers { permanent_uuid: "00a7defbf5024215ba9be2712ffdcfc2" member_type: VOTER last_known_addr { host: "127.18.244.2" port: 40431 } } peers { permanent_uuid: "7bfa18fb29c54c84b7cc009b5c083172" member_type: VOTER last_known_addr { host: "127.18.244.3" port: 34583 } }
I20260709 14:55:15.097373 20773 leader_election.cc:290] T 5337096874a742088b8f31590557dc50 P 64a0a29a26d94ebcb81cbd3eae80003b [CANDIDATE]: Term 1 pre-election: Requested pre-vote from peers 00a7defbf5024215ba9be2712ffdcfc2 (127.18.244.2:40431), 7bfa18fb29c54c84b7cc009b5c083172 (127.18.244.3:34583)
