I20260709 14:46:05.847956  1635 leader_election.cc:304] T 1fb9c398dba44f7db984c29b40fb1f77 P 1a3911a4b7884338bb9a139e479c46c6 [CANDIDATE]: Term 1 pre-election: Election decided. Result: candidate lost. Election summary: received 3 responses out of 3 voters: 1 yes votes; 2 no votes. yes voters: 1a3911a4b7884338bb9a139e479c46c6; no voters: ab80a03ff97144b0b827edb40c4ca3ec, fbfc8c41afd24dd3ad9d381f8d064a85
I20260709 14:46:05.854362  1903 raft_consensus.cc:3060] T 1fb9c398dba44f7db984c29b40fb1f77 P 1a3911a4b7884338bb9a139e479c46c6 [term 0 FOLLOWER]: Advancing to term 1
I20260709 14:46:05.855894  1663 tablet_service.cc:1917] Received RequestConsensusVote() RPC: tablet_id: "07311d859d0844be80cea3d0895777a5" candidate_uuid: "ab80a03ff97144b0b827edb40c4ca3ec" candidate_term: 1 candidate_status { last_received { term: 0 index: 0 } } ignore_live_leader: false dest_uuid: "1a3911a4b7884338bb9a139e479c46c6" is_pre_election: true
I20260709 14:46:05.855351  1875 consensus_queue.cc:1048] T c4b3688eb0444dea886c43a9f96f077f P fbfc8c41afd24dd3ad9d381f8d064a85 [LEADER]: Connected to new peer: Peer: permanent_uuid: "ab80a03ff97144b0b827edb40c4ca3ec" member_type: VOTER last_known_addr { host: "127.0.107.194" port: 40057 }, Status: LMP_MISMATCH, Last received: 0.0, Next index: 1, Last known committed idx: 0, Time since last communication: 0.002s
I20260709 14:46:05.857568  1520 tablet_service.cc:1917] Received RequestConsensusVote() RPC: tablet_id: "07311d859d0844be80cea3d0895777a5" candidate_uuid: "ab80a03ff97144b0b827edb40c4ca3ec" candidate_term: 1 candidate_status { last_received { term: 0 index: 0 } } ignore_live_leader: false dest_uuid: "fbfc8c41afd24dd3ad9d381f8d064a85" is_pre_election: true
W20260709 14:46:05.861095  1562 leader_election.cc:343] T 07311d859d0844be80cea3d0895777a5 P ab80a03ff97144b0b827edb40c4ca3ec [CANDIDATE]: Term 1 pre-election: Tablet error from VoteRequest() call to peer 1a3911a4b7884338bb9a139e479c46c6 (127.0.107.195:40039): Illegal state: must be running to vote when last-logged opid is not known
I20260709 14:46:05.856954  1967 consensus_queue.cc:237] T 4fb93b7d3192406cb8e69ca494f9efd9 P 1a3911a4b7884338bb9a139e479c46c6 [LEADER]: Queue going to LEADER mode. State: All replicated index: 0, Majority replicated index: 0, Committed index: 0, Last appended: 0.0, Last appended by leader: 0, Current term: 1, Majority size: 2, State: 0, Mode: LEADER, active raft config: opid_index: -1 OBSOLETE_local: false peers { permanent_uuid: "fbfc8c41afd24dd3ad9d381f8d064a85" member_type: VOTER last_known_addr { host: "127.0.107.193" port: 36025 } } peers { permanent_uuid: "ab80a03ff97144b0b827edb40c4ca3ec" member_type: VOTER last_known_addr { host: "127.0.107.194" port: 40057 } } peers { permanent_uuid: "1a3911a4b7884338bb9a139e479c46c6" member_type: VOTER last_known_addr { host: "127.0.107.195" port: 40039 } }
W20260709 14:46:05.866081  1561 leader_election.cc:343] T 07311d859d0844be80cea3d0895777a5 P ab80a03ff97144b0b827edb40c4ca3ec [CANDIDATE]: Term 1 pre-election: Tablet error from VoteRequest() call to peer fbfc8c41afd24dd3ad9d381f8d064a85 (127.0.107.193:36025): Illegal state: must be running to vote when last-logged opid is not known
I20260709 14:46:05.866447  1561 leader_election.cc:304] T 07311d859d0844be80cea3d0895777a5 P ab80a03ff97144b0b827edb40c4ca3ec [CANDIDATE]: Term 1 pre-election: Election decided. Result: candidate lost. Election summary: received 3 responses out of 3 voters: 1 yes votes; 2 no votes. yes voters: ab80a03ff97144b0b827edb40c4ca3ec; no voters: 1a3911a4b7884338bb9a139e479c46c6, fbfc8c41afd24dd3ad9d381f8d064a85
I20260709 14:46:05.872283  1715 raft_consensus.cc:2749] T 07311d859d0844be80cea3d0895777a5 P ab80a03ff97144b0b827edb40c4ca3ec [term 0 FOLLOWER]: Leader pre-election lost for term 1. Reason: could not achieve majority
I20260709 14:46:05.877658  1715 consensus_queue.cc:1048] T 77f8f42aafde47fcbd834846f3a6e85a P ab80a03ff97144b0b827edb40c4ca3ec [LEADER]: Connected to new peer: Peer: permanent_uuid: "fbfc8c41afd24dd3ad9d381f8d064a85" member_type: VOTER last_known_addr { host: "127.0.107.193" port: 36025 }, Status: LMP_MISMATCH, Last received: 0.0, Next index: 1, Last known committed idx: 0, Time since last communication: 0.001s
I20260709 14:46:05.880116  1711 tablet_bootstrap.cc:654] T efd74dbd3f0f4efeba37fd23f27918af P fbfc8c41afd24dd3ad9d381f8d064a85: Neither blocks nor log segments found. Creating new log.
I20260709 14:46:05.888778  1709 tablet_bootstrap.cc:654] T b7977f798ed74223ad61eea37087f049 P 1a3911a4b7884338bb9a139e479c46c6: Neither blocks nor log segments found. Creating new log.
W20260709 14:46:05.899075  1561 consensus_peers.cc:597] T f71bb7b68d9845d9a70e26ea34f06cfe P ab80a03ff97144b0b827edb40c4ca3ec -> Peer fbfc8c41afd24dd3ad9d381f8d064a85 (127.0.107.193:36025): Couldn't send request to peer fbfc8c41afd24dd3ad9d381f8d064a85. Error code: TABLET_NOT_RUNNING (12). Status: Illegal state: Tablet not RUNNING: INITIALIZED. This is attempt 1: this message will repeat every 5th retry.
I20260709 14:46:05.899919  1878 consensus_queue.cc:1048] T 8b3e60b68a0a443d8091e55632a6b5ac P fbfc8c41afd24dd3ad9d381f8d064a85 [LEADER]: Connected to new peer: Peer: permanent_uuid: "ab80a03ff97144b0b827edb40c4ca3ec" member_type: VOTER last_known_addr { host: "127.0.107.194" port: 40057 }, Status: LMP_MISMATCH, Last received: 0.0, Next index: 1, Last known committed idx: 0, Time since last communication: 0.000s
I20260709 14:46:05.916148  1903 raft_consensus.cc:2749] T 1fb9c398dba44f7db984c29b40fb1f77 P 1a3911a4b7884338bb9a139e479c46c6 [term 1 FOLLOWER]: Leader pre-election lost for term 1. Reason: could not achieve majority
I20260709 14:46:05.934422  1710 tablet_bootstrap.cc:492] T 541375d0950d49cba918bce6a526fe68 P ab80a03ff97144b0b827edb40c4ca3ec: No bootstrap required, opened a new log
I20260709 14:46:05.934801  1710 ts_tablet_manager.cc:1403] T 541375d0950d49cba918bce6a526fe68 P ab80a03ff97144b0b827edb40c4ca3ec: Time spent bootstrapping tablet: real 0.147s	user 0.015s	sys 0.003s
I20260709 14:46:05.941596  1880 consensus_queue.cc:1048] T 77f8f42aafde47fcbd834846f3a6e85a P ab80a03ff97144b0b827edb40c4ca3ec [LEADER]: Connected to new peer: Peer: permanent_uuid: "1a3911a4b7884338bb9a139e479c46c6" member_type: VOTER last_known_addr { host: "127.0.107.195" port: 40039 }, Status: LMP_MISMATCH, Last received: 0.0, Next index: 1, Last known committed idx: 0, Time since last communication: 0.000s
I20260709 14:46:05.946043  1710 raft_consensus.cc:359] T 541375d0950d49cba918bce6a526fe68 P ab80a03ff97144b0b827edb40c4ca3ec [term 0 FOLLOWER]: Replica starting. Triggering 0 pending ops. Active config: opid_index: -1 OBSOLETE_local: false peers { permanent_uuid: "fbfc8c41afd24dd3ad9d381f8d064a85" member_type: VOTER last_known_addr { host: "127.0.107.193" port: 36025 } } peers { permanent_uuid: "ab80a03ff97144b0b827edb40c4ca3ec" member_type: VOTER last_known_addr { host: "127.0.107.194" port: 40057 } } peers { permanent_uuid: "1a3911a4b7884338bb9a139e479c46c6" member_type: VOTER last_known_addr { host: "127.0.107.195" port: 40039 } }
I20260709 14:46:05.946496  1710 raft_consensus.cc:385] T 541375d0950d49cba918bce6a526fe68 P ab80a03ff97144b0b827edb40c4ca3ec [term 0 FOLLOWER]: Consensus starting up: Expiring failure detector timer to make a prompt election more likely
I20260709 14:46:05.946691  1710 raft_consensus.cc:740] T 541375d0950d49cba918bce6a526fe68 P ab80a03ff97144b0b827edb40c4ca3ec [term 0 FOLLOWER]: Becoming Follower/Learner. State: Replica: ab80a03ff97144b0b827edb40c4ca3ec, State: Initialized, Role: FOLLOWER
I20260709 14:46:05.947239  1710 consensus_queue.cc:260] T 541375d0950d49cba918bce6a526fe68 P ab80a03ff97144b0b827edb40c4ca3ec [NON_LEADER]: Queue going to NON_LEADER mode. State: All replicated index: 0, Majority replicated index: 0, Committed index: 0, Last appended: 0.0, Last appended by leader: 0, Current term: 0, Majority size: -1, State: 0, Mode: NON_LEADER, active raft config: opid_index: -1 OBSOLETE_local: false peers { permanent_uuid: "fbfc8c41afd24dd3ad9d381f8d064a85" member_type: VOTER last_known_addr { host: "127.0.107.193" port: 36025 } } peers { permanent_uuid: "ab80a03ff97144b0b827edb40c4ca3ec" member_type: VOTER last_known_addr { host: "127.0.107.194" port: 40057 } } peers { permanent_uuid: "1a3911a4b7884338bb9a139e479c46c6" member_type: VOTER last_known_addr { host: "127.0.107.195" port: 40039 } }
I20260709 14:46:05.949820  1710 ts_tablet_manager.cc:1434] T 541375d0950d49cba918bce6a526fe68 P ab80a03ff97144b0b827edb40c4ca3ec: Time spent starting tablet: real 0.015s	user 0.005s	sys 0.000s
I20260709 14:46:05.950631  1710 tablet_bootstrap.cc:492] T 49274ac1a38042f286f70401b692d665 P ab80a03ff97144b0b827edb40c4ca3ec: Bootstrap starting.
I20260709 14:46:05.976116  1709 tablet_bootstrap.cc:492] T b7977f798ed74223ad61eea37087f049 P 1a3911a4b7884338bb9a139e479c46c6: No bootstrap required, opened a new log
I20260709 14:46:05.976544  1709 ts_tablet_manager.cc:1403] T b7977f798ed74223ad61eea37087f049 P 1a3911a4b7884338bb9a139e479c46c6: Time spent bootstrapping tablet: real 0.167s	user 0.005s	sys 0.007s
I20260709 14:46:05.977525  1778 raft_consensus.cc:493] T 541375d0950d49cba918bce6a526fe68 P ab80a03ff97144b0b827edb40c4ca3ec [term 0 FOLLOWER]: Starting pre-election (no leader contacted us within the election timeout)
I20260709 14:46:06.000952  1711 tablet_bootstrap.cc:492] T efd74dbd3f0f4efeba37fd23f27918af P fbfc8c41afd24dd3ad9d381f8d064a85: No bootstrap required, opened a new log
I20260709 14:46:06.001423  1711 ts_tablet_manager.cc:1403] T efd74dbd3f0f4efeba37fd23f27918af P fbfc8c41afd24dd3ad9d381f8d064a85: Time spent bootstrapping tablet: real 0.200s	user 0.011s	sys 0.031s
I20260709 14:46:06.001961  1709 raft_consensus.cc:359] T b7977f798ed74223ad61eea37087f049 P 1a3911a4b7884338bb9a139e479c46c6 [term 0 FOLLOWER]: Replica starting. Triggering 0 pending ops. Active config: opid_index: -1 OBSOLETE_local: false peers { permanent_uuid: "fbfc8c41afd24dd3ad9d381f8d064a85" member_type: VOTER last_known_addr { host: "127.0.107.193" port: 36025 } } peers { permanent_uuid: "ab80a03ff97144b0b827edb40c4ca3ec" member_type: VOTER last_known_addr { host: "127.0.107.194" port: 40057 } } peers { permanent_uuid: "1a3911a4b7884338bb9a139e479c46c6" member_type: VOTER last_known_addr { host: "127.0.107.195" port: 40039 } }
I20260709 14:46:06.002525  1709 raft_consensus.cc:385] T b7977f798ed74223ad61eea37087f049 P 1a3911a4b7884338bb9a139e479c46c6 [term 0 FOLLOWER]: Consensus starting up: Expiring failure detector timer to make a prompt election more likely
I20260709 14:46:06.002766  1709 raft_consensus.cc:740] T b7977f798ed74223ad61eea37087f049 P 1a3911a4b7884338bb9a139e479c46c6 [term 0 FOLLOWER]: Becoming Follower/Learner. State: Replica: 1a3911a4b7884338bb9a139e479c46c6, State: Initialized, Role: FOLLOWER
I20260709 14:46:06.004034  1709 consensus_queue.cc:260] T b7977f798ed74223ad61eea37087f049 P 1a3911a4b7884338bb9a139e479c46c6 [NON_LEADER]: Queue going to NON_LEADER mode. State: All replicated index: 0, Majority replicated index: 0, Committed index: 0, Last appended: 0.0, Last appended by leader: 0, Current term: 0, Majority size: -1, State: 0, Mode: NON_LEADER, active raft config: opid_index: -1 OBSOLETE_local: false peers { permanent_uuid: "fbfc8c41afd24dd3ad9d381f8d064a85" member_type: VOTER last_known_addr { host: "127.0.107.193" port: 36025 } } peers { permanent_uuid: "ab80a03ff97144b0b827edb40c4ca3ec" member_type: VOTER last_known_addr { host: "127.0.107.194" port: 40057 } } peers { permanent_uuid: "1a3911a4b7884338bb9a139e479c46c6" member_type: VOTER last_known_addr { host: "127.0.107.195" port: 40039 } }
I20260709 14:46:06.006140  1709 ts_tablet_manager.cc:1434] T b7977f798ed74223ad61eea37087f049 P 1a3911a4b7884338bb9a139e479c46c6: Time spent starting tablet: real 0.029s	user 0.006s	sys 0.000s
I20260709 14:46:06.006994  1709 tablet_bootstrap.cc:492] T 18505f3510564d8287561ccb68a2665a P 1a3911a4b7884338bb9a139e479c46c6: Bootstrap starting.
I20260709 14:46:05.991256  1778 raft_consensus.cc:515] T 541375d0950d49cba918bce6a526fe68 P ab80a03ff97144b0b827edb40c4ca3ec [term 0 FOLLOWER]: Starting pre-election with config: opid_index: -1 OBSOLETE_local: false peers { permanent_uuid: "fbfc8c41afd24dd3ad9d381f8d064a85" member_type: VOTER last_known_addr { host: "127.0.107.193" port: 36025 } } peers { permanent_uuid: "ab80a03ff97144b0b827edb40c4ca3ec" member_type: VOTER last_known_addr { host: "127.0.107.194" port: 40057 } } peers { permanent_uuid: "1a3911a4b7884338bb9a139e479c46c6" member_type: VOTER last_known_addr { host: "127.0.107.195" port: 40039 } }
I20260709 14:46:05.994463  1995 consensus_queue.cc:1048] T 1fb9c398dba44f7db984c29b40fb1f77 P fbfc8c41afd24dd3ad9d381f8d064a85 [LEADER]: Connected to new peer: Peer: permanent_uuid: "1a3911a4b7884338bb9a139e479c46c6" member_type: VOTER last_known_addr { host: "127.0.107.195" port: 40039 }, Status: LMP_MISMATCH, Last received: 0.0, Next index: 1, Last known committed idx: 0, Time since last communication: 0.012s
I20260709 14:46:06.014570  1778 leader_election.cc:290] T 541375d0950d49cba918bce6a526fe68 P ab80a03ff97144b0b827edb40c4ca3ec [CANDIDATE]: Term 1 pre-election: Requested pre-vote from peers fbfc8c41afd24dd3ad9d381f8d064a85 (127.0.107.193:36025), 1a3911a4b7884338bb9a139e479c46c6 (127.0.107.195:40039)
I20260709 14:46:06.018334  1417 catalog_manager.cc:5697] T 4fb93b7d3192406cb8e69ca494f9efd9 P 1a3911a4b7884338bb9a139e479c46c6 reported cstate change: term changed from 0 to 1, leader changed from <none> to 1a3911a4b7884338bb9a139e479c46c6 (127.0.107.195). New cstate: current_term: 1 leader_uuid: "1a3911a4b7884338bb9a139e479c46c6" committed_config { opid_index: -1 OBSOLETE_local: false peers { permanent_uuid: "fbfc8c41afd24dd3ad9d381f8d064a85" member_type: VOTER last_known_addr { host: "127.0.107.193" port: 36025 } health_report { overall_health: UNKNOWN } } peers { permanent_uuid: "ab80a03ff97144b0b827edb40c4ca3ec" member_type: VOTER last_known_addr { host: "127.0.107.194" port: 40057 } health_report { overall_health: UNKNOWN } } peers { permanent_uuid: "1a3911a4b7884338bb9a139e479c46c6" member_type: VOTER last_known_addr { host: "127.0.107.195" port: 40039 } health_report { overall_health: HEALTHY } } }
I20260709 14:46:06.041728  1520 tablet_service.cc:1917] Received RequestConsensusVote() RPC: tablet_id: "541375d0950d49cba918bce6a526fe68" candidate_uuid: "ab80a03ff97144b0b827edb40c4ca3ec" candidate_term: 1 candidate_status { last_received { term: 0 index: 0 } } ignore_live_leader: false dest_uuid: "fbfc8c41afd24dd3ad9d381f8d064a85" is_pre_election: true
I20260709 14:46:06.053479  1669 tablet_service.cc:1917] Received RequestConsensusVote() RPC: tablet_id: "541375d0950d49cba918bce6a526fe68" candidate_uuid: "ab80a03ff97144b0b827edb40c4ca3ec" candidate_term: 1 candidate_status { last_received { term: 0 index: 0 } } ignore_live_leader: false dest_uuid: "1a3911a4b7884338bb9a139e479c46c6" is_pre_election: true
I20260709 14:46:06.057336  1710 tablet_bootstrap.cc:654] T 49274ac1a38042f286f70401b692d665 P ab80a03ff97144b0b827edb40c4ca3ec: Neither blocks nor log segments found. Creating new log.
I20260709 14:46:06.060343  1997 raft_consensus.cc:493] T a5a1d10ecbc54e059852bd61dc2dd61a P 1a3911a4b7884338bb9a139e479c46c6 [term 0 FOLLOWER]: Starting pre-election (no leader contacted us within the election timeout)
I20260709 14:46:06.060873  1997 raft_consensus.cc:515] T a5a1d10ecbc54e059852bd61dc2dd61a P 1a3911a4b7884338bb9a139e479c46c6 [term 0 FOLLOWER]: Starting pre-election with config: opid_index: -1 OBSOLETE_local: false peers { permanent_uuid: "fbfc8c41afd24dd3ad9d381f8d064a85" member_type: VOTER last_known_addr { host: "127.0.107.193" port: 36025 } } peers { permanent_uuid: "ab80a03ff97144b0b827edb40c4ca3ec" member_type: VOTER last_known_addr { host: "127.0.107.194" port: 40057 } } peers { permanent_uuid: "1a3911a4b7884338bb9a139e479c46c6" member_type: VOTER last_known_addr { host: "127.0.107.195" port: 40039 } }
W20260709 14:46:06.065544  1562 leader_election.cc:343] T 541375d0950d49cba918bce6a526fe68 P ab80a03ff97144b0b827edb40c4ca3ec [CANDIDATE]: Term 1 pre-election: Tablet error from VoteRequest() call to peer 1a3911a4b7884338bb9a139e479c46c6 (127.0.107.195:40039): Illegal state: must be running to vote when last-logged opid is not known
I20260709 14:46:06.066699  1997 leader_election.cc:290] T a5a1d10ecbc54e059852bd61dc2dd61a P 1a3911a4b7884338bb9a139e479c46c6 [CANDIDATE]: Term 1 pre-election: Requested pre-vote from peers fbfc8c41afd24dd3ad9d381f8d064a85 (127.0.107.193:36025), ab80a03ff97144b0b827edb40c4ca3ec (127.0.107.194:40057)
I20260709 14:46:06.068094  1516 tablet_service.cc:1917] Received RequestConsensusVote() RPC: tablet_id: "a5a1d10ecbc54e059852bd61dc2dd61a" candidate_uuid: "1a3911a4b7884338bb9a139e479c46c6" candidate_term: 1 candidate_status { last_received { term: 0 index: 0 } } ignore_live_leader: false dest_uuid: "fbfc8c41afd24dd3ad9d381f8d064a85" is_pre_election: true
I20260709 14:46:06.068687  1516 raft_consensus.cc:2468] T a5a1d10ecbc54e059852bd61dc2dd61a P fbfc8c41afd24dd3ad9d381f8d064a85 [term 0 FOLLOWER]: Leader pre-election vote request: Granting yes vote for candidate 1a3911a4b7884338bb9a139e479c46c6 in term 0.
I20260709 14:46:06.069689  1635 leader_election.cc:304] T a5a1d10ecbc54e059852bd61dc2dd61a P 1a3911a4b7884338bb9a139e479c46c6 [CANDIDATE]: Term 1 pre-election: Election decided. Result: candidate won. Election summary: received 2 responses out of 3 voters: 2 yes votes; 0 no votes. yes voters: 1a3911a4b7884338bb9a139e479c46c6, fbfc8c41afd24dd3ad9d381f8d064a85; no voters: 
I20260709 14:46:06.070417  1997 raft_consensus.cc:2804] T a5a1d10ecbc54e059852bd61dc2dd61a P 1a3911a4b7884338bb9a139e479c46c6 [term 0 FOLLOWER]: Leader pre-election won for term 1
I20260709 14:46:06.071024  1997 raft_consensus.cc:493] T a5a1d10ecbc54e059852bd61dc2dd61a P 1a3911a4b7884338bb9a139e479c46c6 [term 0 FOLLOWER]: Starting leader election (no leader contacted us within the election timeout)
I20260709 14:46:06.071342  1997 raft_consensus.cc:3060] T a5a1d10ecbc54e059852bd61dc2dd61a P 1a3911a4b7884338bb9a139e479c46c6 [term 0 FOLLOWER]: Advancing to term 1
W20260709 14:46:06.078337  1561 leader_election.cc:343] T 541375d0950d49cba918bce6a526fe68 P ab80a03ff97144b0b827edb40c4ca3ec [CANDIDATE]: Term 1 pre-election: Tablet error from VoteRequest() call to peer fbfc8c41afd24dd3ad9d381f8d064a85 (127.0.107.193:36025): Illegal state: must be running to vote when last-logged opid is not known
I20260709 14:46:06.078737  1561 leader_election.cc:304] T 541375d0950d49cba918bce6a526fe68 P ab80a03ff97144b0b827edb40c4ca3ec [CANDIDATE]: Term 1 pre-election: Election decided. Result: candidate lost. Election summary: received 3 responses out of 3 voters: 1 yes votes; 2 no votes. yes voters: ab80a03ff97144b0b827edb40c4ca3ec; no voters: 1a3911a4b7884338bb9a139e479c46c6, fbfc8c41afd24dd3ad9d381f8d064a85
I20260709 14:46:06.082031  1897 raft_consensus.cc:2749] T 541375d0950d49cba918bce6a526fe68 P ab80a03ff97144b0b827edb40c4ca3ec [term 0 FOLLOWER]: Leader pre-election lost for term 1. Reason: could not achieve majority
I20260709 14:46:06.088486  1715 raft_consensus.cc:493] T b7977f798ed74223ad61eea37087f049 P ab80a03ff97144b0b827edb40c4ca3ec [term 0 FOLLOWER]: Starting pre-election (no leader contacted us within the election timeout)
I20260709 14:46:06.091745  1590 tablet_service.cc:1917] Received RequestConsensusVote() RPC: tablet_id: "a5a1d10ecbc54e059852bd61dc2dd61a" candidate_uuid: "1a3911a4b7884338bb9a139e479c46c6" candidate_term: 1 candidate_status { last_received { term: 0 index: 0 } } ignore_live_leader: false dest_uuid: "ab80a03ff97144b0b827edb40c4ca3ec" is_pre_election: true
I20260709 14:46:06.092338  1590 raft_consensus.cc:2468] T a5a1d10ecbc54e059852bd61dc2dd61a P ab80a03ff97144b0b827edb40c4ca3ec [term 0 FOLLOWER]: Leader pre-election vote request: Granting yes vote for candidate 1a3911a4b7884338bb9a139e479c46c6 in term 0.
I20260709 14:46:06.088929  1715 raft_consensus.cc:515] T b7977f798ed74223ad61eea37087f049 P ab80a03ff97144b0b827edb40c4ca3ec [term 0 FOLLOWER]: Starting pre-election with config: opid_index: -1 OBSOLETE_local: false peers { permanent_uuid: "fbfc8c41afd24dd3ad9d381f8d064a85" member_type: VOTER last_known_addr { host: "127.0.107.193" port: 36025 } } peers { permanent_uuid: "ab80a03ff97144b0b827edb40c4ca3ec" member_type: VOTER last_known_addr { host: "127.0.107.194" port: 40057 } } peers { permanent_uuid: "1a3911a4b7884338bb9a139e479c46c6" member_type: VOTER last_known_addr { host: "127.0.107.195" port: 40039 } }
I20260709 14:46:06.103087  1709 tablet_bootstrap.cc:654] T 18505f3510564d8287561ccb68a2665a P 1a3911a4b7884338bb9a139e479c46c6: Neither blocks nor log segments found. Creating new log.
I20260709 14:46:06.103510  1878 consensus_queue.cc:1048] T 8b3e60b68a0a443d8091e55632a6b5ac P fbfc8c41afd24dd3ad9d381f8d064a85 [LEADER]: Connected to new peer: Peer: permanent_uuid: "1a3911a4b7884338bb9a139e479c46c6" member_type: VOTER last_known_addr { host: "127.0.107.195" port: 40039 }, Status: LMP_MISMATCH, Last received: 0.0, Next index: 1, Last known committed idx: 0, Time since last communication: 0.001s
I20260709 14:46:06.110679  1715 leader_election.cc:290] T b7977f798ed74223ad61eea37087f049 P ab80a03ff97144b0b827edb40c4ca3ec [CANDIDATE]: Term 1 pre-election: Requested pre-vote from peers fbfc8c41afd24dd3ad9d381f8d064a85 (127.0.107.193:36025), 1a3911a4b7884338bb9a139e479c46c6 (127.0.107.195:40039)
I20260709 14:46:06.124624  1711 raft_consensus.cc:359] T efd74dbd3f0f4efeba37fd23f27918af P fbfc8c41afd24dd3ad9d381f8d064a85 [term 0 FOLLOWER]: Replica starting. Triggering 0 pending ops. Active config: opid_index: -1 OBSOLETE_local: false peers { permanent_uuid: "fbfc8c41afd24dd3ad9d381f8d064a85" member_type: VOTER last_known_addr { host: "127.0.107.193" port: 36025 } } peers { permanent_uuid: "ab80a03ff97144b0b827edb40c4ca3ec" member_type: VOTER last_known_addr { host: "127.0.107.194" port: 40057 } } peers { permanent_uuid: "1a3911a4b7884338bb9a139e479c46c6" member_type: VOTER last_known_addr { host: "127.0.107.195" port: 40039 } }
I20260709 14:46:06.125342  1711 raft_consensus.cc:385] T efd74dbd3f0f4efeba37fd23f27918af P fbfc8c41afd24dd3ad9d381f8d064a85 [term 0 FOLLOWER]: Consensus starting up: Expiring failure detector timer to make a prompt election more likely
I20260709 14:46:06.125625  1711 raft_consensus.cc:740] T efd74dbd3f0f4efeba37fd23f27918af P fbfc8c41afd24dd3ad9d381f8d064a85 [term 0 FOLLOWER]: Becoming Follower/Learner. State: Replica: fbfc8c41afd24dd3ad9d381f8d064a85, State: Initialized, Role: FOLLOWER
I20260709 14:46:06.129065  1520 tablet_service.cc:1917] Received RequestConsensusVote() RPC: tablet_id: "b7977f798ed74223ad61eea37087f049" candidate_uuid: "ab80a03ff97144b0b827edb40c4ca3ec" candidate_term: 1 candidate_status { last_received { term: 0 index: 0 } } ignore_live_leader: false dest_uuid: "fbfc8c41afd24dd3ad9d381f8d064a85" is_pre_election: true
I20260709 14:46:06.129623  1520 raft_consensus.cc:2468] T b7977f798ed74223ad61eea37087f049 P fbfc8c41afd24dd3ad9d381f8d064a85 [term 0 FOLLOWER]: Leader pre-election vote request: Granting yes vote for candidate ab80a03ff97144b0b827edb40c4ca3ec in term 0.
I20260709 14:46:06.084298  2011 consensus_queue.cc:1048] T 1fb9c398dba44f7db984c29b40fb1f77 P fbfc8c41afd24dd3ad9d381f8d064a85 [LEADER]: Connected to new peer: Peer: permanent_uuid: "ab80a03ff97144b0b827edb40c4ca3ec" member_type: VOTER last_known_addr { host: "127.0.107.194" port: 40057 }, Status: LMP_MISMATCH, Last received: 0.0, Next index: 1, Last known committed idx: 0, Time since last communication: 0.036s
W20260709 14:46:06.130184  2008 log.cc:927] Time spent T 4fb93b7d3192406cb8e69ca494f9efd9 P 1a3911a4b7884338bb9a139e479c46c6: Append to log took a long time: real 0.100s	user 0.001s	sys 0.000s
I20260709 14:46:06.131019  1561 leader_election.cc:304] T b7977f798ed74223ad61eea37087f049 P ab80a03ff97144b0b827edb40c4ca3ec [CANDIDATE]: Term 1 pre-election: Election decided. Result: candidate won. Election summary: received 2 responses out of 3 voters: 2 yes votes; 0 no votes. yes voters: ab80a03ff97144b0b827edb40c4ca3ec, fbfc8c41afd24dd3ad9d381f8d064a85; no voters: 
I20260709 14:46:06.130761  1711 consensus_queue.cc:260] T efd74dbd3f0f4efeba37fd23f27918af P fbfc8c41afd24dd3ad9d381f8d064a85 [NON_LEADER]: Queue going to NON_LEADER mode. State: All replicated index: 0, Majority replicated index: 0, Committed index: 0, Last appended: 0.0, Last appended by leader: 0, Current term: 0, Majority size: -1, State: 0, Mode: NON_LEADER, active raft config: opid_index: -1 OBSOLETE_local: false peers { permanent_uuid: "fbfc8c41afd24dd3ad9d381f8d064a85" member_type: VOTER last_known_addr { host: "127.0.107.193" port: 36025 } } peers { permanent_uuid: "ab80a03ff97144b0b827edb40c4ca3ec" member_type: VOTER last_known_addr { host: "127.0.107.194" port: 40057 } } peers { permanent_uuid: "1a3911a4b7884338bb9a139e479c46c6" member_type: VOTER last_known_addr { host: "127.0.107.195" port: 40039 } }
I20260709 14:46:06.142091  1669 tablet_service.cc:1917] Received RequestConsensusVote() RPC: tablet_id: "b7977f798ed74223ad61eea37087f049" candidate_uuid: "ab80a03ff97144b0b827edb40c4ca3ec" candidate_term: 1 candidate_status { last_received { term: 0 index: 0 } } ignore_live_leader: false dest_uuid: "1a3911a4b7884338bb9a139e479c46c6" is_pre_election: true
I20260709 14:46:06.142740  1669 raft_consensus.cc:2468] T b7977f798ed74223ad61eea37087f049 P 1a3911a4b7884338bb9a139e479c46c6 [term 0 FOLLOWER]: Leader pre-election vote request: Granting yes vote for candidate ab80a03ff97144b0b827edb40c4ca3ec in term 0.
I20260709 14:46:06.144858  1669 raft_consensus.cc:1275] T badb686ceb41403f840dd430afdb2334 P 1a3911a4b7884338bb9a139e479c46c6 [term 3 FOLLOWER]: Refusing update from remote peer fbfc8c41afd24dd3ad9d381f8d064a85: Log matching property violated. Preceding OpId in replica: term: 1 index: 1. Preceding OpId from leader: term: 3 index: 2. (index mismatch)
I20260709 14:46:06.146086  1778 raft_consensus.cc:2804] T b7977f798ed74223ad61eea37087f049 P ab80a03ff97144b0b827edb40c4ca3ec [term 0 FOLLOWER]: Leader pre-election won for term 1
I20260709 14:46:06.146466  1778 raft_consensus.cc:493] T b7977f798ed74223ad61eea37087f049 P ab80a03ff97144b0b827edb40c4ca3ec [term 0 FOLLOWER]: Starting leader election (no leader contacted us within the election timeout)
I20260709 14:46:06.146786  1778 raft_consensus.cc:3060] T b7977f798ed74223ad61eea37087f049 P ab80a03ff97144b0b827edb40c4ca3ec [term 0 FOLLOWER]: Advancing to term 1
I20260709 14:46:06.151757  1875 consensus_queue.cc:1048] T badb686ceb41403f840dd430afdb2334 P fbfc8c41afd24dd3ad9d381f8d064a85 [LEADER]: Connected to new peer: Peer: permanent_uuid: "1a3911a4b7884338bb9a139e479c46c6" member_type: VOTER last_known_addr { host: "127.0.107.195" port: 40039 }, Status: LMP_MISMATCH, Last received: 0.0, Next index: 2, Last known committed idx: 1, Time since last communication: 0.000s
I20260709 14:46:06.157295  1710 tablet_bootstrap.cc:492] T 49274ac1a38042f286f70401b692d665 P ab80a03ff97144b0b827edb40c4ca3ec: No bootstrap required, opened a new log
I20260709 14:46:06.157724  1710 ts_tablet_manager.cc:1403] T 49274ac1a38042f286f70401b692d665 P ab80a03ff97144b0b827edb40c4ca3ec: Time spent bootstrapping tablet: real 0.207s	user 0.013s	sys 0.014s
I20260709 14:46:06.178292  1778 raft_consensus.cc:515] T b7977f798ed74223ad61eea37087f049 P ab80a03ff97144b0b827edb40c4ca3ec [term 1 FOLLOWER]: Starting leader election with config: opid_index: -1 OBSOLETE_local: false peers { permanent_uuid: "fbfc8c41afd24dd3ad9d381f8d064a85" member_type: VOTER last_known_addr { host: "127.0.107.193" port: 36025 } } peers { permanent_uuid: "ab80a03ff97144b0b827edb40c4ca3ec" member_type: VOTER last_known_addr { host: "127.0.107.194" port: 40057 } } peers { permanent_uuid: "1a3911a4b7884338bb9a139e479c46c6" member_type: VOTER last_known_addr { host: "127.0.107.195" port: 40039 } }
I20260709 14:46:06.179970  1711 ts_tablet_manager.cc:1434] T efd74dbd3f0f4efeba37fd23f27918af P fbfc8c41afd24dd3ad9d381f8d064a85: Time spent starting tablet: real 0.178s	user 0.009s	sys 0.000s
I20260709 14:46:06.180984  1711 tablet_bootstrap.cc:492] T f71bb7b68d9845d9a70e26ea34f06cfe P fbfc8c41afd24dd3ad9d381f8d064a85: Bootstrap starting.
I20260709 14:46:06.189721  1997 raft_consensus.cc:515] T a5a1d10ecbc54e059852bd61dc2dd61a P 1a3911a4b7884338bb9a139e479c46c6 [term 1 FOLLOWER]: Starting leader election with config: opid_index: -1 OBSOLETE_local: false peers { permanent_uuid: "fbfc8c41afd24dd3ad9d381f8d064a85" member_type: VOTER last_known_addr { host: "127.0.107.193" port: 36025 } } peers { permanent_uuid: "ab80a03ff97144b0b827edb40c4ca3ec" member_type: VOTER last_known_addr { host: "127.0.107.194" port: 40057 } } peers { permanent_uuid: "1a3911a4b7884338bb9a139e479c46c6" member_type: VOTER last_known_addr { host: "127.0.107.195" port: 40039 } }
I20260709 14:46:06.190104  1710 raft_consensus.cc:359] T 49274ac1a38042f286f70401b692d665 P ab80a03ff97144b0b827edb40c4ca3ec [term 0 FOLLOWER]: Replica starting. Triggering 0 pending ops. Active config: opid_index: -1 OBSOLETE_local: false peers { permanent_uuid: "fbfc8c41afd24dd3ad9d381f8d064a85" member_type: VOTER last_known_addr { host: "127.0.107.193" port: 36025 } } peers { permanent_uuid: "ab80a03ff97144b0b827edb40c4ca3ec" member_type: VOTER last_known_addr { host: "127.0.107.194" port: 40057 } } peers { permanent_uuid: "1a3911a4b7884338bb9a139e479c46c6" member_type: VOTER last_known_addr { host: "127.0.107.195" port: 40039 } }
I20260709 14:46:06.190923  1710 raft_consensus.cc:385] T 49274ac1a38042f286f70401b692d665 P ab80a03ff97144b0b827edb40c4ca3ec [term 0 FOLLOWER]: Consensus starting up: Expiring failure detector timer to make a prompt election more likely
I20260709 14:46:06.191246  1710 raft_consensus.cc:740] T 49274ac1a38042f286f70401b692d665 P ab80a03ff97144b0b827edb40c4ca3ec [term 0 FOLLOWER]: Becoming Follower/Learner. State: Replica: ab80a03ff97144b0b827edb40c4ca3ec, State: Initialized, Role: FOLLOWER
I20260709 14:46:06.191987  1997 leader_election.cc:290] T a5a1d10ecbc54e059852bd61dc2dd61a P 1a3911a4b7884338bb9a139e479c46c6 [CANDIDATE]: Term 1 election: Requested vote from peers fbfc8c41afd24dd3ad9d381f8d064a85 (127.0.107.193:36025), ab80a03ff97144b0b827edb40c4ca3ec (127.0.107.194:40057)
I20260709 14:46:06.191938  1710 consensus_queue.cc:260] T 49274ac1a38042f286f70401b692d665 P ab80a03ff97144b0b827edb40c4ca3ec [NON_LEADER]: Queue going to NON_LEADER mode. State: All replicated index: 0, Majority replicated index: 0, Committed index: 0, Last appended: 0.0, Last appended by leader: 0, Current term: 0, Majority size: -1, State: 0, Mode: NON_LEADER, active raft config: opid_index: -1 OBSOLETE_local: false peers { permanent_uuid: "fbfc8c41afd24dd3ad9d381f8d064a85" member_type: VOTER last_known_addr { host: "127.0.107.193" port: 36025 } } peers { permanent_uuid: "ab80a03ff97144b0b827edb40c4ca3ec" member_type: VOTER last_known_addr { host: "127.0.107.194" port: 40057 } } peers { permanent_uuid: "1a3911a4b7884338bb9a139e479c46c6" member_type: VOTER last_known_addr { host: "127.0.107.195" port: 40039 } }
I20260709 14:46:06.195457  1778 leader_election.cc:290] T b7977f798ed74223ad61eea37087f049 P ab80a03ff97144b0b827edb40c4ca3ec [CANDIDATE]: Term 1 election: Requested vote from peers fbfc8c41afd24dd3ad9d381f8d064a85 (127.0.107.193:36025), 1a3911a4b7884338bb9a139e479c46c6 (127.0.107.195:40039)
I20260709 14:46:06.197105  1710 ts_tablet_manager.cc:1434] T 49274ac1a38042f286f70401b692d665 P ab80a03ff97144b0b827edb40c4ca3ec: Time spent starting tablet: real 0.039s	user 0.004s	sys 0.003s
I20260709 14:46:06.197927  1710 tablet_bootstrap.cc:492] T d94dedb96b1e47269ad452bd5cfc81ca P ab80a03ff97144b0b827edb40c4ca3ec: Bootstrap starting.
I20260709 14:46:06.242087  1709 tablet_bootstrap.cc:492] T 18505f3510564d8287561ccb68a2665a P 1a3911a4b7884338bb9a139e479c46c6: No bootstrap required, opened a new log
I20260709 14:46:06.243305  1709 ts_tablet_manager.cc:1403] T 18505f3510564d8287561ccb68a2665a P 1a3911a4b7884338bb9a139e479c46c6: Time spent bootstrapping tablet: real 0.236s	user 0.012s	sys 0.023s
I20260709 14:46:06.246170  1593 tablet_service.cc:1917] Received RequestConsensusVote() RPC: tablet_id: "a5a1d10ecbc54e059852bd61dc2dd61a" candidate_uuid: "1a3911a4b7884338bb9a139e479c46c6" candidate_term: 1 candidate_status { last_received { term: 0 index: 0 } } ignore_live_leader: false dest_uuid: "ab80a03ff97144b0b827edb40c4ca3ec"
I20260709 14:46:06.247382  1593 raft_consensus.cc:3060] T a5a1d10ecbc54e059852bd61dc2dd61a P ab80a03ff97144b0b827edb40c4ca3ec [term 0 FOLLOWER]: Advancing to term 1
I20260709 14:46:06.237087  1520 tablet_service.cc:1917] Received RequestConsensusVote() RPC: tablet_id: "a5a1d10ecbc54e059852bd61dc2dd61a" candidate_uuid: "1a3911a4b7884338bb9a139e479c46c6" candidate_term: 1 candidate_status { last_received { term: 0 index: 0 } } ignore_live_leader: false dest_uuid: "fbfc8c41afd24dd3ad9d381f8d064a85"
I20260709 14:46:06.250797  1520 raft_consensus.cc:3060] T a5a1d10ecbc54e059852bd61dc2dd61a P fbfc8c41afd24dd3ad9d381f8d064a85 [term 0 FOLLOWER]: Advancing to term 1
I20260709 14:46:06.270977  1594 raft_consensus.cc:1275] T badb686ceb41403f840dd430afdb2334 P ab80a03ff97144b0b827edb40c4ca3ec [term 3 FOLLOWER]: Refusing update from remote peer fbfc8c41afd24dd3ad9d381f8d064a85: Log matching property violated. Preceding OpId in replica: term: 1 index: 1. Preceding OpId from leader: term: 3 index: 2. (index mismatch)
I20260709 14:46:06.281368  1520 raft_consensus.cc:2468] T a5a1d10ecbc54e059852bd61dc2dd61a P fbfc8c41afd24dd3ad9d381f8d064a85 [term 1 FOLLOWER]: Leader election vote request: Granting yes vote for candidate 1a3911a4b7884338bb9a139e479c46c6 in term 1.
I20260709 14:46:06.284214  1663 tablet_service.cc:1917] Received RequestConsensusVote() RPC: tablet_id: "b7977f798ed74223ad61eea37087f049" candidate_uuid: "ab80a03ff97144b0b827edb40c4ca3ec" candidate_term: 1 candidate_status { last_received { term: 0 index: 0 } } ignore_live_leader: false dest_uuid: "1a3911a4b7884338bb9a139e479c46c6"
I20260709 14:46:06.284458  1635 leader_election.cc:304] T a5a1d10ecbc54e059852bd61dc2dd61a P 1a3911a4b7884338bb9a139e479c46c6 [CANDIDATE]: Term 1 election: Election decided. Result: candidate won. Election summary: received 2 responses out of 3 voters: 2 yes votes; 0 no votes. yes voters: 1a3911a4b7884338bb9a139e479c46c6, fbfc8c41afd24dd3ad9d381f8d064a85; no voters: 
I20260709 14:46:06.284287  1517 tablet_service.cc:1917] Received RequestConsensusVote() RPC: tablet_id: "b7977f798ed74223ad61eea37087f049" candidate_uuid: "ab80a03ff97144b0b827edb40c4ca3ec" candidate_term: 1 candidate_status { last_received { term: 0 index: 0 } } ignore_live_leader: false dest_uuid: "fbfc8c41afd24dd3ad9d381f8d064a85"
I20260709 14:46:06.285130  1663 raft_consensus.cc:3060] T b7977f798ed74223ad61eea37087f049 P 1a3911a4b7884338bb9a139e479c46c6 [term 0 FOLLOWER]: Advancing to term 1
I20260709 14:46:06.285625  1517 raft_consensus.cc:3060] T b7977f798ed74223ad61eea37087f049 P fbfc8c41afd24dd3ad9d381f8d064a85 [term 0 FOLLOWER]: Advancing to term 1
I20260709 14:46:06.287045  1997 raft_consensus.cc:2804] T a5a1d10ecbc54e059852bd61dc2dd61a P 1a3911a4b7884338bb9a139e479c46c6 [term 1 FOLLOWER]: Leader election won for term 1
I20260709 14:46:06.287560  1997 raft_consensus.cc:697] T a5a1d10ecbc54e059852bd61dc2dd61a P 1a3911a4b7884338bb9a139e479c46c6 [term 1 LEADER]: Becoming Leader. State: Replica: 1a3911a4b7884338bb9a139e479c46c6, State: Running, Role: LEADER
I20260709 14:46:06.288583  1997 consensus_queue.cc:237] T a5a1d10ecbc54e059852bd61dc2dd61a P 1a3911a4b7884338bb9a139e479c46c6 [LEADER]: Queue going to LEADER mode. State: All replicated index: 0, Majority replicated index: 0, Committed index: 0, Last appended: 0.0, Last appended by leader: 0, Current term: 1, Majority size: 2, State: 0, Mode: LEADER, active raft config: opid_index: -1 OBSOLETE_local: false peers { permanent_uuid: "fbfc8c41afd24dd3ad9d381f8d064a85" member_type: VOTER last_known_addr { host: "127.0.107.193" port: 36025 } } peers { permanent_uuid: "ab80a03ff97144b0b827edb40c4ca3ec" member_type: VOTER last_known_addr { host: "127.0.107.194" port: 40057 } } peers { permanent_uuid: "1a3911a4b7884338bb9a139e479c46c6" member_type: VOTER last_known_addr { host: "127.0.107.195" port: 40039 } }
I20260709 14:46:06.291196  1709 raft_consensus.cc:359] T 18505f3510564d8287561ccb68a2665a P 1a3911a4b7884338bb9a139e479c46c6 [term 0 FOLLOWER]: Replica starting. Triggering 0 pending ops. Active config: opid_index: -1 OBSOLETE_local: false peers { permanent_uuid: "fbfc8c41afd24dd3ad9d381f8d064a85" member_type: VOTER last_known_addr { host: "127.0.107.193" port: 36025 } } peers { permanent_uuid: "ab80a03ff97144b0b827edb40c4ca3ec" member_type: VOTER last_known_addr { host: "127.0.107.194" port: 40057 } } peers { permanent_uuid: "1a3911a4b7884338bb9a139e479c46c6" member_type: VOTER last_known_addr { host: "127.0.107.195" port: 40039 } }
I20260709 14:46:06.291940  1709 raft_consensus.cc:385] T 18505f3510564d8287561ccb68a2665a P 1a3911a4b7884338bb9a139e479c46c6 [term 0 FOLLOWER]: Consensus starting up: Expiring failure detector timer to make a prompt election more likely
I20260709 14:46:06.292256  1709 raft_consensus.cc:740] T 18505f3510564d8287561ccb68a2665a P 1a3911a4b7884338bb9a139e479c46c6 [term 0 FOLLOWER]: Becoming Follower/Learner. State: Replica: 1a3911a4b7884338bb9a139e479c46c6, State: Initialized, Role: FOLLOWER
I20260709 14:46:06.302863  1709 consensus_queue.cc:260] T 18505f3510564d8287561ccb68a2665a P 1a3911a4b7884338bb9a139e479c46c6 [NON_LEADER]: Queue going to NON_LEADER mode. State: All replicated index: 0, Majority replicated index: 0, Committed index: 0, Last appended: 0.0, Last appended by leader: 0, Current term: 0, Majority size: -1, State: 0, Mode: NON_LEADER, active raft config: opid_index: -1 OBSOLETE_local: false peers { permanent_uuid: "fbfc8c41afd24dd3ad9d381f8d064a85" member_type: VOTER last_known_addr { host: "127.0.107.193" port: 36025 } } peers { permanent_uuid: "ab80a03ff97144b0b827edb40c4ca3ec" member_type: VOTER last_known_addr { host: "127.0.107.194" port: 40057 } } peers { permanent_uuid: "1a3911a4b7884338bb9a139e479c46c6" member_type: VOTER last_known_addr { host: "127.0.107.195" port: 40039 } }
I20260709 14:46:06.306435  1709 ts_tablet_manager.cc:1434] T 18505f3510564d8287561ccb68a2665a P 1a3911a4b7884338bb9a139e479c46c6: Time spent starting tablet: real 0.063s	user 0.010s	sys 0.000s
I20260709 14:46:06.315184  1593 raft_consensus.cc:2468] T a5a1d10ecbc54e059852bd61dc2dd61a P ab80a03ff97144b0b827edb40c4ca3ec [term 1 FOLLOWER]: Leader election vote request: Granting yes vote for candidate 1a3911a4b7884338bb9a139e479c46c6 in term 1.
I20260709 14:46:06.316955  2011 consensus_queue.cc:1048] T badb686ceb41403f840dd430afdb2334 P fbfc8c41afd24dd3ad9d381f8d064a85 [LEADER]: Connected to new peer: Peer: permanent_uuid: "ab80a03ff97144b0b827edb40c4ca3ec" member_type: VOTER last_known_addr { host: "127.0.107.194" port: 40057 }, Status: LMP_MISMATCH, Last received: 0.0, Next index: 2, Last known committed idx: 1, Time since last communication: 0.001s
I20260709 14:46:06.328997  1710 tablet_bootstrap.cc:654] T d94dedb96b1e47269ad452bd5cfc81ca P ab80a03ff97144b0b827edb40c4ca3ec: Neither blocks nor log segments found. Creating new log.
I20260709 14:46:06.334913  1709 tablet_bootstrap.cc:492] T 3dbce21888ec4d119529a904cca9fd3d P 1a3911a4b7884338bb9a139e479c46c6: Bootstrap starting.
I20260709 14:46:06.339855  1711 tablet_bootstrap.cc:654] T f71bb7b68d9845d9a70e26ea34f06cfe P fbfc8c41afd24dd3ad9d381f8d064a85: Neither blocks nor log segments found. Creating new log.
I20260709 14:46:06.348765  1710 tablet_bootstrap.cc:492] T d94dedb96b1e47269ad452bd5cfc81ca P ab80a03ff97144b0b827edb40c4ca3ec: No bootstrap required, opened a new log
I20260709 14:46:06.349354  1710 ts_tablet_manager.cc:1403] T d94dedb96b1e47269ad452bd5cfc81ca P ab80a03ff97144b0b827edb40c4ca3ec: Time spent bootstrapping tablet: real 0.152s	user 0.014s	sys 0.000s
I20260709 14:46:06.365036  1663 raft_consensus.cc:2468] T b7977f798ed74223ad61eea37087f049 P 1a3911a4b7884338bb9a139e479c46c6 [term 1 FOLLOWER]: Leader election vote request: Granting yes vote for candidate ab80a03ff97144b0b827edb40c4ca3ec in term 1.
I20260709 14:46:06.367775  1562 leader_election.cc:304] T b7977f798ed74223ad61eea37087f049 P ab80a03ff97144b0b827edb40c4ca3ec [CANDIDATE]: Term 1 election: Election decided. Result: candidate won. Election summary: received 2 responses out of 3 voters: 2 yes votes; 0 no votes. yes voters: 1a3911a4b7884338bb9a139e479c46c6, ab80a03ff97144b0b827edb40c4ca3ec; no voters: 
I20260709 14:46:06.368940  1778 raft_consensus.cc:2804] T b7977f798ed74223ad61eea37087f049 P ab80a03ff97144b0b827edb40c4ca3ec [term 1 FOLLOWER]: Leader election won for term 1
I20260709 14:46:06.369451  1778 raft_consensus.cc:697] T b7977f798ed74223ad61eea37087f049 P ab80a03ff97144b0b827edb40c4ca3ec [term 1 LEADER]: Becoming Leader. State: Replica: ab80a03ff97144b0b827edb40c4ca3ec, State: Running, Role: LEADER
I20260709 14:46:06.370371  1778 consensus_queue.cc:237] T b7977f798ed74223ad61eea37087f049 P ab80a03ff97144b0b827edb40c4ca3ec [LEADER]: Queue going to LEADER mode. State: All replicated index: 0, Majority replicated index: 0, Committed index: 0, Last appended: 0.0, Last appended by leader: 0, Current term: 1, Majority size: 2, State: 0, Mode: LEADER, active raft config: opid_index: -1 OBSOLETE_local: false peers { permanent_uuid: "fbfc8c41afd24dd3ad9d381f8d064a85" member_type: VOTER last_known_addr { host: "127.0.107.193" port: 36025 } } peers { permanent_uuid: "ab80a03ff97144b0b827edb40c4ca3ec" member_type: VOTER last_known_addr { host: "127.0.107.194" port: 40057 } } peers { permanent_uuid: "1a3911a4b7884338bb9a139e479c46c6" member_type: VOTER last_known_addr { host: "127.0.107.195" port: 40039 } }
I20260709 14:46:06.362004  1997 consensus_queue.cc:1048] T 4fb93b7d3192406cb8e69ca494f9efd9 P 1a3911a4b7884338bb9a139e479c46c6 [LEADER]: Connected to new peer: Peer: permanent_uuid: "ab80a03ff97144b0b827edb40c4ca3ec" member_type: VOTER last_known_addr { host: "127.0.107.194" port: 40057 }, Status: LMP_MISMATCH, Last received: 0.0, Next index: 1, Last known committed idx: 0, Time since last communication: 0.010s
I20260709 14:46:06.376714  1517 raft_consensus.cc:2468] T b7977f798ed74223ad61eea37087f049 P fbfc8c41afd24dd3ad9d381f8d064a85 [term 1 FOLLOWER]: Leader election vote request: Granting yes vote for candidate ab80a03ff97144b0b827edb40c4ca3ec in term 1.
I20260709 14:46:06.380961  1417 catalog_manager.cc:5697] T a5a1d10ecbc54e059852bd61dc2dd61a P 1a3911a4b7884338bb9a139e479c46c6 reported cstate change: term changed from 0 to 1, leader changed from <none> to 1a3911a4b7884338bb9a139e479c46c6 (127.0.107.195). New cstate: current_term: 1 leader_uuid: "1a3911a4b7884338bb9a139e479c46c6" committed_config { opid_index: -1 OBSOLETE_local: false peers { permanent_uuid: "fbfc8c41afd24dd3ad9d381f8d064a85" member_type: VOTER last_known_addr { host: "127.0.107.193" port: 36025 } health_report { overall_health: UNKNOWN } } peers { permanent_uuid: "ab80a03ff97144b0b827edb40c4ca3ec" member_type: VOTER last_known_addr { host: "127.0.107.194" port: 40057 } health_report { overall_health: UNKNOWN } } peers { permanent_uuid: "1a3911a4b7884338bb9a139e479c46c6" member_type: VOTER last_known_addr { host: "127.0.107.195" port: 40039 } health_report { overall_health: HEALTHY } } }
I20260709 14:46:06.391372  1709 tablet_bootstrap.cc:654] T 3dbce21888ec4d119529a904cca9fd3d P 1a3911a4b7884338bb9a139e479c46c6: Neither blocks nor log segments found. Creating new log.
I20260709 14:46:06.390700  1710 raft_consensus.cc:359] T d94dedb96b1e47269ad452bd5cfc81ca P ab80a03ff97144b0b827edb40c4ca3ec [term 0 FOLLOWER]: Replica starting. Triggering 0 pending ops. Active config: opid_index: -1 OBSOLETE_local: false peers { permanent_uuid: "fbfc8c41afd24dd3ad9d381f8d064a85" member_type: VOTER last_known_addr { host: "127.0.107.193" port: 36025 } } peers { permanent_uuid: "ab80a03ff97144b0b827edb40c4ca3ec" member_type: VOTER last_known_addr { host: "127.0.107.194" port: 40057 } } peers { permanent_uuid: "1a3911a4b7884338bb9a139e479c46c6" member_type: VOTER last_known_addr { host: "127.0.107.195" port: 40039 } }
I20260709 14:46:06.396981  1710 raft_consensus.cc:385] T d94dedb96b1e47269ad452bd5cfc81ca P ab80a03ff97144b0b827edb40c4ca3ec [term 0 FOLLOWER]: Consensus starting up: Expiring failure detector timer to make a prompt election more likely
I20260709 14:46:06.397264  1710 raft_consensus.cc:740] T d94dedb96b1e47269ad452bd5cfc81ca P ab80a03ff97144b0b827edb40c4ca3ec [term 0 FOLLOWER]: Becoming Follower/Learner. State: Replica: ab80a03ff97144b0b827edb40c4ca3ec, State: Initialized, Role: FOLLOWER
I20260709 14:46:06.399961  1710 consensus_queue.cc:260] T d94dedb96b1e47269ad452bd5cfc81ca P ab80a03ff97144b0b827edb40c4ca3ec [NON_LEADER]: Queue going to NON_LEADER mode. State: All replicated index: 0, Majority replicated index: 0, Committed index: 0, Last appended: 0.0, Last appended by leader: 0, Current term: 0, Majority size: -1, State: 0, Mode: NON_LEADER, active raft config: opid_index: -1 OBSOLETE_local: false peers { permanent_uuid: "fbfc8c41afd24dd3ad9d381f8d064a85" member_type: VOTER last_known_addr { host: "127.0.107.193" port: 36025 } } peers { permanent_uuid: "ab80a03ff97144b0b827edb40c4ca3ec" member_type: VOTER last_known_addr { host: "127.0.107.194" port: 40057 } } peers { permanent_uuid: "1a3911a4b7884338bb9a139e479c46c6" member_type: VOTER last_known_addr { host: "127.0.107.195" port: 40039 } }
I20260709 14:46:06.404671  1710 ts_tablet_manager.cc:1434] T d94dedb96b1e47269ad452bd5cfc81ca P ab80a03ff97144b0b827edb40c4ca3ec: Time spent starting tablet: real 0.055s	user 0.008s	sys 0.000s
I20260709 14:46:06.405851  1710 tablet_bootstrap.cc:492] T 3dbce21888ec4d119529a904cca9fd3d P ab80a03ff97144b0b827edb40c4ca3ec: Bootstrap starting.
I20260709 14:46:06.415519  1710 tablet_bootstrap.cc:654] T 3dbce21888ec4d119529a904cca9fd3d P ab80a03ff97144b0b827edb40c4ca3ec: Neither blocks nor log segments found. Creating new log.
I20260709 14:46:06.420442  1711 tablet_bootstrap.cc:492] T f71bb7b68d9845d9a70e26ea34f06cfe P fbfc8c41afd24dd3ad9d381f8d064a85: No bootstrap required, opened a new log
I20260709 14:46:06.421104  1711 ts_tablet_manager.cc:1403] T f71bb7b68d9845d9a70e26ea34f06cfe P fbfc8c41afd24dd3ad9d381f8d064a85: Time spent bootstrapping tablet: real 0.240s	user 0.014s	sys 0.002s
I20260709 14:46:06.424638  1711 raft_consensus.cc:359] T f71bb7b68d9845d9a70e26ea34f06cfe P fbfc8c41afd24dd3ad9d381f8d064a85 [term 0 FOLLOWER]: Replica starting. Triggering 0 pending ops. Active config: opid_index: -1 OBSOLETE_local: false peers { permanent_uuid: "fbfc8c41afd24dd3ad9d381f8d064a85" member_type: VOTER last_known_addr { host: "127.0.107.193" port: 36025 } } peers { permanent_uuid: "ab80a03ff97144b0b827edb40c4ca3ec" member_type: VOTER last_known_addr { host: "127.0.107.194" port: 40057 } } peers { permanent_uuid: "1a3911a4b7884338bb9a139e479c46c6" member_type: VOTER last_known_addr { host: "127.0.107.195" port: 40039 } }
I20260709 14:46:06.425334  1711 raft_consensus.cc:385] T f71bb7b68d9845d9a70e26ea34f06cfe P fbfc8c41afd24dd3ad9d381f8d064a85 [term 0 FOLLOWER]: Consensus starting up: Expiring failure detector timer to make a prompt election more likely
I20260709 14:46:06.425627  1711 raft_consensus.cc:740] T f71bb7b68d9845d9a70e26ea34f06cfe P fbfc8c41afd24dd3ad9d381f8d064a85 [term 0 FOLLOWER]: Becoming Follower/Learner. State: Replica: fbfc8c41afd24dd3ad9d381f8d064a85, State: Initialized, Role: FOLLOWER
I20260709 14:46:06.426360  1711 consensus_queue.cc:260] T f71bb7b68d9845d9a70e26ea34f06cfe P fbfc8c41afd24dd3ad9d381f8d064a85 [NON_LEADER]: Queue going to NON_LEADER mode. State: All replicated index: 0, Majority replicated index: 0, Committed index: 0, Last appended: 0.0, Last appended by leader: 0, Current term: 0, Majority size: -1, State: 0, Mode: NON_LEADER, active raft config: opid_index: -1 OBSOLETE_local: false peers { permanent_uuid: "fbfc8c41afd24dd3ad9d381f8d064a85" member_type: VOTER last_known_addr { host: "127.0.107.193" port: 36025 } } peers { permanent_uuid: "ab80a03ff97144b0b827edb40c4ca3ec" member_type: VOTER last_known_addr { host: "127.0.107.194" port: 40057 } } peers { permanent_uuid: "1a3911a4b7884338bb9a139e479c46c6" member_type: VOTER last_known_addr { host: "127.0.107.195" port: 40039 } }
I20260709 14:46:06.428732  1711 ts_tablet_manager.cc:1434] T f71bb7b68d9845d9a70e26ea34f06cfe P fbfc8c41afd24dd3ad9d381f8d064a85: Time spent starting tablet: real 0.007s	user 0.004s	sys 0.003s
I20260709 14:46:06.430063  1416 catalog_manager.cc:5697] T b7977f798ed74223ad61eea37087f049 P ab80a03ff97144b0b827edb40c4ca3ec reported cstate change: term changed from 0 to 1, leader changed from <none> to ab80a03ff97144b0b827edb40c4ca3ec (127.0.107.194). New cstate: current_term: 1 leader_uuid: "ab80a03ff97144b0b827edb40c4ca3ec" committed_config { opid_index: -1 OBSOLETE_local: false peers { permanent_uuid: "fbfc8c41afd24dd3ad9d381f8d064a85" member_type: VOTER last_known_addr { host: "127.0.107.193" port: 36025 } health_report { overall_health: UNKNOWN } } peers { permanent_uuid: "ab80a03ff97144b0b827edb40c4ca3ec" member_type: VOTER last_known_addr { host: "127.0.107.194" port: 40057 } health_report { overall_health: HEALTHY } } peers { permanent_uuid: "1a3911a4b7884338bb9a139e479c46c6" member_type: VOTER last_known_addr { host: "127.0.107.195" port: 40039 } health_report { overall_health: UNKNOWN } } }
I20260709 14:46:06.433302  1709 tablet_bootstrap.cc:492] T 3dbce21888ec4d119529a904cca9fd3d P 1a3911a4b7884338bb9a139e479c46c6: No bootstrap required, opened a new log
I20260709 14:46:06.433730  1709 ts_tablet_manager.cc:1403] T 3dbce21888ec4d119529a904cca9fd3d P 1a3911a4b7884338bb9a139e479c46c6: Time spent bootstrapping tablet: real 0.104s	user 0.011s	sys 0.010s
