I20260709 14:46:01.484342  1778 raft_consensus.cc:515] T cd70c0a757a640f18902569aaa9fe80a P ab80a03ff97144b0b827edb40c4ca3ec [term 1 FOLLOWER]: Starting leader election with config: opid_index: -1 OBSOLETE_local: false peers { permanent_uuid: "fbfc8c41afd24dd3ad9d381f8d064a85" member_type: VOTER last_known_addr { host: "127.0.107.193" port: 36025 } } peers { permanent_uuid: "ab80a03ff97144b0b827edb40c4ca3ec" member_type: VOTER last_known_addr { host: "127.0.107.194" port: 40057 } } peers { permanent_uuid: "1a3911a4b7884338bb9a139e479c46c6" member_type: VOTER last_known_addr { host: "127.0.107.195" port: 40039 } }
I20260709 14:46:01.489064  1519 tablet_service.cc:1917] Received RequestConsensusVote() RPC: tablet_id: "cd70c0a757a640f18902569aaa9fe80a" candidate_uuid: "ab80a03ff97144b0b827edb40c4ca3ec" candidate_term: 1 candidate_status { last_received { term: 0 index: 0 } } ignore_live_leader: false dest_uuid: "fbfc8c41afd24dd3ad9d381f8d064a85"
I20260709 14:46:01.489615  1519 raft_consensus.cc:3060] T cd70c0a757a640f18902569aaa9fe80a P fbfc8c41afd24dd3ad9d381f8d064a85 [term 0 FOLLOWER]: Advancing to term 1
I20260709 14:46:01.491338  1778 leader_election.cc:290] T cd70c0a757a640f18902569aaa9fe80a P ab80a03ff97144b0b827edb40c4ca3ec [CANDIDATE]: Term 1 election: Requested vote from peers fbfc8c41afd24dd3ad9d381f8d064a85 (127.0.107.193:36025), 1a3911a4b7884338bb9a139e479c46c6 (127.0.107.195:40039)
I20260709 14:46:01.492507  1670 tablet_service.cc:1917] Received RequestConsensusVote() RPC: tablet_id: "cd70c0a757a640f18902569aaa9fe80a" candidate_uuid: "ab80a03ff97144b0b827edb40c4ca3ec" candidate_term: 1 candidate_status { last_received { term: 0 index: 0 } } ignore_live_leader: false dest_uuid: "1a3911a4b7884338bb9a139e479c46c6"
I20260709 14:46:01.493587  1710 consensus_queue.cc:260] T bd1d2acf03ad445eaadbbb312070235a P ab80a03ff97144b0b827edb40c4ca3ec [NON_LEADER]: Queue going to NON_LEADER mode. State: All replicated index: 0, Majority replicated index: 0, Committed index: 0, Last appended: 0.0, Last appended by leader: 0, Current term: 0, Majority size: -1, State: 0, Mode: NON_LEADER, active raft config: opid_index: -1 OBSOLETE_local: false peers { permanent_uuid: "fbfc8c41afd24dd3ad9d381f8d064a85" member_type: VOTER last_known_addr { host: "127.0.107.193" port: 36025 } } peers { permanent_uuid: "ab80a03ff97144b0b827edb40c4ca3ec" member_type: VOTER last_known_addr { host: "127.0.107.194" port: 40057 } } peers { permanent_uuid: "1a3911a4b7884338bb9a139e479c46c6" member_type: VOTER last_known_addr { host: "127.0.107.195" port: 40039 } }
W20260709 14:46:01.494305  1562 leader_election.cc:343] T cd70c0a757a640f18902569aaa9fe80a P ab80a03ff97144b0b827edb40c4ca3ec [CANDIDATE]: Term 1 election: Tablet error from VoteRequest() call to peer 1a3911a4b7884338bb9a139e479c46c6 (127.0.107.195:40039): Illegal state: must be running to vote when last-logged opid is not known
I20260709 14:46:01.498644  1519 raft_consensus.cc:2468] T cd70c0a757a640f18902569aaa9fe80a P fbfc8c41afd24dd3ad9d381f8d064a85 [term 1 FOLLOWER]: Leader election vote request: Granting yes vote for candidate ab80a03ff97144b0b827edb40c4ca3ec in term 1.
I20260709 14:46:01.499790  1561 leader_election.cc:304] T cd70c0a757a640f18902569aaa9fe80a P ab80a03ff97144b0b827edb40c4ca3ec [CANDIDATE]: Term 1 election: Election decided. Result: candidate won. Election summary: received 3 responses out of 3 voters: 2 yes votes; 1 no votes. yes voters: ab80a03ff97144b0b827edb40c4ca3ec, fbfc8c41afd24dd3ad9d381f8d064a85; no voters: 1a3911a4b7884338bb9a139e479c46c6
I20260709 14:46:01.501076  1715 raft_consensus.cc:2804] T cd70c0a757a640f18902569aaa9fe80a P ab80a03ff97144b0b827edb40c4ca3ec [term 1 FOLLOWER]: Leader election won for term 1
I20260709 14:46:01.501510  1715 raft_consensus.cc:697] T cd70c0a757a640f18902569aaa9fe80a P ab80a03ff97144b0b827edb40c4ca3ec [term 1 LEADER]: Becoming Leader. State: Replica: ab80a03ff97144b0b827edb40c4ca3ec, State: Running, Role: LEADER
I20260709 14:46:01.502230  1715 consensus_queue.cc:237] T cd70c0a757a640f18902569aaa9fe80a P ab80a03ff97144b0b827edb40c4ca3ec [LEADER]: Queue going to LEADER mode. State: All replicated index: 0, Majority replicated index: 0, Committed index: 0, Last appended: 0.0, Last appended by leader: 0, Current term: 1, Majority size: 2, State: 0, Mode: LEADER, active raft config: opid_index: -1 OBSOLETE_local: false peers { permanent_uuid: "fbfc8c41afd24dd3ad9d381f8d064a85" member_type: VOTER last_known_addr { host: "127.0.107.193" port: 36025 } } peers { permanent_uuid: "ab80a03ff97144b0b827edb40c4ca3ec" member_type: VOTER last_known_addr { host: "127.0.107.194" port: 40057 } } peers { permanent_uuid: "1a3911a4b7884338bb9a139e479c46c6" member_type: VOTER last_known_addr { host: "127.0.107.195" port: 40039 } }
I20260709 14:46:01.503319  1710 ts_tablet_manager.cc:1434] T bd1d2acf03ad445eaadbbb312070235a P ab80a03ff97144b0b827edb40c4ca3ec: Time spent starting tablet: real 0.050s	user 0.006s	sys 0.000s
I20260709 14:46:01.504201  1710 tablet_bootstrap.cc:492] T cacbc9820e0a403ba2d8c0feccc3b38f P ab80a03ff97144b0b827edb40c4ca3ec: Bootstrap starting.
I20260709 14:46:01.511674  1418 catalog_manager.cc:5697] T a550eeb82b1d4a67be6e5cfb4f7d9d98 P fbfc8c41afd24dd3ad9d381f8d064a85 reported cstate change: term changed from 0 to 1, leader changed from <none> to fbfc8c41afd24dd3ad9d381f8d064a85 (127.0.107.193). New cstate: current_term: 1 leader_uuid: "fbfc8c41afd24dd3ad9d381f8d064a85" committed_config { opid_index: -1 OBSOLETE_local: false peers { permanent_uuid: "fbfc8c41afd24dd3ad9d381f8d064a85" member_type: VOTER last_known_addr { host: "127.0.107.193" port: 36025 } health_report { overall_health: HEALTHY } } peers { permanent_uuid: "ab80a03ff97144b0b827edb40c4ca3ec" member_type: VOTER last_known_addr { host: "127.0.107.194" port: 40057 } health_report { overall_health: UNKNOWN } } peers { permanent_uuid: "1a3911a4b7884338bb9a139e479c46c6" member_type: VOTER last_known_addr { host: "127.0.107.195" port: 40039 } health_report { overall_health: UNKNOWN } } }
I20260709 14:46:01.518500  1418 catalog_manager.cc:5697] T badb686ceb41403f840dd430afdb2334 P fbfc8c41afd24dd3ad9d381f8d064a85 reported cstate change: term changed from 0 to 1, leader changed from <none> to fbfc8c41afd24dd3ad9d381f8d064a85 (127.0.107.193). New cstate: current_term: 1 leader_uuid: "fbfc8c41afd24dd3ad9d381f8d064a85" committed_config { opid_index: -1 OBSOLETE_local: false peers { permanent_uuid: "fbfc8c41afd24dd3ad9d381f8d064a85" member_type: VOTER last_known_addr { host: "127.0.107.193" port: 36025 } health_report { overall_health: HEALTHY } } peers { permanent_uuid: "ab80a03ff97144b0b827edb40c4ca3ec" member_type: VOTER last_known_addr { host: "127.0.107.194" port: 40057 } health_report { overall_health: UNKNOWN } } peers { permanent_uuid: "1a3911a4b7884338bb9a139e479c46c6" member_type: VOTER last_known_addr { host: "127.0.107.195" port: 40039 } health_report { overall_health: UNKNOWN } } }
I20260709 14:46:01.519776  1788 raft_consensus.cc:493] T 4fc5a681149b4f98ad8ce769257f1f09 P 1a3911a4b7884338bb9a139e479c46c6 [term 0 FOLLOWER]: Starting pre-election (no leader contacted us within the election timeout)
I20260709 14:46:01.520285  1788 raft_consensus.cc:515] T 4fc5a681149b4f98ad8ce769257f1f09 P 1a3911a4b7884338bb9a139e479c46c6 [term 0 FOLLOWER]: Starting pre-election with config: opid_index: -1 OBSOLETE_local: false peers { permanent_uuid: "fbfc8c41afd24dd3ad9d381f8d064a85" member_type: VOTER last_known_addr { host: "127.0.107.193" port: 36025 } } peers { permanent_uuid: "ab80a03ff97144b0b827edb40c4ca3ec" member_type: VOTER last_known_addr { host: "127.0.107.194" port: 40057 } } peers { permanent_uuid: "1a3911a4b7884338bb9a139e479c46c6" member_type: VOTER last_known_addr { host: "127.0.107.195" port: 40039 } }
I20260709 14:46:01.522212  1788 leader_election.cc:290] T 4fc5a681149b4f98ad8ce769257f1f09 P 1a3911a4b7884338bb9a139e479c46c6 [CANDIDATE]: Term 1 pre-election: Requested pre-vote from peers fbfc8c41afd24dd3ad9d381f8d064a85 (127.0.107.193:36025), ab80a03ff97144b0b827edb40c4ca3ec (127.0.107.194:40057)
I20260709 14:46:01.524184  1589 tablet_service.cc:1917] Received RequestConsensusVote() RPC: tablet_id: "4fc5a681149b4f98ad8ce769257f1f09" candidate_uuid: "1a3911a4b7884338bb9a139e479c46c6" candidate_term: 1 candidate_status { last_received { term: 0 index: 0 } } ignore_live_leader: false dest_uuid: "ab80a03ff97144b0b827edb40c4ca3ec" is_pre_election: true
I20260709 14:46:01.524973  1589 raft_consensus.cc:2393] T 4fc5a681149b4f98ad8ce769257f1f09 P ab80a03ff97144b0b827edb40c4ca3ec [term 1 FOLLOWER]: Leader pre-election vote request: Denying vote to candidate 1a3911a4b7884338bb9a139e479c46c6 in current term 1: Already voted for candidate fbfc8c41afd24dd3ad9d381f8d064a85 in this term.
I20260709 14:46:01.528803  1519 tablet_service.cc:1917] Received RequestConsensusVote() RPC: tablet_id: "4fc5a681149b4f98ad8ce769257f1f09" candidate_uuid: "1a3911a4b7884338bb9a139e479c46c6" candidate_term: 1 candidate_status { last_received { term: 0 index: 0 } } ignore_live_leader: false dest_uuid: "fbfc8c41afd24dd3ad9d381f8d064a85" is_pre_election: true
I20260709 14:46:01.533963  1635 leader_election.cc:304] T 4fc5a681149b4f98ad8ce769257f1f09 P 1a3911a4b7884338bb9a139e479c46c6 [CANDIDATE]: Term 1 pre-election: Election decided. Result: candidate lost. Election summary: received 3 responses out of 3 voters: 1 yes votes; 2 no votes. yes voters: 1a3911a4b7884338bb9a139e479c46c6; no voters: ab80a03ff97144b0b827edb40c4ca3ec, fbfc8c41afd24dd3ad9d381f8d064a85
I20260709 14:46:01.535058  1788 raft_consensus.cc:3060] T 4fc5a681149b4f98ad8ce769257f1f09 P 1a3911a4b7884338bb9a139e479c46c6 [term 0 FOLLOWER]: Advancing to term 1
I20260709 14:46:01.535832  1710 tablet_bootstrap.cc:654] T cacbc9820e0a403ba2d8c0feccc3b38f P ab80a03ff97144b0b827edb40c4ca3ec: Neither blocks nor log segments found. Creating new log.
I20260709 14:46:01.536196  1711 tablet_bootstrap.cc:492] T 5d2b0c54baf04e5cab7b70fbc1632ace P fbfc8c41afd24dd3ad9d381f8d064a85: No bootstrap required, opened a new log
I20260709 14:46:01.536650  1711 ts_tablet_manager.cc:1403] T 5d2b0c54baf04e5cab7b70fbc1632ace P fbfc8c41afd24dd3ad9d381f8d064a85: Time spent bootstrapping tablet: real 0.081s	user 0.025s	sys 0.023s
I20260709 14:46:01.545078  1417 catalog_manager.cc:5697] T 3e5488000ed2431892d2d390c161b0e4 P ab80a03ff97144b0b827edb40c4ca3ec reported cstate change: term changed from 0 to 1, leader changed from <none> to ab80a03ff97144b0b827edb40c4ca3ec (127.0.107.194). New cstate: current_term: 1 leader_uuid: "ab80a03ff97144b0b827edb40c4ca3ec" committed_config { opid_index: -1 OBSOLETE_local: false peers { permanent_uuid: "fbfc8c41afd24dd3ad9d381f8d064a85" member_type: VOTER last_known_addr { host: "127.0.107.193" port: 36025 } health_report { overall_health: UNKNOWN } } peers { permanent_uuid: "ab80a03ff97144b0b827edb40c4ca3ec" member_type: VOTER last_known_addr { host: "127.0.107.194" port: 40057 } health_report { overall_health: HEALTHY } } peers { permanent_uuid: "1a3911a4b7884338bb9a139e479c46c6" member_type: VOTER last_known_addr { host: "127.0.107.195" port: 40039 } health_report { overall_health: UNKNOWN } } }
I20260709 14:46:01.548405  1788 raft_consensus.cc:2749] T 4fc5a681149b4f98ad8ce769257f1f09 P 1a3911a4b7884338bb9a139e479c46c6 [term 1 FOLLOWER]: Leader pre-election lost for term 1. Reason: could not achieve majority
I20260709 14:46:01.551323  1709 tablet_bootstrap.cc:492] T badb686ceb41403f840dd430afdb2334 P 1a3911a4b7884338bb9a139e479c46c6: No bootstrap required, opened a new log
I20260709 14:46:01.551720  1709 ts_tablet_manager.cc:1403] T badb686ceb41403f840dd430afdb2334 P 1a3911a4b7884338bb9a139e479c46c6: Time spent bootstrapping tablet: real 0.107s	user 0.012s	sys 0.012s
I20260709 14:46:01.554147  1709 raft_consensus.cc:359] T badb686ceb41403f840dd430afdb2334 P 1a3911a4b7884338bb9a139e479c46c6 [term 0 FOLLOWER]: Replica starting. Triggering 0 pending ops. Active config: opid_index: -1 OBSOLETE_local: false peers { permanent_uuid: "fbfc8c41afd24dd3ad9d381f8d064a85" member_type: VOTER last_known_addr { host: "127.0.107.193" port: 36025 } } peers { permanent_uuid: "ab80a03ff97144b0b827edb40c4ca3ec" member_type: VOTER last_known_addr { host: "127.0.107.194" port: 40057 } } peers { permanent_uuid: "1a3911a4b7884338bb9a139e479c46c6" member_type: VOTER last_known_addr { host: "127.0.107.195" port: 40039 } }
I20260709 14:46:01.554736  1709 raft_consensus.cc:385] T badb686ceb41403f840dd430afdb2334 P 1a3911a4b7884338bb9a139e479c46c6 [term 0 FOLLOWER]: Consensus starting up: Expiring failure detector timer to make a prompt election more likely
I20260709 14:46:01.554996  1709 raft_consensus.cc:740] T badb686ceb41403f840dd430afdb2334 P 1a3911a4b7884338bb9a139e479c46c6 [term 0 FOLLOWER]: Becoming Follower/Learner. State: Replica: 1a3911a4b7884338bb9a139e479c46c6, State: Initialized, Role: FOLLOWER
I20260709 14:46:01.556782  1711 raft_consensus.cc:359] T 5d2b0c54baf04e5cab7b70fbc1632ace P fbfc8c41afd24dd3ad9d381f8d064a85 [term 0 FOLLOWER]: Replica starting. Triggering 0 pending ops. Active config: opid_index: -1 OBSOLETE_local: false peers { permanent_uuid: "fbfc8c41afd24dd3ad9d381f8d064a85" member_type: VOTER last_known_addr { host: "127.0.107.193" port: 36025 } } peers { permanent_uuid: "ab80a03ff97144b0b827edb40c4ca3ec" member_type: VOTER last_known_addr { host: "127.0.107.194" port: 40057 } } peers { permanent_uuid: "1a3911a4b7884338bb9a139e479c46c6" member_type: VOTER last_known_addr { host: "127.0.107.195" port: 40039 } }
I20260709 14:46:01.557410  1711 raft_consensus.cc:385] T 5d2b0c54baf04e5cab7b70fbc1632ace P fbfc8c41afd24dd3ad9d381f8d064a85 [term 0 FOLLOWER]: Consensus starting up: Expiring failure detector timer to make a prompt election more likely
I20260709 14:46:01.557246  1709 consensus_queue.cc:260] T badb686ceb41403f840dd430afdb2334 P 1a3911a4b7884338bb9a139e479c46c6 [NON_LEADER]: Queue going to NON_LEADER mode. State: All replicated index: 0, Majority replicated index: 0, Committed index: 0, Last appended: 0.0, Last appended by leader: 0, Current term: 0, Majority size: -1, State: 0, Mode: NON_LEADER, active raft config: opid_index: -1 OBSOLETE_local: false peers { permanent_uuid: "fbfc8c41afd24dd3ad9d381f8d064a85" member_type: VOTER last_known_addr { host: "127.0.107.193" port: 36025 } } peers { permanent_uuid: "ab80a03ff97144b0b827edb40c4ca3ec" member_type: VOTER last_known_addr { host: "127.0.107.194" port: 40057 } } peers { permanent_uuid: "1a3911a4b7884338bb9a139e479c46c6" member_type: VOTER last_known_addr { host: "127.0.107.195" port: 40039 } }
I20260709 14:46:01.557669  1711 raft_consensus.cc:740] T 5d2b0c54baf04e5cab7b70fbc1632ace P fbfc8c41afd24dd3ad9d381f8d064a85 [term 0 FOLLOWER]: Becoming Follower/Learner. State: Replica: fbfc8c41afd24dd3ad9d381f8d064a85, State: Initialized, Role: FOLLOWER
I20260709 14:46:01.558049  1670 raft_consensus.cc:3060] T adf26f729bf145a586b8a67c1c89b8cb P 1a3911a4b7884338bb9a139e479c46c6 [term 0 FOLLOWER]: Advancing to term 1
I20260709 14:46:01.558239  1711 consensus_queue.cc:260] T 5d2b0c54baf04e5cab7b70fbc1632ace P fbfc8c41afd24dd3ad9d381f8d064a85 [NON_LEADER]: Queue going to NON_LEADER mode. State: All replicated index: 0, Majority replicated index: 0, Committed index: 0, Last appended: 0.0, Last appended by leader: 0, Current term: 0, Majority size: -1, State: 0, Mode: NON_LEADER, active raft config: opid_index: -1 OBSOLETE_local: false peers { permanent_uuid: "fbfc8c41afd24dd3ad9d381f8d064a85" member_type: VOTER last_known_addr { host: "127.0.107.193" port: 36025 } } peers { permanent_uuid: "ab80a03ff97144b0b827edb40c4ca3ec" member_type: VOTER last_known_addr { host: "127.0.107.194" port: 40057 } } peers { permanent_uuid: "1a3911a4b7884338bb9a139e479c46c6" member_type: VOTER last_known_addr { host: "127.0.107.195" port: 40039 } }
I20260709 14:46:01.559468  1709 ts_tablet_manager.cc:1434] T badb686ceb41403f840dd430afdb2334 P 1a3911a4b7884338bb9a139e479c46c6: Time spent starting tablet: real 0.007s	user 0.006s	sys 0.001s
I20260709 14:46:01.560251  1709 tablet_bootstrap.cc:492] T 3e5488000ed2431892d2d390c161b0e4 P 1a3911a4b7884338bb9a139e479c46c6: Bootstrap starting.
I20260709 14:46:01.561333  1711 ts_tablet_manager.cc:1434] T 5d2b0c54baf04e5cab7b70fbc1632ace P fbfc8c41afd24dd3ad9d381f8d064a85: Time spent starting tablet: real 0.024s	user 0.005s	sys 0.000s
I20260709 14:46:01.569092  1709 tablet_bootstrap.cc:654] T 3e5488000ed2431892d2d390c161b0e4 P 1a3911a4b7884338bb9a139e479c46c6: Neither blocks nor log segments found. Creating new log.
I20260709 14:46:01.570667  1711 tablet_bootstrap.cc:492] T bd1d2acf03ad445eaadbbb312070235a P fbfc8c41afd24dd3ad9d381f8d064a85: Bootstrap starting.
I20260709 14:46:01.572784  1735 consensus_queue.cc:1048] T e6f06bd51ba3459b86b609c29b4a61f5 P fbfc8c41afd24dd3ad9d381f8d064a85 [LEADER]: Connected to new peer: Peer: permanent_uuid: "ab80a03ff97144b0b827edb40c4ca3ec" member_type: VOTER last_known_addr { host: "127.0.107.194" port: 40057 }, Status: LMP_MISMATCH, Last received: 0.0, Next index: 1, Last known committed idx: 0, Time since last communication: 0.000s
I20260709 14:46:01.571691  1417 catalog_manager.cc:5697] T cd70c0a757a640f18902569aaa9fe80a P ab80a03ff97144b0b827edb40c4ca3ec reported cstate change: term changed from 0 to 1, leader changed from <none> to ab80a03ff97144b0b827edb40c4ca3ec (127.0.107.194). New cstate: current_term: 1 leader_uuid: "ab80a03ff97144b0b827edb40c4ca3ec" committed_config { opid_index: -1 OBSOLETE_local: false peers { permanent_uuid: "fbfc8c41afd24dd3ad9d381f8d064a85" member_type: VOTER last_known_addr { host: "127.0.107.193" port: 36025 } health_report { overall_health: UNKNOWN } } peers { permanent_uuid: "ab80a03ff97144b0b827edb40c4ca3ec" member_type: VOTER last_known_addr { host: "127.0.107.194" port: 40057 } health_report { overall_health: HEALTHY } } peers { permanent_uuid: "1a3911a4b7884338bb9a139e479c46c6" member_type: VOTER last_known_addr { host: "127.0.107.195" port: 40039 } health_report { overall_health: UNKNOWN } } }
I20260709 14:46:01.582049  1786 raft_consensus.cc:493] T bd1d2acf03ad445eaadbbb312070235a P ab80a03ff97144b0b827edb40c4ca3ec [term 0 FOLLOWER]: Starting pre-election (no leader contacted us within the election timeout)
I20260709 14:46:01.584935  1786 raft_consensus.cc:515] T bd1d2acf03ad445eaadbbb312070235a P ab80a03ff97144b0b827edb40c4ca3ec [term 0 FOLLOWER]: Starting pre-election with config: opid_index: -1 OBSOLETE_local: false peers { permanent_uuid: "fbfc8c41afd24dd3ad9d381f8d064a85" member_type: VOTER last_known_addr { host: "127.0.107.193" port: 36025 } } peers { permanent_uuid: "ab80a03ff97144b0b827edb40c4ca3ec" member_type: VOTER last_known_addr { host: "127.0.107.194" port: 40057 } } peers { permanent_uuid: "1a3911a4b7884338bb9a139e479c46c6" member_type: VOTER last_known_addr { host: "127.0.107.195" port: 40039 } }
I20260709 14:46:01.586845  1786 leader_election.cc:290] T bd1d2acf03ad445eaadbbb312070235a P ab80a03ff97144b0b827edb40c4ca3ec [CANDIDATE]: Term 1 pre-election: Requested pre-vote from peers fbfc8c41afd24dd3ad9d381f8d064a85 (127.0.107.193:36025), 1a3911a4b7884338bb9a139e479c46c6 (127.0.107.195:40039)
I20260709 14:46:01.588020  1669 tablet_service.cc:1917] Received RequestConsensusVote() RPC: tablet_id: "bd1d2acf03ad445eaadbbb312070235a" candidate_uuid: "ab80a03ff97144b0b827edb40c4ca3ec" candidate_term: 1 candidate_status { last_received { term: 0 index: 0 } } ignore_live_leader: false dest_uuid: "1a3911a4b7884338bb9a139e479c46c6" is_pre_election: true
I20260709 14:46:01.588620  1521 tablet_service.cc:1917] Received RequestConsensusVote() RPC: tablet_id: "bd1d2acf03ad445eaadbbb312070235a" candidate_uuid: "ab80a03ff97144b0b827edb40c4ca3ec" candidate_term: 1 candidate_status { last_received { term: 0 index: 0 } } ignore_live_leader: false dest_uuid: "fbfc8c41afd24dd3ad9d381f8d064a85" is_pre_election: true
I20260709 14:46:01.590453  1710 tablet_bootstrap.cc:492] T cacbc9820e0a403ba2d8c0feccc3b38f P ab80a03ff97144b0b827edb40c4ca3ec: No bootstrap required, opened a new log
I20260709 14:46:01.590788  1710 ts_tablet_manager.cc:1403] T cacbc9820e0a403ba2d8c0feccc3b38f P ab80a03ff97144b0b827edb40c4ca3ec: Time spent bootstrapping tablet: real 0.087s	user 0.008s	sys 0.012s
W20260709 14:46:01.589990  1561 leader_election.cc:343] T bd1d2acf03ad445eaadbbb312070235a P ab80a03ff97144b0b827edb40c4ca3ec [CANDIDATE]: Term 1 pre-election: Tablet error from VoteRequest() call to peer fbfc8c41afd24dd3ad9d381f8d064a85 (127.0.107.193:36025): Illegal state: must be running to vote when last-logged opid is not known
W20260709 14:46:01.592772  1562 leader_election.cc:343] T bd1d2acf03ad445eaadbbb312070235a P ab80a03ff97144b0b827edb40c4ca3ec [CANDIDATE]: Term 1 pre-election: Tablet error from VoteRequest() call to peer 1a3911a4b7884338bb9a139e479c46c6 (127.0.107.195:40039): Illegal state: must be running to vote when last-logged opid is not known
I20260709 14:46:01.593225  1562 leader_election.cc:304] T bd1d2acf03ad445eaadbbb312070235a P ab80a03ff97144b0b827edb40c4ca3ec [CANDIDATE]: Term 1 pre-election: Election decided. Result: candidate lost. Election summary: received 3 responses out of 3 voters: 1 yes votes; 2 no votes. yes voters: ab80a03ff97144b0b827edb40c4ca3ec; no voters: 1a3911a4b7884338bb9a139e479c46c6, fbfc8c41afd24dd3ad9d381f8d064a85
I20260709 14:46:01.594383  1710 raft_consensus.cc:359] T cacbc9820e0a403ba2d8c0feccc3b38f P ab80a03ff97144b0b827edb40c4ca3ec [term 0 FOLLOWER]: Replica starting. Triggering 0 pending ops. Active config: opid_index: -1 OBSOLETE_local: false peers { permanent_uuid: "fbfc8c41afd24dd3ad9d381f8d064a85" member_type: VOTER last_known_addr { host: "127.0.107.193" port: 36025 } } peers { permanent_uuid: "ab80a03ff97144b0b827edb40c4ca3ec" member_type: VOTER last_known_addr { host: "127.0.107.194" port: 40057 } } peers { permanent_uuid: "1a3911a4b7884338bb9a139e479c46c6" member_type: VOTER last_known_addr { host: "127.0.107.195" port: 40039 } }
I20260709 14:46:01.595002  1710 raft_consensus.cc:385] T cacbc9820e0a403ba2d8c0feccc3b38f P ab80a03ff97144b0b827edb40c4ca3ec [term 0 FOLLOWER]: Consensus starting up: Expiring failure detector timer to make a prompt election more likely
I20260709 14:46:01.595256  1710 raft_consensus.cc:740] T cacbc9820e0a403ba2d8c0feccc3b38f P ab80a03ff97144b0b827edb40c4ca3ec [term 0 FOLLOWER]: Becoming Follower/Learner. State: Replica: ab80a03ff97144b0b827edb40c4ca3ec, State: Initialized, Role: FOLLOWER
I20260709 14:46:01.595991  1710 consensus_queue.cc:260] T cacbc9820e0a403ba2d8c0feccc3b38f P ab80a03ff97144b0b827edb40c4ca3ec [NON_LEADER]: Queue going to NON_LEADER mode. State: All replicated index: 0, Majority replicated index: 0, Committed index: 0, Last appended: 0.0, Last appended by leader: 0, Current term: 0, Majority size: -1, State: 0, Mode: NON_LEADER, active raft config: opid_index: -1 OBSOLETE_local: false peers { permanent_uuid: "fbfc8c41afd24dd3ad9d381f8d064a85" member_type: VOTER last_known_addr { host: "127.0.107.193" port: 36025 } } peers { permanent_uuid: "ab80a03ff97144b0b827edb40c4ca3ec" member_type: VOTER last_known_addr { host: "127.0.107.194" port: 40057 } } peers { permanent_uuid: "1a3911a4b7884338bb9a139e479c46c6" member_type: VOTER last_known_addr { host: "127.0.107.195" port: 40039 } }
I20260709 14:46:01.596841  1749 raft_consensus.cc:2749] T bd1d2acf03ad445eaadbbb312070235a P ab80a03ff97144b0b827edb40c4ca3ec [term 0 FOLLOWER]: Leader pre-election lost for term 1. Reason: could not achieve majority
I20260709 14:46:01.598986  1710 ts_tablet_manager.cc:1434] T cacbc9820e0a403ba2d8c0feccc3b38f P ab80a03ff97144b0b827edb40c4ca3ec: Time spent starting tablet: real 0.008s	user 0.006s	sys 0.000s
I20260709 14:46:01.599783  1710 tablet_bootstrap.cc:492] T a29492df45864465b9ff59a8312c394a P ab80a03ff97144b0b827edb40c4ca3ec: Bootstrap starting.
I20260709 14:46:01.603646  1711 tablet_bootstrap.cc:654] T bd1d2acf03ad445eaadbbb312070235a P fbfc8c41afd24dd3ad9d381f8d064a85: Neither blocks nor log segments found. Creating new log.
I20260709 14:46:01.607091  1786 consensus_queue.cc:1048] T 950be1bdd51d428eb94349fdfc8ff731 P ab80a03ff97144b0b827edb40c4ca3ec [LEADER]: Connected to new peer: Peer: permanent_uuid: "1a3911a4b7884338bb9a139e479c46c6" member_type: VOTER last_known_addr { host: "127.0.107.195" port: 40039 }, Status: LMP_MISMATCH, Last received: 0.0, Next index: 1, Last known committed idx: 0, Time since last communication: 0.000s
I20260709 14:46:01.609598  1710 tablet_bootstrap.cc:654] T a29492df45864465b9ff59a8312c394a P ab80a03ff97144b0b827edb40c4ca3ec: Neither blocks nor log segments found. Creating new log.
I20260709 14:46:01.617537  1709 tablet_bootstrap.cc:492] T 3e5488000ed2431892d2d390c161b0e4 P 1a3911a4b7884338bb9a139e479c46c6: No bootstrap required, opened a new log
I20260709 14:46:01.621099  1709 ts_tablet_manager.cc:1403] T 3e5488000ed2431892d2d390c161b0e4 P 1a3911a4b7884338bb9a139e479c46c6: Time spent bootstrapping tablet: real 0.061s	user 0.012s	sys 0.028s
I20260709 14:46:01.634737  1709 raft_consensus.cc:359] T 3e5488000ed2431892d2d390c161b0e4 P 1a3911a4b7884338bb9a139e479c46c6 [term 0 FOLLOWER]: Replica starting. Triggering 0 pending ops. Active config: opid_index: -1 OBSOLETE_local: false peers { permanent_uuid: "fbfc8c41afd24dd3ad9d381f8d064a85" member_type: VOTER last_known_addr { host: "127.0.107.193" port: 36025 } } peers { permanent_uuid: "ab80a03ff97144b0b827edb40c4ca3ec" member_type: VOTER last_known_addr { host: "127.0.107.194" port: 40057 } } peers { permanent_uuid: "1a3911a4b7884338bb9a139e479c46c6" member_type: VOTER last_known_addr { host: "127.0.107.195" port: 40039 } }
I20260709 14:46:01.635556  1709 raft_consensus.cc:385] T 3e5488000ed2431892d2d390c161b0e4 P 1a3911a4b7884338bb9a139e479c46c6 [term 0 FOLLOWER]: Consensus starting up: Expiring failure detector timer to make a prompt election more likely
I20260709 14:46:01.636505  1709 raft_consensus.cc:740] T 3e5488000ed2431892d2d390c161b0e4 P 1a3911a4b7884338bb9a139e479c46c6 [term 0 FOLLOWER]: Becoming Follower/Learner. State: Replica: 1a3911a4b7884338bb9a139e479c46c6, State: Initialized, Role: FOLLOWER
I20260709 14:46:01.637240  1709 consensus_queue.cc:260] T 3e5488000ed2431892d2d390c161b0e4 P 1a3911a4b7884338bb9a139e479c46c6 [NON_LEADER]: Queue going to NON_LEADER mode. State: All replicated index: 0, Majority replicated index: 0, Committed index: 0, Last appended: 0.0, Last appended by leader: 0, Current term: 0, Majority size: -1, State: 0, Mode: NON_LEADER, active raft config: opid_index: -1 OBSOLETE_local: false peers { permanent_uuid: "fbfc8c41afd24dd3ad9d381f8d064a85" member_type: VOTER last_known_addr { host: "127.0.107.193" port: 36025 } } peers { permanent_uuid: "ab80a03ff97144b0b827edb40c4ca3ec" member_type: VOTER last_known_addr { host: "127.0.107.194" port: 40057 } } peers { permanent_uuid: "1a3911a4b7884338bb9a139e479c46c6" member_type: VOTER last_known_addr { host: "127.0.107.195" port: 40039 } }
I20260709 14:46:01.639477  1709 ts_tablet_manager.cc:1434] T 3e5488000ed2431892d2d390c161b0e4 P 1a3911a4b7884338bb9a139e479c46c6: Time spent starting tablet: real 0.018s	user 0.005s	sys 0.000s
I20260709 14:46:01.640116  1709 tablet_bootstrap.cc:492] T 4632bb4e6a3f4ef3810d0d92ba120a95 P 1a3911a4b7884338bb9a139e479c46c6: Bootstrap starting.
I20260709 14:46:01.646783  1715 consensus_queue.cc:1048] T 950be1bdd51d428eb94349fdfc8ff731 P ab80a03ff97144b0b827edb40c4ca3ec [LEADER]: Connected to new peer: Peer: permanent_uuid: "fbfc8c41afd24dd3ad9d381f8d064a85" member_type: VOTER last_known_addr { host: "127.0.107.193" port: 36025 }, Status: LMP_MISMATCH, Last received: 0.0, Next index: 1, Last known committed idx: 0, Time since last communication: 0.000s
I20260709 14:46:01.651805  1735 consensus_queue.cc:1048] T e6f06bd51ba3459b86b609c29b4a61f5 P fbfc8c41afd24dd3ad9d381f8d064a85 [LEADER]: Connected to new peer: Peer: permanent_uuid: "1a3911a4b7884338bb9a139e479c46c6" member_type: VOTER last_known_addr { host: "127.0.107.195" port: 40039 }, Status: LMP_MISMATCH, Last received: 0.0, Next index: 1, Last known committed idx: 0, Time since last communication: 0.001s
I20260709 14:46:01.659037  1711 tablet_bootstrap.cc:492] T bd1d2acf03ad445eaadbbb312070235a P fbfc8c41afd24dd3ad9d381f8d064a85: No bootstrap required, opened a new log
I20260709 14:46:01.659456  1711 ts_tablet_manager.cc:1403] T bd1d2acf03ad445eaadbbb312070235a P fbfc8c41afd24dd3ad9d381f8d064a85: Time spent bootstrapping tablet: real 0.089s	user 0.006s	sys 0.005s
I20260709 14:46:01.661772  1711 raft_consensus.cc:359] T bd1d2acf03ad445eaadbbb312070235a P fbfc8c41afd24dd3ad9d381f8d064a85 [term 0 FOLLOWER]: Replica starting. Triggering 0 pending ops. Active config: opid_index: -1 OBSOLETE_local: false peers { permanent_uuid: "fbfc8c41afd24dd3ad9d381f8d064a85" member_type: VOTER last_known_addr { host: "127.0.107.193" port: 36025 } } peers { permanent_uuid: "ab80a03ff97144b0b827edb40c4ca3ec" member_type: VOTER last_known_addr { host: "127.0.107.194" port: 40057 } } peers { permanent_uuid: "1a3911a4b7884338bb9a139e479c46c6" member_type: VOTER last_known_addr { host: "127.0.107.195" port: 40039 } }
I20260709 14:46:01.662364  1711 raft_consensus.cc:385] T bd1d2acf03ad445eaadbbb312070235a P fbfc8c41afd24dd3ad9d381f8d064a85 [term 0 FOLLOWER]: Consensus starting up: Expiring failure detector timer to make a prompt election more likely
I20260709 14:46:01.662621  1711 raft_consensus.cc:740] T bd1d2acf03ad445eaadbbb312070235a P fbfc8c41afd24dd3ad9d381f8d064a85 [term 0 FOLLOWER]: Becoming Follower/Learner. State: Replica: fbfc8c41afd24dd3ad9d381f8d064a85, State: Initialized, Role: FOLLOWER
I20260709 14:46:01.663257  1711 consensus_queue.cc:260] T bd1d2acf03ad445eaadbbb312070235a P fbfc8c41afd24dd3ad9d381f8d064a85 [NON_LEADER]: Queue going to NON_LEADER mode. State: All replicated index: 0, Majority replicated index: 0, Committed index: 0, Last appended: 0.0, Last appended by leader: 0, Current term: 0, Majority size: -1, State: 0, Mode: NON_LEADER, active raft config: opid_index: -1 OBSOLETE_local: false peers { permanent_uuid: "fbfc8c41afd24dd3ad9d381f8d064a85" member_type: VOTER last_known_addr { host: "127.0.107.193" port: 36025 } } peers { permanent_uuid: "ab80a03ff97144b0b827edb40c4ca3ec" member_type: VOTER last_known_addr { host: "127.0.107.194" port: 40057 } } peers { permanent_uuid: "1a3911a4b7884338bb9a139e479c46c6" member_type: VOTER last_known_addr { host: "127.0.107.195" port: 40039 } }
I20260709 14:46:01.666947  1735 raft_consensus.cc:493] T bd1d2acf03ad445eaadbbb312070235a P fbfc8c41afd24dd3ad9d381f8d064a85 [term 0 FOLLOWER]: Starting pre-election (no leader contacted us within the election timeout)
I20260709 14:46:01.667464  1735 raft_consensus.cc:515] T bd1d2acf03ad445eaadbbb312070235a P fbfc8c41afd24dd3ad9d381f8d064a85 [term 0 FOLLOWER]: Starting pre-election with config: opid_index: -1 OBSOLETE_local: false peers { permanent_uuid: "fbfc8c41afd24dd3ad9d381f8d064a85" member_type: VOTER last_known_addr { host: "127.0.107.193" port: 36025 } } peers { permanent_uuid: "ab80a03ff97144b0b827edb40c4ca3ec" member_type: VOTER last_known_addr { host: "127.0.107.194" port: 40057 } } peers { permanent_uuid: "1a3911a4b7884338bb9a139e479c46c6" member_type: VOTER last_known_addr { host: "127.0.107.195" port: 40039 } }
I20260709 14:46:01.669341  1735 leader_election.cc:290] T bd1d2acf03ad445eaadbbb312070235a P fbfc8c41afd24dd3ad9d381f8d064a85 [CANDIDATE]: Term 1 pre-election: Requested pre-vote from peers ab80a03ff97144b0b827edb40c4ca3ec (127.0.107.194:40057), 1a3911a4b7884338bb9a139e479c46c6 (127.0.107.195:40039)
I20260709 14:46:01.670291  1670 tablet_service.cc:1917] Received RequestConsensusVote() RPC: tablet_id: "bd1d2acf03ad445eaadbbb312070235a" candidate_uuid: "fbfc8c41afd24dd3ad9d381f8d064a85" candidate_term: 1 candidate_status { last_received { term: 0 index: 0 } } ignore_live_leader: false dest_uuid: "1a3911a4b7884338bb9a139e479c46c6" is_pre_election: true
I20260709 14:46:01.670621  1590 tablet_service.cc:1917] Received RequestConsensusVote() RPC: tablet_id: "bd1d2acf03ad445eaadbbb312070235a" candidate_uuid: "fbfc8c41afd24dd3ad9d381f8d064a85" candidate_term: 1 candidate_status { last_received { term: 0 index: 0 } } ignore_live_leader: false dest_uuid: "ab80a03ff97144b0b827edb40c4ca3ec" is_pre_election: true
I20260709 14:46:01.671155  1590 raft_consensus.cc:2468] T bd1d2acf03ad445eaadbbb312070235a P ab80a03ff97144b0b827edb40c4ca3ec [term 0 FOLLOWER]: Leader pre-election vote request: Granting yes vote for candidate fbfc8c41afd24dd3ad9d381f8d064a85 in term 0.
W20260709 14:46:01.671459  1487 leader_election.cc:343] T bd1d2acf03ad445eaadbbb312070235a P fbfc8c41afd24dd3ad9d381f8d064a85 [CANDIDATE]: Term 1 pre-election: Tablet error from VoteRequest() call to peer 1a3911a4b7884338bb9a139e479c46c6 (127.0.107.195:40039): Illegal state: must be running to vote when last-logged opid is not known
I20260709 14:46:01.672312  1486 leader_election.cc:304] T bd1d2acf03ad445eaadbbb312070235a P fbfc8c41afd24dd3ad9d381f8d064a85 [CANDIDATE]: Term 1 pre-election: Election decided. Result: candidate won. Election summary: received 3 responses out of 3 voters: 2 yes votes; 1 no votes. yes voters: ab80a03ff97144b0b827edb40c4ca3ec, fbfc8c41afd24dd3ad9d381f8d064a85; no voters: 1a3911a4b7884338bb9a139e479c46c6
I20260709 14:46:01.673273  1735 raft_consensus.cc:2804] T bd1d2acf03ad445eaadbbb312070235a P fbfc8c41afd24dd3ad9d381f8d064a85 [term 0 FOLLOWER]: Leader pre-election won for term 1
I20260709 14:46:01.673610  1735 raft_consensus.cc:493] T bd1d2acf03ad445eaadbbb312070235a P fbfc8c41afd24dd3ad9d381f8d064a85 [term 0 FOLLOWER]: Starting leader election (no leader contacted us within the election timeout)
I20260709 14:46:01.673780  1711 ts_tablet_manager.cc:1434] T bd1d2acf03ad445eaadbbb312070235a P fbfc8c41afd24dd3ad9d381f8d064a85: Time spent starting tablet: real 0.014s	user 0.006s	sys 0.000s
I20260709 14:46:01.674024  1735 raft_consensus.cc:3060] T bd1d2acf03ad445eaadbbb312070235a P fbfc8c41afd24dd3ad9d381f8d064a85 [term 0 FOLLOWER]: Advancing to term 1
I20260709 14:46:01.674793  1711 tablet_bootstrap.cc:492] T cacbc9820e0a403ba2d8c0feccc3b38f P fbfc8c41afd24dd3ad9d381f8d064a85: Bootstrap starting.
I20260709 14:46:01.675736  1710 tablet_bootstrap.cc:492] T a29492df45864465b9ff59a8312c394a P ab80a03ff97144b0b827edb40c4ca3ec: No bootstrap required, opened a new log
I20260709 14:46:01.676107  1710 ts_tablet_manager.cc:1403] T a29492df45864465b9ff59a8312c394a P ab80a03ff97144b0b827edb40c4ca3ec: Time spent bootstrapping tablet: real 0.076s	user 0.012s	sys 0.013s
I20260709 14:46:01.678423  1710 raft_consensus.cc:359] T a29492df45864465b9ff59a8312c394a P ab80a03ff97144b0b827edb40c4ca3ec [term 0 FOLLOWER]: Replica starting. Triggering 0 pending ops. Active config: opid_index: -1 OBSOLETE_local: false peers { permanent_uuid: "fbfc8c41afd24dd3ad9d381f8d064a85" member_type: VOTER last_known_addr { host: "127.0.107.193" port: 36025 } } peers { permanent_uuid: "ab80a03ff97144b0b827edb40c4ca3ec" member_type: VOTER last_known_addr { host: "127.0.107.194" port: 40057 } } peers { permanent_uuid: "1a3911a4b7884338bb9a139e479c46c6" member_type: VOTER last_known_addr { host: "127.0.107.195" port: 40039 } }
I20260709 14:46:01.678884  1710 raft_consensus.cc:385] T a29492df45864465b9ff59a8312c394a P ab80a03ff97144b0b827edb40c4ca3ec [term 0 FOLLOWER]: Consensus starting up: Expiring failure detector timer to make a prompt election more likely
I20260709 14:46:01.679132  1710 raft_consensus.cc:740] T a29492df45864465b9ff59a8312c394a P ab80a03ff97144b0b827edb40c4ca3ec [term 0 FOLLOWER]: Becoming Follower/Learner. State: Replica: ab80a03ff97144b0b827edb40c4ca3ec, State: Initialized, Role: FOLLOWER
I20260709 14:46:01.679718  1710 consensus_queue.cc:260] T a29492df45864465b9ff59a8312c394a P ab80a03ff97144b0b827edb40c4ca3ec [NON_LEADER]: Queue going to NON_LEADER mode. State: All replicated index: 0, Majority replicated index: 0, Committed index: 0, Last appended: 0.0, Last appended by leader: 0, Current term: 0, Majority size: -1, State: 0, Mode: NON_LEADER, active raft config: opid_index: -1 OBSOLETE_local: false peers { permanent_uuid: "fbfc8c41afd24dd3ad9d381f8d064a85" member_type: VOTER last_known_addr { host: "127.0.107.193" port: 36025 } } peers { permanent_uuid: "ab80a03ff97144b0b827edb40c4ca3ec" member_type: VOTER last_known_addr { host: "127.0.107.194" port: 40057 } } peers { permanent_uuid: "1a3911a4b7884338bb9a139e479c46c6" member_type: VOTER last_known_addr { host: "127.0.107.195" port: 40039 } }
I20260709 14:46:01.673659  1709 tablet_bootstrap.cc:654] T 4632bb4e6a3f4ef3810d0d92ba120a95 P 1a3911a4b7884338bb9a139e479c46c6: Neither blocks nor log segments found. Creating new log.
I20260709 14:46:01.680697  1735 raft_consensus.cc:515] T bd1d2acf03ad445eaadbbb312070235a P fbfc8c41afd24dd3ad9d381f8d064a85 [term 1 FOLLOWER]: Starting leader election with config: opid_index: -1 OBSOLETE_local: false peers { permanent_uuid: "fbfc8c41afd24dd3ad9d381f8d064a85" member_type: VOTER last_known_addr { host: "127.0.107.193" port: 36025 } } peers { permanent_uuid: "ab80a03ff97144b0b827edb40c4ca3ec" member_type: VOTER last_known_addr { host: "127.0.107.194" port: 40057 } } peers { permanent_uuid: "1a3911a4b7884338bb9a139e479c46c6" member_type: VOTER last_known_addr { host: "127.0.107.195" port: 40039 } }
I20260709 14:46:01.682046  1711 tablet_bootstrap.cc:654] T cacbc9820e0a403ba2d8c0feccc3b38f P fbfc8c41afd24dd3ad9d381f8d064a85: Neither blocks nor log segments found. Creating new log.
I20260709 14:46:01.683256  1590 tablet_service.cc:1917] Received RequestConsensusVote() RPC: tablet_id: "bd1d2acf03ad445eaadbbb312070235a" candidate_uuid: "fbfc8c41afd24dd3ad9d381f8d064a85" candidate_term: 1 candidate_status { last_received { term: 0 index: 0 } } ignore_live_leader: false dest_uuid: "ab80a03ff97144b0b827edb40c4ca3ec"
I20260709 14:46:01.683784  1590 raft_consensus.cc:3060] T bd1d2acf03ad445eaadbbb312070235a P ab80a03ff97144b0b827edb40c4ca3ec [term 0 FOLLOWER]: Advancing to term 1
I20260709 14:46:01.684541  1710 ts_tablet_manager.cc:1434] T a29492df45864465b9ff59a8312c394a P ab80a03ff97144b0b827edb40c4ca3ec: Time spent starting tablet: real 0.008s	user 0.006s	sys 0.000s
I20260709 14:46:01.685388  1710 tablet_bootstrap.cc:492] T 2bf130bdd6ff47f9a8f913a085bfde63 P ab80a03ff97144b0b827edb40c4ca3ec: Bootstrap starting.
I20260709 14:46:01.690132  1735 leader_election.cc:290] T bd1d2acf03ad445eaadbbb312070235a P fbfc8c41afd24dd3ad9d381f8d064a85 [CANDIDATE]: Term 1 election: Requested vote from peers ab80a03ff97144b0b827edb40c4ca3ec (127.0.107.194:40057), 1a3911a4b7884338bb9a139e479c46c6 (127.0.107.195:40039)
I20260709 14:46:01.695447  1710 tablet_bootstrap.cc:654] T 2bf130bdd6ff47f9a8f913a085bfde63 P ab80a03ff97144b0b827edb40c4ca3ec: Neither blocks nor log segments found. Creating new log.
I20260709 14:46:01.697926  1711 tablet_bootstrap.cc:492] T cacbc9820e0a403ba2d8c0feccc3b38f P fbfc8c41afd24dd3ad9d381f8d064a85: No bootstrap required, opened a new log
I20260709 14:46:01.698261  1711 ts_tablet_manager.cc:1403] T cacbc9820e0a403ba2d8c0feccc3b38f P fbfc8c41afd24dd3ad9d381f8d064a85: Time spent bootstrapping tablet: real 0.024s	user 0.010s	sys 0.000s
I20260709 14:46:01.703438  1670 tablet_service.cc:1917] Received RequestConsensusVote() RPC: tablet_id: "bd1d2acf03ad445eaadbbb312070235a" candidate_uuid: "fbfc8c41afd24dd3ad9d381f8d064a85" candidate_term: 1 candidate_status { last_received { term: 0 index: 0 } } ignore_live_leader: false dest_uuid: "1a3911a4b7884338bb9a139e479c46c6"
I20260709 14:46:01.704717  1590 raft_consensus.cc:2468] T bd1d2acf03ad445eaadbbb312070235a P ab80a03ff97144b0b827edb40c4ca3ec [term 1 FOLLOWER]: Leader election vote request: Granting yes vote for candidate fbfc8c41afd24dd3ad9d381f8d064a85 in term 1.
I20260709 14:46:01.705920  1486 leader_election.cc:304] T bd1d2acf03ad445eaadbbb312070235a P fbfc8c41afd24dd3ad9d381f8d064a85 [CANDIDATE]: Term 1 election: Election decided. Result: candidate won. Election summary: received 2 responses out of 3 voters: 2 yes votes; 0 no votes. yes voters: ab80a03ff97144b0b827edb40c4ca3ec, fbfc8c41afd24dd3ad9d381f8d064a85; no voters: 
I20260709 14:46:01.707415  1735 raft_consensus.cc:2804] T bd1d2acf03ad445eaadbbb312070235a P fbfc8c41afd24dd3ad9d381f8d064a85 [term 1 FOLLOWER]: Leader election won for term 1
I20260709 14:46:01.707821  1735 raft_consensus.cc:697] T bd1d2acf03ad445eaadbbb312070235a P fbfc8c41afd24dd3ad9d381f8d064a85 [term 1 LEADER]: Becoming Leader. State: Replica: fbfc8c41afd24dd3ad9d381f8d064a85, State: Running, Role: LEADER
I20260709 14:46:01.708544  1735 consensus_queue.cc:237] T bd1d2acf03ad445eaadbbb312070235a P fbfc8c41afd24dd3ad9d381f8d064a85 [LEADER]: Queue going to LEADER mode. State: All replicated index: 0, Majority replicated index: 0, Committed index: 0, Last appended: 0.0, Last appended by leader: 0, Current term: 1, Majority size: 2, State: 0, Mode: LEADER, active raft config: opid_index: -1 OBSOLETE_local: false peers { permanent_uuid: "fbfc8c41afd24dd3ad9d381f8d064a85" member_type: VOTER last_known_addr { host: "127.0.107.193" port: 36025 } } peers { permanent_uuid: "ab80a03ff97144b0b827edb40c4ca3ec" member_type: VOTER last_known_addr { host: "127.0.107.194" port: 40057 } } peers { permanent_uuid: "1a3911a4b7884338bb9a139e479c46c6" member_type: VOTER last_known_addr { host: "127.0.107.195" port: 40039 } }
W20260709 14:46:01.711619  1487 leader_election.cc:343] T bd1d2acf03ad445eaadbbb312070235a P fbfc8c41afd24dd3ad9d381f8d064a85 [CANDIDATE]: Term 1 election: Tablet error from VoteRequest() call to peer 1a3911a4b7884338bb9a139e479c46c6 (127.0.107.195:40039): Illegal state: must be running to vote when last-logged opid is not known
I20260709 14:46:01.712265  1711 raft_consensus.cc:359] T cacbc9820e0a403ba2d8c0feccc3b38f P fbfc8c41afd24dd3ad9d381f8d064a85 [term 0 FOLLOWER]: Replica starting. Triggering 0 pending ops. Active config: opid_index: -1 OBSOLETE_local: false peers { permanent_uuid: "fbfc8c41afd24dd3ad9d381f8d064a85" member_type: VOTER last_known_addr { host: "127.0.107.193" port: 36025 } } peers { permanent_uuid: "ab80a03ff97144b0b827edb40c4ca3ec" member_type: VOTER last_known_addr { host: "127.0.107.194" port: 40057 } } peers { permanent_uuid: "1a3911a4b7884338bb9a139e479c46c6" member_type: VOTER last_known_addr { host: "127.0.107.195" port: 40039 } }
I20260709 14:46:01.712915  1711 raft_consensus.cc:385] T cacbc9820e0a403ba2d8c0feccc3b38f P fbfc8c41afd24dd3ad9d381f8d064a85 [term 0 FOLLOWER]: Consensus starting up: Expiring failure detector timer to make a prompt election more likely
I20260709 14:46:01.713201  1711 raft_consensus.cc:740] T cacbc9820e0a403ba2d8c0feccc3b38f P fbfc8c41afd24dd3ad9d381f8d064a85 [term 0 FOLLOWER]: Becoming Follower/Learner. State: Replica: fbfc8c41afd24dd3ad9d381f8d064a85, State: Initialized, Role: FOLLOWER
I20260709 14:46:01.713882  1711 consensus_queue.cc:260] T cacbc9820e0a403ba2d8c0feccc3b38f P fbfc8c41afd24dd3ad9d381f8d064a85 [NON_LEADER]: Queue going to NON_LEADER mode. State: All replicated index: 0, Majority replicated index: 0, Committed index: 0, Last appended: 0.0, Last appended by leader: 0, Current term: 0, Majority size: -1, State: 0, Mode: NON_LEADER, active raft config: opid_index: -1 OBSOLETE_local: false peers { permanent_uuid: "fbfc8c41afd24dd3ad9d381f8d064a85" member_type: VOTER last_known_addr { host: "127.0.107.193" port: 36025 } } peers { permanent_uuid: "ab80a03ff97144b0b827edb40c4ca3ec" member_type: VOTER last_known_addr { host: "127.0.107.194" port: 40057 } } peers { permanent_uuid: "1a3911a4b7884338bb9a139e479c46c6" member_type: VOTER last_known_addr { host: "127.0.107.195" port: 40039 } }
I20260709 14:46:01.717257  1711 ts_tablet_manager.cc:1434] T cacbc9820e0a403ba2d8c0feccc3b38f P fbfc8c41afd24dd3ad9d381f8d064a85: Time spent starting tablet: real 0.019s	user 0.007s	sys 0.000s
I20260709 14:46:01.716948  1709 tablet_bootstrap.cc:492] T 4632bb4e6a3f4ef3810d0d92ba120a95 P 1a3911a4b7884338bb9a139e479c46c6: No bootstrap required, opened a new log
I20260709 14:46:01.718477  1709 ts_tablet_manager.cc:1403] T 4632bb4e6a3f4ef3810d0d92ba120a95 P 1a3911a4b7884338bb9a139e479c46c6: Time spent bootstrapping tablet: real 0.078s	user 0.011s	sys 0.009s
I20260709 14:46:01.720733  1709 raft_consensus.cc:359] T 4632bb4e6a3f4ef3810d0d92ba120a95 P 1a3911a4b7884338bb9a139e479c46c6 [term 0 FOLLOWER]: Replica starting. Triggering 0 pending ops. Active config: opid_index: -1 OBSOLETE_local: false peers { permanent_uuid: "fbfc8c41afd24dd3ad9d381f8d064a85" member_type: VOTER last_known_addr { host: "127.0.107.193" port: 36025 } } peers { permanent_uuid: "ab80a03ff97144b0b827edb40c4ca3ec" member_type: VOTER last_known_addr { host: "127.0.107.194" port: 40057 } } peers { permanent_uuid: "1a3911a4b7884338bb9a139e479c46c6" member_type: VOTER last_known_addr { host: "127.0.107.195" port: 40039 } }
I20260709 14:46:01.721323  1709 raft_consensus.cc:385] T 4632bb4e6a3f4ef3810d0d92ba120a95 P 1a3911a4b7884338bb9a139e479c46c6 [term 0 FOLLOWER]: Consensus starting up: Expiring failure detector timer to make a prompt election more likely
I20260709 14:46:01.721571  1709 raft_consensus.cc:740] T 4632bb4e6a3f4ef3810d0d92ba120a95 P 1a3911a4b7884338bb9a139e479c46c6 [term 0 FOLLOWER]: Becoming Follower/Learner. State: Replica: 1a3911a4b7884338bb9a139e479c46c6, State: Initialized, Role: FOLLOWER
I20260709 14:46:01.722074  1711 tablet_bootstrap.cc:492] T 4632bb4e6a3f4ef3810d0d92ba120a95 P fbfc8c41afd24dd3ad9d381f8d064a85: Bootstrap starting.
I20260709 14:46:01.728204  1709 consensus_queue.cc:260] T 4632bb4e6a3f4ef3810d0d92ba120a95 P 1a3911a4b7884338bb9a139e479c46c6 [NON_LEADER]: Queue going to NON_LEADER mode. State: All replicated index: 0, Majority replicated index: 0, Committed index: 0, Last appended: 0.0, Last appended by leader: 0, Current term: 0, Majority size: -1, State: 0, Mode: NON_LEADER, active raft config: opid_index: -1 OBSOLETE_local: false peers { permanent_uuid: "fbfc8c41afd24dd3ad9d381f8d064a85" member_type: VOTER last_known_addr { host: "127.0.107.193" port: 36025 } } peers { permanent_uuid: "ab80a03ff97144b0b827edb40c4ca3ec" member_type: VOTER last_known_addr { host: "127.0.107.194" port: 40057 } } peers { permanent_uuid: "1a3911a4b7884338bb9a139e479c46c6" member_type: VOTER last_known_addr { host: "127.0.107.195" port: 40039 } }
I20260709 14:46:01.728325  1716 raft_consensus.cc:493] T a29492df45864465b9ff59a8312c394a P fbfc8c41afd24dd3ad9d381f8d064a85 [term 0 FOLLOWER]: Starting pre-election (no leader contacted us within the election timeout)
I20260709 14:46:01.729298  1716 raft_consensus.cc:515] T a29492df45864465b9ff59a8312c394a P fbfc8c41afd24dd3ad9d381f8d064a85 [term 0 FOLLOWER]: Starting pre-election with config: opid_index: -1 OBSOLETE_local: false peers { permanent_uuid: "fbfc8c41afd24dd3ad9d381f8d064a85" member_type: VOTER last_known_addr { host: "127.0.107.193" port: 36025 } } peers { permanent_uuid: "ab80a03ff97144b0b827edb40c4ca3ec" member_type: VOTER last_known_addr { host: "127.0.107.194" port: 40057 } } peers { permanent_uuid: "1a3911a4b7884338bb9a139e479c46c6" member_type: VOTER last_known_addr { host: "127.0.107.195" port: 40039 } }
I20260709 14:46:01.730475  1709 ts_tablet_manager.cc:1434] T 4632bb4e6a3f4ef3810d0d92ba120a95 P 1a3911a4b7884338bb9a139e479c46c6: Time spent starting tablet: real 0.012s	user 0.005s	sys 0.000s
I20260709 14:46:01.731122  1716 leader_election.cc:290] T a29492df45864465b9ff59a8312c394a P fbfc8c41afd24dd3ad9d381f8d064a85 [CANDIDATE]: Term 1 pre-election: Requested pre-vote from peers ab80a03ff97144b0b827edb40c4ca3ec (127.0.107.194:40057), 1a3911a4b7884338bb9a139e479c46c6 (127.0.107.195:40039)
I20260709 14:46:01.731323  1709 tablet_bootstrap.cc:492] T cd70c0a757a640f18902569aaa9fe80a P 1a3911a4b7884338bb9a139e479c46c6: Bootstrap starting.
I20260709 14:46:01.734323  1590 tablet_service.cc:1917] Received RequestConsensusVote() RPC: tablet_id: "a29492df45864465b9ff59a8312c394a" candidate_uuid: "fbfc8c41afd24dd3ad9d381f8d064a85" candidate_term: 1 candidate_status { last_received { term: 0 index: 0 } } ignore_live_leader: false dest_uuid: "ab80a03ff97144b0b827edb40c4ca3ec" is_pre_election: true
I20260709 14:46:01.734903  1590 raft_consensus.cc:2468] T a29492df45864465b9ff59a8312c394a P ab80a03ff97144b0b827edb40c4ca3ec [term 0 FOLLOWER]: Leader pre-election vote request: Granting yes vote for candidate fbfc8c41afd24dd3ad9d381f8d064a85 in term 0.
I20260709 14:46:01.736546  1668 tablet_service.cc:1917] Received RequestConsensusVote() RPC: tablet_id: "a29492df45864465b9ff59a8312c394a" candidate_uuid: "fbfc8c41afd24dd3ad9d381f8d064a85" candidate_term: 1 candidate_status { last_received { term: 0 index: 0 } } ignore_live_leader: false dest_uuid: "1a3911a4b7884338bb9a139e479c46c6" is_pre_election: true
I20260709 14:46:01.738389  1486 leader_election.cc:304] T a29492df45864465b9ff59a8312c394a P fbfc8c41afd24dd3ad9d381f8d064a85 [CANDIDATE]: Term 1 pre-election: Election decided. Result: candidate won. Election summary: received 2 responses out of 3 voters: 2 yes votes; 0 no votes. yes voters: ab80a03ff97144b0b827edb40c4ca3ec, fbfc8c41afd24dd3ad9d381f8d064a85; no voters: 
I20260709 14:46:01.743005  1788 raft_consensus.cc:493] T a550eeb82b1d4a67be6e5cfb4f7d9d98 P 1a3911a4b7884338bb9a139e479c46c6 [term 0 FOLLOWER]: Starting pre-election (no leader contacted us within the election timeout)
