I20260709 14:54:55.105305 18734 tablet_service.cc:1917] Received RequestConsensusVote() RPC: tablet_id: "be0479a19c92448da9dde81029a66840" candidate_uuid: "f94c8088336444508401c3f3a10c87ee" candidate_term: 1 candidate_status { last_received { term: 0 index: 0 } } ignore_live_leader: false dest_uuid: "a7362e98bd724af7a8a56fd35085ae2a"
I20260709 14:54:55.105859 18734 raft_consensus.cc:3060] T be0479a19c92448da9dde81029a66840 P a7362e98bd724af7a8a56fd35085ae2a [term 0 FOLLOWER]: Advancing to term 1
I20260709 14:54:55.102895 18777 raft_consensus.cc:359] T a444f64f391f452bb7fcd8f6626b976c P f94c8088336444508401c3f3a10c87ee [term 0 FOLLOWER]: Replica starting. Triggering 0 pending ops. Active config: opid_index: -1 OBSOLETE_local: false peers { permanent_uuid: "2a426503976745319e798a3408ec43a7" member_type: VOTER last_known_addr { host: "127.17.138.129" port: 36999 } } peers { permanent_uuid: "f94c8088336444508401c3f3a10c87ee" member_type: VOTER last_known_addr { host: "127.17.138.130" port: 44405 } } peers { permanent_uuid: "a7362e98bd724af7a8a56fd35085ae2a" member_type: VOTER last_known_addr { host: "127.17.138.131" port: 39859 } }
I20260709 14:54:55.107050 18777 raft_consensus.cc:385] T a444f64f391f452bb7fcd8f6626b976c P f94c8088336444508401c3f3a10c87ee [term 0 FOLLOWER]: Consensus starting up: Expiring failure detector timer to make a prompt election more likely
I20260709 14:54:55.107316 18777 raft_consensus.cc:740] T a444f64f391f452bb7fcd8f6626b976c P f94c8088336444508401c3f3a10c87ee [term 0 FOLLOWER]: Becoming Follower/Learner. State: Replica: f94c8088336444508401c3f3a10c87ee, State: Initialized, Role: FOLLOWER
I20260709 14:54:55.109550 18777 consensus_queue.cc:260] T a444f64f391f452bb7fcd8f6626b976c P f94c8088336444508401c3f3a10c87ee [NON_LEADER]: Queue going to NON_LEADER mode. State: All replicated index: 0, Majority replicated index: 0, Committed index: 0, Last appended: 0.0, Last appended by leader: 0, Current term: 0, Majority size: -1, State: 0, Mode: NON_LEADER, active raft config: opid_index: -1 OBSOLETE_local: false peers { permanent_uuid: "2a426503976745319e798a3408ec43a7" member_type: VOTER last_known_addr { host: "127.17.138.129" port: 36999 } } peers { permanent_uuid: "f94c8088336444508401c3f3a10c87ee" member_type: VOTER last_known_addr { host: "127.17.138.130" port: 44405 } } peers { permanent_uuid: "a7362e98bd724af7a8a56fd35085ae2a" member_type: VOTER last_known_addr { host: "127.17.138.131" port: 39859 } }
I20260709 14:54:55.110118 18807 raft_consensus.cc:493] T fa6cbc7681e64aa5baaa01092d590253 P a7362e98bd724af7a8a56fd35085ae2a [term 0 FOLLOWER]: Starting pre-election (no leader contacted us within the election timeout)
I20260709 14:54:55.110536 18807 raft_consensus.cc:515] T fa6cbc7681e64aa5baaa01092d590253 P a7362e98bd724af7a8a56fd35085ae2a [term 0 FOLLOWER]: Starting pre-election with config: opid_index: -1 OBSOLETE_local: false peers { permanent_uuid: "a7362e98bd724af7a8a56fd35085ae2a" member_type: VOTER last_known_addr { host: "127.17.138.131" port: 39859 } } peers { permanent_uuid: "f94c8088336444508401c3f3a10c87ee" member_type: VOTER last_known_addr { host: "127.17.138.130" port: 44405 } } peers { permanent_uuid: "2a426503976745319e798a3408ec43a7" member_type: VOTER last_known_addr { host: "127.17.138.129" port: 36999 } }
I20260709 14:54:55.111390 18586 raft_consensus.cc:2468] T be0479a19c92448da9dde81029a66840 P 2a426503976745319e798a3408ec43a7 [term 1 FOLLOWER]: Leader election vote request: Granting yes vote for candidate f94c8088336444508401c3f3a10c87ee in term 1.
I20260709 14:54:55.111773 18777 ts_tablet_manager.cc:1434] T a444f64f391f452bb7fcd8f6626b976c P f94c8088336444508401c3f3a10c87ee: Time spent starting tablet: real 0.011s	user 0.005s	sys 0.000s
I20260709 14:54:55.112612 18807 leader_election.cc:290] T fa6cbc7681e64aa5baaa01092d590253 P a7362e98bd724af7a8a56fd35085ae2a [CANDIDATE]: Term 1 pre-election: Requested pre-vote from peers f94c8088336444508401c3f3a10c87ee (127.17.138.130:44405), 2a426503976745319e798a3408ec43a7 (127.17.138.129:36999)
I20260709 14:54:55.112532 18624 leader_election.cc:304] T be0479a19c92448da9dde81029a66840 P f94c8088336444508401c3f3a10c87ee [CANDIDATE]: Term 1 election: Election decided. Result: candidate won. Election summary: received 2 responses out of 3 voters: 2 yes votes; 0 no votes. yes voters: 2a426503976745319e798a3408ec43a7, f94c8088336444508401c3f3a10c87ee; no voters: 
I20260709 14:54:55.114476 18794 raft_consensus.cc:2804] T be0479a19c92448da9dde81029a66840 P f94c8088336444508401c3f3a10c87ee [term 1 FOLLOWER]: Leader election won for term 1
I20260709 14:54:55.114629 18661 tablet_service.cc:1917] Received RequestConsensusVote() RPC: tablet_id: "fa6cbc7681e64aa5baaa01092d590253" candidate_uuid: "a7362e98bd724af7a8a56fd35085ae2a" candidate_term: 1 candidate_status { last_received { term: 0 index: 0 } } ignore_live_leader: false dest_uuid: "f94c8088336444508401c3f3a10c87ee" is_pre_election: true
I20260709 14:54:55.115002 18794 raft_consensus.cc:697] T be0479a19c92448da9dde81029a66840 P f94c8088336444508401c3f3a10c87ee [term 1 LEADER]: Becoming Leader. State: Replica: f94c8088336444508401c3f3a10c87ee, State: Running, Role: LEADER
W20260709 14:54:55.115942 18701 leader_election.cc:343] T fa6cbc7681e64aa5baaa01092d590253 P a7362e98bd724af7a8a56fd35085ae2a [CANDIDATE]: Term 1 pre-election: Tablet error from VoteRequest() call to peer f94c8088336444508401c3f3a10c87ee (127.17.138.130:44405): Illegal state: must be running to vote when last-logged opid is not known
I20260709 14:54:55.116382 18794 consensus_queue.cc:237] T be0479a19c92448da9dde81029a66840 P f94c8088336444508401c3f3a10c87ee [LEADER]: Queue going to LEADER mode. State: All replicated index: 0, Majority replicated index: 0, Committed index: 0, Last appended: 0.0, Last appended by leader: 0, Current term: 1, Majority size: 2, State: 0, Mode: LEADER, active raft config: opid_index: -1 OBSOLETE_local: false peers { permanent_uuid: "2a426503976745319e798a3408ec43a7" member_type: VOTER last_known_addr { host: "127.17.138.129" port: 36999 } } peers { permanent_uuid: "f94c8088336444508401c3f3a10c87ee" member_type: VOTER last_known_addr { host: "127.17.138.130" port: 44405 } } peers { permanent_uuid: "a7362e98bd724af7a8a56fd35085ae2a" member_type: VOTER last_known_addr { host: "127.17.138.131" port: 39859 } }
I20260709 14:54:55.116860 18734 raft_consensus.cc:2468] T be0479a19c92448da9dde81029a66840 P a7362e98bd724af7a8a56fd35085ae2a [term 1 FOLLOWER]: Leader election vote request: Granting yes vote for candidate f94c8088336444508401c3f3a10c87ee in term 1.
I20260709 14:54:55.115490 18807 raft_consensus.cc:493] T 7d60007d831542698e4aa7ce7cd0bdb6 P a7362e98bd724af7a8a56fd35085ae2a [term 0 FOLLOWER]: Starting pre-election (no leader contacted us within the election timeout)
I20260709 14:54:55.118700 18807 raft_consensus.cc:515] T 7d60007d831542698e4aa7ce7cd0bdb6 P a7362e98bd724af7a8a56fd35085ae2a [term 0 FOLLOWER]: Starting pre-election with config: opid_index: -1 OBSOLETE_local: false peers { permanent_uuid: "2a426503976745319e798a3408ec43a7" member_type: VOTER last_known_addr { host: "127.17.138.129" port: 36999 } } peers { permanent_uuid: "f94c8088336444508401c3f3a10c87ee" member_type: VOTER last_known_addr { host: "127.17.138.130" port: 44405 } } peers { permanent_uuid: "a7362e98bd724af7a8a56fd35085ae2a" member_type: VOTER last_known_addr { host: "127.17.138.131" port: 39859 } }
I20260709 14:54:55.119721 18776 tablet_bootstrap.cc:492] T a047fef951f04aeab604f3676119f1ec P 2a426503976745319e798a3408ec43a7: No bootstrap required, opened a new log
I20260709 14:54:55.121109 18776 ts_tablet_manager.cc:1403] T a047fef951f04aeab604f3676119f1ec P 2a426503976745319e798a3408ec43a7: Time spent bootstrapping tablet: real 0.048s	user 0.016s	sys 0.001s
I20260709 14:54:55.121254 18585 tablet_service.cc:1917] Received RequestConsensusVote() RPC: tablet_id: "7d60007d831542698e4aa7ce7cd0bdb6" candidate_uuid: "a7362e98bd724af7a8a56fd35085ae2a" candidate_term: 1 candidate_status { last_received { term: 0 index: 0 } } ignore_live_leader: false dest_uuid: "2a426503976745319e798a3408ec43a7" is_pre_election: true
I20260709 14:54:55.122088 18807 leader_election.cc:290] T 7d60007d831542698e4aa7ce7cd0bdb6 P a7362e98bd724af7a8a56fd35085ae2a [CANDIDATE]: Term 1 pre-election: Requested pre-vote from peers 2a426503976745319e798a3408ec43a7 (127.17.138.129:36999), f94c8088336444508401c3f3a10c87ee (127.17.138.130:44405)
I20260709 14:54:55.123482 18661 tablet_service.cc:1917] Received RequestConsensusVote() RPC: tablet_id: "7d60007d831542698e4aa7ce7cd0bdb6" candidate_uuid: "a7362e98bd724af7a8a56fd35085ae2a" candidate_term: 1 candidate_status { last_received { term: 0 index: 0 } } ignore_live_leader: false dest_uuid: "f94c8088336444508401c3f3a10c87ee" is_pre_election: true
I20260709 14:54:55.123757 18775 tablet_bootstrap.cc:492] T ff3bf045e8c345c1b5ffdfea9eb680a3 P a7362e98bd724af7a8a56fd35085ae2a: No bootstrap required, opened a new log
I20260709 14:54:55.124208 18661 raft_consensus.cc:2393] T 7d60007d831542698e4aa7ce7cd0bdb6 P f94c8088336444508401c3f3a10c87ee [term 1 FOLLOWER]: Leader pre-election vote request: Denying vote to candidate a7362e98bd724af7a8a56fd35085ae2a in current term 1: Already voted for candidate 2a426503976745319e798a3408ec43a7 in this term.
I20260709 14:54:55.114212 18586 tablet_service.cc:1917] Received RequestConsensusVote() RPC: tablet_id: "fa6cbc7681e64aa5baaa01092d590253" candidate_uuid: "a7362e98bd724af7a8a56fd35085ae2a" candidate_term: 1 candidate_status { last_received { term: 0 index: 0 } } ignore_live_leader: false dest_uuid: "2a426503976745319e798a3408ec43a7" is_pre_election: true
I20260709 14:54:55.125550 18701 leader_election.cc:304] T 7d60007d831542698e4aa7ce7cd0bdb6 P a7362e98bd724af7a8a56fd35085ae2a [CANDIDATE]: Term 1 pre-election: Election decided. Result: candidate lost. Election summary: received 3 responses out of 3 voters: 1 yes votes; 2 no votes. yes voters: a7362e98bd724af7a8a56fd35085ae2a; no voters: 2a426503976745319e798a3408ec43a7, f94c8088336444508401c3f3a10c87ee
W20260709 14:54:55.125830 18698 leader_election.cc:343] T fa6cbc7681e64aa5baaa01092d590253 P a7362e98bd724af7a8a56fd35085ae2a [CANDIDATE]: Term 1 pre-election: Tablet error from VoteRequest() call to peer 2a426503976745319e798a3408ec43a7 (127.17.138.129:36999): Illegal state: must be running to vote when last-logged opid is not known
I20260709 14:54:55.126317 18698 leader_election.cc:304] T fa6cbc7681e64aa5baaa01092d590253 P a7362e98bd724af7a8a56fd35085ae2a [CANDIDATE]: Term 1 pre-election: Election decided. Result: candidate lost. Election summary: received 3 responses out of 3 voters: 1 yes votes; 2 no votes. yes voters: a7362e98bd724af7a8a56fd35085ae2a; no voters: 2a426503976745319e798a3408ec43a7, f94c8088336444508401c3f3a10c87ee
I20260709 14:54:55.126639 18807 raft_consensus.cc:3060] T 7d60007d831542698e4aa7ce7cd0bdb6 P a7362e98bd724af7a8a56fd35085ae2a [term 0 FOLLOWER]: Advancing to term 1
I20260709 14:54:55.127384 18781 raft_consensus.cc:2749] T fa6cbc7681e64aa5baaa01092d590253 P a7362e98bd724af7a8a56fd35085ae2a [term 0 FOLLOWER]: Leader pre-election lost for term 1. Reason: could not achieve majority
I20260709 14:54:55.112668 18777 tablet_bootstrap.cc:492] T fa6cbc7681e64aa5baaa01092d590253 P f94c8088336444508401c3f3a10c87ee: Bootstrap starting.
I20260709 14:54:55.130657 18776 raft_consensus.cc:359] T a047fef951f04aeab604f3676119f1ec P 2a426503976745319e798a3408ec43a7 [term 0 FOLLOWER]: Replica starting. Triggering 0 pending ops. Active config: opid_index: -1 OBSOLETE_local: false peers { permanent_uuid: "2a426503976745319e798a3408ec43a7" member_type: VOTER last_known_addr { host: "127.17.138.129" port: 36999 } } peers { permanent_uuid: "f94c8088336444508401c3f3a10c87ee" member_type: VOTER last_known_addr { host: "127.17.138.130" port: 44405 } } peers { permanent_uuid: "a7362e98bd724af7a8a56fd35085ae2a" member_type: VOTER last_known_addr { host: "127.17.138.131" port: 39859 } }
I20260709 14:54:55.131413 18776 raft_consensus.cc:385] T a047fef951f04aeab604f3676119f1ec P 2a426503976745319e798a3408ec43a7 [term 0 FOLLOWER]: Consensus starting up: Expiring failure detector timer to make a prompt election more likely
I20260709 14:54:55.131759 18776 raft_consensus.cc:740] T a047fef951f04aeab604f3676119f1ec P 2a426503976745319e798a3408ec43a7 [term 0 FOLLOWER]: Becoming Follower/Learner. State: Replica: 2a426503976745319e798a3408ec43a7, State: Initialized, Role: FOLLOWER
I20260709 14:54:55.132665 18776 consensus_queue.cc:260] T a047fef951f04aeab604f3676119f1ec P 2a426503976745319e798a3408ec43a7 [NON_LEADER]: Queue going to NON_LEADER mode. State: All replicated index: 0, Majority replicated index: 0, Committed index: 0, Last appended: 0.0, Last appended by leader: 0, Current term: 0, Majority size: -1, State: 0, Mode: NON_LEADER, active raft config: opid_index: -1 OBSOLETE_local: false peers { permanent_uuid: "2a426503976745319e798a3408ec43a7" member_type: VOTER last_known_addr { host: "127.17.138.129" port: 36999 } } peers { permanent_uuid: "f94c8088336444508401c3f3a10c87ee" member_type: VOTER last_known_addr { host: "127.17.138.130" port: 44405 } } peers { permanent_uuid: "a7362e98bd724af7a8a56fd35085ae2a" member_type: VOTER last_known_addr { host: "127.17.138.131" port: 39859 } }
I20260709 14:54:55.133435 18807 raft_consensus.cc:2749] T 7d60007d831542698e4aa7ce7cd0bdb6 P a7362e98bd724af7a8a56fd35085ae2a [term 1 FOLLOWER]: Leader pre-election lost for term 1. Reason: could not achieve majority
I20260709 14:54:55.124203 18775 ts_tablet_manager.cc:1403] T ff3bf045e8c345c1b5ffdfea9eb680a3 P a7362e98bd724af7a8a56fd35085ae2a: Time spent bootstrapping tablet: real 0.029s	user 0.007s	sys 0.005s
I20260709 14:54:55.134666 18777 tablet_bootstrap.cc:654] T fa6cbc7681e64aa5baaa01092d590253 P f94c8088336444508401c3f3a10c87ee: Neither blocks nor log segments found. Creating new log.
I20260709 14:54:55.135349 18776 ts_tablet_manager.cc:1434] T a047fef951f04aeab604f3676119f1ec P 2a426503976745319e798a3408ec43a7: Time spent starting tablet: real 0.010s	user 0.005s	sys 0.000s
I20260709 14:54:55.141360 18776 tablet_bootstrap.cc:492] T ea1689a6b4cc456d9a8c8d5e2c173753 P 2a426503976745319e798a3408ec43a7: Bootstrap starting.
I20260709 14:54:55.136271 18775 raft_consensus.cc:359] T ff3bf045e8c345c1b5ffdfea9eb680a3 P a7362e98bd724af7a8a56fd35085ae2a [term 0 FOLLOWER]: Replica starting. Triggering 0 pending ops. Active config: opid_index: -1 OBSOLETE_local: false peers { permanent_uuid: "2a426503976745319e798a3408ec43a7" member_type: VOTER last_known_addr { host: "127.17.138.129" port: 36999 } } peers { permanent_uuid: "f94c8088336444508401c3f3a10c87ee" member_type: VOTER last_known_addr { host: "127.17.138.130" port: 44405 } } peers { permanent_uuid: "a7362e98bd724af7a8a56fd35085ae2a" member_type: VOTER last_known_addr { host: "127.17.138.131" port: 39859 } }
I20260709 14:54:55.137992 18785 raft_consensus.cc:493] T 8db5770a0a954c3fb1dc8385708e965c P 2a426503976745319e798a3408ec43a7 [term 0 FOLLOWER]: Starting pre-election (no leader contacted us within the election timeout)
I20260709 14:54:55.142143 18775 raft_consensus.cc:385] T ff3bf045e8c345c1b5ffdfea9eb680a3 P a7362e98bd724af7a8a56fd35085ae2a [term 0 FOLLOWER]: Consensus starting up: Expiring failure detector timer to make a prompt election more likely
I20260709 14:54:55.142530 18775 raft_consensus.cc:740] T ff3bf045e8c345c1b5ffdfea9eb680a3 P a7362e98bd724af7a8a56fd35085ae2a [term 0 FOLLOWER]: Becoming Follower/Learner. State: Replica: a7362e98bd724af7a8a56fd35085ae2a, State: Initialized, Role: FOLLOWER
I20260709 14:54:55.142218 18785 raft_consensus.cc:515] T 8db5770a0a954c3fb1dc8385708e965c P 2a426503976745319e798a3408ec43a7 [term 0 FOLLOWER]: Starting pre-election with config: opid_index: -1 OBSOLETE_local: false peers { permanent_uuid: "2a426503976745319e798a3408ec43a7" member_type: VOTER last_known_addr { host: "127.17.138.129" port: 36999 } } peers { permanent_uuid: "f94c8088336444508401c3f3a10c87ee" member_type: VOTER last_known_addr { host: "127.17.138.130" port: 44405 } } peers { permanent_uuid: "a7362e98bd724af7a8a56fd35085ae2a" member_type: VOTER last_known_addr { host: "127.17.138.131" port: 39859 } }
I20260709 14:54:55.143363 18775 consensus_queue.cc:260] T ff3bf045e8c345c1b5ffdfea9eb680a3 P a7362e98bd724af7a8a56fd35085ae2a [NON_LEADER]: Queue going to NON_LEADER mode. State: All replicated index: 0, Majority replicated index: 0, Committed index: 0, Last appended: 0.0, Last appended by leader: 0, Current term: 0, Majority size: -1, State: 0, Mode: NON_LEADER, active raft config: opid_index: -1 OBSOLETE_local: false peers { permanent_uuid: "2a426503976745319e798a3408ec43a7" member_type: VOTER last_known_addr { host: "127.17.138.129" port: 36999 } } peers { permanent_uuid: "f94c8088336444508401c3f3a10c87ee" member_type: VOTER last_known_addr { host: "127.17.138.130" port: 44405 } } peers { permanent_uuid: "a7362e98bd724af7a8a56fd35085ae2a" member_type: VOTER last_known_addr { host: "127.17.138.131" port: 39859 } }
I20260709 14:54:55.144304 18785 leader_election.cc:290] T 8db5770a0a954c3fb1dc8385708e965c P 2a426503976745319e798a3408ec43a7 [CANDIDATE]: Term 1 pre-election: Requested pre-vote from peers f94c8088336444508401c3f3a10c87ee (127.17.138.130:44405), a7362e98bd724af7a8a56fd35085ae2a (127.17.138.131:39859)
I20260709 14:54:55.145234 18775 ts_tablet_manager.cc:1434] T ff3bf045e8c345c1b5ffdfea9eb680a3 P a7362e98bd724af7a8a56fd35085ae2a: Time spent starting tablet: real 0.011s	user 0.003s	sys 0.002s
I20260709 14:54:55.145709 18734 tablet_service.cc:1917] Received RequestConsensusVote() RPC: tablet_id: "8db5770a0a954c3fb1dc8385708e965c" candidate_uuid: "2a426503976745319e798a3408ec43a7" candidate_term: 1 candidate_status { last_received { term: 0 index: 0 } } ignore_live_leader: false dest_uuid: "a7362e98bd724af7a8a56fd35085ae2a" is_pre_election: true
I20260709 14:54:55.146255 18734 raft_consensus.cc:2468] T 8db5770a0a954c3fb1dc8385708e965c P a7362e98bd724af7a8a56fd35085ae2a [term 0 FOLLOWER]: Leader pre-election vote request: Granting yes vote for candidate 2a426503976745319e798a3408ec43a7 in term 0.
I20260709 14:54:55.146474 18775 tablet_bootstrap.cc:492] T ea1689a6b4cc456d9a8c8d5e2c173753 P a7362e98bd724af7a8a56fd35085ae2a: Bootstrap starting.
I20260709 14:54:55.147383 18549 leader_election.cc:304] T 8db5770a0a954c3fb1dc8385708e965c P 2a426503976745319e798a3408ec43a7 [CANDIDATE]: Term 1 pre-election: Election decided. Result: candidate won. Election summary: received 2 responses out of 3 voters: 2 yes votes; 0 no votes. yes voters: 2a426503976745319e798a3408ec43a7, a7362e98bd724af7a8a56fd35085ae2a; no voters: 
I20260709 14:54:55.148008 18661 tablet_service.cc:1917] Received RequestConsensusVote() RPC: tablet_id: "8db5770a0a954c3fb1dc8385708e965c" candidate_uuid: "2a426503976745319e798a3408ec43a7" candidate_term: 1 candidate_status { last_received { term: 0 index: 0 } } ignore_live_leader: false dest_uuid: "f94c8088336444508401c3f3a10c87ee" is_pre_election: true
I20260709 14:54:55.148170 18785 raft_consensus.cc:2804] T 8db5770a0a954c3fb1dc8385708e965c P 2a426503976745319e798a3408ec43a7 [term 0 FOLLOWER]: Leader pre-election won for term 1
I20260709 14:54:55.148531 18785 raft_consensus.cc:493] T 8db5770a0a954c3fb1dc8385708e965c P 2a426503976745319e798a3408ec43a7 [term 0 FOLLOWER]: Starting leader election (no leader contacted us within the election timeout)
W20260709 14:54:55.149648 18552 leader_election.cc:343] T 8db5770a0a954c3fb1dc8385708e965c P 2a426503976745319e798a3408ec43a7 [CANDIDATE]: Term 1 pre-election: Tablet error from VoteRequest() call to peer f94c8088336444508401c3f3a10c87ee (127.17.138.130:44405): Illegal state: must be running to vote when last-logged opid is not known
I20260709 14:54:55.152367 18775 tablet_bootstrap.cc:654] T ea1689a6b4cc456d9a8c8d5e2c173753 P a7362e98bd724af7a8a56fd35085ae2a: Neither blocks nor log segments found. Creating new log.
I20260709 14:54:55.153795 18776 tablet_bootstrap.cc:654] T ea1689a6b4cc456d9a8c8d5e2c173753 P 2a426503976745319e798a3408ec43a7: Neither blocks nor log segments found. Creating new log.
I20260709 14:54:55.155730 18785 raft_consensus.cc:3060] T 8db5770a0a954c3fb1dc8385708e965c P 2a426503976745319e798a3408ec43a7 [term 0 FOLLOWER]: Advancing to term 1
I20260709 14:54:55.156639 18482 catalog_manager.cc:5697] T f2627227666f44d3b02fb4468d7ac876 P f94c8088336444508401c3f3a10c87ee reported cstate change: term changed from 0 to 1, leader changed from <none> to f94c8088336444508401c3f3a10c87ee (127.17.138.130). New cstate: current_term: 1 leader_uuid: "f94c8088336444508401c3f3a10c87ee" committed_config { opid_index: -1 OBSOLETE_local: false peers { permanent_uuid: "2a426503976745319e798a3408ec43a7" member_type: VOTER last_known_addr { host: "127.17.138.129" port: 36999 } health_report { overall_health: UNKNOWN } } peers { permanent_uuid: "f94c8088336444508401c3f3a10c87ee" member_type: VOTER last_known_addr { host: "127.17.138.130" port: 44405 } health_report { overall_health: HEALTHY } } peers { permanent_uuid: "a7362e98bd724af7a8a56fd35085ae2a" member_type: VOTER last_known_addr { host: "127.17.138.131" port: 39859 } health_report { overall_health: UNKNOWN } } }
I20260709 14:54:55.158823 18482 catalog_manager.cc:5697] T be0479a19c92448da9dde81029a66840 P f94c8088336444508401c3f3a10c87ee reported cstate change: term changed from 0 to 1, leader changed from <none> to f94c8088336444508401c3f3a10c87ee (127.17.138.130). New cstate: current_term: 1 leader_uuid: "f94c8088336444508401c3f3a10c87ee" committed_config { opid_index: -1 OBSOLETE_local: false peers { permanent_uuid: "2a426503976745319e798a3408ec43a7" member_type: VOTER last_known_addr { host: "127.17.138.129" port: 36999 } health_report { overall_health: UNKNOWN } } peers { permanent_uuid: "f94c8088336444508401c3f3a10c87ee" member_type: VOTER last_known_addr { host: "127.17.138.130" port: 44405 } health_report { overall_health: HEALTHY } } peers { permanent_uuid: "a7362e98bd724af7a8a56fd35085ae2a" member_type: VOTER last_known_addr { host: "127.17.138.131" port: 39859 } health_report { overall_health: UNKNOWN } } }
I20260709 14:54:55.165923 18483 catalog_manager.cc:5697] T 7d60007d831542698e4aa7ce7cd0bdb6 P 2a426503976745319e798a3408ec43a7 reported cstate change: term changed from 0 to 1, leader changed from <none> to 2a426503976745319e798a3408ec43a7 (127.17.138.129). New cstate: current_term: 1 leader_uuid: "2a426503976745319e798a3408ec43a7" committed_config { opid_index: -1 OBSOLETE_local: false peers { permanent_uuid: "2a426503976745319e798a3408ec43a7" member_type: VOTER last_known_addr { host: "127.17.138.129" port: 36999 } health_report { overall_health: HEALTHY } } peers { permanent_uuid: "f94c8088336444508401c3f3a10c87ee" member_type: VOTER last_known_addr { host: "127.17.138.130" port: 44405 } health_report { overall_health: UNKNOWN } } peers { permanent_uuid: "a7362e98bd724af7a8a56fd35085ae2a" member_type: VOTER last_known_addr { host: "127.17.138.131" port: 39859 } health_report { overall_health: UNKNOWN } } }
I20260709 14:54:55.168746 18785 raft_consensus.cc:515] T 8db5770a0a954c3fb1dc8385708e965c P 2a426503976745319e798a3408ec43a7 [term 1 FOLLOWER]: Starting leader election with config: opid_index: -1 OBSOLETE_local: false peers { permanent_uuid: "2a426503976745319e798a3408ec43a7" member_type: VOTER last_known_addr { host: "127.17.138.129" port: 36999 } } peers { permanent_uuid: "f94c8088336444508401c3f3a10c87ee" member_type: VOTER last_known_addr { host: "127.17.138.130" port: 44405 } } peers { permanent_uuid: "a7362e98bd724af7a8a56fd35085ae2a" member_type: VOTER last_known_addr { host: "127.17.138.131" port: 39859 } }
I20260709 14:54:55.173501 18661 tablet_service.cc:1917] Received RequestConsensusVote() RPC: tablet_id: "8db5770a0a954c3fb1dc8385708e965c" candidate_uuid: "2a426503976745319e798a3408ec43a7" candidate_term: 1 candidate_status { last_received { term: 0 index: 0 } } ignore_live_leader: false dest_uuid: "f94c8088336444508401c3f3a10c87ee"
W20260709 14:54:55.174755 18552 leader_election.cc:343] T 8db5770a0a954c3fb1dc8385708e965c P 2a426503976745319e798a3408ec43a7 [CANDIDATE]: Term 1 election: Tablet error from VoteRequest() call to peer f94c8088336444508401c3f3a10c87ee (127.17.138.130:44405): Illegal state: must be running to vote when last-logged opid is not known
I20260709 14:54:55.175940 18785 leader_election.cc:290] T 8db5770a0a954c3fb1dc8385708e965c P 2a426503976745319e798a3408ec43a7 [CANDIDATE]: Term 1 election: Requested vote from peers f94c8088336444508401c3f3a10c87ee (127.17.138.130:44405), a7362e98bd724af7a8a56fd35085ae2a (127.17.138.131:39859)
I20260709 14:54:55.179137 18734 tablet_service.cc:1917] Received RequestConsensusVote() RPC: tablet_id: "8db5770a0a954c3fb1dc8385708e965c" candidate_uuid: "2a426503976745319e798a3408ec43a7" candidate_term: 1 candidate_status { last_received { term: 0 index: 0 } } ignore_live_leader: false dest_uuid: "a7362e98bd724af7a8a56fd35085ae2a"
I20260709 14:54:55.179695 18734 raft_consensus.cc:3060] T 8db5770a0a954c3fb1dc8385708e965c P a7362e98bd724af7a8a56fd35085ae2a [term 0 FOLLOWER]: Advancing to term 1
I20260709 14:54:55.180111 18775 tablet_bootstrap.cc:492] T ea1689a6b4cc456d9a8c8d5e2c173753 P a7362e98bd724af7a8a56fd35085ae2a: No bootstrap required, opened a new log
I20260709 14:54:55.180513 18775 ts_tablet_manager.cc:1403] T ea1689a6b4cc456d9a8c8d5e2c173753 P a7362e98bd724af7a8a56fd35085ae2a: Time spent bootstrapping tablet: real 0.034s	user 0.013s	sys 0.010s
I20260709 14:54:55.182966 18777 tablet_bootstrap.cc:492] T fa6cbc7681e64aa5baaa01092d590253 P f94c8088336444508401c3f3a10c87ee: No bootstrap required, opened a new log
I20260709 14:54:55.183512 18777 ts_tablet_manager.cc:1403] T fa6cbc7681e64aa5baaa01092d590253 P f94c8088336444508401c3f3a10c87ee: Time spent bootstrapping tablet: real 0.071s	user 0.017s	sys 0.013s
I20260709 14:54:55.183938 18775 raft_consensus.cc:359] T ea1689a6b4cc456d9a8c8d5e2c173753 P a7362e98bd724af7a8a56fd35085ae2a [term 0 FOLLOWER]: Replica starting. Triggering 0 pending ops. Active config: opid_index: -1 OBSOLETE_local: false peers { permanent_uuid: "2a426503976745319e798a3408ec43a7" member_type: VOTER last_known_addr { host: "127.17.138.129" port: 36999 } } peers { permanent_uuid: "f94c8088336444508401c3f3a10c87ee" member_type: VOTER last_known_addr { host: "127.17.138.130" port: 44405 } } peers { permanent_uuid: "a7362e98bd724af7a8a56fd35085ae2a" member_type: VOTER last_known_addr { host: "127.17.138.131" port: 39859 } }
I20260709 14:54:55.184598 18775 raft_consensus.cc:385] T ea1689a6b4cc456d9a8c8d5e2c173753 P a7362e98bd724af7a8a56fd35085ae2a [term 0 FOLLOWER]: Consensus starting up: Expiring failure detector timer to make a prompt election more likely
I20260709 14:54:55.184849 18775 raft_consensus.cc:740] T ea1689a6b4cc456d9a8c8d5e2c173753 P a7362e98bd724af7a8a56fd35085ae2a [term 0 FOLLOWER]: Becoming Follower/Learner. State: Replica: a7362e98bd724af7a8a56fd35085ae2a, State: Initialized, Role: FOLLOWER
I20260709 14:54:55.186633 18734 raft_consensus.cc:2468] T 8db5770a0a954c3fb1dc8385708e965c P a7362e98bd724af7a8a56fd35085ae2a [term 1 FOLLOWER]: Leader election vote request: Granting yes vote for candidate 2a426503976745319e798a3408ec43a7 in term 1.
I20260709 14:54:55.186758 18777 raft_consensus.cc:359] T fa6cbc7681e64aa5baaa01092d590253 P f94c8088336444508401c3f3a10c87ee [term 0 FOLLOWER]: Replica starting. Triggering 0 pending ops. Active config: opid_index: -1 OBSOLETE_local: false peers { permanent_uuid: "a7362e98bd724af7a8a56fd35085ae2a" member_type: VOTER last_known_addr { host: "127.17.138.131" port: 39859 } } peers { permanent_uuid: "f94c8088336444508401c3f3a10c87ee" member_type: VOTER last_known_addr { host: "127.17.138.130" port: 44405 } } peers { permanent_uuid: "2a426503976745319e798a3408ec43a7" member_type: VOTER last_known_addr { host: "127.17.138.129" port: 36999 } }
I20260709 14:54:55.187631 18777 raft_consensus.cc:385] T fa6cbc7681e64aa5baaa01092d590253 P f94c8088336444508401c3f3a10c87ee [term 0 FOLLOWER]: Consensus starting up: Expiring failure detector timer to make a prompt election more likely
I20260709 14:54:55.187815 18776 tablet_bootstrap.cc:492] T ea1689a6b4cc456d9a8c8d5e2c173753 P 2a426503976745319e798a3408ec43a7: No bootstrap required, opened a new log
I20260709 14:54:55.187924 18777 raft_consensus.cc:740] T fa6cbc7681e64aa5baaa01092d590253 P f94c8088336444508401c3f3a10c87ee [term 0 FOLLOWER]: Becoming Follower/Learner. State: Replica: f94c8088336444508401c3f3a10c87ee, State: Initialized, Role: FOLLOWER
I20260709 14:54:55.188270 18776 ts_tablet_manager.cc:1403] T ea1689a6b4cc456d9a8c8d5e2c173753 P 2a426503976745319e798a3408ec43a7: Time spent bootstrapping tablet: real 0.047s	user 0.007s	sys 0.009s
I20260709 14:54:55.187945 18549 leader_election.cc:304] T 8db5770a0a954c3fb1dc8385708e965c P 2a426503976745319e798a3408ec43a7 [CANDIDATE]: Term 1 election: Election decided. Result: candidate won. Election summary: received 3 responses out of 3 voters: 2 yes votes; 1 no votes. yes voters: 2a426503976745319e798a3408ec43a7, a7362e98bd724af7a8a56fd35085ae2a; no voters: f94c8088336444508401c3f3a10c87ee
I20260709 14:54:55.189102 18785 raft_consensus.cc:2804] T 8db5770a0a954c3fb1dc8385708e965c P 2a426503976745319e798a3408ec43a7 [term 1 FOLLOWER]: Leader election won for term 1
I20260709 14:54:55.188776 18777 consensus_queue.cc:260] T fa6cbc7681e64aa5baaa01092d590253 P f94c8088336444508401c3f3a10c87ee [NON_LEADER]: Queue going to NON_LEADER mode. State: All replicated index: 0, Majority replicated index: 0, Committed index: 0, Last appended: 0.0, Last appended by leader: 0, Current term: 0, Majority size: -1, State: 0, Mode: NON_LEADER, active raft config: opid_index: -1 OBSOLETE_local: false peers { permanent_uuid: "a7362e98bd724af7a8a56fd35085ae2a" member_type: VOTER last_known_addr { host: "127.17.138.131" port: 39859 } } peers { permanent_uuid: "f94c8088336444508401c3f3a10c87ee" member_type: VOTER last_known_addr { host: "127.17.138.130" port: 44405 } } peers { permanent_uuid: "2a426503976745319e798a3408ec43a7" member_type: VOTER last_known_addr { host: "127.17.138.129" port: 36999 } }
I20260709 14:54:55.190326 18785 raft_consensus.cc:697] T 8db5770a0a954c3fb1dc8385708e965c P 2a426503976745319e798a3408ec43a7 [term 1 LEADER]: Becoming Leader. State: Replica: 2a426503976745319e798a3408ec43a7, State: Running, Role: LEADER
I20260709 14:54:55.191223 18777 ts_tablet_manager.cc:1434] T fa6cbc7681e64aa5baaa01092d590253 P f94c8088336444508401c3f3a10c87ee: Time spent starting tablet: real 0.007s	user 0.004s	sys 0.002s
I20260709 14:54:55.185508 18775 consensus_queue.cc:260] T ea1689a6b4cc456d9a8c8d5e2c173753 P a7362e98bd724af7a8a56fd35085ae2a [NON_LEADER]: Queue going to NON_LEADER mode. State: All replicated index: 0, Majority replicated index: 0, Committed index: 0, Last appended: 0.0, Last appended by leader: 0, Current term: 0, Majority size: -1, State: 0, Mode: NON_LEADER, active raft config: opid_index: -1 OBSOLETE_local: false peers { permanent_uuid: "2a426503976745319e798a3408ec43a7" member_type: VOTER last_known_addr { host: "127.17.138.129" port: 36999 } } peers { permanent_uuid: "f94c8088336444508401c3f3a10c87ee" member_type: VOTER last_known_addr { host: "127.17.138.130" port: 44405 } } peers { permanent_uuid: "a7362e98bd724af7a8a56fd35085ae2a" member_type: VOTER last_known_addr { host: "127.17.138.131" port: 39859 } }
I20260709 14:54:55.191160 18785 consensus_queue.cc:237] T 8db5770a0a954c3fb1dc8385708e965c P 2a426503976745319e798a3408ec43a7 [LEADER]: Queue going to LEADER mode. State: All replicated index: 0, Majority replicated index: 0, Committed index: 0, Last appended: 0.0, Last appended by leader: 0, Current term: 1, Majority size: 2, State: 0, Mode: LEADER, active raft config: opid_index: -1 OBSOLETE_local: false peers { permanent_uuid: "2a426503976745319e798a3408ec43a7" member_type: VOTER last_known_addr { host: "127.17.138.129" port: 36999 } } peers { permanent_uuid: "f94c8088336444508401c3f3a10c87ee" member_type: VOTER last_known_addr { host: "127.17.138.130" port: 44405 } } peers { permanent_uuid: "a7362e98bd724af7a8a56fd35085ae2a" member_type: VOTER last_known_addr { host: "127.17.138.131" port: 39859 } }
I20260709 14:54:55.192160 18777 tablet_bootstrap.cc:492] T ea1689a6b4cc456d9a8c8d5e2c173753 P f94c8088336444508401c3f3a10c87ee: Bootstrap starting.
I20260709 14:54:55.190932 18776 raft_consensus.cc:359] T ea1689a6b4cc456d9a8c8d5e2c173753 P 2a426503976745319e798a3408ec43a7 [term 0 FOLLOWER]: Replica starting. Triggering 0 pending ops. Active config: opid_index: -1 OBSOLETE_local: false peers { permanent_uuid: "2a426503976745319e798a3408ec43a7" member_type: VOTER last_known_addr { host: "127.17.138.129" port: 36999 } } peers { permanent_uuid: "f94c8088336444508401c3f3a10c87ee" member_type: VOTER last_known_addr { host: "127.17.138.130" port: 44405 } } peers { permanent_uuid: "a7362e98bd724af7a8a56fd35085ae2a" member_type: VOTER last_known_addr { host: "127.17.138.131" port: 39859 } }
I20260709 14:54:55.193012 18775 ts_tablet_manager.cc:1434] T ea1689a6b4cc456d9a8c8d5e2c173753 P a7362e98bd724af7a8a56fd35085ae2a: Time spent starting tablet: real 0.012s	user 0.006s	sys 0.001s
I20260709 14:54:55.197516 18776 raft_consensus.cc:385] T ea1689a6b4cc456d9a8c8d5e2c173753 P 2a426503976745319e798a3408ec43a7 [term 0 FOLLOWER]: Consensus starting up: Expiring failure detector timer to make a prompt election more likely
I20260709 14:54:55.197999 18776 raft_consensus.cc:740] T ea1689a6b4cc456d9a8c8d5e2c173753 P 2a426503976745319e798a3408ec43a7 [term 0 FOLLOWER]: Becoming Follower/Learner. State: Replica: 2a426503976745319e798a3408ec43a7, State: Initialized, Role: FOLLOWER
I20260709 14:54:55.198421 18775 tablet_bootstrap.cc:492] T a444f64f391f452bb7fcd8f6626b976c P a7362e98bd724af7a8a56fd35085ae2a: Bootstrap starting.
I20260709 14:54:55.198915 18776 consensus_queue.cc:260] T ea1689a6b4cc456d9a8c8d5e2c173753 P 2a426503976745319e798a3408ec43a7 [NON_LEADER]: Queue going to NON_LEADER mode. State: All replicated index: 0, Majority replicated index: 0, Committed index: 0, Last appended: 0.0, Last appended by leader: 0, Current term: 0, Majority size: -1, State: 0, Mode: NON_LEADER, active raft config: opid_index: -1 OBSOLETE_local: false peers { permanent_uuid: "2a426503976745319e798a3408ec43a7" member_type: VOTER last_known_addr { host: "127.17.138.129" port: 36999 } } peers { permanent_uuid: "f94c8088336444508401c3f3a10c87ee" member_type: VOTER last_known_addr { host: "127.17.138.130" port: 44405 } } peers { permanent_uuid: "a7362e98bd724af7a8a56fd35085ae2a" member_type: VOTER last_known_addr { host: "127.17.138.131" port: 39859 } }
I20260709 14:54:55.200975 18776 ts_tablet_manager.cc:1434] T ea1689a6b4cc456d9a8c8d5e2c173753 P 2a426503976745319e798a3408ec43a7: Time spent starting tablet: real 0.012s	user 0.005s	sys 0.000s
I20260709 14:54:55.201864 18776 tablet_bootstrap.cc:492] T fa6cbc7681e64aa5baaa01092d590253 P 2a426503976745319e798a3408ec43a7: Bootstrap starting.
I20260709 14:54:55.203787 18775 tablet_bootstrap.cc:654] T a444f64f391f452bb7fcd8f6626b976c P a7362e98bd724af7a8a56fd35085ae2a: Neither blocks nor log segments found. Creating new log.
I20260709 14:54:55.207633 18776 tablet_bootstrap.cc:654] T fa6cbc7681e64aa5baaa01092d590253 P 2a426503976745319e798a3408ec43a7: Neither blocks nor log segments found. Creating new log.
I20260709 14:54:55.209219 18482 catalog_manager.cc:5697] T 8db5770a0a954c3fb1dc8385708e965c P 2a426503976745319e798a3408ec43a7 reported cstate change: term changed from 0 to 1, leader changed from <none> to 2a426503976745319e798a3408ec43a7 (127.17.138.129). New cstate: current_term: 1 leader_uuid: "2a426503976745319e798a3408ec43a7" committed_config { opid_index: -1 OBSOLETE_local: false peers { permanent_uuid: "2a426503976745319e798a3408ec43a7" member_type: VOTER last_known_addr { host: "127.17.138.129" port: 36999 } health_report { overall_health: HEALTHY } } peers { permanent_uuid: "f94c8088336444508401c3f3a10c87ee" member_type: VOTER last_known_addr { host: "127.17.138.130" port: 44405 } health_report { overall_health: UNKNOWN } } peers { permanent_uuid: "a7362e98bd724af7a8a56fd35085ae2a" member_type: VOTER last_known_addr { host: "127.17.138.131" port: 39859 } health_report { overall_health: UNKNOWN } } }
I20260709 14:54:55.210124 18777 tablet_bootstrap.cc:654] T ea1689a6b4cc456d9a8c8d5e2c173753 P f94c8088336444508401c3f3a10c87ee: Neither blocks nor log segments found. Creating new log.
I20260709 14:54:55.214804 18775 tablet_bootstrap.cc:492] T a444f64f391f452bb7fcd8f6626b976c P a7362e98bd724af7a8a56fd35085ae2a: No bootstrap required, opened a new log
I20260709 14:54:55.215180 18775 ts_tablet_manager.cc:1403] T a444f64f391f452bb7fcd8f6626b976c P a7362e98bd724af7a8a56fd35085ae2a: Time spent bootstrapping tablet: real 0.017s	user 0.014s	sys 0.001s
I20260709 14:54:55.217501 18775 raft_consensus.cc:359] T a444f64f391f452bb7fcd8f6626b976c P a7362e98bd724af7a8a56fd35085ae2a [term 0 FOLLOWER]: Replica starting. Triggering 0 pending ops. Active config: opid_index: -1 OBSOLETE_local: false peers { permanent_uuid: "2a426503976745319e798a3408ec43a7" member_type: VOTER last_known_addr { host: "127.17.138.129" port: 36999 } } peers { permanent_uuid: "f94c8088336444508401c3f3a10c87ee" member_type: VOTER last_known_addr { host: "127.17.138.130" port: 44405 } } peers { permanent_uuid: "a7362e98bd724af7a8a56fd35085ae2a" member_type: VOTER last_known_addr { host: "127.17.138.131" port: 39859 } }
I20260709 14:54:55.218103 18775 raft_consensus.cc:385] T a444f64f391f452bb7fcd8f6626b976c P a7362e98bd724af7a8a56fd35085ae2a [term 0 FOLLOWER]: Consensus starting up: Expiring failure detector timer to make a prompt election more likely
I20260709 14:54:55.218313 18775 raft_consensus.cc:740] T a444f64f391f452bb7fcd8f6626b976c P a7362e98bd724af7a8a56fd35085ae2a [term 0 FOLLOWER]: Becoming Follower/Learner. State: Replica: a7362e98bd724af7a8a56fd35085ae2a, State: Initialized, Role: FOLLOWER
I20260709 14:54:55.219079 18775 consensus_queue.cc:260] T a444f64f391f452bb7fcd8f6626b976c P a7362e98bd724af7a8a56fd35085ae2a [NON_LEADER]: Queue going to NON_LEADER mode. State: All replicated index: 0, Majority replicated index: 0, Committed index: 0, Last appended: 0.0, Last appended by leader: 0, Current term: 0, Majority size: -1, State: 0, Mode: NON_LEADER, active raft config: opid_index: -1 OBSOLETE_local: false peers { permanent_uuid: "2a426503976745319e798a3408ec43a7" member_type: VOTER last_known_addr { host: "127.17.138.129" port: 36999 } } peers { permanent_uuid: "f94c8088336444508401c3f3a10c87ee" member_type: VOTER last_known_addr { host: "127.17.138.130" port: 44405 } } peers { permanent_uuid: "a7362e98bd724af7a8a56fd35085ae2a" member_type: VOTER last_known_addr { host: "127.17.138.131" port: 39859 } }
I20260709 14:54:55.220752 18775 ts_tablet_manager.cc:1434] T a444f64f391f452bb7fcd8f6626b976c P a7362e98bd724af7a8a56fd35085ae2a: Time spent starting tablet: real 0.005s	user 0.002s	sys 0.002s
I20260709 14:54:55.224222 18777 tablet_bootstrap.cc:492] T ea1689a6b4cc456d9a8c8d5e2c173753 P f94c8088336444508401c3f3a10c87ee: No bootstrap required, opened a new log
I20260709 14:54:55.224637 18777 ts_tablet_manager.cc:1403] T ea1689a6b4cc456d9a8c8d5e2c173753 P f94c8088336444508401c3f3a10c87ee: Time spent bootstrapping tablet: real 0.033s	user 0.013s	sys 0.005s
I20260709 14:54:55.226763 18777 raft_consensus.cc:359] T ea1689a6b4cc456d9a8c8d5e2c173753 P f94c8088336444508401c3f3a10c87ee [term 0 FOLLOWER]: Replica starting. Triggering 0 pending ops. Active config: opid_index: -1 OBSOLETE_local: false peers { permanent_uuid: "2a426503976745319e798a3408ec43a7" member_type: VOTER last_known_addr { host: "127.17.138.129" port: 36999 } } peers { permanent_uuid: "f94c8088336444508401c3f3a10c87ee" member_type: VOTER last_known_addr { host: "127.17.138.130" port: 44405 } } peers { permanent_uuid: "a7362e98bd724af7a8a56fd35085ae2a" member_type: VOTER last_known_addr { host: "127.17.138.131" port: 39859 } }
I20260709 14:54:55.227363 18777 raft_consensus.cc:385] T ea1689a6b4cc456d9a8c8d5e2c173753 P f94c8088336444508401c3f3a10c87ee [term 0 FOLLOWER]: Consensus starting up: Expiring failure detector timer to make a prompt election more likely
I20260709 14:54:55.227604 18777 raft_consensus.cc:740] T ea1689a6b4cc456d9a8c8d5e2c173753 P f94c8088336444508401c3f3a10c87ee [term 0 FOLLOWER]: Becoming Follower/Learner. State: Replica: f94c8088336444508401c3f3a10c87ee, State: Initialized, Role: FOLLOWER
I20260709 14:54:55.228040 18776 tablet_bootstrap.cc:492] T fa6cbc7681e64aa5baaa01092d590253 P 2a426503976745319e798a3408ec43a7: No bootstrap required, opened a new log
I20260709 14:54:55.228119 18777 consensus_queue.cc:260] T ea1689a6b4cc456d9a8c8d5e2c173753 P f94c8088336444508401c3f3a10c87ee [NON_LEADER]: Queue going to NON_LEADER mode. State: All replicated index: 0, Majority replicated index: 0, Committed index: 0, Last appended: 0.0, Last appended by leader: 0, Current term: 0, Majority size: -1, State: 0, Mode: NON_LEADER, active raft config: opid_index: -1 OBSOLETE_local: false peers { permanent_uuid: "2a426503976745319e798a3408ec43a7" member_type: VOTER last_known_addr { host: "127.17.138.129" port: 36999 } } peers { permanent_uuid: "f94c8088336444508401c3f3a10c87ee" member_type: VOTER last_known_addr { host: "127.17.138.130" port: 44405 } } peers { permanent_uuid: "a7362e98bd724af7a8a56fd35085ae2a" member_type: VOTER last_known_addr { host: "127.17.138.131" port: 39859 } }
I20260709 14:54:55.228538 18776 ts_tablet_manager.cc:1403] T fa6cbc7681e64aa5baaa01092d590253 P 2a426503976745319e798a3408ec43a7: Time spent bootstrapping tablet: real 0.027s	user 0.013s	sys 0.004s
I20260709 14:54:55.229593 18777 ts_tablet_manager.cc:1434] T ea1689a6b4cc456d9a8c8d5e2c173753 P f94c8088336444508401c3f3a10c87ee: Time spent starting tablet: real 0.005s	user 0.005s	sys 0.001s
I20260709 14:54:55.230295 18777 tablet_bootstrap.cc:492] T 8db5770a0a954c3fb1dc8385708e965c P f94c8088336444508401c3f3a10c87ee: Bootstrap starting.
I20260709 14:54:55.230957 18776 raft_consensus.cc:359] T fa6cbc7681e64aa5baaa01092d590253 P 2a426503976745319e798a3408ec43a7 [term 0 FOLLOWER]: Replica starting. Triggering 0 pending ops. Active config: opid_index: -1 OBSOLETE_local: false peers { permanent_uuid: "a7362e98bd724af7a8a56fd35085ae2a" member_type: VOTER last_known_addr { host: "127.17.138.131" port: 39859 } } peers { permanent_uuid: "f94c8088336444508401c3f3a10c87ee" member_type: VOTER last_known_addr { host: "127.17.138.130" port: 44405 } } peers { permanent_uuid: "2a426503976745319e798a3408ec43a7" member_type: VOTER last_known_addr { host: "127.17.138.129" port: 36999 } }
I20260709 14:54:55.231596 18776 raft_consensus.cc:385] T fa6cbc7681e64aa5baaa01092d590253 P 2a426503976745319e798a3408ec43a7 [term 0 FOLLOWER]: Consensus starting up: Expiring failure detector timer to make a prompt election more likely
I20260709 14:54:55.231858 18776 raft_consensus.cc:740] T fa6cbc7681e64aa5baaa01092d590253 P 2a426503976745319e798a3408ec43a7 [term 0 FOLLOWER]: Becoming Follower/Learner. State: Replica: 2a426503976745319e798a3408ec43a7, State: Initialized, Role: FOLLOWER
I20260709 14:54:55.232530 18776 consensus_queue.cc:260] T fa6cbc7681e64aa5baaa01092d590253 P 2a426503976745319e798a3408ec43a7 [NON_LEADER]: Queue going to NON_LEADER mode. State: All replicated index: 0, Majority replicated index: 0, Committed index: 0, Last appended: 0.0, Last appended by leader: 0, Current term: 0, Majority size: -1, State: 0, Mode: NON_LEADER, active raft config: opid_index: -1 OBSOLETE_local: false peers { permanent_uuid: "a7362e98bd724af7a8a56fd35085ae2a" member_type: VOTER last_known_addr { host: "127.17.138.131" port: 39859 } } peers { permanent_uuid: "f94c8088336444508401c3f3a10c87ee" member_type: VOTER last_known_addr { host: "127.17.138.130" port: 44405 } } peers { permanent_uuid: "2a426503976745319e798a3408ec43a7" member_type: VOTER last_known_addr { host: "127.17.138.129" port: 36999 } }
I20260709 14:54:55.234364 18776 ts_tablet_manager.cc:1434] T fa6cbc7681e64aa5baaa01092d590253 P 2a426503976745319e798a3408ec43a7: Time spent starting tablet: real 0.006s	user 0.007s	sys 0.000s
I20260709 14:54:55.234678 18777 tablet_bootstrap.cc:654] T 8db5770a0a954c3fb1dc8385708e965c P f94c8088336444508401c3f3a10c87ee: Neither blocks nor log segments found. Creating new log.
I20260709 14:54:55.235152 18776 tablet_bootstrap.cc:492] T f2627227666f44d3b02fb4468d7ac876 P 2a426503976745319e798a3408ec43a7: Bootstrap starting.
I20260709 14:54:55.240674 18776 tablet_bootstrap.cc:654] T f2627227666f44d3b02fb4468d7ac876 P 2a426503976745319e798a3408ec43a7: Neither blocks nor log segments found. Creating new log.
I20260709 14:54:55.246672 18777 tablet_bootstrap.cc:492] T 8db5770a0a954c3fb1dc8385708e965c P f94c8088336444508401c3f3a10c87ee: No bootstrap required, opened a new log
I20260709 14:54:55.247010 18777 ts_tablet_manager.cc:1403] T 8db5770a0a954c3fb1dc8385708e965c P f94c8088336444508401c3f3a10c87ee: Time spent bootstrapping tablet: real 0.017s	user 0.013s	sys 0.003s
I20260709 14:54:55.248694 18777 raft_consensus.cc:359] T 8db5770a0a954c3fb1dc8385708e965c P f94c8088336444508401c3f3a10c87ee [term 0 FOLLOWER]: Replica starting. Triggering 0 pending ops. Active config: opid_index: -1 OBSOLETE_local: false peers { permanent_uuid: "2a426503976745319e798a3408ec43a7" member_type: VOTER last_known_addr { host: "127.17.138.129" port: 36999 } } peers { permanent_uuid: "f94c8088336444508401c3f3a10c87ee" member_type: VOTER last_known_addr { host: "127.17.138.130" port: 44405 } } peers { permanent_uuid: "a7362e98bd724af7a8a56fd35085ae2a" member_type: VOTER last_known_addr { host: "127.17.138.131" port: 39859 } }
I20260709 14:54:55.249140 18777 raft_consensus.cc:385] T 8db5770a0a954c3fb1dc8385708e965c P f94c8088336444508401c3f3a10c87ee [term 0 FOLLOWER]: Consensus starting up: Expiring failure detector timer to make a prompt election more likely
I20260709 14:54:55.249333 18777 raft_consensus.cc:740] T 8db5770a0a954c3fb1dc8385708e965c P f94c8088336444508401c3f3a10c87ee [term 0 FOLLOWER]: Becoming Follower/Learner. State: Replica: f94c8088336444508401c3f3a10c87ee, State: Initialized, Role: FOLLOWER
I20260709 14:54:55.249760 18776 tablet_bootstrap.cc:492] T f2627227666f44d3b02fb4468d7ac876 P 2a426503976745319e798a3408ec43a7: No bootstrap required, opened a new log
I20260709 14:54:55.250231 18776 ts_tablet_manager.cc:1403] T f2627227666f44d3b02fb4468d7ac876 P 2a426503976745319e798a3408ec43a7: Time spent bootstrapping tablet: real 0.015s	user 0.005s	sys 0.006s
I20260709 14:54:55.249760 18777 consensus_queue.cc:260] T 8db5770a0a954c3fb1dc8385708e965c P f94c8088336444508401c3f3a10c87ee [NON_LEADER]: Queue going to NON_LEADER mode. State: All replicated index: 0, Majority replicated index: 0, Committed index: 0, Last appended: 0.0, Last appended by leader: 0, Current term: 0, Majority size: -1, State: 0, Mode: NON_LEADER, active raft config: opid_index: -1 OBSOLETE_local: false peers { permanent_uuid: "2a426503976745319e798a3408ec43a7" member_type: VOTER last_known_addr { host: "127.17.138.129" port: 36999 } } peers { permanent_uuid: "f94c8088336444508401c3f3a10c87ee" member_type: VOTER last_known_addr { host: "127.17.138.130" port: 44405 } } peers { permanent_uuid: "a7362e98bd724af7a8a56fd35085ae2a" member_type: VOTER last_known_addr { host: "127.17.138.131" port: 39859 } }
I20260709 14:54:55.251672 18777 ts_tablet_manager.cc:1434] T 8db5770a0a954c3fb1dc8385708e965c P f94c8088336444508401c3f3a10c87ee: Time spent starting tablet: real 0.004s	user 0.004s	sys 0.000s
I20260709 14:54:55.252044 18776 raft_consensus.cc:359] T f2627227666f44d3b02fb4468d7ac876 P 2a426503976745319e798a3408ec43a7 [term 0 FOLLOWER]: Replica starting. Triggering 0 pending ops. Active config: opid_index: -1 OBSOLETE_local: false peers { permanent_uuid: "2a426503976745319e798a3408ec43a7" member_type: VOTER last_known_addr { host: "127.17.138.129" port: 36999 } } peers { permanent_uuid: "f94c8088336444508401c3f3a10c87ee" member_type: VOTER last_known_addr { host: "127.17.138.130" port: 44405 } } peers { permanent_uuid: "a7362e98bd724af7a8a56fd35085ae2a" member_type: VOTER last_known_addr { host: "127.17.138.131" port: 39859 } }
I20260709 14:54:55.252461 18777 tablet_bootstrap.cc:492] T a047fef951f04aeab604f3676119f1ec P f94c8088336444508401c3f3a10c87ee: Bootstrap starting.
I20260709 14:54:55.252589 18776 raft_consensus.cc:385] T f2627227666f44d3b02fb4468d7ac876 P 2a426503976745319e798a3408ec43a7 [term 0 FOLLOWER]: Consensus starting up: Expiring failure detector timer to make a prompt election more likely
I20260709 14:54:55.252902 18776 raft_consensus.cc:740] T f2627227666f44d3b02fb4468d7ac876 P 2a426503976745319e798a3408ec43a7 [term 0 FOLLOWER]: Becoming Follower/Learner. State: Replica: 2a426503976745319e798a3408ec43a7, State: Initialized, Role: FOLLOWER
I20260709 14:54:55.253448 18776 consensus_queue.cc:260] T f2627227666f44d3b02fb4468d7ac876 P 2a426503976745319e798a3408ec43a7 [NON_LEADER]: Queue going to NON_LEADER mode. State: All replicated index: 0, Majority replicated index: 0, Committed index: 0, Last appended: 0.0, Last appended by leader: 0, Current term: 0, Majority size: -1, State: 0, Mode: NON_LEADER, active raft config: opid_index: -1 OBSOLETE_local: false peers { permanent_uuid: "2a426503976745319e798a3408ec43a7" member_type: VOTER last_known_addr { host: "127.17.138.129" port: 36999 } } peers { permanent_uuid: "f94c8088336444508401c3f3a10c87ee" member_type: VOTER last_known_addr { host: "127.17.138.130" port: 44405 } } peers { permanent_uuid: "a7362e98bd724af7a8a56fd35085ae2a" member_type: VOTER last_known_addr { host: "127.17.138.131" port: 39859 } }
