I20260709 14:55:11.369357 27535 leader_election.cc:304] T e1021fd58ae84dc7a234298f2dcbebca P c616336d19174ff2bf257c5b3866e61d [CANDIDATE]: Term 1 pre-election: Election decided. Result: candidate won. Election summary: received 3 responses out of 3 voters: 2 yes votes; 1 no votes. yes voters: 697e90ffc16b4176a55ffb966abee981, c616336d19174ff2bf257c5b3866e61d; no voters: 6238f75a05524ffbb5ccfaa359c93101
I20260709 14:55:11.370278 28063 raft_consensus.cc:2804] T e1021fd58ae84dc7a234298f2dcbebca P c616336d19174ff2bf257c5b3866e61d [term 0 FOLLOWER]: Leader pre-election won for term 1
I20260709 14:55:11.370494 27783 leader_election.cc:290] T d6ac416ea72f47959c5fd7c4fc609651 P 697e90ffc16b4176a55ffb966abee981 [CANDIDATE]: Term 1 pre-election: Requested pre-vote from peers c616336d19174ff2bf257c5b3866e61d (127.25.207.193:33167), 6238f75a05524ffbb5ccfaa359c93101 (127.25.207.194:42809)
I20260709 14:55:11.370635 28063 raft_consensus.cc:493] T e1021fd58ae84dc7a234298f2dcbebca P c616336d19174ff2bf257c5b3866e61d [term 0 FOLLOWER]: Starting leader election (no leader contacted us within the election timeout)
I20260709 14:55:11.370991 28063 raft_consensus.cc:3060] T e1021fd58ae84dc7a234298f2dcbebca P c616336d19174ff2bf257c5b3866e61d [term 0 FOLLOWER]: Advancing to term 1
I20260709 14:55:11.372072 27718 raft_consensus.cc:2468] T 860c133bedbf44fcabf98651c4a2c262 P 697e90ffc16b4176a55ffb966abee981 [term 1 FOLLOWER]: Leader election vote request: Granting yes vote for candidate c616336d19174ff2bf257c5b3866e61d in term 1.
I20260709 14:55:11.372414 27644 tablet_service.cc:1917] Received RequestConsensusVote() RPC: tablet_id: "d6ac416ea72f47959c5fd7c4fc609651" candidate_uuid: "697e90ffc16b4176a55ffb966abee981" candidate_term: 1 candidate_status { last_received { term: 0 index: 0 } } ignore_live_leader: false dest_uuid: "6238f75a05524ffbb5ccfaa359c93101" is_pre_election: true
W20260709 14:55:11.374517 27683 leader_election.cc:343] T d6ac416ea72f47959c5fd7c4fc609651 P 697e90ffc16b4176a55ffb966abee981 [CANDIDATE]: Term 1 pre-election: Tablet error from VoteRequest() call to peer 6238f75a05524ffbb5ccfaa359c93101 (127.25.207.194:42809): Illegal state: must be running to vote when last-logged opid is not known
I20260709 14:55:11.375399 27535 leader_election.cc:304] T 860c133bedbf44fcabf98651c4a2c262 P c616336d19174ff2bf257c5b3866e61d [CANDIDATE]: Term 1 election: Election decided. Result: candidate won. Election summary: received 3 responses out of 3 voters: 2 yes votes; 1 no votes. yes voters: 697e90ffc16b4176a55ffb966abee981, c616336d19174ff2bf257c5b3866e61d; no voters: 6238f75a05524ffbb5ccfaa359c93101
I20260709 14:55:11.376506 27820 raft_consensus.cc:2804] T 860c133bedbf44fcabf98651c4a2c262 P c616336d19174ff2bf257c5b3866e61d [term 1 FOLLOWER]: Leader election won for term 1
I20260709 14:55:11.377249 28063 raft_consensus.cc:515] T e1021fd58ae84dc7a234298f2dcbebca P c616336d19174ff2bf257c5b3866e61d [term 1 FOLLOWER]: Starting leader election with config: opid_index: -1 OBSOLETE_local: false peers { permanent_uuid: "c616336d19174ff2bf257c5b3866e61d" member_type: VOTER last_known_addr { host: "127.25.207.193" port: 33167 } } peers { permanent_uuid: "6238f75a05524ffbb5ccfaa359c93101" member_type: VOTER last_known_addr { host: "127.25.207.194" port: 42809 } } peers { permanent_uuid: "697e90ffc16b4176a55ffb966abee981" member_type: VOTER last_known_addr { host: "127.25.207.195" port: 46453 } }
I20260709 14:55:11.379119 28063 leader_election.cc:290] T e1021fd58ae84dc7a234298f2dcbebca P c616336d19174ff2bf257c5b3866e61d [CANDIDATE]: Term 1 election: Requested vote from peers 6238f75a05524ffbb5ccfaa359c93101 (127.25.207.194:42809), 697e90ffc16b4176a55ffb966abee981 (127.25.207.195:46453)
I20260709 14:55:11.380208 27644 tablet_service.cc:1917] Received RequestConsensusVote() RPC: tablet_id: "e1021fd58ae84dc7a234298f2dcbebca" candidate_uuid: "c616336d19174ff2bf257c5b3866e61d" candidate_term: 1 candidate_status { last_received { term: 0 index: 0 } } ignore_live_leader: false dest_uuid: "6238f75a05524ffbb5ccfaa359c93101"
I20260709 14:55:11.380764 27820 raft_consensus.cc:697] T 860c133bedbf44fcabf98651c4a2c262 P c616336d19174ff2bf257c5b3866e61d [term 1 LEADER]: Becoming Leader. State: Replica: c616336d19174ff2bf257c5b3866e61d, State: Running, Role: LEADER
I20260709 14:55:11.381522 27569 tablet_service.cc:1917] Received RequestConsensusVote() RPC: tablet_id: "d6ac416ea72f47959c5fd7c4fc609651" candidate_uuid: "697e90ffc16b4176a55ffb966abee981" candidate_term: 1 candidate_status { last_received { term: 0 index: 0 } } ignore_live_leader: false dest_uuid: "c616336d19174ff2bf257c5b3866e61d" is_pre_election: true
I20260709 14:55:11.382068 27569 raft_consensus.cc:2468] T d6ac416ea72f47959c5fd7c4fc609651 P c616336d19174ff2bf257c5b3866e61d [term 0 FOLLOWER]: Leader pre-election vote request: Granting yes vote for candidate 697e90ffc16b4176a55ffb966abee981 in term 0.
I20260709 14:55:11.381798 27820 consensus_queue.cc:237] T 860c133bedbf44fcabf98651c4a2c262 P c616336d19174ff2bf257c5b3866e61d [LEADER]: Queue going to LEADER mode. State: All replicated index: 0, Majority replicated index: 0, Committed index: 0, Last appended: 0.0, Last appended by leader: 0, Current term: 1, Majority size: 2, State: 0, Mode: LEADER, active raft config: opid_index: -1 OBSOLETE_local: false peers { permanent_uuid: "c616336d19174ff2bf257c5b3866e61d" member_type: VOTER last_known_addr { host: "127.25.207.193" port: 33167 } } peers { permanent_uuid: "6238f75a05524ffbb5ccfaa359c93101" member_type: VOTER last_known_addr { host: "127.25.207.194" port: 42809 } } peers { permanent_uuid: "697e90ffc16b4176a55ffb966abee981" member_type: VOTER last_known_addr { host: "127.25.207.195" port: 46453 } }
I20260709 14:55:11.384460 27760 tablet_bootstrap.cc:492] T d6ac416ea72f47959c5fd7c4fc609651 P 6238f75a05524ffbb5ccfaa359c93101: No bootstrap required, opened a new log
I20260709 14:55:11.384873 27760 ts_tablet_manager.cc:1403] T d6ac416ea72f47959c5fd7c4fc609651 P 6238f75a05524ffbb5ccfaa359c93101: Time spent bootstrapping tablet: real 0.092s	user 0.015s	sys 0.026s
I20260709 14:55:11.386641 27761 tablet_bootstrap.cc:492] T e113ff0c8b7a4c349a71ad38b38c9fcb P 697e90ffc16b4176a55ffb966abee981: No bootstrap required, opened a new log
I20260709 14:55:11.387108 27761 ts_tablet_manager.cc:1403] T e113ff0c8b7a4c349a71ad38b38c9fcb P 697e90ffc16b4176a55ffb966abee981: Time spent bootstrapping tablet: real 0.032s	user 0.010s	sys 0.000s
I20260709 14:55:11.387470 27762 tablet_bootstrap.cc:492] T 901da9b13d1f4ec9b65f142d0e1f9e3f P c616336d19174ff2bf257c5b3866e61d: No bootstrap required, opened a new log
I20260709 14:55:11.387933 27762 ts_tablet_manager.cc:1403] T 901da9b13d1f4ec9b65f142d0e1f9e3f P c616336d19174ff2bf257c5b3866e61d: Time spent bootstrapping tablet: real 0.127s	user 0.036s	sys 0.019s
I20260709 14:55:11.387871 27760 raft_consensus.cc:359] T d6ac416ea72f47959c5fd7c4fc609651 P 6238f75a05524ffbb5ccfaa359c93101 [term 0 FOLLOWER]: Replica starting. Triggering 0 pending ops. Active config: opid_index: -1 OBSOLETE_local: false peers { permanent_uuid: "c616336d19174ff2bf257c5b3866e61d" member_type: VOTER last_known_addr { host: "127.25.207.193" port: 33167 } } peers { permanent_uuid: "6238f75a05524ffbb5ccfaa359c93101" member_type: VOTER last_known_addr { host: "127.25.207.194" port: 42809 } } peers { permanent_uuid: "697e90ffc16b4176a55ffb966abee981" member_type: VOTER last_known_addr { host: "127.25.207.195" port: 46453 } }
I20260709 14:55:11.388573 27760 raft_consensus.cc:385] T d6ac416ea72f47959c5fd7c4fc609651 P 6238f75a05524ffbb5ccfaa359c93101 [term 0 FOLLOWER]: Consensus starting up: Expiring failure detector timer to make a prompt election more likely
I20260709 14:55:11.388844 27760 raft_consensus.cc:740] T d6ac416ea72f47959c5fd7c4fc609651 P 6238f75a05524ffbb5ccfaa359c93101 [term 0 FOLLOWER]: Becoming Follower/Learner. State: Replica: 6238f75a05524ffbb5ccfaa359c93101, State: Initialized, Role: FOLLOWER
I20260709 14:55:11.389458 27760 consensus_queue.cc:260] T d6ac416ea72f47959c5fd7c4fc609651 P 6238f75a05524ffbb5ccfaa359c93101 [NON_LEADER]: Queue going to NON_LEADER mode. State: All replicated index: 0, Majority replicated index: 0, Committed index: 0, Last appended: 0.0, Last appended by leader: 0, Current term: 0, Majority size: -1, State: 0, Mode: NON_LEADER, active raft config: opid_index: -1 OBSOLETE_local: false peers { permanent_uuid: "c616336d19174ff2bf257c5b3866e61d" member_type: VOTER last_known_addr { host: "127.25.207.193" port: 33167 } } peers { permanent_uuid: "6238f75a05524ffbb5ccfaa359c93101" member_type: VOTER last_known_addr { host: "127.25.207.194" port: 42809 } } peers { permanent_uuid: "697e90ffc16b4176a55ffb966abee981" member_type: VOTER last_known_addr { host: "127.25.207.195" port: 46453 } }
I20260709 14:55:11.389561 27761 raft_consensus.cc:359] T e113ff0c8b7a4c349a71ad38b38c9fcb P 697e90ffc16b4176a55ffb966abee981 [term 0 FOLLOWER]: Replica starting. Triggering 0 pending ops. Active config: opid_index: -1 OBSOLETE_local: false peers { permanent_uuid: "c616336d19174ff2bf257c5b3866e61d" member_type: VOTER last_known_addr { host: "127.25.207.193" port: 33167 } } peers { permanent_uuid: "6238f75a05524ffbb5ccfaa359c93101" member_type: VOTER last_known_addr { host: "127.25.207.194" port: 42809 } } peers { permanent_uuid: "697e90ffc16b4176a55ffb966abee981" member_type: VOTER last_known_addr { host: "127.25.207.195" port: 46453 } }
I20260709 14:55:11.390250 27761 raft_consensus.cc:385] T e113ff0c8b7a4c349a71ad38b38c9fcb P 697e90ffc16b4176a55ffb966abee981 [term 0 FOLLOWER]: Consensus starting up: Expiring failure detector timer to make a prompt election more likely
I20260709 14:55:11.390522 27761 raft_consensus.cc:740] T e113ff0c8b7a4c349a71ad38b38c9fcb P 697e90ffc16b4176a55ffb966abee981 [term 0 FOLLOWER]: Becoming Follower/Learner. State: Replica: 697e90ffc16b4176a55ffb966abee981, State: Initialized, Role: FOLLOWER
I20260709 14:55:11.390692 27762 raft_consensus.cc:359] T 901da9b13d1f4ec9b65f142d0e1f9e3f P c616336d19174ff2bf257c5b3866e61d [term 0 FOLLOWER]: Replica starting. Triggering 0 pending ops. Active config: opid_index: -1 OBSOLETE_local: false peers { permanent_uuid: "c616336d19174ff2bf257c5b3866e61d" member_type: VOTER last_known_addr { host: "127.25.207.193" port: 33167 } } peers { permanent_uuid: "6238f75a05524ffbb5ccfaa359c93101" member_type: VOTER last_known_addr { host: "127.25.207.194" port: 42809 } } peers { permanent_uuid: "697e90ffc16b4176a55ffb966abee981" member_type: VOTER last_known_addr { host: "127.25.207.195" port: 46453 } }
I20260709 14:55:11.391427 27762 raft_consensus.cc:385] T 901da9b13d1f4ec9b65f142d0e1f9e3f P c616336d19174ff2bf257c5b3866e61d [term 0 FOLLOWER]: Consensus starting up: Expiring failure detector timer to make a prompt election more likely
I20260709 14:55:11.391667 27760 ts_tablet_manager.cc:1434] T d6ac416ea72f47959c5fd7c4fc609651 P 6238f75a05524ffbb5ccfaa359c93101: Time spent starting tablet: real 0.007s	user 0.005s	sys 0.001s
I20260709 14:55:11.391746 27762 raft_consensus.cc:740] T 901da9b13d1f4ec9b65f142d0e1f9e3f P c616336d19174ff2bf257c5b3866e61d [term 0 FOLLOWER]: Becoming Follower/Learner. State: Replica: c616336d19174ff2bf257c5b3866e61d, State: Initialized, Role: FOLLOWER
I20260709 14:55:11.392592 27760 tablet_bootstrap.cc:492] T e1021fd58ae84dc7a234298f2dcbebca P 6238f75a05524ffbb5ccfaa359c93101: Bootstrap starting.
I20260709 14:55:11.392542 27761 consensus_queue.cc:260] T e113ff0c8b7a4c349a71ad38b38c9fcb P 697e90ffc16b4176a55ffb966abee981 [NON_LEADER]: Queue going to NON_LEADER mode. State: All replicated index: 0, Majority replicated index: 0, Committed index: 0, Last appended: 0.0, Last appended by leader: 0, Current term: 0, Majority size: -1, State: 0, Mode: NON_LEADER, active raft config: opid_index: -1 OBSOLETE_local: false peers { permanent_uuid: "c616336d19174ff2bf257c5b3866e61d" member_type: VOTER last_known_addr { host: "127.25.207.193" port: 33167 } } peers { permanent_uuid: "6238f75a05524ffbb5ccfaa359c93101" member_type: VOTER last_known_addr { host: "127.25.207.194" port: 42809 } } peers { permanent_uuid: "697e90ffc16b4176a55ffb966abee981" member_type: VOTER last_known_addr { host: "127.25.207.195" port: 46453 } }
W20260709 14:55:11.422686 27534 leader_election.cc:343] T e1021fd58ae84dc7a234298f2dcbebca P c616336d19174ff2bf257c5b3866e61d [CANDIDATE]: Term 1 election: Tablet error from VoteRequest() call to peer 6238f75a05524ffbb5ccfaa359c93101 (127.25.207.194:42809): Illegal state: must be running to vote when last-logged opid is not known
I20260709 14:55:11.392515 27762 consensus_queue.cc:260] T 901da9b13d1f4ec9b65f142d0e1f9e3f P c616336d19174ff2bf257c5b3866e61d [NON_LEADER]: Queue going to NON_LEADER mode. State: All replicated index: 0, Majority replicated index: 0, Committed index: 0, Last appended: 0.0, Last appended by leader: 0, Current term: 0, Majority size: -1, State: 0, Mode: NON_LEADER, active raft config: opid_index: -1 OBSOLETE_local: false peers { permanent_uuid: "c616336d19174ff2bf257c5b3866e61d" member_type: VOTER last_known_addr { host: "127.25.207.193" port: 33167 } } peers { permanent_uuid: "6238f75a05524ffbb5ccfaa359c93101" member_type: VOTER last_known_addr { host: "127.25.207.194" port: 42809 } } peers { permanent_uuid: "697e90ffc16b4176a55ffb966abee981" member_type: VOTER last_known_addr { host: "127.25.207.195" port: 46453 } }
I20260709 14:55:11.433537 27685 leader_election.cc:304] T d6ac416ea72f47959c5fd7c4fc609651 P 697e90ffc16b4176a55ffb966abee981 [CANDIDATE]: Term 1 pre-election: Election decided. Result: candidate won. Election summary: received 3 responses out of 3 voters: 2 yes votes; 1 no votes. yes voters: 697e90ffc16b4176a55ffb966abee981, c616336d19174ff2bf257c5b3866e61d; no voters: 6238f75a05524ffbb5ccfaa359c93101
I20260709 14:55:11.436057 27865 raft_consensus.cc:493] T 39b3d3ed89ca4839951d1771b17b6360 P c616336d19174ff2bf257c5b3866e61d [term 0 FOLLOWER]: Starting pre-election (no leader contacted us within the election timeout)
I20260709 14:55:11.437045 27865 raft_consensus.cc:515] T 39b3d3ed89ca4839951d1771b17b6360 P c616336d19174ff2bf257c5b3866e61d [term 0 FOLLOWER]: Starting pre-election with config: opid_index: -1 OBSOLETE_local: false peers { permanent_uuid: "c616336d19174ff2bf257c5b3866e61d" member_type: VOTER last_known_addr { host: "127.25.207.193" port: 33167 } } peers { permanent_uuid: "6238f75a05524ffbb5ccfaa359c93101" member_type: VOTER last_known_addr { host: "127.25.207.194" port: 42809 } } peers { permanent_uuid: "697e90ffc16b4176a55ffb966abee981" member_type: VOTER last_known_addr { host: "127.25.207.195" port: 46453 } }
I20260709 14:55:11.436944 27716 tablet_service.cc:1917] Received RequestConsensusVote() RPC: tablet_id: "e1021fd58ae84dc7a234298f2dcbebca" candidate_uuid: "c616336d19174ff2bf257c5b3866e61d" candidate_term: 1 candidate_status { last_received { term: 0 index: 0 } } ignore_live_leader: false dest_uuid: "697e90ffc16b4176a55ffb966abee981"
I20260709 14:55:11.441815 27716 raft_consensus.cc:3060] T e1021fd58ae84dc7a234298f2dcbebca P 697e90ffc16b4176a55ffb966abee981 [term 0 FOLLOWER]: Advancing to term 1
I20260709 14:55:11.445479 27865 leader_election.cc:290] T 39b3d3ed89ca4839951d1771b17b6360 P c616336d19174ff2bf257c5b3866e61d [CANDIDATE]: Term 1 pre-election: Requested pre-vote from peers 6238f75a05524ffbb5ccfaa359c93101 (127.25.207.194:42809), 697e90ffc16b4176a55ffb966abee981 (127.25.207.195:46453)
I20260709 14:55:11.446153 27865 consensus_queue.cc:1048] T d04c47cc3eec4f8cb7339b5861c8aead P c616336d19174ff2bf257c5b3866e61d [LEADER]: Connected to new peer: Peer: permanent_uuid: "6238f75a05524ffbb5ccfaa359c93101" member_type: VOTER last_known_addr { host: "127.25.207.194" port: 42809 }, Status: LMP_MISMATCH, Last received: 0.0, Next index: 1, Last known committed idx: 0, Time since last communication: 0.000s
I20260709 14:55:11.448988 27783 raft_consensus.cc:2804] T d6ac416ea72f47959c5fd7c4fc609651 P 697e90ffc16b4176a55ffb966abee981 [term 0 FOLLOWER]: Leader pre-election won for term 1
I20260709 14:55:11.464092 27901 raft_consensus.cc:493] T 64f4c615cd6e4cfaa9599ea8a4acd363 P 6238f75a05524ffbb5ccfaa359c93101 [term 0 FOLLOWER]: Starting pre-election (no leader contacted us within the election timeout)
I20260709 14:55:11.467099 27760 tablet_bootstrap.cc:654] T e1021fd58ae84dc7a234298f2dcbebca P 6238f75a05524ffbb5ccfaa359c93101: Neither blocks nor log segments found. Creating new log.
I20260709 14:55:11.455220 27783 raft_consensus.cc:493] T d6ac416ea72f47959c5fd7c4fc609651 P 697e90ffc16b4176a55ffb966abee981 [term 0 FOLLOWER]: Starting leader election (no leader contacted us within the election timeout)
I20260709 14:55:11.460836 27719 tablet_service.cc:1917] Received RequestConsensusVote() RPC: tablet_id: "39b3d3ed89ca4839951d1771b17b6360" candidate_uuid: "c616336d19174ff2bf257c5b3866e61d" candidate_term: 1 candidate_status { last_received { term: 0 index: 0 } } ignore_live_leader: false dest_uuid: "697e90ffc16b4176a55ffb966abee981" is_pre_election: true
I20260709 14:55:11.464972 27901 raft_consensus.cc:515] T 64f4c615cd6e4cfaa9599ea8a4acd363 P 6238f75a05524ffbb5ccfaa359c93101 [term 0 FOLLOWER]: Starting pre-election with config: opid_index: -1 OBSOLETE_local: false peers { permanent_uuid: "c616336d19174ff2bf257c5b3866e61d" member_type: VOTER last_known_addr { host: "127.25.207.193" port: 33167 } } peers { permanent_uuid: "6238f75a05524ffbb5ccfaa359c93101" member_type: VOTER last_known_addr { host: "127.25.207.194" port: 42809 } } peers { permanent_uuid: "697e90ffc16b4176a55ffb966abee981" member_type: VOTER last_known_addr { host: "127.25.207.195" port: 46453 } }
I20260709 14:55:11.469000 27783 raft_consensus.cc:3060] T d6ac416ea72f47959c5fd7c4fc609651 P 697e90ffc16b4176a55ffb966abee981 [term 0 FOLLOWER]: Advancing to term 1
I20260709 14:55:11.480645 27719 raft_consensus.cc:2468] T 39b3d3ed89ca4839951d1771b17b6360 P 697e90ffc16b4176a55ffb966abee981 [term 0 FOLLOWER]: Leader pre-election vote request: Granting yes vote for candidate c616336d19174ff2bf257c5b3866e61d in term 0.
I20260709 14:55:11.480902 27901 leader_election.cc:290] T 64f4c615cd6e4cfaa9599ea8a4acd363 P 6238f75a05524ffbb5ccfaa359c93101 [CANDIDATE]: Term 1 pre-election: Requested pre-vote from peers c616336d19174ff2bf257c5b3866e61d (127.25.207.193:33167), 697e90ffc16b4176a55ffb966abee981 (127.25.207.195:46453)
I20260709 14:55:11.472801 27645 tablet_service.cc:1917] Received RequestConsensusVote() RPC: tablet_id: "39b3d3ed89ca4839951d1771b17b6360" candidate_uuid: "c616336d19174ff2bf257c5b3866e61d" candidate_term: 1 candidate_status { last_received { term: 0 index: 0 } } ignore_live_leader: false dest_uuid: "6238f75a05524ffbb5ccfaa359c93101" is_pre_election: true
I20260709 14:55:11.490722 27761 ts_tablet_manager.cc:1434] T e113ff0c8b7a4c349a71ad38b38c9fcb P 697e90ffc16b4176a55ffb966abee981: Time spent starting tablet: real 0.103s	user 0.008s	sys 0.000s
I20260709 14:55:11.493984 27570 tablet_service.cc:1917] Received RequestConsensusVote() RPC: tablet_id: "64f4c615cd6e4cfaa9599ea8a4acd363" candidate_uuid: "6238f75a05524ffbb5ccfaa359c93101" candidate_term: 1 candidate_status { last_received { term: 0 index: 0 } } ignore_live_leader: false dest_uuid: "c616336d19174ff2bf257c5b3866e61d" is_pre_election: true
I20260709 14:55:11.495332 27570 raft_consensus.cc:2393] T 64f4c615cd6e4cfaa9599ea8a4acd363 P c616336d19174ff2bf257c5b3866e61d [term 1 FOLLOWER]: Leader pre-election vote request: Denying vote to candidate 6238f75a05524ffbb5ccfaa359c93101 in current term 1: Already voted for candidate 697e90ffc16b4176a55ffb966abee981 in this term.
I20260709 14:55:11.498939 27767 raft_consensus.cc:493] T f3d1c28299924820b083d608fe9c0d07 P 6238f75a05524ffbb5ccfaa359c93101 [term 0 FOLLOWER]: Starting pre-election (no leader contacted us within the election timeout)
I20260709 14:55:11.499610 27767 raft_consensus.cc:515] T f3d1c28299924820b083d608fe9c0d07 P 6238f75a05524ffbb5ccfaa359c93101 [term 0 FOLLOWER]: Starting pre-election with config: opid_index: -1 OBSOLETE_local: false peers { permanent_uuid: "c616336d19174ff2bf257c5b3866e61d" member_type: VOTER last_known_addr { host: "127.25.207.193" port: 33167 } } peers { permanent_uuid: "6238f75a05524ffbb5ccfaa359c93101" member_type: VOTER last_known_addr { host: "127.25.207.194" port: 42809 } } peers { permanent_uuid: "697e90ffc16b4176a55ffb966abee981" member_type: VOTER last_known_addr { host: "127.25.207.195" port: 46453 } }
W20260709 14:55:11.502063 27534 leader_election.cc:343] T 39b3d3ed89ca4839951d1771b17b6360 P c616336d19174ff2bf257c5b3866e61d [CANDIDATE]: Term 1 pre-election: Tablet error from VoteRequest() call to peer 6238f75a05524ffbb5ccfaa359c93101 (127.25.207.194:42809): Illegal state: must be running to vote when last-logged opid is not known
I20260709 14:55:11.507395 27767 leader_election.cc:290] T f3d1c28299924820b083d608fe9c0d07 P 6238f75a05524ffbb5ccfaa359c93101 [CANDIDATE]: Term 1 pre-election: Requested pre-vote from peers c616336d19174ff2bf257c5b3866e61d (127.25.207.193:33167), 697e90ffc16b4176a55ffb966abee981 (127.25.207.195:46453)
I20260709 14:55:11.512390 27718 tablet_service.cc:1917] Received RequestConsensusVote() RPC: tablet_id: "64f4c615cd6e4cfaa9599ea8a4acd363" candidate_uuid: "6238f75a05524ffbb5ccfaa359c93101" candidate_term: 1 candidate_status { last_received { term: 0 index: 0 } } ignore_live_leader: false dest_uuid: "697e90ffc16b4176a55ffb966abee981" is_pre_election: true
I20260709 14:55:11.529512 27716 raft_consensus.cc:2468] T e1021fd58ae84dc7a234298f2dcbebca P 697e90ffc16b4176a55ffb966abee981 [term 1 FOLLOWER]: Leader election vote request: Granting yes vote for candidate c616336d19174ff2bf257c5b3866e61d in term 1.
I20260709 14:55:11.531096 27720 tablet_service.cc:1917] Received RequestConsensusVote() RPC: tablet_id: "f3d1c28299924820b083d608fe9c0d07" candidate_uuid: "6238f75a05524ffbb5ccfaa359c93101" candidate_term: 1 candidate_status { last_received { term: 0 index: 0 } } ignore_live_leader: false dest_uuid: "697e90ffc16b4176a55ffb966abee981" is_pre_election: true
I20260709 14:55:11.532083 27720 raft_consensus.cc:2393] T f3d1c28299924820b083d608fe9c0d07 P 697e90ffc16b4176a55ffb966abee981 [term 1 FOLLOWER]: Leader pre-election vote request: Denying vote to candidate 6238f75a05524ffbb5ccfaa359c93101 in current term 1: Already voted for candidate c616336d19174ff2bf257c5b3866e61d in this term.
I20260709 14:55:11.526167 27761 tablet_bootstrap.cc:492] T 901da9b13d1f4ec9b65f142d0e1f9e3f P 697e90ffc16b4176a55ffb966abee981: Bootstrap starting.
I20260709 14:55:11.535040 28066 raft_consensus.cc:493] T 901da9b13d1f4ec9b65f142d0e1f9e3f P c616336d19174ff2bf257c5b3866e61d [term 0 FOLLOWER]: Starting pre-election (no leader contacted us within the election timeout)
I20260709 14:55:11.535624 28066 raft_consensus.cc:515] T 901da9b13d1f4ec9b65f142d0e1f9e3f P c616336d19174ff2bf257c5b3866e61d [term 0 FOLLOWER]: Starting pre-election with config: opid_index: -1 OBSOLETE_local: false peers { permanent_uuid: "c616336d19174ff2bf257c5b3866e61d" member_type: VOTER last_known_addr { host: "127.25.207.193" port: 33167 } } peers { permanent_uuid: "6238f75a05524ffbb5ccfaa359c93101" member_type: VOTER last_known_addr { host: "127.25.207.194" port: 42809 } } peers { permanent_uuid: "697e90ffc16b4176a55ffb966abee981" member_type: VOTER last_known_addr { host: "127.25.207.195" port: 46453 } }
I20260709 14:55:11.538448 28066 leader_election.cc:290] T 901da9b13d1f4ec9b65f142d0e1f9e3f P c616336d19174ff2bf257c5b3866e61d [CANDIDATE]: Term 1 pre-election: Requested pre-vote from peers 6238f75a05524ffbb5ccfaa359c93101 (127.25.207.194:42809), 697e90ffc16b4176a55ffb966abee981 (127.25.207.195:46453)
I20260709 14:55:11.542306 27469 catalog_manager.cc:5697] T 860c133bedbf44fcabf98651c4a2c262 P c616336d19174ff2bf257c5b3866e61d reported cstate change: term changed from 0 to 1, leader changed from <none> to c616336d19174ff2bf257c5b3866e61d (127.25.207.193). New cstate: current_term: 1 leader_uuid: "c616336d19174ff2bf257c5b3866e61d" committed_config { opid_index: -1 OBSOLETE_local: false peers { permanent_uuid: "c616336d19174ff2bf257c5b3866e61d" member_type: VOTER last_known_addr { host: "127.25.207.193" port: 33167 } health_report { overall_health: HEALTHY } } peers { permanent_uuid: "6238f75a05524ffbb5ccfaa359c93101" member_type: VOTER last_known_addr { host: "127.25.207.194" port: 42809 } health_report { overall_health: UNKNOWN } } peers { permanent_uuid: "697e90ffc16b4176a55ffb966abee981" member_type: VOTER last_known_addr { host: "127.25.207.195" port: 46453 } health_report { overall_health: UNKNOWN } } }
I20260709 14:55:11.545077 27762 ts_tablet_manager.cc:1434] T 901da9b13d1f4ec9b65f142d0e1f9e3f P c616336d19174ff2bf257c5b3866e61d: Time spent starting tablet: real 0.157s	user 0.008s	sys 0.012s
I20260709 14:55:11.546605 27762 tablet_bootstrap.cc:492] T e113ff0c8b7a4c349a71ad38b38c9fcb P c616336d19174ff2bf257c5b3866e61d: Bootstrap starting.
I20260709 14:55:11.560009 27643 tablet_service.cc:1917] Received RequestConsensusVote() RPC: tablet_id: "901da9b13d1f4ec9b65f142d0e1f9e3f" candidate_uuid: "c616336d19174ff2bf257c5b3866e61d" candidate_term: 1 candidate_status { last_received { term: 0 index: 0 } } ignore_live_leader: false dest_uuid: "6238f75a05524ffbb5ccfaa359c93101" is_pre_election: true
W20260709 14:55:11.563903 27534 leader_election.cc:343] T 901da9b13d1f4ec9b65f142d0e1f9e3f P c616336d19174ff2bf257c5b3866e61d [CANDIDATE]: Term 1 pre-election: Tablet error from VoteRequest() call to peer 6238f75a05524ffbb5ccfaa359c93101 (127.25.207.194:42809): Illegal state: must be running to vote when last-logged opid is not known
I20260709 14:55:11.565045 27958 raft_consensus.cc:493] T 163a1dae6acc42f5943129e5834cc0d9 P 697e90ffc16b4176a55ffb966abee981 [term 0 FOLLOWER]: Starting pre-election (no leader contacted us within the election timeout)
I20260709 14:55:11.565726 27958 raft_consensus.cc:515] T 163a1dae6acc42f5943129e5834cc0d9 P 697e90ffc16b4176a55ffb966abee981 [term 0 FOLLOWER]: Starting pre-election with config: opid_index: -1 OBSOLETE_local: false peers { permanent_uuid: "c616336d19174ff2bf257c5b3866e61d" member_type: VOTER last_known_addr { host: "127.25.207.193" port: 33167 } } peers { permanent_uuid: "6238f75a05524ffbb5ccfaa359c93101" member_type: VOTER last_known_addr { host: "127.25.207.194" port: 42809 } } peers { permanent_uuid: "697e90ffc16b4176a55ffb966abee981" member_type: VOTER last_known_addr { host: "127.25.207.195" port: 46453 } }
I20260709 14:55:11.567858 27643 raft_consensus.cc:3060] T adb6edde9223479ea154cd79b95d7bf0 P 6238f75a05524ffbb5ccfaa359c93101 [term 0 FOLLOWER]: Advancing to term 1
I20260709 14:55:11.571111 27958 leader_election.cc:290] T 163a1dae6acc42f5943129e5834cc0d9 P 697e90ffc16b4176a55ffb966abee981 [CANDIDATE]: Term 1 pre-election: Requested pre-vote from peers c616336d19174ff2bf257c5b3866e61d (127.25.207.193:33167), 6238f75a05524ffbb5ccfaa359c93101 (127.25.207.194:42809)
I20260709 14:55:11.581115 27535 leader_election.cc:304] T 39b3d3ed89ca4839951d1771b17b6360 P c616336d19174ff2bf257c5b3866e61d [CANDIDATE]: Term 1 pre-election: Election decided. Result: candidate won. Election summary: received 3 responses out of 3 voters: 2 yes votes; 1 no votes. yes voters: 697e90ffc16b4176a55ffb966abee981, c616336d19174ff2bf257c5b3866e61d; no voters: 6238f75a05524ffbb5ccfaa359c93101
I20260709 14:55:11.587939 27771 raft_consensus.cc:2804] T 39b3d3ed89ca4839951d1771b17b6360 P c616336d19174ff2bf257c5b3866e61d [term 0 FOLLOWER]: Leader pre-election won for term 1
I20260709 14:55:11.588461 27771 raft_consensus.cc:493] T 39b3d3ed89ca4839951d1771b17b6360 P c616336d19174ff2bf257c5b3866e61d [term 0 FOLLOWER]: Starting leader election (no leader contacted us within the election timeout)
I20260709 14:55:11.589376 27771 raft_consensus.cc:3060] T 39b3d3ed89ca4839951d1771b17b6360 P c616336d19174ff2bf257c5b3866e61d [term 0 FOLLOWER]: Advancing to term 1
I20260709 14:55:11.594776 27645 tablet_service.cc:1917] Received RequestConsensusVote() RPC: tablet_id: "163a1dae6acc42f5943129e5834cc0d9" candidate_uuid: "697e90ffc16b4176a55ffb966abee981" candidate_term: 1 candidate_status { last_received { term: 0 index: 0 } } ignore_live_leader: false dest_uuid: "6238f75a05524ffbb5ccfaa359c93101" is_pre_election: true
W20260709 14:55:11.581997 27535 outbound_call.cc:321] RPC callback for RPC call kudu.consensus.ConsensusService.RequestConsensusVote -> {remote=127.25.207.195:46453, user_credentials={real_user=slave}} blocked reactor thread for 45497.7us
I20260709 14:55:11.602316 27771 raft_consensus.cc:515] T 39b3d3ed89ca4839951d1771b17b6360 P c616336d19174ff2bf257c5b3866e61d [term 1 FOLLOWER]: Starting leader election with config: opid_index: -1 OBSOLETE_local: false peers { permanent_uuid: "c616336d19174ff2bf257c5b3866e61d" member_type: VOTER last_known_addr { host: "127.25.207.193" port: 33167 } } peers { permanent_uuid: "6238f75a05524ffbb5ccfaa359c93101" member_type: VOTER last_known_addr { host: "127.25.207.194" port: 42809 } } peers { permanent_uuid: "697e90ffc16b4176a55ffb966abee981" member_type: VOTER last_known_addr { host: "127.25.207.195" port: 46453 } }
I20260709 14:55:11.605115 27771 leader_election.cc:290] T 39b3d3ed89ca4839951d1771b17b6360 P c616336d19174ff2bf257c5b3866e61d [CANDIDATE]: Term 1 election: Requested vote from peers 6238f75a05524ffbb5ccfaa359c93101 (127.25.207.194:42809), 697e90ffc16b4176a55ffb966abee981 (127.25.207.195:46453)
I20260709 14:55:11.605895 27646 tablet_service.cc:1917] Received RequestConsensusVote() RPC: tablet_id: "39b3d3ed89ca4839951d1771b17b6360" candidate_uuid: "c616336d19174ff2bf257c5b3866e61d" candidate_term: 1 candidate_status { last_received { term: 0 index: 0 } } ignore_live_leader: false dest_uuid: "6238f75a05524ffbb5ccfaa359c93101"
I20260709 14:55:11.606367 27761 tablet_bootstrap.cc:654] T 901da9b13d1f4ec9b65f142d0e1f9e3f P 697e90ffc16b4176a55ffb966abee981: Neither blocks nor log segments found. Creating new log.
W20260709 14:55:11.607251 27534 leader_election.cc:343] T 39b3d3ed89ca4839951d1771b17b6360 P c616336d19174ff2bf257c5b3866e61d [CANDIDATE]: Term 1 election: Tablet error from VoteRequest() call to peer 6238f75a05524ffbb5ccfaa359c93101 (127.25.207.194:42809): Illegal state: must be running to vote when last-logged opid is not known
W20260709 14:55:11.593559 27611 outbound_call.cc:321] RPC callback for RPC call kudu.consensus.ConsensusService.UpdateConsensus -> {remote=127.25.207.193:33167, user_credentials={real_user=slave}} blocked reactor thread for 56338.9us
I20260709 14:55:11.620224 27760 tablet_bootstrap.cc:492] T e1021fd58ae84dc7a234298f2dcbebca P 6238f75a05524ffbb5ccfaa359c93101: No bootstrap required, opened a new log
I20260709 14:55:11.620836 27760 ts_tablet_manager.cc:1403] T e1021fd58ae84dc7a234298f2dcbebca P 6238f75a05524ffbb5ccfaa359c93101: Time spent bootstrapping tablet: real 0.228s	user 0.023s	sys 0.008s
I20260709 14:55:11.620771 27569 tablet_service.cc:1917] Received RequestConsensusVote() RPC: tablet_id: "163a1dae6acc42f5943129e5834cc0d9" candidate_uuid: "697e90ffc16b4176a55ffb966abee981" candidate_term: 1 candidate_status { last_received { term: 0 index: 0 } } ignore_live_leader: false dest_uuid: "c616336d19174ff2bf257c5b3866e61d" is_pre_election: true
I20260709 14:55:11.622447 27569 raft_consensus.cc:2468] T 163a1dae6acc42f5943129e5834cc0d9 P c616336d19174ff2bf257c5b3866e61d [term 0 FOLLOWER]: Leader pre-election vote request: Granting yes vote for candidate 697e90ffc16b4176a55ffb966abee981 in term 0.
I20260709 14:55:11.623158 27783 raft_consensus.cc:515] T d6ac416ea72f47959c5fd7c4fc609651 P 697e90ffc16b4176a55ffb966abee981 [term 1 FOLLOWER]: Starting leader election with config: opid_index: -1 OBSOLETE_local: false peers { permanent_uuid: "c616336d19174ff2bf257c5b3866e61d" member_type: VOTER last_known_addr { host: "127.25.207.193" port: 33167 } } peers { permanent_uuid: "6238f75a05524ffbb5ccfaa359c93101" member_type: VOTER last_known_addr { host: "127.25.207.194" port: 42809 } } peers { permanent_uuid: "697e90ffc16b4176a55ffb966abee981" member_type: VOTER last_known_addr { host: "127.25.207.195" port: 46453 } }
I20260709 14:55:11.631186 27568 tablet_service.cc:1917] Received RequestConsensusVote() RPC: tablet_id: "f3d1c28299924820b083d608fe9c0d07" candidate_uuid: "6238f75a05524ffbb5ccfaa359c93101" candidate_term: 1 candidate_status { last_received { term: 0 index: 0 } } ignore_live_leader: false dest_uuid: "c616336d19174ff2bf257c5b3866e61d" is_pre_election: true
W20260709 14:55:11.631208 27683 leader_election.cc:343] T 163a1dae6acc42f5943129e5834cc0d9 P 697e90ffc16b4176a55ffb966abee981 [CANDIDATE]: Term 1 pre-election: Tablet error from VoteRequest() call to peer 6238f75a05524ffbb5ccfaa359c93101 (127.25.207.194:42809): Illegal state: must be running to vote when last-logged opid is not known
I20260709 14:55:11.633847 27760 raft_consensus.cc:359] T e1021fd58ae84dc7a234298f2dcbebca P 6238f75a05524ffbb5ccfaa359c93101 [term 0 FOLLOWER]: Replica starting. Triggering 0 pending ops. Active config: opid_index: -1 OBSOLETE_local: false peers { permanent_uuid: "c616336d19174ff2bf257c5b3866e61d" member_type: VOTER last_known_addr { host: "127.25.207.193" port: 33167 } } peers { permanent_uuid: "6238f75a05524ffbb5ccfaa359c93101" member_type: VOTER last_known_addr { host: "127.25.207.194" port: 42809 } } peers { permanent_uuid: "697e90ffc16b4176a55ffb966abee981" member_type: VOTER last_known_addr { host: "127.25.207.195" port: 46453 } }
I20260709 14:55:11.646050 27646 raft_consensus.cc:3060] T f3d1c28299924820b083d608fe9c0d07 P 6238f75a05524ffbb5ccfaa359c93101 [term 0 FOLLOWER]: Advancing to term 1
I20260709 14:55:11.646229 27762 tablet_bootstrap.cc:654] T e113ff0c8b7a4c349a71ad38b38c9fcb P c616336d19174ff2bf257c5b3866e61d: Neither blocks nor log segments found. Creating new log.
I20260709 14:55:11.648557 27535 leader_election.cc:304] T e1021fd58ae84dc7a234298f2dcbebca P c616336d19174ff2bf257c5b3866e61d [CANDIDATE]: Term 1 election: Election decided. Result: candidate won. Election summary: received 3 responses out of 3 voters: 2 yes votes; 1 no votes. yes voters: 697e90ffc16b4176a55ffb966abee981, c616336d19174ff2bf257c5b3866e61d; no voters: 6238f75a05524ffbb5ccfaa359c93101
I20260709 14:55:11.639695 27760 raft_consensus.cc:385] T e1021fd58ae84dc7a234298f2dcbebca P 6238f75a05524ffbb5ccfaa359c93101 [term 0 FOLLOWER]: Consensus starting up: Expiring failure detector timer to make a prompt election more likely
I20260709 14:55:11.650935 27760 raft_consensus.cc:740] T e1021fd58ae84dc7a234298f2dcbebca P 6238f75a05524ffbb5ccfaa359c93101 [term 0 FOLLOWER]: Becoming Follower/Learner. State: Replica: 6238f75a05524ffbb5ccfaa359c93101, State: Initialized, Role: FOLLOWER
I20260709 14:55:11.651059 27958 consensus_queue.cc:1048] T 64f4c615cd6e4cfaa9599ea8a4acd363 P 697e90ffc16b4176a55ffb966abee981 [LEADER]: Connected to new peer: Peer: permanent_uuid: "c616336d19174ff2bf257c5b3866e61d" member_type: VOTER last_known_addr { host: "127.25.207.193" port: 33167 }, Status: LMP_MISMATCH, Last received: 0.0, Next index: 1, Last known committed idx: 0, Time since last communication: 0.003s
I20260709 14:55:11.654662 27716 tablet_service.cc:1917] Received RequestConsensusVote() RPC: tablet_id: "901da9b13d1f4ec9b65f142d0e1f9e3f" candidate_uuid: "c616336d19174ff2bf257c5b3866e61d" candidate_term: 1 candidate_status { last_received { term: 0 index: 0 } } ignore_live_leader: false dest_uuid: "697e90ffc16b4176a55ffb966abee981" is_pre_election: true
I20260709 14:55:11.656585 27818 raft_consensus.cc:2804] T e1021fd58ae84dc7a234298f2dcbebca P c616336d19174ff2bf257c5b3866e61d [term 1 FOLLOWER]: Leader election won for term 1
I20260709 14:55:11.657151 27865 consensus_queue.cc:1048] T d04c47cc3eec4f8cb7339b5861c8aead P c616336d19174ff2bf257c5b3866e61d [LEADER]: Connected to new peer: Peer: permanent_uuid: "697e90ffc16b4176a55ffb966abee981" member_type: VOTER last_known_addr { host: "127.25.207.195" port: 46453 }, Status: LMP_MISMATCH, Last received: 0.0, Next index: 1, Last known committed idx: 0, Time since last communication: 0.000s
I20260709 14:55:11.658279 27685 leader_election.cc:304] T 163a1dae6acc42f5943129e5834cc0d9 P 697e90ffc16b4176a55ffb966abee981 [CANDIDATE]: Term 1 pre-election: Election decided. Result: candidate won. Election summary: received 3 responses out of 3 voters: 2 yes votes; 1 no votes. yes voters: 697e90ffc16b4176a55ffb966abee981, c616336d19174ff2bf257c5b3866e61d; no voters: 6238f75a05524ffbb5ccfaa359c93101
I20260709 14:55:11.658524 27818 raft_consensus.cc:697] T e1021fd58ae84dc7a234298f2dcbebca P c616336d19174ff2bf257c5b3866e61d [term 1 LEADER]: Becoming Leader. State: Replica: c616336d19174ff2bf257c5b3866e61d, State: Running, Role: LEADER
I20260709 14:55:11.658830 27955 consensus_queue.cc:1048] T adb6edde9223479ea154cd79b95d7bf0 P 697e90ffc16b4176a55ffb966abee981 [LEADER]: Connected to new peer: Peer: permanent_uuid: "c616336d19174ff2bf257c5b3866e61d" member_type: VOTER last_known_addr { host: "127.25.207.193" port: 33167 }, Status: LMP_MISMATCH, Last received: 0.0, Next index: 1, Last known committed idx: 0, Time since last communication: 0.001s
I20260709 14:55:11.659454 27818 consensus_queue.cc:237] T e1021fd58ae84dc7a234298f2dcbebca P c616336d19174ff2bf257c5b3866e61d [LEADER]: Queue going to LEADER mode. State: All replicated index: 0, Majority replicated index: 0, Committed index: 0, Last appended: 0.0, Last appended by leader: 0, Current term: 1, Majority size: 2, State: 0, Mode: LEADER, active raft config: opid_index: -1 OBSOLETE_local: false peers { permanent_uuid: "c616336d19174ff2bf257c5b3866e61d" member_type: VOTER last_known_addr { host: "127.25.207.193" port: 33167 } } peers { permanent_uuid: "6238f75a05524ffbb5ccfaa359c93101" member_type: VOTER last_known_addr { host: "127.25.207.194" port: 42809 } } peers { permanent_uuid: "697e90ffc16b4176a55ffb966abee981" member_type: VOTER last_known_addr { host: "127.25.207.195" port: 46453 } }
I20260709 14:55:11.660652 27955 raft_consensus.cc:2804] T 163a1dae6acc42f5943129e5834cc0d9 P 697e90ffc16b4176a55ffb966abee981 [term 0 FOLLOWER]: Leader pre-election won for term 1
I20260709 14:55:11.661650 27955 raft_consensus.cc:493] T 163a1dae6acc42f5943129e5834cc0d9 P 697e90ffc16b4176a55ffb966abee981 [term 0 FOLLOWER]: Starting leader election (no leader contacted us within the election timeout)
I20260709 14:55:11.662052 27955 raft_consensus.cc:3060] T 163a1dae6acc42f5943129e5834cc0d9 P 697e90ffc16b4176a55ffb966abee981 [term 0 FOLLOWER]: Advancing to term 1
I20260709 14:55:11.668833 28063 consensus_queue.cc:1048] T f3d1c28299924820b083d608fe9c0d07 P c616336d19174ff2bf257c5b3866e61d [LEADER]: Connected to new peer: Peer: permanent_uuid: "6238f75a05524ffbb5ccfaa359c93101" member_type: VOTER last_known_addr { host: "127.25.207.194" port: 42809 }, Status: LMP_MISMATCH, Last received: 0.0, Next index: 1, Last known committed idx: 0, Time since last communication: 0.001s
I20260709 14:55:11.663532 27760 consensus_queue.cc:260] T e1021fd58ae84dc7a234298f2dcbebca P 6238f75a05524ffbb5ccfaa359c93101 [NON_LEADER]: Queue going to NON_LEADER mode. State: All replicated index: 0, Majority replicated index: 0, Committed index: 0, Last appended: 0.0, Last appended by leader: 0, Current term: 0, Majority size: -1, State: 0, Mode: NON_LEADER, active raft config: opid_index: -1 OBSOLETE_local: false peers { permanent_uuid: "c616336d19174ff2bf257c5b3866e61d" member_type: VOTER last_known_addr { host: "127.25.207.193" port: 33167 } } peers { permanent_uuid: "6238f75a05524ffbb5ccfaa359c93101" member_type: VOTER last_known_addr { host: "127.25.207.194" port: 42809 } } peers { permanent_uuid: "697e90ffc16b4176a55ffb966abee981" member_type: VOTER last_known_addr { host: "127.25.207.195" port: 46453 } }
I20260709 14:55:11.677488 27611 leader_election.cc:304] T 64f4c615cd6e4cfaa9599ea8a4acd363 P 6238f75a05524ffbb5ccfaa359c93101 [CANDIDATE]: Term 1 pre-election: Election decided. Result: candidate lost. Election summary: received 3 responses out of 3 voters: 1 yes votes; 2 no votes. yes voters: 6238f75a05524ffbb5ccfaa359c93101; no voters: 697e90ffc16b4176a55ffb966abee981, c616336d19174ff2bf257c5b3866e61d
I20260709 14:55:11.678381 27767 raft_consensus.cc:3060] T 64f4c615cd6e4cfaa9599ea8a4acd363 P 6238f75a05524ffbb5ccfaa359c93101 [term 0 FOLLOWER]: Advancing to term 1
I20260709 14:55:11.674960 27719 tablet_service.cc:1917] Received RequestConsensusVote() RPC: tablet_id: "39b3d3ed89ca4839951d1771b17b6360" candidate_uuid: "c616336d19174ff2bf257c5b3866e61d" candidate_term: 1 candidate_status { last_received { term: 0 index: 0 } } ignore_live_leader: false dest_uuid: "697e90ffc16b4176a55ffb966abee981"
I20260709 14:55:11.678817 27611 leader_election.cc:304] T f3d1c28299924820b083d608fe9c0d07 P 6238f75a05524ffbb5ccfaa359c93101 [CANDIDATE]: Term 1 pre-election: Election decided. Result: candidate lost. Election summary: received 3 responses out of 3 voters: 1 yes votes; 2 no votes. yes voters: 6238f75a05524ffbb5ccfaa359c93101; no voters: 697e90ffc16b4176a55ffb966abee981, c616336d19174ff2bf257c5b3866e61d
I20260709 14:55:11.679675 27783 leader_election.cc:290] T d6ac416ea72f47959c5fd7c4fc609651 P 697e90ffc16b4176a55ffb966abee981 [CANDIDATE]: Term 1 election: Requested vote from peers c616336d19174ff2bf257c5b3866e61d (127.25.207.193:33167), 6238f75a05524ffbb5ccfaa359c93101 (127.25.207.194:42809)
I20260709 14:55:11.680074 27719 raft_consensus.cc:3060] T 39b3d3ed89ca4839951d1771b17b6360 P 697e90ffc16b4176a55ffb966abee981 [term 0 FOLLOWER]: Advancing to term 1
I20260709 14:55:11.684616 27767 raft_consensus.cc:2749] T 64f4c615cd6e4cfaa9599ea8a4acd363 P 6238f75a05524ffbb5ccfaa359c93101 [term 1 FOLLOWER]: Leader pre-election lost for term 1. Reason: could not achieve majority
I20260709 14:55:11.684916 27570 tablet_service.cc:1917] Received RequestConsensusVote() RPC: tablet_id: "d6ac416ea72f47959c5fd7c4fc609651" candidate_uuid: "697e90ffc16b4176a55ffb966abee981" candidate_term: 1 candidate_status { last_received { term: 0 index: 0 } } ignore_live_leader: false dest_uuid: "c616336d19174ff2bf257c5b3866e61d"
I20260709 14:55:11.685596 27570 raft_consensus.cc:3060] T d6ac416ea72f47959c5fd7c4fc609651 P c616336d19174ff2bf257c5b3866e61d [term 0 FOLLOWER]: Advancing to term 1
I20260709 14:55:11.685986 27761 tablet_bootstrap.cc:492] T 901da9b13d1f4ec9b65f142d0e1f9e3f P 697e90ffc16b4176a55ffb966abee981: No bootstrap required, opened a new log
I20260709 14:55:11.686308 28072 raft_consensus.cc:493] T e113ff0c8b7a4c349a71ad38b38c9fcb P 697e90ffc16b4176a55ffb966abee981 [term 0 FOLLOWER]: Starting pre-election (no leader contacted us within the election timeout)
I20260709 14:55:11.686818 28072 raft_consensus.cc:515] T e113ff0c8b7a4c349a71ad38b38c9fcb P 697e90ffc16b4176a55ffb966abee981 [term 0 FOLLOWER]: Starting pre-election with config: opid_index: -1 OBSOLETE_local: false peers { permanent_uuid: "c616336d19174ff2bf257c5b3866e61d" member_type: VOTER last_known_addr { host: "127.25.207.193" port: 33167 } } peers { permanent_uuid: "6238f75a05524ffbb5ccfaa359c93101" member_type: VOTER last_known_addr { host: "127.25.207.194" port: 42809 } } peers { permanent_uuid: "697e90ffc16b4176a55ffb966abee981" member_type: VOTER last_known_addr { host: "127.25.207.195" port: 46453 } }
I20260709 14:55:11.688946 28072 leader_election.cc:290] T e113ff0c8b7a4c349a71ad38b38c9fcb P 697e90ffc16b4176a55ffb966abee981 [CANDIDATE]: Term 1 pre-election: Requested pre-vote from peers c616336d19174ff2bf257c5b3866e61d (127.25.207.193:33167), 6238f75a05524ffbb5ccfaa359c93101 (127.25.207.194:42809)
I20260709 14:55:11.686450 27761 ts_tablet_manager.cc:1403] T 901da9b13d1f4ec9b65f142d0e1f9e3f P 697e90ffc16b4176a55ffb966abee981: Time spent bootstrapping tablet: real 0.194s	user 0.029s	sys 0.011s
I20260709 14:55:11.695268 27761 raft_consensus.cc:359] T 901da9b13d1f4ec9b65f142d0e1f9e3f P 697e90ffc16b4176a55ffb966abee981 [term 0 FOLLOWER]: Replica starting. Triggering 0 pending ops. Active config: opid_index: -1 OBSOLETE_local: false peers { permanent_uuid: "c616336d19174ff2bf257c5b3866e61d" member_type: VOTER last_known_addr { host: "127.25.207.193" port: 33167 } } peers { permanent_uuid: "6238f75a05524ffbb5ccfaa359c93101" member_type: VOTER last_known_addr { host: "127.25.207.194" port: 42809 } } peers { permanent_uuid: "697e90ffc16b4176a55ffb966abee981" member_type: VOTER last_known_addr { host: "127.25.207.195" port: 46453 } }
I20260709 14:55:11.695982 27761 raft_consensus.cc:385] T 901da9b13d1f4ec9b65f142d0e1f9e3f P 697e90ffc16b4176a55ffb966abee981 [term 0 FOLLOWER]: Consensus starting up: Expiring failure detector timer to make a prompt election more likely
I20260709 14:55:11.695470 27765 consensus_queue.cc:1048] T adb6edde9223479ea154cd79b95d7bf0 P 697e90ffc16b4176a55ffb966abee981 [LEADER]: Connected to new peer: Peer: permanent_uuid: "6238f75a05524ffbb5ccfaa359c93101" member_type: VOTER last_known_addr { host: "127.25.207.194" port: 42809 }, Status: LMP_MISMATCH, Last received: 0.0, Next index: 1, Last known committed idx: 0, Time since last communication: 0.000s
I20260709 14:55:11.682287 27955 raft_consensus.cc:515] T 163a1dae6acc42f5943129e5834cc0d9 P 697e90ffc16b4176a55ffb966abee981 [term 1 FOLLOWER]: Starting leader election with config: opid_index: -1 OBSOLETE_local: false peers { permanent_uuid: "c616336d19174ff2bf257c5b3866e61d" member_type: VOTER last_known_addr { host: "127.25.207.193" port: 33167 } } peers { permanent_uuid: "6238f75a05524ffbb5ccfaa359c93101" member_type: VOTER last_known_addr { host: "127.25.207.194" port: 42809 } } peers { permanent_uuid: "697e90ffc16b4176a55ffb966abee981" member_type: VOTER last_known_addr { host: "127.25.207.195" port: 46453 } }
I20260709 14:55:11.698176 27955 leader_election.cc:290] T 163a1dae6acc42f5943129e5834cc0d9 P 697e90ffc16b4176a55ffb966abee981 [CANDIDATE]: Term 1 election: Requested vote from peers c616336d19174ff2bf257c5b3866e61d (127.25.207.193:33167), 6238f75a05524ffbb5ccfaa359c93101 (127.25.207.194:42809)
I20260709 14:55:11.698714 27761 raft_consensus.cc:740] T 901da9b13d1f4ec9b65f142d0e1f9e3f P 697e90ffc16b4176a55ffb966abee981 [term 0 FOLLOWER]: Becoming Follower/Learner. State: Replica: 697e90ffc16b4176a55ffb966abee981, State: Initialized, Role: FOLLOWER
I20260709 14:55:11.700845 27761 consensus_queue.cc:260] T 901da9b13d1f4ec9b65f142d0e1f9e3f P 697e90ffc16b4176a55ffb966abee981 [NON_LEADER]: Queue going to NON_LEADER mode. State: All replicated index: 0, Majority replicated index: 0, Committed index: 0, Last appended: 0.0, Last appended by leader: 0, Current term: 0, Majority size: -1, State: 0, Mode: NON_LEADER, active raft config: opid_index: -1 OBSOLETE_local: false peers { permanent_uuid: "c616336d19174ff2bf257c5b3866e61d" member_type: VOTER last_known_addr { host: "127.25.207.193" port: 33167 } } peers { permanent_uuid: "6238f75a05524ffbb5ccfaa359c93101" member_type: VOTER last_known_addr { host: "127.25.207.194" port: 42809 } } peers { permanent_uuid: "697e90ffc16b4176a55ffb966abee981" member_type: VOTER last_known_addr { host: "127.25.207.195" port: 46453 } }
I20260709 14:55:11.702059 27644 tablet_service.cc:1917] Received RequestConsensusVote() RPC: tablet_id: "d6ac416ea72f47959c5fd7c4fc609651" candidate_uuid: "697e90ffc16b4176a55ffb966abee981" candidate_term: 1 candidate_status { last_received { term: 0 index: 0 } } ignore_live_leader: false dest_uuid: "6238f75a05524ffbb5ccfaa359c93101"
I20260709 14:55:11.702447 27761 ts_tablet_manager.cc:1434] T 901da9b13d1f4ec9b65f142d0e1f9e3f P 697e90ffc16b4176a55ffb966abee981: Time spent starting tablet: real 0.010s	user 0.005s	sys 0.000s
I20260709 14:55:11.702651 27644 raft_consensus.cc:3060] T d6ac416ea72f47959c5fd7c4fc609651 P 6238f75a05524ffbb5ccfaa359c93101 [term 0 FOLLOWER]: Advancing to term 1
I20260709 14:55:11.703501 27761 tablet_bootstrap.cc:492] T f3a65fa8ec8e4260ac7c49e89a628048 P 697e90ffc16b4176a55ffb966abee981: Bootstrap starting.
I20260709 14:55:11.705911 27568 tablet_service.cc:1917] Received RequestConsensusVote() RPC: tablet_id: "e113ff0c8b7a4c349a71ad38b38c9fcb" candidate_uuid: "697e90ffc16b4176a55ffb966abee981" candidate_term: 1 candidate_status { last_received { term: 0 index: 0 } } ignore_live_leader: false dest_uuid: "c616336d19174ff2bf257c5b3866e61d" is_pre_election: true
I20260709 14:55:11.706386 27571 tablet_service.cc:1917] Received RequestConsensusVote() RPC: tablet_id: "163a1dae6acc42f5943129e5834cc0d9" candidate_uuid: "697e90ffc16b4176a55ffb966abee981" candidate_term: 1 candidate_status { last_received { term: 0 index: 0 } } ignore_live_leader: false dest_uuid: "c616336d19174ff2bf257c5b3866e61d"
I20260709 14:55:11.706983 27571 raft_consensus.cc:3060] T 163a1dae6acc42f5943129e5834cc0d9 P c616336d19174ff2bf257c5b3866e61d [term 0 FOLLOWER]: Advancing to term 1
I20260709 14:55:11.681635 27760 ts_tablet_manager.cc:1434] T e1021fd58ae84dc7a234298f2dcbebca P 6238f75a05524ffbb5ccfaa359c93101: Time spent starting tablet: real 0.060s	user 0.005s	sys 0.004s
I20260709 14:55:11.700045 27719 raft_consensus.cc:2468] T 39b3d3ed89ca4839951d1771b17b6360 P 697e90ffc16b4176a55ffb966abee981 [term 1 FOLLOWER]: Leader election vote request: Granting yes vote for candidate c616336d19174ff2bf257c5b3866e61d in term 1.
I20260709 14:55:11.708303 27760 tablet_bootstrap.cc:492] T 163a1dae6acc42f5943129e5834cc0d9 P 6238f75a05524ffbb5ccfaa359c93101: Bootstrap starting.
I20260709 14:55:11.710011 27761 tablet_bootstrap.cc:654] T f3a65fa8ec8e4260ac7c49e89a628048 P 697e90ffc16b4176a55ffb966abee981: Neither blocks nor log segments found. Creating new log.
I20260709 14:55:11.711261 27762 tablet_bootstrap.cc:492] T e113ff0c8b7a4c349a71ad38b38c9fcb P c616336d19174ff2bf257c5b3866e61d: No bootstrap required, opened a new log
I20260709 14:55:11.713531 28070 raft_consensus.cc:2749] T f3d1c28299924820b083d608fe9c0d07 P 6238f75a05524ffbb5ccfaa359c93101 [term 1 FOLLOWER]: Leader pre-election lost for term 1. Reason: could not achieve majority
