I20260709 14:54:59.358800 29856 raft_consensus.cc:2468] T 4aff45f698544eb7a8b6ed2c11717d2b P 0f824804229c4a6bb2b3b70e351c247a [term 4 FOLLOWER]: Leader pre-election vote request: Granting yes vote for candidate bdb43e01500f429d85a6c01eeb37cf66 in term 4.
I20260709 14:54:59.360265 30005 tablet_service.cc:1917] Received RequestConsensusVote() RPC: tablet_id: "4aff45f698544eb7a8b6ed2c11717d2b" candidate_uuid: "bdb43e01500f429d85a6c01eeb37cf66" candidate_term: 4 candidate_status { last_received { term: 3 index: 3 } } ignore_live_leader: false dest_uuid: "d56dbdb486aa4281887eb26184986267" is_pre_election: true
I20260709 14:54:59.360818 29897 leader_election.cc:304] T 4aff45f698544eb7a8b6ed2c11717d2b P bdb43e01500f429d85a6c01eeb37cf66 [CANDIDATE]: Term 4 pre-election: Election decided. Result: candidate won. Election summary: received 2 responses out of 3 voters: 2 yes votes; 0 no votes. yes voters: 0f824804229c4a6bb2b3b70e351c247a, bdb43e01500f429d85a6c01eeb37cf66; no voters: 
I20260709 14:54:59.361076 30005 raft_consensus.cc:2393] T 4aff45f698544eb7a8b6ed2c11717d2b P d56dbdb486aa4281887eb26184986267 [term 4 FOLLOWER]: Leader pre-election vote request: Denying vote to candidate bdb43e01500f429d85a6c01eeb37cf66 in current term 4: Already voted for candidate d56dbdb486aa4281887eb26184986267 in this term.
I20260709 14:54:59.360239 29931 raft_consensus.cc:515] T 6def65319b4248ff99122fa5f0ae8ad0 P bdb43e01500f429d85a6c01eeb37cf66 [term 4 FOLLOWER]: Starting forced leader election with config: opid_index: -1 OBSOLETE_local: false peers { permanent_uuid: "0f824804229c4a6bb2b3b70e351c247a" member_type: VOTER last_known_addr { host: "127.28.141.65" port: 44003 } } peers { permanent_uuid: "bdb43e01500f429d85a6c01eeb37cf66" member_type: VOTER last_known_addr { host: "127.28.141.66" port: 38509 } } peers { permanent_uuid: "d56dbdb486aa4281887eb26184986267" member_type: VOTER last_known_addr { host: "127.28.141.67" port: 43073 } }
I20260709 14:54:59.363404 29931 leader_election.cc:290] T 6def65319b4248ff99122fa5f0ae8ad0 P bdb43e01500f429d85a6c01eeb37cf66 [CANDIDATE]: Term 4 election: Requested vote from peers 0f824804229c4a6bb2b3b70e351c247a (127.28.141.65:44003), d56dbdb486aa4281887eb26184986267 (127.28.141.67:43073)
I20260709 14:54:59.365762 30190 raft_consensus.cc:2804] T 4aff45f698544eb7a8b6ed2c11717d2b P bdb43e01500f429d85a6c01eeb37cf66 [term 3 FOLLOWER]: Leader pre-election won for term 4
I20260709 14:54:59.366182 30190 raft_consensus.cc:493] T 4aff45f698544eb7a8b6ed2c11717d2b P bdb43e01500f429d85a6c01eeb37cf66 [term 3 FOLLOWER]: Starting leader election (detected failure of leader 0f824804229c4a6bb2b3b70e351c247a)
I20260709 14:54:59.366555 30190 raft_consensus.cc:3060] T 4aff45f698544eb7a8b6ed2c11717d2b P bdb43e01500f429d85a6c01eeb37cf66 [term 3 FOLLOWER]: Advancing to term 4
I20260709 14:54:59.367381 30005 tablet_service.cc:1917] Received RequestConsensusVote() RPC: tablet_id: "6def65319b4248ff99122fa5f0ae8ad0" candidate_uuid: "bdb43e01500f429d85a6c01eeb37cf66" candidate_term: 4 candidate_status { last_received { term: 3 index: 3 } } ignore_live_leader: true dest_uuid: "d56dbdb486aa4281887eb26184986267"
I20260709 14:54:59.367945 30005 raft_consensus.cc:3060] T 6def65319b4248ff99122fa5f0ae8ad0 P d56dbdb486aa4281887eb26184986267 [term 3 FOLLOWER]: Advancing to term 4
I20260709 14:54:59.373638 29856 tablet_service.cc:1917] Received RequestConsensusVote() RPC: tablet_id: "6def65319b4248ff99122fa5f0ae8ad0" candidate_uuid: "bdb43e01500f429d85a6c01eeb37cf66" candidate_term: 4 candidate_status { last_received { term: 3 index: 3 } } ignore_live_leader: true dest_uuid: "0f824804229c4a6bb2b3b70e351c247a"
I20260709 14:54:59.374275 29856 raft_consensus.cc:3055] T 6def65319b4248ff99122fa5f0ae8ad0 P 0f824804229c4a6bb2b3b70e351c247a [term 3 LEADER]: Stepping down as leader of term 3
I20260709 14:54:59.374647 29856 raft_consensus.cc:740] T 6def65319b4248ff99122fa5f0ae8ad0 P 0f824804229c4a6bb2b3b70e351c247a [term 3 LEADER]: Becoming Follower/Learner. State: Replica: 0f824804229c4a6bb2b3b70e351c247a, State: Running, Role: LEADER
I20260709 14:54:59.375593 29856 consensus_queue.cc:260] T 6def65319b4248ff99122fa5f0ae8ad0 P 0f824804229c4a6bb2b3b70e351c247a [NON_LEADER]: Queue going to NON_LEADER mode. State: All replicated index: 0, Majority replicated index: 3, Committed index: 3, Last appended: 3.3, Last appended by leader: 3, Current term: 3, Majority size: -1, State: 0, Mode: NON_LEADER, active raft config: opid_index: -1 OBSOLETE_local: false peers { permanent_uuid: "0f824804229c4a6bb2b3b70e351c247a" member_type: VOTER last_known_addr { host: "127.28.141.65" port: 44003 } } peers { permanent_uuid: "bdb43e01500f429d85a6c01eeb37cf66" member_type: VOTER last_known_addr { host: "127.28.141.66" port: 38509 } } peers { permanent_uuid: "d56dbdb486aa4281887eb26184986267" member_type: VOTER last_known_addr { host: "127.28.141.67" port: 43073 } }
I20260709 14:54:59.376859 29856 raft_consensus.cc:3060] T 6def65319b4248ff99122fa5f0ae8ad0 P 0f824804229c4a6bb2b3b70e351c247a [term 3 FOLLOWER]: Advancing to term 4
I20260709 14:54:59.380927 30002 leader_election.cc:290] T dc6831ca0d384ce79e7265528beba18f P d56dbdb486aa4281887eb26184986267 [CANDIDATE]: Term 3 election: Requested vote from peers 0f824804229c4a6bb2b3b70e351c247a (127.28.141.65:44003), bdb43e01500f429d85a6c01eeb37cf66 (127.28.141.66:38509)
I20260709 14:54:59.381916 29927 tablet_service.cc:1917] Received RequestConsensusVote() RPC: tablet_id: "dc6831ca0d384ce79e7265528beba18f" candidate_uuid: "d56dbdb486aa4281887eb26184986267" candidate_term: 3 candidate_status { last_received { term: 2 index: 2 } } ignore_live_leader: true dest_uuid: "bdb43e01500f429d85a6c01eeb37cf66"
I20260709 14:54:59.387274 29927 raft_consensus.cc:3060] T dc6831ca0d384ce79e7265528beba18f P bdb43e01500f429d85a6c01eeb37cf66 [term 2 FOLLOWER]: Advancing to term 3
I20260709 14:54:59.382987 29854 tablet_service.cc:1917] Received RequestConsensusVote() RPC: tablet_id: "dc6831ca0d384ce79e7265528beba18f" candidate_uuid: "d56dbdb486aa4281887eb26184986267" candidate_term: 3 candidate_status { last_received { term: 2 index: 2 } } ignore_live_leader: true dest_uuid: "0f824804229c4a6bb2b3b70e351c247a"
I20260709 14:54:59.392822 29854 raft_consensus.cc:3055] T dc6831ca0d384ce79e7265528beba18f P 0f824804229c4a6bb2b3b70e351c247a [term 2 LEADER]: Stepping down as leader of term 2
I20260709 14:54:59.393128 29854 raft_consensus.cc:740] T dc6831ca0d384ce79e7265528beba18f P 0f824804229c4a6bb2b3b70e351c247a [term 2 LEADER]: Becoming Follower/Learner. State: Replica: 0f824804229c4a6bb2b3b70e351c247a, State: Running, Role: LEADER
I20260709 14:54:59.393863 29854 consensus_queue.cc:260] T dc6831ca0d384ce79e7265528beba18f P 0f824804229c4a6bb2b3b70e351c247a [NON_LEADER]: Queue going to NON_LEADER mode. State: All replicated index: 0, Majority replicated index: 2, Committed index: 2, Last appended: 2.2, Last appended by leader: 2, Current term: 2, Majority size: -1, State: 0, Mode: NON_LEADER, active raft config: opid_index: -1 OBSOLETE_local: false peers { permanent_uuid: "0f824804229c4a6bb2b3b70e351c247a" member_type: VOTER last_known_addr { host: "127.28.141.65" port: 44003 } } peers { permanent_uuid: "bdb43e01500f429d85a6c01eeb37cf66" member_type: VOTER last_known_addr { host: "127.28.141.66" port: 38509 } } peers { permanent_uuid: "d56dbdb486aa4281887eb26184986267" member_type: VOTER last_known_addr { host: "127.28.141.67" port: 43073 } }
I20260709 14:54:59.394912 29854 raft_consensus.cc:3060] T dc6831ca0d384ce79e7265528beba18f P 0f824804229c4a6bb2b3b70e351c247a [term 2 FOLLOWER]: Advancing to term 3
I20260709 14:54:59.382526 30190 raft_consensus.cc:515] T 4aff45f698544eb7a8b6ed2c11717d2b P bdb43e01500f429d85a6c01eeb37cf66 [term 4 FOLLOWER]: Starting leader election with config: opid_index: -1 OBSOLETE_local: false peers { permanent_uuid: "0f824804229c4a6bb2b3b70e351c247a" member_type: VOTER last_known_addr { host: "127.28.141.65" port: 44003 } } peers { permanent_uuid: "bdb43e01500f429d85a6c01eeb37cf66" member_type: VOTER last_known_addr { host: "127.28.141.66" port: 38509 } } peers { permanent_uuid: "d56dbdb486aa4281887eb26184986267" member_type: VOTER last_known_addr { host: "127.28.141.67" port: 43073 } }
I20260709 14:54:59.403756 29853 tablet_service.cc:1917] Received RequestConsensusVote() RPC: tablet_id: "4aff45f698544eb7a8b6ed2c11717d2b" candidate_uuid: "bdb43e01500f429d85a6c01eeb37cf66" candidate_term: 4 candidate_status { last_received { term: 3 index: 3 } } ignore_live_leader: false dest_uuid: "0f824804229c4a6bb2b3b70e351c247a"
I20260709 14:54:59.404747 30002 tablet_service.cc:1917] Received RequestConsensusVote() RPC: tablet_id: "4aff45f698544eb7a8b6ed2c11717d2b" candidate_uuid: "bdb43e01500f429d85a6c01eeb37cf66" candidate_term: 4 candidate_status { last_received { term: 3 index: 3 } } ignore_live_leader: false dest_uuid: "d56dbdb486aa4281887eb26184986267"
I20260709 14:54:59.405491 30002 raft_consensus.cc:2393] T 4aff45f698544eb7a8b6ed2c11717d2b P d56dbdb486aa4281887eb26184986267 [term 4 FOLLOWER]: Leader election vote request: Denying vote to candidate bdb43e01500f429d85a6c01eeb37cf66 in current term 4: Already voted for candidate d56dbdb486aa4281887eb26184986267 in this term.
I20260709 14:54:59.407663 30190 leader_election.cc:290] T 4aff45f698544eb7a8b6ed2c11717d2b P bdb43e01500f429d85a6c01eeb37cf66 [CANDIDATE]: Term 4 election: Requested vote from peers 0f824804229c4a6bb2b3b70e351c247a (127.28.141.65:44003), d56dbdb486aa4281887eb26184986267 (127.28.141.67:43073)
I20260709 14:54:59.408592 29927 raft_consensus.cc:2468] T dc6831ca0d384ce79e7265528beba18f P bdb43e01500f429d85a6c01eeb37cf66 [term 3 FOLLOWER]: Leader election vote request: Granting yes vote for candidate d56dbdb486aa4281887eb26184986267 in term 3.
I20260709 14:54:59.409905 29971 leader_election.cc:304] T dc6831ca0d384ce79e7265528beba18f P d56dbdb486aa4281887eb26184986267 [CANDIDATE]: Term 3 election: Election decided. Result: candidate won. Election summary: received 2 responses out of 3 voters: 2 yes votes; 0 no votes. yes voters: bdb43e01500f429d85a6c01eeb37cf66, d56dbdb486aa4281887eb26184986267; no voters: 
I20260709 14:54:59.410861 30182 raft_consensus.cc:2804] T dc6831ca0d384ce79e7265528beba18f P d56dbdb486aa4281887eb26184986267 [term 3 FOLLOWER]: Leader election won for term 3
I20260709 14:54:59.414070 30190 raft_consensus.cc:493] T cf35718b72424081a1e4e91ce13dc3a6 P bdb43e01500f429d85a6c01eeb37cf66 [term 3 FOLLOWER]: Starting pre-election (detected failure of leader 0f824804229c4a6bb2b3b70e351c247a)
I20260709 14:54:59.415138 30190 raft_consensus.cc:515] T cf35718b72424081a1e4e91ce13dc3a6 P bdb43e01500f429d85a6c01eeb37cf66 [term 3 FOLLOWER]: Starting pre-election with config: opid_index: -1 OBSOLETE_local: false peers { permanent_uuid: "0f824804229c4a6bb2b3b70e351c247a" member_type: VOTER last_known_addr { host: "127.28.141.65" port: 44003 } } peers { permanent_uuid: "bdb43e01500f429d85a6c01eeb37cf66" member_type: VOTER last_known_addr { host: "127.28.141.66" port: 38509 } } peers { permanent_uuid: "d56dbdb486aa4281887eb26184986267" member_type: VOTER last_known_addr { host: "127.28.141.67" port: 43073 } }
I20260709 14:54:59.417764 30182 raft_consensus.cc:697] T dc6831ca0d384ce79e7265528beba18f P d56dbdb486aa4281887eb26184986267 [term 3 LEADER]: Becoming Leader. State: Replica: d56dbdb486aa4281887eb26184986267, State: Running, Role: LEADER
I20260709 14:54:59.418411 29855 tablet_service.cc:1917] Received RequestConsensusVote() RPC: tablet_id: "cf35718b72424081a1e4e91ce13dc3a6" candidate_uuid: "bdb43e01500f429d85a6c01eeb37cf66" candidate_term: 4 candidate_status { last_received { term: 3 index: 3 } } ignore_live_leader: false dest_uuid: "0f824804229c4a6bb2b3b70e351c247a" is_pre_election: true
I20260709 14:54:59.418738 30182 consensus_queue.cc:237] T dc6831ca0d384ce79e7265528beba18f P d56dbdb486aa4281887eb26184986267 [LEADER]: Queue going to LEADER mode. State: All replicated index: 0, Majority replicated index: 2, Committed index: 2, Last appended: 2.2, Last appended by leader: 2, Current term: 3, Majority size: 2, State: 0, Mode: LEADER, active raft config: opid_index: -1 OBSOLETE_local: false peers { permanent_uuid: "0f824804229c4a6bb2b3b70e351c247a" member_type: VOTER last_known_addr { host: "127.28.141.65" port: 44003 } } peers { permanent_uuid: "bdb43e01500f429d85a6c01eeb37cf66" member_type: VOTER last_known_addr { host: "127.28.141.66" port: 38509 } } peers { permanent_uuid: "d56dbdb486aa4281887eb26184986267" member_type: VOTER last_known_addr { host: "127.28.141.67" port: 43073 } }
I20260709 14:54:59.422305 29855 raft_consensus.cc:2468] T cf35718b72424081a1e4e91ce13dc3a6 P 0f824804229c4a6bb2b3b70e351c247a [term 4 FOLLOWER]: Leader pre-election vote request: Granting yes vote for candidate bdb43e01500f429d85a6c01eeb37cf66 in term 4.
I20260709 14:54:59.423610 29897 leader_election.cc:304] T cf35718b72424081a1e4e91ce13dc3a6 P bdb43e01500f429d85a6c01eeb37cf66 [CANDIDATE]: Term 4 pre-election: Election decided. Result: candidate won. Election summary: received 2 responses out of 3 voters: 2 yes votes; 0 no votes. yes voters: 0f824804229c4a6bb2b3b70e351c247a, bdb43e01500f429d85a6c01eeb37cf66; no voters: 
I20260709 14:54:59.424659 30190 leader_election.cc:290] T cf35718b72424081a1e4e91ce13dc3a6 P bdb43e01500f429d85a6c01eeb37cf66 [CANDIDATE]: Term 4 pre-election: Requested pre-vote from peers 0f824804229c4a6bb2b3b70e351c247a (127.28.141.65:44003), d56dbdb486aa4281887eb26184986267 (127.28.141.67:43073)
I20260709 14:54:59.428259 30190 raft_consensus.cc:2804] T cf35718b72424081a1e4e91ce13dc3a6 P bdb43e01500f429d85a6c01eeb37cf66 [term 3 FOLLOWER]: Leader pre-election won for term 4
I20260709 14:54:59.428678 30190 raft_consensus.cc:493] T cf35718b72424081a1e4e91ce13dc3a6 P bdb43e01500f429d85a6c01eeb37cf66 [term 3 FOLLOWER]: Starting leader election (detected failure of leader 0f824804229c4a6bb2b3b70e351c247a)
I20260709 14:54:59.429085 30190 raft_consensus.cc:3060] T cf35718b72424081a1e4e91ce13dc3a6 P bdb43e01500f429d85a6c01eeb37cf66 [term 3 FOLLOWER]: Advancing to term 4
I20260709 14:54:59.427685 29856 raft_consensus.cc:2468] T 6def65319b4248ff99122fa5f0ae8ad0 P 0f824804229c4a6bb2b3b70e351c247a [term 4 FOLLOWER]: Leader election vote request: Granting yes vote for candidate bdb43e01500f429d85a6c01eeb37cf66 in term 4.
I20260709 14:54:59.385752 30005 raft_consensus.cc:2468] T 6def65319b4248ff99122fa5f0ae8ad0 P d56dbdb486aa4281887eb26184986267 [term 4 FOLLOWER]: Leader election vote request: Granting yes vote for candidate bdb43e01500f429d85a6c01eeb37cf66 in term 4.
I20260709 14:54:59.441681 30190 raft_consensus.cc:515] T cf35718b72424081a1e4e91ce13dc3a6 P bdb43e01500f429d85a6c01eeb37cf66 [term 4 FOLLOWER]: Starting leader election with config: opid_index: -1 OBSOLETE_local: false peers { permanent_uuid: "0f824804229c4a6bb2b3b70e351c247a" member_type: VOTER last_known_addr { host: "127.28.141.65" port: 44003 } } peers { permanent_uuid: "bdb43e01500f429d85a6c01eeb37cf66" member_type: VOTER last_known_addr { host: "127.28.141.66" port: 38509 } } peers { permanent_uuid: "d56dbdb486aa4281887eb26184986267" member_type: VOTER last_known_addr { host: "127.28.141.67" port: 43073 } }
I20260709 14:54:59.443825 30190 leader_election.cc:290] T cf35718b72424081a1e4e91ce13dc3a6 P bdb43e01500f429d85a6c01eeb37cf66 [CANDIDATE]: Term 4 election: Requested vote from peers 0f824804229c4a6bb2b3b70e351c247a (127.28.141.65:44003), d56dbdb486aa4281887eb26184986267 (127.28.141.67:43073)
I20260709 14:54:59.443949 29754 catalog_manager.cc:5697] T dc6831ca0d384ce79e7265528beba18f P d56dbdb486aa4281887eb26184986267 reported cstate change: term changed from 2 to 3, leader changed from 0f824804229c4a6bb2b3b70e351c247a (127.28.141.65) to d56dbdb486aa4281887eb26184986267 (127.28.141.67). New cstate: current_term: 3 leader_uuid: "d56dbdb486aa4281887eb26184986267" committed_config { opid_index: -1 OBSOLETE_local: false peers { permanent_uuid: "0f824804229c4a6bb2b3b70e351c247a" member_type: VOTER last_known_addr { host: "127.28.141.65" port: 44003 } health_report { overall_health: UNKNOWN } } peers { permanent_uuid: "bdb43e01500f429d85a6c01eeb37cf66" member_type: VOTER last_known_addr { host: "127.28.141.66" port: 38509 } health_report { overall_health: UNKNOWN } } peers { permanent_uuid: "d56dbdb486aa4281887eb26184986267" member_type: VOTER last_known_addr { host: "127.28.141.67" port: 43073 } health_report { overall_health: HEALTHY } } }
I20260709 14:54:59.445883 30005 tablet_service.cc:1917] Received RequestConsensusVote() RPC: tablet_id: "cf35718b72424081a1e4e91ce13dc3a6" candidate_uuid: "bdb43e01500f429d85a6c01eeb37cf66" candidate_term: 4 candidate_status { last_received { term: 3 index: 3 } } ignore_live_leader: false dest_uuid: "d56dbdb486aa4281887eb26184986267" is_pre_election: true
I20260709 14:54:59.446640 30005 raft_consensus.cc:2393] T cf35718b72424081a1e4e91ce13dc3a6 P d56dbdb486aa4281887eb26184986267 [term 4 FOLLOWER]: Leader pre-election vote request: Denying vote to candidate bdb43e01500f429d85a6c01eeb37cf66 in current term 4: Already voted for candidate d56dbdb486aa4281887eb26184986267 in this term.
I20260709 14:54:59.452183 29856 tablet_service.cc:1917] Received RequestConsensusVote() RPC: tablet_id: "cf35718b72424081a1e4e91ce13dc3a6" candidate_uuid: "bdb43e01500f429d85a6c01eeb37cf66" candidate_term: 4 candidate_status { last_received { term: 3 index: 3 } } ignore_live_leader: false dest_uuid: "0f824804229c4a6bb2b3b70e351c247a"
I20260709 14:54:59.458449 30005 tablet_service.cc:1917] Received RequestConsensusVote() RPC: tablet_id: "cf35718b72424081a1e4e91ce13dc3a6" candidate_uuid: "bdb43e01500f429d85a6c01eeb37cf66" candidate_term: 4 candidate_status { last_received { term: 3 index: 3 } } ignore_live_leader: false dest_uuid: "d56dbdb486aa4281887eb26184986267"
I20260709 14:54:59.459180 30005 raft_consensus.cc:2393] T cf35718b72424081a1e4e91ce13dc3a6 P d56dbdb486aa4281887eb26184986267 [term 4 FOLLOWER]: Leader election vote request: Denying vote to candidate bdb43e01500f429d85a6c01eeb37cf66 in current term 4: Already voted for candidate d56dbdb486aa4281887eb26184986267 in this term.
I20260709 14:54:59.463109 29853 raft_consensus.cc:2468] T 4aff45f698544eb7a8b6ed2c11717d2b P 0f824804229c4a6bb2b3b70e351c247a [term 4 FOLLOWER]: Leader election vote request: Granting yes vote for candidate bdb43e01500f429d85a6c01eeb37cf66 in term 4.
I20260709 14:54:59.423774 29854 raft_consensus.cc:2468] T dc6831ca0d384ce79e7265528beba18f P 0f824804229c4a6bb2b3b70e351c247a [term 3 FOLLOWER]: Leader election vote request: Granting yes vote for candidate d56dbdb486aa4281887eb26184986267 in term 3.
I20260709 14:54:59.492420 29856 raft_consensus.cc:2468] T cf35718b72424081a1e4e91ce13dc3a6 P 0f824804229c4a6bb2b3b70e351c247a [term 4 FOLLOWER]: Leader election vote request: Granting yes vote for candidate bdb43e01500f429d85a6c01eeb37cf66 in term 4.
I20260709 14:54:59.463824 29897 leader_election.cc:304] T 6def65319b4248ff99122fa5f0ae8ad0 P bdb43e01500f429d85a6c01eeb37cf66 [CANDIDATE]: Term 4 election: Election decided. Result: candidate won. Election summary: received 2 responses out of 3 voters: 2 yes votes; 0 no votes. yes voters: bdb43e01500f429d85a6c01eeb37cf66, d56dbdb486aa4281887eb26184986267; no voters: 
W20260709 14:54:59.601809 29897 outbound_call.cc:321] RPC callback for RPC call kudu.consensus.ConsensusService.RequestConsensusVote -> {remote=127.28.141.67:43073, user_credentials={real_user=slave}} blocked reactor thread for 138071us
I20260709 14:54:59.492870 30182 raft_consensus.cc:493] T cf35718b72424081a1e4e91ce13dc3a6 P d56dbdb486aa4281887eb26184986267 [term 4 FOLLOWER]: Starting pre-election (no leader contacted us within the election timeout)
I20260709 14:54:59.603803 29897 leader_election.cc:304] T 4aff45f698544eb7a8b6ed2c11717d2b P bdb43e01500f429d85a6c01eeb37cf66 [CANDIDATE]: Term 4 election: Election decided. Result: candidate won. Election summary: received 3 responses out of 3 voters: 2 yes votes; 1 no votes. yes voters: 0f824804229c4a6bb2b3b70e351c247a, bdb43e01500f429d85a6c01eeb37cf66; no voters: d56dbdb486aa4281887eb26184986267
I20260709 14:54:59.606700 30193 raft_consensus.cc:493] T b579858be9b9458493d3ddb1e39826d8 P d56dbdb486aa4281887eb26184986267 [term 3 FOLLOWER]: Starting pre-election (no leader contacted us within the election timeout)
I20260709 14:54:59.618825 30182 raft_consensus.cc:515] T cf35718b72424081a1e4e91ce13dc3a6 P d56dbdb486aa4281887eb26184986267 [term 4 FOLLOWER]: Starting pre-election with config: opid_index: -1 OBSOLETE_local: false peers { permanent_uuid: "0f824804229c4a6bb2b3b70e351c247a" member_type: VOTER last_known_addr { host: "127.28.141.65" port: 44003 } } peers { permanent_uuid: "bdb43e01500f429d85a6c01eeb37cf66" member_type: VOTER last_known_addr { host: "127.28.141.66" port: 38509 } } peers { permanent_uuid: "d56dbdb486aa4281887eb26184986267" member_type: VOTER last_known_addr { host: "127.28.141.67" port: 43073 } }
I20260709 14:54:59.619165 30193 raft_consensus.cc:515] T b579858be9b9458493d3ddb1e39826d8 P d56dbdb486aa4281887eb26184986267 [term 3 FOLLOWER]: Starting pre-election with config: opid_index: -1 OBSOLETE_local: false peers { permanent_uuid: "0f824804229c4a6bb2b3b70e351c247a" member_type: VOTER last_known_addr { host: "127.28.141.65" port: 44003 } } peers { permanent_uuid: "bdb43e01500f429d85a6c01eeb37cf66" member_type: VOTER last_known_addr { host: "127.28.141.66" port: 38509 } } peers { permanent_uuid: "d56dbdb486aa4281887eb26184986267" member_type: VOTER last_known_addr { host: "127.28.141.67" port: 43073 } }
I20260709 14:54:59.620959 30182 leader_election.cc:290] T cf35718b72424081a1e4e91ce13dc3a6 P d56dbdb486aa4281887eb26184986267 [CANDIDATE]: Term 5 pre-election: Requested pre-vote from peers 0f824804229c4a6bb2b3b70e351c247a (127.28.141.65:44003), bdb43e01500f429d85a6c01eeb37cf66 (127.28.141.66:38509)
I20260709 14:54:59.608690 30195 raft_consensus.cc:493] T d5aa162e00a647ed9db2f519b1e4327a P bdb43e01500f429d85a6c01eeb37cf66 [term 2 FOLLOWER]: Starting pre-election (detected failure of leader 0f824804229c4a6bb2b3b70e351c247a)
I20260709 14:54:59.625869 30195 raft_consensus.cc:515] T d5aa162e00a647ed9db2f519b1e4327a P bdb43e01500f429d85a6c01eeb37cf66 [term 2 FOLLOWER]: Starting pre-election with config: opid_index: -1 OBSOLETE_local: false peers { permanent_uuid: "0f824804229c4a6bb2b3b70e351c247a" member_type: VOTER last_known_addr { host: "127.28.141.65" port: 44003 } } peers { permanent_uuid: "bdb43e01500f429d85a6c01eeb37cf66" member_type: VOTER last_known_addr { host: "127.28.141.66" port: 38509 } } peers { permanent_uuid: "d56dbdb486aa4281887eb26184986267" member_type: VOTER last_known_addr { host: "127.28.141.67" port: 43073 } }
I20260709 14:54:59.628013 30195 leader_election.cc:290] T d5aa162e00a647ed9db2f519b1e4327a P bdb43e01500f429d85a6c01eeb37cf66 [CANDIDATE]: Term 3 pre-election: Requested pre-vote from peers 0f824804229c4a6bb2b3b70e351c247a (127.28.141.65:44003), d56dbdb486aa4281887eb26184986267 (127.28.141.67:43073)
I20260709 14:54:59.628490 30195 raft_consensus.cc:2804] T 4aff45f698544eb7a8b6ed2c11717d2b P bdb43e01500f429d85a6c01eeb37cf66 [term 4 FOLLOWER]: Leader election won for term 4
I20260709 14:54:59.628914 30195 raft_consensus.cc:697] T 4aff45f698544eb7a8b6ed2c11717d2b P bdb43e01500f429d85a6c01eeb37cf66 [term 4 LEADER]: Becoming Leader. State: Replica: bdb43e01500f429d85a6c01eeb37cf66, State: Running, Role: LEADER
I20260709 14:54:59.629736 30195 consensus_queue.cc:237] T 4aff45f698544eb7a8b6ed2c11717d2b P bdb43e01500f429d85a6c01eeb37cf66 [LEADER]: Queue going to LEADER mode. State: All replicated index: 0, Majority replicated index: 3, Committed index: 3, Last appended: 3.3, Last appended by leader: 3, Current term: 4, Majority size: 2, State: 0, Mode: LEADER, active raft config: opid_index: -1 OBSOLETE_local: false peers { permanent_uuid: "0f824804229c4a6bb2b3b70e351c247a" member_type: VOTER last_known_addr { host: "127.28.141.65" port: 44003 } } peers { permanent_uuid: "bdb43e01500f429d85a6c01eeb37cf66" member_type: VOTER last_known_addr { host: "127.28.141.66" port: 38509 } } peers { permanent_uuid: "d56dbdb486aa4281887eb26184986267" member_type: VOTER last_known_addr { host: "127.28.141.67" port: 43073 } }
I20260709 14:54:59.633834 29897 leader_election.cc:304] T cf35718b72424081a1e4e91ce13dc3a6 P bdb43e01500f429d85a6c01eeb37cf66 [CANDIDATE]: Term 4 election: Election decided. Result: candidate won. Election summary: received 3 responses out of 3 voters: 2 yes votes; 1 no votes. yes voters: 0f824804229c4a6bb2b3b70e351c247a, bdb43e01500f429d85a6c01eeb37cf66; no voters: d56dbdb486aa4281887eb26184986267
I20260709 14:54:59.634752 30201 raft_consensus.cc:2804] T cf35718b72424081a1e4e91ce13dc3a6 P bdb43e01500f429d85a6c01eeb37cf66 [term 4 FOLLOWER]: Leader election won for term 4
I20260709 14:54:59.635937 30200 raft_consensus.cc:493] T d5aa162e00a647ed9db2f519b1e4327a P d56dbdb486aa4281887eb26184986267 [term 3 FOLLOWER]: Starting pre-election (no leader contacted us within the election timeout)
I20260709 14:54:59.636786 30200 raft_consensus.cc:515] T d5aa162e00a647ed9db2f519b1e4327a P d56dbdb486aa4281887eb26184986267 [term 3 FOLLOWER]: Starting pre-election with config: opid_index: -1 OBSOLETE_local: false peers { permanent_uuid: "0f824804229c4a6bb2b3b70e351c247a" member_type: VOTER last_known_addr { host: "127.28.141.65" port: 44003 } } peers { permanent_uuid: "bdb43e01500f429d85a6c01eeb37cf66" member_type: VOTER last_known_addr { host: "127.28.141.66" port: 38509 } } peers { permanent_uuid: "d56dbdb486aa4281887eb26184986267" member_type: VOTER last_known_addr { host: "127.28.141.67" port: 43073 } }
I20260709 14:54:59.607864 30190 raft_consensus.cc:2804] T 6def65319b4248ff99122fa5f0ae8ad0 P bdb43e01500f429d85a6c01eeb37cf66 [term 4 FOLLOWER]: Leader election won for term 4
I20260709 14:54:59.641675 30190 raft_consensus.cc:697] T 6def65319b4248ff99122fa5f0ae8ad0 P bdb43e01500f429d85a6c01eeb37cf66 [term 4 LEADER]: Becoming Leader. State: Replica: bdb43e01500f429d85a6c01eeb37cf66, State: Running, Role: LEADER
I20260709 14:54:59.642656 30190 consensus_queue.cc:237] T 6def65319b4248ff99122fa5f0ae8ad0 P bdb43e01500f429d85a6c01eeb37cf66 [LEADER]: Queue going to LEADER mode. State: All replicated index: 0, Majority replicated index: 3, Committed index: 3, Last appended: 3.3, Last appended by leader: 3, Current term: 4, Majority size: 2, State: 0, Mode: LEADER, active raft config: opid_index: -1 OBSOLETE_local: false peers { permanent_uuid: "0f824804229c4a6bb2b3b70e351c247a" member_type: VOTER last_known_addr { host: "127.28.141.65" port: 44003 } } peers { permanent_uuid: "bdb43e01500f429d85a6c01eeb37cf66" member_type: VOTER last_known_addr { host: "127.28.141.66" port: 38509 } } peers { permanent_uuid: "d56dbdb486aa4281887eb26184986267" member_type: VOTER last_known_addr { host: "127.28.141.67" port: 43073 } }
I20260709 14:54:59.623139 29854 tablet_service.cc:1917] Received RequestConsensusVote() RPC: tablet_id: "b579858be9b9458493d3ddb1e39826d8" candidate_uuid: "d56dbdb486aa4281887eb26184986267" candidate_term: 4 candidate_status { last_received { term: 2 index: 2 } } ignore_live_leader: false dest_uuid: "0f824804229c4a6bb2b3b70e351c247a" is_pre_election: true
I20260709 14:54:59.623205 29856 tablet_service.cc:1917] Received RequestConsensusVote() RPC: tablet_id: "cf35718b72424081a1e4e91ce13dc3a6" candidate_uuid: "d56dbdb486aa4281887eb26184986267" candidate_term: 5 candidate_status { last_received { term: 3 index: 3 } } ignore_live_leader: false dest_uuid: "0f824804229c4a6bb2b3b70e351c247a" is_pre_election: true
I20260709 14:54:59.624821 29931 tablet_service.cc:1917] Received RequestConsensusVote() RPC: tablet_id: "b579858be9b9458493d3ddb1e39826d8" candidate_uuid: "d56dbdb486aa4281887eb26184986267" candidate_term: 4 candidate_status { last_received { term: 2 index: 2 } } ignore_live_leader: false dest_uuid: "bdb43e01500f429d85a6c01eeb37cf66" is_pre_election: true
I20260709 14:54:59.645159 29856 raft_consensus.cc:2468] T cf35718b72424081a1e4e91ce13dc3a6 P 0f824804229c4a6bb2b3b70e351c247a [term 4 FOLLOWER]: Leader pre-election vote request: Granting yes vote for candidate d56dbdb486aa4281887eb26184986267 in term 4.
I20260709 14:54:59.638228 29853 tablet_service.cc:1917] Received RequestConsensusVote() RPC: tablet_id: "d5aa162e00a647ed9db2f519b1e4327a" candidate_uuid: "bdb43e01500f429d85a6c01eeb37cf66" candidate_term: 3 candidate_status { last_received { term: 2 index: 2 } } ignore_live_leader: false dest_uuid: "0f824804229c4a6bb2b3b70e351c247a" is_pre_election: true
I20260709 14:54:59.645803 29853 raft_consensus.cc:2468] T d5aa162e00a647ed9db2f519b1e4327a P 0f824804229c4a6bb2b3b70e351c247a [term 3 FOLLOWER]: Leader pre-election vote request: Granting yes vote for candidate bdb43e01500f429d85a6c01eeb37cf66 in term 3.
I20260709 14:54:59.638902 30005 tablet_service.cc:1917] Received RequestConsensusVote() RPC: tablet_id: "d5aa162e00a647ed9db2f519b1e4327a" candidate_uuid: "bdb43e01500f429d85a6c01eeb37cf66" candidate_term: 3 candidate_status { last_received { term: 2 index: 2 } } ignore_live_leader: false dest_uuid: "d56dbdb486aa4281887eb26184986267" is_pre_election: true
I20260709 14:54:59.646435 29971 leader_election.cc:304] T cf35718b72424081a1e4e91ce13dc3a6 P d56dbdb486aa4281887eb26184986267 [CANDIDATE]: Term 5 pre-election: Election decided. Result: candidate won. Election summary: received 2 responses out of 3 voters: 2 yes votes; 0 no votes. yes voters: 0f824804229c4a6bb2b3b70e351c247a, d56dbdb486aa4281887eb26184986267; no voters: 
I20260709 14:54:59.621258 30193 leader_election.cc:290] T b579858be9b9458493d3ddb1e39826d8 P d56dbdb486aa4281887eb26184986267 [CANDIDATE]: Term 4 pre-election: Requested pre-vote from peers 0f824804229c4a6bb2b3b70e351c247a (127.28.141.65:44003), bdb43e01500f429d85a6c01eeb37cf66 (127.28.141.66:38509)
I20260709 14:54:59.647282 30193 raft_consensus.cc:2804] T cf35718b72424081a1e4e91ce13dc3a6 P d56dbdb486aa4281887eb26184986267 [term 4 FOLLOWER]: Leader pre-election won for term 5
I20260709 14:54:59.647643 30193 raft_consensus.cc:493] T cf35718b72424081a1e4e91ce13dc3a6 P d56dbdb486aa4281887eb26184986267 [term 4 FOLLOWER]: Starting leader election (no leader contacted us within the election timeout)
I20260709 14:54:59.647964 30193 raft_consensus.cc:3060] T cf35718b72424081a1e4e91ce13dc3a6 P d56dbdb486aa4281887eb26184986267 [term 4 FOLLOWER]: Advancing to term 5
I20260709 14:54:59.648177 30201 raft_consensus.cc:697] T cf35718b72424081a1e4e91ce13dc3a6 P bdb43e01500f429d85a6c01eeb37cf66 [term 4 LEADER]: Becoming Leader. State: Replica: bdb43e01500f429d85a6c01eeb37cf66, State: Running, Role: LEADER
I20260709 14:54:59.649056 30201 consensus_queue.cc:237] T cf35718b72424081a1e4e91ce13dc3a6 P bdb43e01500f429d85a6c01eeb37cf66 [LEADER]: Queue going to LEADER mode. State: All replicated index: 0, Majority replicated index: 3, Committed index: 3, Last appended: 3.3, Last appended by leader: 3, Current term: 4, Majority size: 2, State: 0, Mode: LEADER, active raft config: opid_index: -1 OBSOLETE_local: false peers { permanent_uuid: "0f824804229c4a6bb2b3b70e351c247a" member_type: VOTER last_known_addr { host: "127.28.141.65" port: 44003 } } peers { permanent_uuid: "bdb43e01500f429d85a6c01eeb37cf66" member_type: VOTER last_known_addr { host: "127.28.141.66" port: 38509 } } peers { permanent_uuid: "d56dbdb486aa4281887eb26184986267" member_type: VOTER last_known_addr { host: "127.28.141.67" port: 43073 } }
I20260709 14:54:59.645126 29854 raft_consensus.cc:2468] T b579858be9b9458493d3ddb1e39826d8 P 0f824804229c4a6bb2b3b70e351c247a [term 3 FOLLOWER]: Leader pre-election vote request: Granting yes vote for candidate d56dbdb486aa4281887eb26184986267 in term 3.
I20260709 14:54:59.625042 29927 tablet_service.cc:1917] Received RequestConsensusVote() RPC: tablet_id: "cf35718b72424081a1e4e91ce13dc3a6" candidate_uuid: "d56dbdb486aa4281887eb26184986267" candidate_term: 5 candidate_status { last_received { term: 3 index: 3 } } ignore_live_leader: false dest_uuid: "bdb43e01500f429d85a6c01eeb37cf66" is_pre_election: true
I20260709 14:54:59.653479 29971 leader_election.cc:304] T b579858be9b9458493d3ddb1e39826d8 P d56dbdb486aa4281887eb26184986267 [CANDIDATE]: Term 4 pre-election: Election decided. Result: candidate won. Election summary: received 3 responses out of 3 voters: 2 yes votes; 1 no votes. yes voters: 0f824804229c4a6bb2b3b70e351c247a, d56dbdb486aa4281887eb26184986267; no voters: bdb43e01500f429d85a6c01eeb37cf66
I20260709 14:54:59.654469 30182 raft_consensus.cc:2804] T b579858be9b9458493d3ddb1e39826d8 P d56dbdb486aa4281887eb26184986267 [term 3 FOLLOWER]: Leader pre-election won for term 4
I20260709 14:54:59.654798 30182 raft_consensus.cc:493] T b579858be9b9458493d3ddb1e39826d8 P d56dbdb486aa4281887eb26184986267 [term 3 FOLLOWER]: Starting leader election (no leader contacted us within the election timeout)
I20260709 14:54:59.655120 30182 raft_consensus.cc:3060] T b579858be9b9458493d3ddb1e39826d8 P d56dbdb486aa4281887eb26184986267 [term 3 FOLLOWER]: Advancing to term 4
I20260709 14:54:59.661266 29897 leader_election.cc:304] T d5aa162e00a647ed9db2f519b1e4327a P bdb43e01500f429d85a6c01eeb37cf66 [CANDIDATE]: Term 3 pre-election: Election decided. Result: candidate won. Election summary: received 2 responses out of 3 voters: 2 yes votes; 0 no votes. yes voters: 0f824804229c4a6bb2b3b70e351c247a, bdb43e01500f429d85a6c01eeb37cf66; no voters: 
I20260709 14:54:59.663872 30204 raft_consensus.cc:2804] T d5aa162e00a647ed9db2f519b1e4327a P bdb43e01500f429d85a6c01eeb37cf66 [term 2 FOLLOWER]: Leader pre-election won for term 3
I20260709 14:54:59.664240 30204 raft_consensus.cc:493] T d5aa162e00a647ed9db2f519b1e4327a P bdb43e01500f429d85a6c01eeb37cf66 [term 2 FOLLOWER]: Starting leader election (detected failure of leader 0f824804229c4a6bb2b3b70e351c247a)
I20260709 14:54:59.664659 30204 raft_consensus.cc:3060] T d5aa162e00a647ed9db2f519b1e4327a P bdb43e01500f429d85a6c01eeb37cf66 [term 2 FOLLOWER]: Advancing to term 3
I20260709 14:54:59.665072 30193 raft_consensus.cc:515] T cf35718b72424081a1e4e91ce13dc3a6 P d56dbdb486aa4281887eb26184986267 [term 5 FOLLOWER]: Starting leader election with config: opid_index: -1 OBSOLETE_local: false peers { permanent_uuid: "0f824804229c4a6bb2b3b70e351c247a" member_type: VOTER last_known_addr { host: "127.28.141.65" port: 44003 } } peers { permanent_uuid: "bdb43e01500f429d85a6c01eeb37cf66" member_type: VOTER last_known_addr { host: "127.28.141.66" port: 38509 } } peers { permanent_uuid: "d56dbdb486aa4281887eb26184986267" member_type: VOTER last_known_addr { host: "127.28.141.67" port: 43073 } }
I20260709 14:54:59.667840 29854 tablet_service.cc:1917] Received RequestConsensusVote() RPC: tablet_id: "cf35718b72424081a1e4e91ce13dc3a6" candidate_uuid: "d56dbdb486aa4281887eb26184986267" candidate_term: 5 candidate_status { last_received { term: 3 index: 3 } } ignore_live_leader: false dest_uuid: "0f824804229c4a6bb2b3b70e351c247a"
I20260709 14:54:59.668408 29854 raft_consensus.cc:3060] T cf35718b72424081a1e4e91ce13dc3a6 P 0f824804229c4a6bb2b3b70e351c247a [term 4 FOLLOWER]: Advancing to term 5
I20260709 14:54:59.668754 30182 raft_consensus.cc:515] T b579858be9b9458493d3ddb1e39826d8 P d56dbdb486aa4281887eb26184986267 [term 4 FOLLOWER]: Starting leader election with config: opid_index: -1 OBSOLETE_local: false peers { permanent_uuid: "0f824804229c4a6bb2b3b70e351c247a" member_type: VOTER last_known_addr { host: "127.28.141.65" port: 44003 } } peers { permanent_uuid: "bdb43e01500f429d85a6c01eeb37cf66" member_type: VOTER last_known_addr { host: "127.28.141.66" port: 38509 } } peers { permanent_uuid: "d56dbdb486aa4281887eb26184986267" member_type: VOTER last_known_addr { host: "127.28.141.67" port: 43073 } }
I20260709 14:54:59.672925 30005 raft_consensus.cc:2393] T d5aa162e00a647ed9db2f519b1e4327a P d56dbdb486aa4281887eb26184986267 [term 3 FOLLOWER]: Leader pre-election vote request: Denying vote to candidate bdb43e01500f429d85a6c01eeb37cf66 in current term 3: Already voted for candidate d56dbdb486aa4281887eb26184986267 in this term.
I20260709 14:54:59.673728 30200 leader_election.cc:290] T d5aa162e00a647ed9db2f519b1e4327a P d56dbdb486aa4281887eb26184986267 [CANDIDATE]: Term 4 pre-election: Requested pre-vote from peers 0f824804229c4a6bb2b3b70e351c247a (127.28.141.65:44003), bdb43e01500f429d85a6c01eeb37cf66 (127.28.141.66:38509)
I20260709 14:54:59.670774 30182 leader_election.cc:290] T b579858be9b9458493d3ddb1e39826d8 P d56dbdb486aa4281887eb26184986267 [CANDIDATE]: Term 4 election: Requested vote from peers 0f824804229c4a6bb2b3b70e351c247a (127.28.141.65:44003), bdb43e01500f429d85a6c01eeb37cf66 (127.28.141.66:38509)
I20260709 14:54:59.676038 30204 raft_consensus.cc:515] T d5aa162e00a647ed9db2f519b1e4327a P bdb43e01500f429d85a6c01eeb37cf66 [term 3 FOLLOWER]: Starting leader election with config: opid_index: -1 OBSOLETE_local: false peers { permanent_uuid: "0f824804229c4a6bb2b3b70e351c247a" member_type: VOTER last_known_addr { host: "127.28.141.65" port: 44003 } } peers { permanent_uuid: "bdb43e01500f429d85a6c01eeb37cf66" member_type: VOTER last_known_addr { host: "127.28.141.66" port: 38509 } } peers { permanent_uuid: "d56dbdb486aa4281887eb26184986267" member_type: VOTER last_known_addr { host: "127.28.141.67" port: 43073 } }
I20260709 14:54:59.676723 29931 tablet_service.cc:1917] Received RequestConsensusVote() RPC: tablet_id: "d5aa162e00a647ed9db2f519b1e4327a" candidate_uuid: "d56dbdb486aa4281887eb26184986267" candidate_term: 4 candidate_status { last_received { term: 2 index: 2 } } ignore_live_leader: false dest_uuid: "bdb43e01500f429d85a6c01eeb37cf66" is_pre_election: true
I20260709 14:54:59.677277 29931 raft_consensus.cc:2468] T d5aa162e00a647ed9db2f519b1e4327a P bdb43e01500f429d85a6c01eeb37cf66 [term 3 FOLLOWER]: Leader pre-election vote request: Granting yes vote for candidate d56dbdb486aa4281887eb26184986267 in term 3.
I20260709 14:54:59.678442 29854 raft_consensus.cc:2468] T cf35718b72424081a1e4e91ce13dc3a6 P 0f824804229c4a6bb2b3b70e351c247a [term 5 FOLLOWER]: Leader election vote request: Granting yes vote for candidate d56dbdb486aa4281887eb26184986267 in term 5.
I20260709 14:54:59.680131 29971 leader_election.cc:304] T cf35718b72424081a1e4e91ce13dc3a6 P d56dbdb486aa4281887eb26184986267 [CANDIDATE]: Term 5 election: Election decided. Result: candidate won. Election summary: received 2 responses out of 3 voters: 2 yes votes; 0 no votes. yes voters: 0f824804229c4a6bb2b3b70e351c247a, d56dbdb486aa4281887eb26184986267; no voters: 
I20260709 14:54:59.680287 29853 tablet_service.cc:1917] Received RequestConsensusVote() RPC: tablet_id: "d5aa162e00a647ed9db2f519b1e4327a" candidate_uuid: "d56dbdb486aa4281887eb26184986267" candidate_term: 4 candidate_status { last_received { term: 2 index: 2 } } ignore_live_leader: false dest_uuid: "0f824804229c4a6bb2b3b70e351c247a" is_pre_election: true
I20260709 14:54:59.680806 29853 raft_consensus.cc:2468] T d5aa162e00a647ed9db2f519b1e4327a P 0f824804229c4a6bb2b3b70e351c247a [term 3 FOLLOWER]: Leader pre-election vote request: Granting yes vote for candidate d56dbdb486aa4281887eb26184986267 in term 3.
I20260709 14:54:59.680941 30182 raft_consensus.cc:2804] T cf35718b72424081a1e4e91ce13dc3a6 P d56dbdb486aa4281887eb26184986267 [term 5 FOLLOWER]: Leader election won for term 5
I20260709 14:54:59.681466 30204 leader_election.cc:290] T d5aa162e00a647ed9db2f519b1e4327a P bdb43e01500f429d85a6c01eeb37cf66 [CANDIDATE]: Term 3 election: Requested vote from peers 0f824804229c4a6bb2b3b70e351c247a (127.28.141.65:44003), d56dbdb486aa4281887eb26184986267 (127.28.141.67:43073)
I20260709 14:54:59.681763 30193 leader_election.cc:290] T cf35718b72424081a1e4e91ce13dc3a6 P d56dbdb486aa4281887eb26184986267 [CANDIDATE]: Term 5 election: Requested vote from peers 0f824804229c4a6bb2b3b70e351c247a (127.28.141.65:44003), bdb43e01500f429d85a6c01eeb37cf66 (127.28.141.66:38509)
I20260709 14:54:59.682556 29931 tablet_service.cc:1917] Received RequestConsensusVote() RPC: tablet_id: "cf35718b72424081a1e4e91ce13dc3a6" candidate_uuid: "d56dbdb486aa4281887eb26184986267" candidate_term: 5 candidate_status { last_received { term: 3 index: 3 } } ignore_live_leader: false dest_uuid: "bdb43e01500f429d85a6c01eeb37cf66"
I20260709 14:54:59.681376 30182 raft_consensus.cc:697] T cf35718b72424081a1e4e91ce13dc3a6 P d56dbdb486aa4281887eb26184986267 [term 5 LEADER]: Becoming Leader. State: Replica: d56dbdb486aa4281887eb26184986267, State: Running, Role: LEADER
I20260709 14:54:59.684389 30182 consensus_queue.cc:237] T cf35718b72424081a1e4e91ce13dc3a6 P d56dbdb486aa4281887eb26184986267 [LEADER]: Queue going to LEADER mode. State: All replicated index: 0, Majority replicated index: 3, Committed index: 3, Last appended: 3.3, Last appended by leader: 3, Current term: 5, Majority size: 2, State: 0, Mode: LEADER, active raft config: opid_index: -1 OBSOLETE_local: false peers { permanent_uuid: "0f824804229c4a6bb2b3b70e351c247a" member_type: VOTER last_known_addr { host: "127.28.141.65" port: 44003 } } peers { permanent_uuid: "bdb43e01500f429d85a6c01eeb37cf66" member_type: VOTER last_known_addr { host: "127.28.141.66" port: 38509 } } peers { permanent_uuid: "d56dbdb486aa4281887eb26184986267" member_type: VOTER last_known_addr { host: "127.28.141.67" port: 43073 } }
I20260709 14:54:59.678402 29927 tablet_service.cc:1917] Received RequestConsensusVote() RPC: tablet_id: "b579858be9b9458493d3ddb1e39826d8" candidate_uuid: "d56dbdb486aa4281887eb26184986267" candidate_term: 4 candidate_status { last_received { term: 2 index: 2 } } ignore_live_leader: false dest_uuid: "bdb43e01500f429d85a6c01eeb37cf66"
I20260709 14:54:59.686965 29754 catalog_manager.cc:5697] T 4aff45f698544eb7a8b6ed2c11717d2b P bdb43e01500f429d85a6c01eeb37cf66 reported cstate change: term changed from 3 to 4, leader changed from 0f824804229c4a6bb2b3b70e351c247a (127.28.141.65) to bdb43e01500f429d85a6c01eeb37cf66 (127.28.141.66). New cstate: current_term: 4 leader_uuid: "bdb43e01500f429d85a6c01eeb37cf66" committed_config { opid_index: -1 OBSOLETE_local: false peers { permanent_uuid: "0f824804229c4a6bb2b3b70e351c247a" member_type: VOTER last_known_addr { host: "127.28.141.65" port: 44003 } health_report { overall_health: UNKNOWN } } peers { permanent_uuid: "bdb43e01500f429d85a6c01eeb37cf66" member_type: VOTER last_known_addr { host: "127.28.141.66" port: 38509 } health_report { overall_health: HEALTHY } } peers { permanent_uuid: "d56dbdb486aa4281887eb26184986267" member_type: VOTER last_known_addr { host: "127.28.141.67" port: 43073 } health_report { overall_health: UNKNOWN } } }
I20260709 14:54:59.690085 29754 catalog_manager.cc:5697] T cf35718b72424081a1e4e91ce13dc3a6 P bdb43e01500f429d85a6c01eeb37cf66 reported cstate change: term changed from 3 to 4, leader changed from 0f824804229c4a6bb2b3b70e351c247a (127.28.141.65) to bdb43e01500f429d85a6c01eeb37cf66 (127.28.141.66). New cstate: current_term: 4 leader_uuid: "bdb43e01500f429d85a6c01eeb37cf66" committed_config { opid_index: -1 OBSOLETE_local: false peers { permanent_uuid: "0f824804229c4a6bb2b3b70e351c247a" member_type: VOTER last_known_addr { host: "127.28.141.65" port: 44003 } health_report { overall_health: UNKNOWN } } peers { permanent_uuid: "bdb43e01500f429d85a6c01eeb37cf66" member_type: VOTER last_known_addr { host: "127.28.141.66" port: 38509 } health_report { overall_health: HEALTHY } } peers { permanent_uuid: "d56dbdb486aa4281887eb26184986267" member_type: VOTER last_known_addr { host: "127.28.141.67" port: 43073 } health_report { overall_health: UNKNOWN } } }
I20260709 14:54:59.692636 29754 catalog_manager.cc:5697] T 6def65319b4248ff99122fa5f0ae8ad0 P bdb43e01500f429d85a6c01eeb37cf66 reported cstate change: term changed from 3 to 4, leader changed from 0f824804229c4a6bb2b3b70e351c247a (127.28.141.65) to bdb43e01500f429d85a6c01eeb37cf66 (127.28.141.66). New cstate: current_term: 4 leader_uuid: "bdb43e01500f429d85a6c01eeb37cf66" committed_config { opid_index: -1 OBSOLETE_local: false peers { permanent_uuid: "0f824804229c4a6bb2b3b70e351c247a" member_type: VOTER last_known_addr { host: "127.28.141.65" port: 44003 } health_report { overall_health: UNKNOWN } } peers { permanent_uuid: "bdb43e01500f429d85a6c01eeb37cf66" member_type: VOTER last_known_addr { host: "127.28.141.66" port: 38509 } health_report { overall_health: HEALTHY } } peers { permanent_uuid: "d56dbdb486aa4281887eb26184986267" member_type: VOTER last_known_addr { host: "127.28.141.67" port: 43073 } health_report { overall_health: UNKNOWN } } }
I20260709 14:54:59.691586 29971 leader_election.cc:304] T d5aa162e00a647ed9db2f519b1e4327a P d56dbdb486aa4281887eb26184986267 [CANDIDATE]: Term 4 pre-election: Election decided. Result: candidate won. Election summary: received 2 responses out of 3 voters: 2 yes votes; 0 no votes. yes voters: 0f824804229c4a6bb2b3b70e351c247a, d56dbdb486aa4281887eb26184986267; no voters: 
I20260709 14:54:59.694625 29853 tablet_service.cc:1917] Received RequestConsensusVote() RPC: tablet_id: "d5aa162e00a647ed9db2f519b1e4327a" candidate_uuid: "bdb43e01500f429d85a6c01eeb37cf66" candidate_term: 3 candidate_status { last_received { term: 2 index: 2 } } ignore_live_leader: false dest_uuid: "0f824804229c4a6bb2b3b70e351c247a"
I20260709 14:54:59.695932 30005 tablet_service.cc:1917] Received RequestConsensusVote() RPC: tablet_id: "d5aa162e00a647ed9db2f519b1e4327a" candidate_uuid: "bdb43e01500f429d85a6c01eeb37cf66" candidate_term: 3 candidate_status { last_received { term: 2 index: 2 } } ignore_live_leader: false dest_uuid: "d56dbdb486aa4281887eb26184986267"
I20260709 14:54:59.697503 30193 raft_consensus.cc:2804] T d5aa162e00a647ed9db2f519b1e4327a P d56dbdb486aa4281887eb26184986267 [term 3 FOLLOWER]: Leader pre-election won for term 4
I20260709 14:54:59.700773 30193 raft_consensus.cc:493] T d5aa162e00a647ed9db2f519b1e4327a P d56dbdb486aa4281887eb26184986267 [term 3 FOLLOWER]: Starting leader election (no leader contacted us within the election timeout)
I20260709 14:54:59.701119 30193 raft_consensus.cc:3060] T d5aa162e00a647ed9db2f519b1e4327a P d56dbdb486aa4281887eb26184986267 [term 3 FOLLOWER]: Advancing to term 4
I20260709 14:54:59.705111 29853 raft_consensus.cc:2468] T d5aa162e00a647ed9db2f519b1e4327a P 0f824804229c4a6bb2b3b70e351c247a [term 3 FOLLOWER]: Leader election vote request: Granting yes vote for candidate bdb43e01500f429d85a6c01eeb37cf66 in term 3.
I20260709 14:54:59.705767 30204 raft_consensus.cc:493] T b579858be9b9458493d3ddb1e39826d8 P bdb43e01500f429d85a6c01eeb37cf66 [term 2 FOLLOWER]: Starting pre-election (detected failure of leader 0f824804229c4a6bb2b3b70e351c247a)
I20260709 14:54:59.709208 30204 raft_consensus.cc:515] T b579858be9b9458493d3ddb1e39826d8 P bdb43e01500f429d85a6c01eeb37cf66 [term 2 FOLLOWER]: Starting pre-election with config: opid_index: -1 OBSOLETE_local: false peers { permanent_uuid: "0f824804229c4a6bb2b3b70e351c247a" member_type: VOTER last_known_addr { host: "127.28.141.65" port: 44003 } } peers { permanent_uuid: "bdb43e01500f429d85a6c01eeb37cf66" member_type: VOTER last_known_addr { host: "127.28.141.66" port: 38509 } } peers { permanent_uuid: "d56dbdb486aa4281887eb26184986267" member_type: VOTER last_known_addr { host: "127.28.141.67" port: 43073 } }
I20260709 14:54:59.711071 30204 leader_election.cc:290] T b579858be9b9458493d3ddb1e39826d8 P bdb43e01500f429d85a6c01eeb37cf66 [CANDIDATE]: Term 3 pre-election: Requested pre-vote from peers 0f824804229c4a6bb2b3b70e351c247a (127.28.141.65:44003), d56dbdb486aa4281887eb26184986267 (127.28.141.67:43073)
I20260709 14:54:59.711795 29854 tablet_service.cc:1917] Received RequestConsensusVote() RPC: tablet_id: "b579858be9b9458493d3ddb1e39826d8" candidate_uuid: "d56dbdb486aa4281887eb26184986267" candidate_term: 4 candidate_status { last_received { term: 2 index: 2 } } ignore_live_leader: false dest_uuid: "0f824804229c4a6bb2b3b70e351c247a"
I20260709 14:54:59.712380 29854 raft_consensus.cc:3060] T b579858be9b9458493d3ddb1e39826d8 P 0f824804229c4a6bb2b3b70e351c247a [term 3 FOLLOWER]: Advancing to term 4
I20260709 14:54:59.707528 30193 raft_consensus.cc:515] T d5aa162e00a647ed9db2f519b1e4327a P d56dbdb486aa4281887eb26184986267 [term 4 FOLLOWER]: Starting leader election with config: opid_index: -1 OBSOLETE_local: false peers { permanent_uuid: "0f824804229c4a6bb2b3b70e351c247a" member_type: VOTER last_known_addr { host: "127.28.141.65" port: 44003 } } peers { permanent_uuid: "bdb43e01500f429d85a6c01eeb37cf66" member_type: VOTER last_known_addr { host: "127.28.141.66" port: 38509 } } peers { permanent_uuid: "d56dbdb486aa4281887eb26184986267" member_type: VOTER last_known_addr { host: "127.28.141.67" port: 43073 } }
I20260709 14:54:59.714112 30005 raft_consensus.cc:2368] T d5aa162e00a647ed9db2f519b1e4327a P d56dbdb486aa4281887eb26184986267 [term 4 FOLLOWER]: Leader election vote request: Denying vote to candidate bdb43e01500f429d85a6c01eeb37cf66 for earlier term 3. Current term is 4.
I20260709 14:54:59.715045 30193 leader_election.cc:290] T d5aa162e00a647ed9db2f519b1e4327a P d56dbdb486aa4281887eb26184986267 [CANDIDATE]: Term 4 election: Requested vote from peers 0f824804229c4a6bb2b3b70e351c247a (127.28.141.65:44003), bdb43e01500f429d85a6c01eeb37cf66 (127.28.141.66:38509)
I20260709 14:54:59.716342 29856 tablet_service.cc:1917] Received RequestConsensusVote() RPC: tablet_id: "b579858be9b9458493d3ddb1e39826d8" candidate_uuid: "bdb43e01500f429d85a6c01eeb37cf66" candidate_term: 3 candidate_status { last_received { term: 2 index: 2 } } ignore_live_leader: false dest_uuid: "0f824804229c4a6bb2b3b70e351c247a" is_pre_election: true
I20260709 14:54:59.716801 29855 tablet_service.cc:1917] Received RequestConsensusVote() RPC: tablet_id: "d5aa162e00a647ed9db2f519b1e4327a" candidate_uuid: "d56dbdb486aa4281887eb26184986267" candidate_term: 4 candidate_status { last_received { term: 2 index: 2 } } ignore_live_leader: false dest_uuid: "0f824804229c4a6bb2b3b70e351c247a"
