I20260709 14:55:05.424428 30368 tablet_service.cc:1511] Processing CreateTablet for tablet 0010bb0971214c38ac073ea10e8458cb (DEFAULT_TABLE table=test-workload [id=46edf05fb176443b8ce818dfffdd8dab]), partition=RANGE (key) PARTITION 1528717134 <= VALUES < 1565115161
I20260709 14:55:05.425663 30368 data_dirs.cc:400] Could only allocate 1 dirs of requested 3 for tablet 0010bb0971214c38ac073ea10e8458cb. 1 dirs total, 0 dirs full, 0 dirs failed
I20260709 14:55:05.425490 30369 tablet_service.cc:1511] Processing CreateTablet for tablet edb2a34f0ce244889bdd82dca3f9c9b8 (DEFAULT_TABLE table=test-workload [id=46edf05fb176443b8ce818dfffdd8dab]), partition=RANGE (key) PARTITION 1565115161 <= VALUES < 1601513188
I20260709 14:55:05.425518 30579 raft_consensus.cc:515] T 49973e27e5f141f0a3b2cc700c0df910 P 52013405419b48e6bcd148b134e64888 [term 1 FOLLOWER]: Starting leader election with config: opid_index: -1 OBSOLETE_local: false peers { permanent_uuid: "69f8e6b2c408413f9bcd7677f49ff68a" member_type: VOTER last_known_addr { host: "127.28.141.66" port: 41991 } } peers { permanent_uuid: "b4a71764a1d140ada2ab9c681b0c719a" member_type: VOTER last_known_addr { host: "127.28.141.67" port: 35467 } } peers { permanent_uuid: "52013405419b48e6bcd148b134e64888" member_type: VOTER last_known_addr { host: "127.28.141.65" port: 39429 } }
I20260709 14:55:05.426651 30369 data_dirs.cc:400] Could only allocate 1 dirs of requested 3 for tablet edb2a34f0ce244889bdd82dca3f9c9b8. 1 dirs total, 0 dirs full, 0 dirs failed
I20260709 14:55:05.428030 30360 tablet_service.cc:1511] Processing CreateTablet for tablet 345a8c310b9046ad97778cbca55363b0 (DEFAULT_TABLE table=test-workload [id=46edf05fb176443b8ce818dfffdd8dab]), partition=RANGE (key) PARTITION 1601513188 <= VALUES < 1637911215
I20260709 14:55:05.428587 30454 tablet_service.cc:1917] Received RequestConsensusVote() RPC: tablet_id: "49973e27e5f141f0a3b2cc700c0df910" candidate_uuid: "52013405419b48e6bcd148b134e64888" candidate_term: 1 candidate_status { last_received { term: 0 index: 0 } } ignore_live_leader: false dest_uuid: "69f8e6b2c408413f9bcd7677f49ff68a"
I20260709 14:55:05.417320 30569 tablet_bootstrap.cc:492] T 343215d3affb45a8bd1017aeb26b008f P b4a71764a1d140ada2ab9c681b0c719a: No bootstrap required, opened a new log
I20260709 14:55:05.429150 30367 data_dirs.cc:400] Could only allocate 1 dirs of requested 3 for tablet 34cf4ba475084c008788c6bde7e10808. 1 dirs total, 0 dirs full, 0 dirs failed
I20260709 14:55:05.429454 30569 ts_tablet_manager.cc:1403] T 343215d3affb45a8bd1017aeb26b008f P b4a71764a1d140ada2ab9c681b0c719a: Time spent bootstrapping tablet: real 0.215s	user 0.013s	sys 0.008s
W20260709 14:55:05.429970 30345 leader_election.cc:343] T 49973e27e5f141f0a3b2cc700c0df910 P 52013405419b48e6bcd148b134e64888 [CANDIDATE]: Term 1 election: Tablet error from VoteRequest() call to peer 69f8e6b2c408413f9bcd7677f49ff68a (127.28.141.66:41991): Illegal state: must be running to vote when last-logged opid is not known
I20260709 14:55:05.431226 30364 data_dirs.cc:400] Could only allocate 1 dirs of requested 3 for tablet 644b32f16fb6430c9d9cf8304fdebe37. 1 dirs total, 0 dirs full, 0 dirs failed
I20260709 14:55:05.431833 30366 data_dirs.cc:400] Could only allocate 1 dirs of requested 3 for tablet d29fa57b93a143278b97b3240ef0949a. 1 dirs total, 0 dirs full, 0 dirs failed
I20260709 14:55:05.432502 30360 data_dirs.cc:400] Could only allocate 1 dirs of requested 3 for tablet 345a8c310b9046ad97778cbca55363b0. 1 dirs total, 0 dirs full, 0 dirs failed
I20260709 14:55:05.441742 30528 tablet_service.cc:1917] Received RequestConsensusVote() RPC: tablet_id: "49973e27e5f141f0a3b2cc700c0df910" candidate_uuid: "52013405419b48e6bcd148b134e64888" candidate_term: 1 candidate_status { last_received { term: 0 index: 0 } } ignore_live_leader: false dest_uuid: "b4a71764a1d140ada2ab9c681b0c719a"
I20260709 14:55:05.442335 30528 raft_consensus.cc:3060] T 49973e27e5f141f0a3b2cc700c0df910 P b4a71764a1d140ada2ab9c681b0c719a [term 0 FOLLOWER]: Advancing to term 1
I20260709 14:55:05.448585 30442 tablet_service.cc:1511] Processing CreateTablet for tablet 345a8c310b9046ad97778cbca55363b0 (DEFAULT_TABLE table=test-workload [id=46edf05fb176443b8ce818dfffdd8dab]), partition=RANGE (key) PARTITION 1601513188 <= VALUES < 1637911215
I20260709 14:55:05.449843 30442 data_dirs.cc:400] Could only allocate 1 dirs of requested 3 for tablet 345a8c310b9046ad97778cbca55363b0. 1 dirs total, 0 dirs full, 0 dirs failed
I20260709 14:55:05.454195 30528 raft_consensus.cc:2468] T 49973e27e5f141f0a3b2cc700c0df910 P b4a71764a1d140ada2ab9c681b0c719a [term 1 FOLLOWER]: Leader election vote request: Granting yes vote for candidate 52013405419b48e6bcd148b134e64888 in term 1.
I20260709 14:55:05.441516 30569 raft_consensus.cc:359] T 343215d3affb45a8bd1017aeb26b008f P b4a71764a1d140ada2ab9c681b0c719a [term 0 FOLLOWER]: Replica starting. Triggering 0 pending ops. Active config: opid_index: -1 OBSOLETE_local: false peers { permanent_uuid: "52013405419b48e6bcd148b134e64888" member_type: VOTER last_known_addr { host: "127.28.141.65" port: 39429 } } peers { permanent_uuid: "69f8e6b2c408413f9bcd7677f49ff68a" member_type: VOTER last_known_addr { host: "127.28.141.66" port: 41991 } } peers { permanent_uuid: "b4a71764a1d140ada2ab9c681b0c719a" member_type: VOTER last_known_addr { host: "127.28.141.67" port: 35467 } }
I20260709 14:55:05.457044 30569 raft_consensus.cc:385] T 343215d3affb45a8bd1017aeb26b008f P b4a71764a1d140ada2ab9c681b0c719a [term 0 FOLLOWER]: Consensus starting up: Expiring failure detector timer to make a prompt election more likely
I20260709 14:55:05.457173 30579 leader_election.cc:290] T 49973e27e5f141f0a3b2cc700c0df910 P 52013405419b48e6bcd148b134e64888 [CANDIDATE]: Term 1 election: Requested vote from peers 69f8e6b2c408413f9bcd7677f49ff68a (127.28.141.66:41991), b4a71764a1d140ada2ab9c681b0c719a (127.28.141.67:35467)
I20260709 14:55:05.468384 30342 leader_election.cc:304] T 49973e27e5f141f0a3b2cc700c0df910 P 52013405419b48e6bcd148b134e64888 [CANDIDATE]: Term 1 election: Election decided. Result: candidate won. Election summary: received 3 responses out of 3 voters: 2 yes votes; 1 no votes. yes voters: 52013405419b48e6bcd148b134e64888, b4a71764a1d140ada2ab9c681b0c719a; no voters: 69f8e6b2c408413f9bcd7677f49ff68a
I20260709 14:55:05.467541 30516 tablet_service.cc:1511] Processing CreateTablet for tablet 345a8c310b9046ad97778cbca55363b0 (DEFAULT_TABLE table=test-workload [id=46edf05fb176443b8ce818dfffdd8dab]), partition=RANGE (key) PARTITION 1601513188 <= VALUES < 1637911215
I20260709 14:55:05.473362 30580 raft_consensus.cc:2804] T 49973e27e5f141f0a3b2cc700c0df910 P 52013405419b48e6bcd148b134e64888 [term 1 FOLLOWER]: Leader election won for term 1
I20260709 14:55:05.469292 30362 tablet_service.cc:1511] Processing CreateTablet for tablet 9302a6f842c947b0b04356b98383d70a (DEFAULT_TABLE table=test-workload [id=46edf05fb176443b8ce818dfffdd8dab]), partition=RANGE (key) PARTITION 1492319107 <= VALUES < 1528717134
I20260709 14:55:05.473950 30516 data_dirs.cc:400] Could only allocate 1 dirs of requested 3 for tablet 345a8c310b9046ad97778cbca55363b0. 1 dirs total, 0 dirs full, 0 dirs failed
I20260709 14:55:05.474725 30362 data_dirs.cc:400] Could only allocate 1 dirs of requested 3 for tablet 9302a6f842c947b0b04356b98383d70a. 1 dirs total, 0 dirs full, 0 dirs failed
I20260709 14:55:05.475785 30365 tablet_service.cc:1511] Processing CreateTablet for tablet 078778ad921d4e71a5341946b9a35190 (DEFAULT_TABLE table=test-workload [id=46edf05fb176443b8ce818dfffdd8dab]), partition=RANGE (key) PARTITION 1637911215 <= VALUES < 1674309242
I20260709 14:55:05.476998 30573 raft_consensus.cc:493] T 15d5cfc1e070411cac18c4c07532ce64 P 69f8e6b2c408413f9bcd7677f49ff68a [term 0 FOLLOWER]: Starting pre-election (no leader contacted us within the election timeout)
I20260709 14:55:05.477473 30573 raft_consensus.cc:515] T 15d5cfc1e070411cac18c4c07532ce64 P 69f8e6b2c408413f9bcd7677f49ff68a [term 0 FOLLOWER]: Starting pre-election with config: opid_index: -1 OBSOLETE_local: false peers { permanent_uuid: "52013405419b48e6bcd148b134e64888" member_type: VOTER last_known_addr { host: "127.28.141.65" port: 39429 } } peers { permanent_uuid: "69f8e6b2c408413f9bcd7677f49ff68a" member_type: VOTER last_known_addr { host: "127.28.141.66" port: 41991 } } peers { permanent_uuid: "b4a71764a1d140ada2ab9c681b0c719a" member_type: VOTER last_known_addr { host: "127.28.141.67" port: 35467 } }
I20260709 14:55:05.479485 30573 leader_election.cc:290] T 15d5cfc1e070411cac18c4c07532ce64 P 69f8e6b2c408413f9bcd7677f49ff68a [CANDIDATE]: Term 1 pre-election: Requested pre-vote from peers 52013405419b48e6bcd148b134e64888 (127.28.141.65:39429), b4a71764a1d140ada2ab9c681b0c719a (127.28.141.67:35467)
I20260709 14:55:05.480926 30528 tablet_service.cc:1917] Received RequestConsensusVote() RPC: tablet_id: "15d5cfc1e070411cac18c4c07532ce64" candidate_uuid: "69f8e6b2c408413f9bcd7677f49ff68a" candidate_term: 1 candidate_status { last_received { term: 0 index: 0 } } ignore_live_leader: false dest_uuid: "b4a71764a1d140ada2ab9c681b0c719a" is_pre_election: true
W20260709 14:55:05.482245 30417 leader_election.cc:343] T 15d5cfc1e070411cac18c4c07532ce64 P 69f8e6b2c408413f9bcd7677f49ff68a [CANDIDATE]: Term 1 pre-election: Tablet error from VoteRequest() call to peer b4a71764a1d140ada2ab9c681b0c719a (127.28.141.67:35467): Illegal state: must be running to vote when last-logged opid is not known
I20260709 14:55:05.484190 30365 data_dirs.cc:400] Could only allocate 1 dirs of requested 3 for tablet 078778ad921d4e71a5341946b9a35190. 1 dirs total, 0 dirs full, 0 dirs failed
I20260709 14:55:05.484828 30570 tablet_bootstrap.cc:492] T 205474d9f7a64e6e9435f669378f2f00 P 52013405419b48e6bcd148b134e64888: No bootstrap required, opened a new log
I20260709 14:55:05.485222 30379 tablet_service.cc:1917] Received RequestConsensusVote() RPC: tablet_id: "15d5cfc1e070411cac18c4c07532ce64" candidate_uuid: "69f8e6b2c408413f9bcd7677f49ff68a" candidate_term: 1 candidate_status { last_received { term: 0 index: 0 } } ignore_live_leader: false dest_uuid: "52013405419b48e6bcd148b134e64888" is_pre_election: true
I20260709 14:55:05.465345 30569 raft_consensus.cc:740] T 343215d3affb45a8bd1017aeb26b008f P b4a71764a1d140ada2ab9c681b0c719a [term 0 FOLLOWER]: Becoming Follower/Learner. State: Replica: b4a71764a1d140ada2ab9c681b0c719a, State: Initialized, Role: FOLLOWER
I20260709 14:55:05.506510 30570 ts_tablet_manager.cc:1403] T 205474d9f7a64e6e9435f669378f2f00 P 52013405419b48e6bcd148b134e64888: Time spent bootstrapping tablet: real 0.253s	user 0.017s	sys 0.012s
I20260709 14:55:05.507958 30569 consensus_queue.cc:260] T 343215d3affb45a8bd1017aeb26b008f P b4a71764a1d140ada2ab9c681b0c719a [NON_LEADER]: Queue going to NON_LEADER mode. State: All replicated index: 0, Majority replicated index: 0, Committed index: 0, Last appended: 0.0, Last appended by leader: 0, Current term: 0, Majority size: -1, State: 0, Mode: NON_LEADER, active raft config: opid_index: -1 OBSOLETE_local: false peers { permanent_uuid: "52013405419b48e6bcd148b134e64888" member_type: VOTER last_known_addr { host: "127.28.141.65" port: 39429 } } peers { permanent_uuid: "69f8e6b2c408413f9bcd7677f49ff68a" member_type: VOTER last_known_addr { host: "127.28.141.66" port: 41991 } } peers { permanent_uuid: "b4a71764a1d140ada2ab9c681b0c719a" member_type: VOTER last_known_addr { host: "127.28.141.67" port: 35467 } }
W20260709 14:55:05.509727 30418 leader_election.cc:343] T 15d5cfc1e070411cac18c4c07532ce64 P 69f8e6b2c408413f9bcd7677f49ff68a [CANDIDATE]: Term 1 pre-election: Tablet error from VoteRequest() call to peer 52013405419b48e6bcd148b134e64888 (127.28.141.65:39429): Illegal state: must be running to vote when last-logged opid is not known
I20260709 14:55:05.510254 30418 leader_election.cc:304] T 15d5cfc1e070411cac18c4c07532ce64 P 69f8e6b2c408413f9bcd7677f49ff68a [CANDIDATE]: Term 1 pre-election: Election decided. Result: candidate lost. Election summary: received 3 responses out of 3 voters: 1 yes votes; 2 no votes. yes voters: 69f8e6b2c408413f9bcd7677f49ff68a; no voters: 52013405419b48e6bcd148b134e64888, b4a71764a1d140ada2ab9c681b0c719a
I20260709 14:55:05.511451 30573 raft_consensus.cc:2749] T 15d5cfc1e070411cac18c4c07532ce64 P 69f8e6b2c408413f9bcd7677f49ff68a [term 0 FOLLOWER]: Leader pre-election lost for term 1. Reason: could not achieve majority
I20260709 14:55:05.516145 30444 tablet_service.cc:1511] Processing CreateTablet for tablet 078778ad921d4e71a5341946b9a35190 (DEFAULT_TABLE table=test-workload [id=46edf05fb176443b8ce818dfffdd8dab]), partition=RANGE (key) PARTITION 1637911215 <= VALUES < 1674309242
I20260709 14:55:05.517688 30444 data_dirs.cc:400] Could only allocate 1 dirs of requested 3 for tablet 078778ad921d4e71a5341946b9a35190. 1 dirs total, 0 dirs full, 0 dirs failed
I20260709 14:55:05.518703 30511 tablet_service.cc:1511] Processing CreateTablet for tablet 078778ad921d4e71a5341946b9a35190 (DEFAULT_TABLE table=test-workload [id=46edf05fb176443b8ce818dfffdd8dab]), partition=RANGE (key) PARTITION 1637911215 <= VALUES < 1674309242
I20260709 14:55:05.519857 30511 data_dirs.cc:400] Could only allocate 1 dirs of requested 3 for tablet 078778ad921d4e71a5341946b9a35190. 1 dirs total, 0 dirs full, 0 dirs failed
I20260709 14:55:05.516691 30569 ts_tablet_manager.cc:1434] T 343215d3affb45a8bd1017aeb26b008f P b4a71764a1d140ada2ab9c681b0c719a: Time spent starting tablet: real 0.087s	user 0.009s	sys 0.000s
I20260709 14:55:05.510006 30570 raft_consensus.cc:359] T 205474d9f7a64e6e9435f669378f2f00 P 52013405419b48e6bcd148b134e64888 [term 0 FOLLOWER]: Replica starting. Triggering 0 pending ops. Active config: opid_index: -1 OBSOLETE_local: false peers { permanent_uuid: "52013405419b48e6bcd148b134e64888" member_type: VOTER last_known_addr { host: "127.28.141.65" port: 39429 } } peers { permanent_uuid: "69f8e6b2c408413f9bcd7677f49ff68a" member_type: VOTER last_known_addr { host: "127.28.141.66" port: 41991 } } peers { permanent_uuid: "b4a71764a1d140ada2ab9c681b0c719a" member_type: VOTER last_known_addr { host: "127.28.141.67" port: 35467 } }
I20260709 14:55:05.521723 30570 raft_consensus.cc:385] T 205474d9f7a64e6e9435f669378f2f00 P 52013405419b48e6bcd148b134e64888 [term 0 FOLLOWER]: Consensus starting up: Expiring failure detector timer to make a prompt election more likely
I20260709 14:55:05.522025 30570 raft_consensus.cc:740] T 205474d9f7a64e6e9435f669378f2f00 P 52013405419b48e6bcd148b134e64888 [term 0 FOLLOWER]: Becoming Follower/Learner. State: Replica: 52013405419b48e6bcd148b134e64888, State: Initialized, Role: FOLLOWER
I20260709 14:55:05.525768 30580 raft_consensus.cc:697] T 49973e27e5f141f0a3b2cc700c0df910 P 52013405419b48e6bcd148b134e64888 [term 1 LEADER]: Becoming Leader. State: Replica: 52013405419b48e6bcd148b134e64888, State: Running, Role: LEADER
I20260709 14:55:05.527331 30580 consensus_queue.cc:237] T 49973e27e5f141f0a3b2cc700c0df910 P 52013405419b48e6bcd148b134e64888 [LEADER]: Queue going to LEADER mode. State: All replicated index: 0, Majority replicated index: 0, Committed index: 0, Last appended: 0.0, Last appended by leader: 0, Current term: 1, Majority size: 2, State: 0, Mode: LEADER, active raft config: opid_index: -1 OBSOLETE_local: false peers { permanent_uuid: "69f8e6b2c408413f9bcd7677f49ff68a" member_type: VOTER last_known_addr { host: "127.28.141.66" port: 41991 } } peers { permanent_uuid: "b4a71764a1d140ada2ab9c681b0c719a" member_type: VOTER last_known_addr { host: "127.28.141.67" port: 35467 } } peers { permanent_uuid: "52013405419b48e6bcd148b134e64888" member_type: VOTER last_known_addr { host: "127.28.141.65" port: 39429 } }
I20260709 14:55:05.538590 30568 tablet_bootstrap.cc:492] T 78eb4f70741a4afab14af126712f8158 P 69f8e6b2c408413f9bcd7677f49ff68a: No bootstrap required, opened a new log
I20260709 14:55:05.539093 30568 ts_tablet_manager.cc:1403] T 78eb4f70741a4afab14af126712f8158 P 69f8e6b2c408413f9bcd7677f49ff68a: Time spent bootstrapping tablet: real 0.151s	user 0.009s	sys 0.009s
I20260709 14:55:05.542047 30568 raft_consensus.cc:359] T 78eb4f70741a4afab14af126712f8158 P 69f8e6b2c408413f9bcd7677f49ff68a [term 0 FOLLOWER]: Replica starting. Triggering 0 pending ops. Active config: opid_index: -1 OBSOLETE_local: false peers { permanent_uuid: "52013405419b48e6bcd148b134e64888" member_type: VOTER last_known_addr { host: "127.28.141.65" port: 39429 } } peers { permanent_uuid: "69f8e6b2c408413f9bcd7677f49ff68a" member_type: VOTER last_known_addr { host: "127.28.141.66" port: 41991 } } peers { permanent_uuid: "b4a71764a1d140ada2ab9c681b0c719a" member_type: VOTER last_known_addr { host: "127.28.141.67" port: 35467 } }
I20260709 14:55:05.545199 30568 raft_consensus.cc:385] T 78eb4f70741a4afab14af126712f8158 P 69f8e6b2c408413f9bcd7677f49ff68a [term 0 FOLLOWER]: Consensus starting up: Expiring failure detector timer to make a prompt election more likely
I20260709 14:55:05.546178 30569 tablet_bootstrap.cc:492] T 7c0ae151c78f42168dface888c5275b7 P b4a71764a1d140ada2ab9c681b0c719a: Bootstrap starting.
I20260709 14:55:05.546461 30568 raft_consensus.cc:740] T 78eb4f70741a4afab14af126712f8158 P 69f8e6b2c408413f9bcd7677f49ff68a [term 0 FOLLOWER]: Becoming Follower/Learner. State: Replica: 69f8e6b2c408413f9bcd7677f49ff68a, State: Initialized, Role: FOLLOWER
I20260709 14:55:05.547392 30568 consensus_queue.cc:260] T 78eb4f70741a4afab14af126712f8158 P 69f8e6b2c408413f9bcd7677f49ff68a [NON_LEADER]: Queue going to NON_LEADER mode. State: All replicated index: 0, Majority replicated index: 0, Committed index: 0, Last appended: 0.0, Last appended by leader: 0, Current term: 0, Majority size: -1, State: 0, Mode: NON_LEADER, active raft config: opid_index: -1 OBSOLETE_local: false peers { permanent_uuid: "52013405419b48e6bcd148b134e64888" member_type: VOTER last_known_addr { host: "127.28.141.65" port: 39429 } } peers { permanent_uuid: "69f8e6b2c408413f9bcd7677f49ff68a" member_type: VOTER last_known_addr { host: "127.28.141.66" port: 41991 } } peers { permanent_uuid: "b4a71764a1d140ada2ab9c681b0c719a" member_type: VOTER last_known_addr { host: "127.28.141.67" port: 35467 } }
I20260709 14:55:05.552094 30569 tablet_bootstrap.cc:654] T 7c0ae151c78f42168dface888c5275b7 P b4a71764a1d140ada2ab9c681b0c719a: Neither blocks nor log segments found. Creating new log.
I20260709 14:55:05.526750 30570 consensus_queue.cc:260] T 205474d9f7a64e6e9435f669378f2f00 P 52013405419b48e6bcd148b134e64888 [NON_LEADER]: Queue going to NON_LEADER mode. State: All replicated index: 0, Majority replicated index: 0, Committed index: 0, Last appended: 0.0, Last appended by leader: 0, Current term: 0, Majority size: -1, State: 0, Mode: NON_LEADER, active raft config: opid_index: -1 OBSOLETE_local: false peers { permanent_uuid: "52013405419b48e6bcd148b134e64888" member_type: VOTER last_known_addr { host: "127.28.141.65" port: 39429 } } peers { permanent_uuid: "69f8e6b2c408413f9bcd7677f49ff68a" member_type: VOTER last_known_addr { host: "127.28.141.66" port: 41991 } } peers { permanent_uuid: "b4a71764a1d140ada2ab9c681b0c719a" member_type: VOTER last_known_addr { host: "127.28.141.67" port: 35467 } }
I20260709 14:55:05.558277 30570 ts_tablet_manager.cc:1434] T 205474d9f7a64e6e9435f669378f2f00 P 52013405419b48e6bcd148b134e64888: Time spent starting tablet: real 0.051s	user 0.005s	sys 0.000s
I20260709 14:55:05.559315 30570 tablet_bootstrap.cc:492] T 343215d3affb45a8bd1017aeb26b008f P 52013405419b48e6bcd148b134e64888: Bootstrap starting.
I20260709 14:55:05.560456 30568 ts_tablet_manager.cc:1434] T 78eb4f70741a4afab14af126712f8158 P 69f8e6b2c408413f9bcd7677f49ff68a: Time spent starting tablet: real 0.021s	user 0.005s	sys 0.001s
I20260709 14:55:05.567569 30569 tablet_bootstrap.cc:492] T 7c0ae151c78f42168dface888c5275b7 P b4a71764a1d140ada2ab9c681b0c719a: No bootstrap required, opened a new log
I20260709 14:55:05.569250 30444 tablet_service.cc:1511] Processing CreateTablet for tablet 4631d2dd25194cf48bec4e9e6b7993c2 (DEFAULT_TABLE table=test-workload [id=46edf05fb176443b8ce818dfffdd8dab]), partition=RANGE (key) PARTITION 1674309242 <= VALUES < 1710707269
I20260709 14:55:05.569689 30518 tablet_service.cc:1511] Processing CreateTablet for tablet 4631d2dd25194cf48bec4e9e6b7993c2 (DEFAULT_TABLE table=test-workload [id=46edf05fb176443b8ce818dfffdd8dab]), partition=RANGE (key) PARTITION 1674309242 <= VALUES < 1710707269
I20260709 14:55:05.570462 30444 data_dirs.cc:400] Could only allocate 1 dirs of requested 3 for tablet 4631d2dd25194cf48bec4e9e6b7993c2. 1 dirs total, 0 dirs full, 0 dirs failed
I20260709 14:55:05.570809 30518 data_dirs.cc:400] Could only allocate 1 dirs of requested 3 for tablet 4631d2dd25194cf48bec4e9e6b7993c2. 1 dirs total, 0 dirs full, 0 dirs failed
I20260709 14:55:05.575515 30369 tablet_service.cc:1511] Processing CreateTablet for tablet 163b7d423c7c4f0baaef450bce2e183a (DEFAULT_TABLE table=test-workload [id=46edf05fb176443b8ce818dfffdd8dab]), partition=RANGE (key) PARTITION 1710707269 <= VALUES < 1747105296
I20260709 14:55:05.576764 30369 data_dirs.cc:400] Could only allocate 1 dirs of requested 3 for tablet 163b7d423c7c4f0baaef450bce2e183a. 1 dirs total, 0 dirs full, 0 dirs failed
I20260709 14:55:05.579934 30570 tablet_bootstrap.cc:654] T 343215d3affb45a8bd1017aeb26b008f P 52013405419b48e6bcd148b134e64888: Neither blocks nor log segments found. Creating new log.
I20260709 14:55:05.585660 30573 raft_consensus.cc:493] T 343215d3affb45a8bd1017aeb26b008f P 69f8e6b2c408413f9bcd7677f49ff68a [term 0 FOLLOWER]: Starting pre-election (no leader contacted us within the election timeout)
I20260709 14:55:05.586028 30436 tablet_service.cc:1511] Processing CreateTablet for tablet 163b7d423c7c4f0baaef450bce2e183a (DEFAULT_TABLE table=test-workload [id=46edf05fb176443b8ce818dfffdd8dab]), partition=RANGE (key) PARTITION 1710707269 <= VALUES < 1747105296
I20260709 14:55:05.586125 30573 raft_consensus.cc:515] T 343215d3affb45a8bd1017aeb26b008f P 69f8e6b2c408413f9bcd7677f49ff68a [term 0 FOLLOWER]: Starting pre-election with config: opid_index: -1 OBSOLETE_local: false peers { permanent_uuid: "52013405419b48e6bcd148b134e64888" member_type: VOTER last_known_addr { host: "127.28.141.65" port: 39429 } } peers { permanent_uuid: "69f8e6b2c408413f9bcd7677f49ff68a" member_type: VOTER last_known_addr { host: "127.28.141.66" port: 41991 } } peers { permanent_uuid: "b4a71764a1d140ada2ab9c681b0c719a" member_type: VOTER last_known_addr { host: "127.28.141.67" port: 35467 } }
I20260709 14:55:05.586995 30588 raft_consensus.cc:493] T 205474d9f7a64e6e9435f669378f2f00 P 52013405419b48e6bcd148b134e64888 [term 0 FOLLOWER]: Starting pre-election (no leader contacted us within the election timeout)
I20260709 14:55:05.587304 30436 data_dirs.cc:400] Could only allocate 1 dirs of requested 3 for tablet 163b7d423c7c4f0baaef450bce2e183a. 1 dirs total, 0 dirs full, 0 dirs failed
I20260709 14:55:05.588245 30573 leader_election.cc:290] T 343215d3affb45a8bd1017aeb26b008f P 69f8e6b2c408413f9bcd7677f49ff68a [CANDIDATE]: Term 1 pre-election: Requested pre-vote from peers 52013405419b48e6bcd148b134e64888 (127.28.141.65:39429), b4a71764a1d140ada2ab9c681b0c719a (127.28.141.67:35467)
I20260709 14:55:05.587414 30588 raft_consensus.cc:515] T 205474d9f7a64e6e9435f669378f2f00 P 52013405419b48e6bcd148b134e64888 [term 0 FOLLOWER]: Starting pre-election with config: opid_index: -1 OBSOLETE_local: false peers { permanent_uuid: "52013405419b48e6bcd148b134e64888" member_type: VOTER last_known_addr { host: "127.28.141.65" port: 39429 } } peers { permanent_uuid: "69f8e6b2c408413f9bcd7677f49ff68a" member_type: VOTER last_known_addr { host: "127.28.141.66" port: 41991 } } peers { permanent_uuid: "b4a71764a1d140ada2ab9c681b0c719a" member_type: VOTER last_known_addr { host: "127.28.141.67" port: 35467 } }
I20260709 14:55:05.592430 30568 tablet_bootstrap.cc:492] T d29f04ff2b674c6ba37594aff6f850f1 P 69f8e6b2c408413f9bcd7677f49ff68a: Bootstrap starting.
I20260709 14:55:05.593262 30588 leader_election.cc:290] T 205474d9f7a64e6e9435f669378f2f00 P 52013405419b48e6bcd148b134e64888 [CANDIDATE]: Term 1 pre-election: Requested pre-vote from peers 69f8e6b2c408413f9bcd7677f49ff68a (127.28.141.66:41991), b4a71764a1d140ada2ab9c681b0c719a (127.28.141.67:35467)
I20260709 14:55:05.589279 30362 tablet_service.cc:1511] Processing CreateTablet for tablet 345c6f8d871442cebb49607c23aae3de (DEFAULT_TABLE table=test-workload [id=46edf05fb176443b8ce818dfffdd8dab]), partition=RANGE (key) PARTITION 1747105296 <= VALUES < 1783503323
I20260709 14:55:05.589442 30511 tablet_service.cc:1511] Processing CreateTablet for tablet 163b7d423c7c4f0baaef450bce2e183a (DEFAULT_TABLE table=test-workload [id=46edf05fb176443b8ce818dfffdd8dab]), partition=RANGE (key) PARTITION 1710707269 <= VALUES < 1747105296
I20260709 14:55:05.589749 30528 tablet_service.cc:1917] Received RequestConsensusVote() RPC: tablet_id: "343215d3affb45a8bd1017aeb26b008f" candidate_uuid: "69f8e6b2c408413f9bcd7677f49ff68a" candidate_term: 1 candidate_status { last_received { term: 0 index: 0 } } ignore_live_leader: false dest_uuid: "b4a71764a1d140ada2ab9c681b0c719a" is_pre_election: true
I20260709 14:55:05.594376 30527 tablet_service.cc:1917] Received RequestConsensusVote() RPC: tablet_id: "205474d9f7a64e6e9435f669378f2f00" candidate_uuid: "52013405419b48e6bcd148b134e64888" candidate_term: 1 candidate_status { last_received { term: 0 index: 0 } } ignore_live_leader: false dest_uuid: "b4a71764a1d140ada2ab9c681b0c719a" is_pre_election: true
I20260709 14:55:05.594599 30528 raft_consensus.cc:2468] T 343215d3affb45a8bd1017aeb26b008f P b4a71764a1d140ada2ab9c681b0c719a [term 0 FOLLOWER]: Leader pre-election vote request: Granting yes vote for candidate 69f8e6b2c408413f9bcd7677f49ff68a in term 0.
I20260709 14:55:05.594848 30511 data_dirs.cc:400] Could only allocate 1 dirs of requested 3 for tablet 163b7d423c7c4f0baaef450bce2e183a. 1 dirs total, 0 dirs full, 0 dirs failed
I20260709 14:55:05.595546 30454 tablet_service.cc:1917] Received RequestConsensusVote() RPC: tablet_id: "205474d9f7a64e6e9435f669378f2f00" candidate_uuid: "52013405419b48e6bcd148b134e64888" candidate_term: 1 candidate_status { last_received { term: 0 index: 0 } } ignore_live_leader: false dest_uuid: "69f8e6b2c408413f9bcd7677f49ff68a" is_pre_election: true
W20260709 14:55:05.595721 30342 leader_election.cc:343] T 205474d9f7a64e6e9435f669378f2f00 P 52013405419b48e6bcd148b134e64888 [CANDIDATE]: Term 1 pre-election: Tablet error from VoteRequest() call to peer b4a71764a1d140ada2ab9c681b0c719a (127.28.141.67:35467): Illegal state: must be running to vote when last-logged opid is not known
W20260709 14:55:05.597147 30345 leader_election.cc:343] T 205474d9f7a64e6e9435f669378f2f00 P 52013405419b48e6bcd148b134e64888 [CANDIDATE]: Term 1 pre-election: Tablet error from VoteRequest() call to peer 69f8e6b2c408413f9bcd7677f49ff68a (127.28.141.66:41991): Illegal state: must be running to vote when last-logged opid is not known
I20260709 14:55:05.597307 30417 leader_election.cc:304] T 343215d3affb45a8bd1017aeb26b008f P 69f8e6b2c408413f9bcd7677f49ff68a [CANDIDATE]: Term 1 pre-election: Election decided. Result: candidate won. Election summary: received 2 responses out of 3 voters: 2 yes votes; 0 no votes. yes voters: 69f8e6b2c408413f9bcd7677f49ff68a, b4a71764a1d140ada2ab9c681b0c719a; no voters: 
I20260709 14:55:05.597608 30345 leader_election.cc:304] T 205474d9f7a64e6e9435f669378f2f00 P 52013405419b48e6bcd148b134e64888 [CANDIDATE]: Term 1 pre-election: Election decided. Result: candidate lost. Election summary: received 3 responses out of 3 voters: 1 yes votes; 2 no votes. yes voters: 52013405419b48e6bcd148b134e64888; no voters: 69f8e6b2c408413f9bcd7677f49ff68a, b4a71764a1d140ada2ab9c681b0c719a
I20260709 14:55:05.598202 30573 raft_consensus.cc:2804] T 343215d3affb45a8bd1017aeb26b008f P 69f8e6b2c408413f9bcd7677f49ff68a [term 0 FOLLOWER]: Leader pre-election won for term 1
I20260709 14:55:05.598542 30573 raft_consensus.cc:493] T 343215d3affb45a8bd1017aeb26b008f P 69f8e6b2c408413f9bcd7677f49ff68a [term 0 FOLLOWER]: Starting leader election (no leader contacted us within the election timeout)
I20260709 14:55:05.598658 30588 raft_consensus.cc:2749] T 205474d9f7a64e6e9435f669378f2f00 P 52013405419b48e6bcd148b134e64888 [term 0 FOLLOWER]: Leader pre-election lost for term 1. Reason: could not achieve majority
I20260709 14:55:05.598882 30573 raft_consensus.cc:3060] T 343215d3affb45a8bd1017aeb26b008f P 69f8e6b2c408413f9bcd7677f49ff68a [term 0 FOLLOWER]: Advancing to term 1
I20260709 14:55:05.599841 30362 data_dirs.cc:400] Could only allocate 1 dirs of requested 3 for tablet 345c6f8d871442cebb49607c23aae3de. 1 dirs total, 0 dirs full, 0 dirs failed
I20260709 14:55:05.597559 30442 tablet_service.cc:1511] Processing CreateTablet for tablet 345c6f8d871442cebb49607c23aae3de (DEFAULT_TABLE table=test-workload [id=46edf05fb176443b8ce818dfffdd8dab]), partition=RANGE (key) PARTITION 1747105296 <= VALUES < 1783503323
I20260709 14:55:05.601821 30276 catalog_manager.cc:5697] T 49973e27e5f141f0a3b2cc700c0df910 P 52013405419b48e6bcd148b134e64888 reported cstate change: term changed from 0 to 1, leader changed from <none> to 52013405419b48e6bcd148b134e64888 (127.28.141.65). New cstate: current_term: 1 leader_uuid: "52013405419b48e6bcd148b134e64888" committed_config { opid_index: -1 OBSOLETE_local: false peers { permanent_uuid: "69f8e6b2c408413f9bcd7677f49ff68a" member_type: VOTER last_known_addr { host: "127.28.141.66" port: 41991 } health_report { overall_health: UNKNOWN } } peers { permanent_uuid: "b4a71764a1d140ada2ab9c681b0c719a" member_type: VOTER last_known_addr { host: "127.28.141.67" port: 35467 } health_report { overall_health: UNKNOWN } } peers { permanent_uuid: "52013405419b48e6bcd148b134e64888" member_type: VOTER last_known_addr { host: "127.28.141.65" port: 39429 } health_report { overall_health: HEALTHY } } }
I20260709 14:55:05.602725 30442 data_dirs.cc:400] Could only allocate 1 dirs of requested 3 for tablet 345c6f8d871442cebb49607c23aae3de. 1 dirs total, 0 dirs full, 0 dirs failed
I20260709 14:55:05.589996 30569 ts_tablet_manager.cc:1403] T 7c0ae151c78f42168dface888c5275b7 P b4a71764a1d140ada2ab9c681b0c719a: Time spent bootstrapping tablet: real 0.022s	user 0.012s	sys 0.002s
I20260709 14:55:05.591310 30379 tablet_service.cc:1917] Received RequestConsensusVote() RPC: tablet_id: "343215d3affb45a8bd1017aeb26b008f" candidate_uuid: "69f8e6b2c408413f9bcd7677f49ff68a" candidate_term: 1 candidate_status { last_received { term: 0 index: 0 } } ignore_live_leader: false dest_uuid: "52013405419b48e6bcd148b134e64888" is_pre_election: true
W20260709 14:55:05.606917 30418 leader_election.cc:343] T 343215d3affb45a8bd1017aeb26b008f P 69f8e6b2c408413f9bcd7677f49ff68a [CANDIDATE]: Term 1 pre-election: Tablet error from VoteRequest() call to peer 52013405419b48e6bcd148b134e64888 (127.28.141.65:39429): Illegal state: must be running to vote when last-logged opid is not known
I20260709 14:55:05.608712 30569 raft_consensus.cc:359] T 7c0ae151c78f42168dface888c5275b7 P b4a71764a1d140ada2ab9c681b0c719a [term 0 FOLLOWER]: Replica starting. Triggering 0 pending ops. Active config: opid_index: -1 OBSOLETE_local: false peers { permanent_uuid: "52013405419b48e6bcd148b134e64888" member_type: VOTER last_known_addr { host: "127.28.141.65" port: 39429 } } peers { permanent_uuid: "69f8e6b2c408413f9bcd7677f49ff68a" member_type: VOTER last_known_addr { host: "127.28.141.66" port: 41991 } } peers { permanent_uuid: "b4a71764a1d140ada2ab9c681b0c719a" member_type: VOTER last_known_addr { host: "127.28.141.67" port: 35467 } }
I20260709 14:55:05.610199 30573 raft_consensus.cc:515] T 343215d3affb45a8bd1017aeb26b008f P 69f8e6b2c408413f9bcd7677f49ff68a [term 1 FOLLOWER]: Starting leader election with config: opid_index: -1 OBSOLETE_local: false peers { permanent_uuid: "52013405419b48e6bcd148b134e64888" member_type: VOTER last_known_addr { host: "127.28.141.65" port: 39429 } } peers { permanent_uuid: "69f8e6b2c408413f9bcd7677f49ff68a" member_type: VOTER last_known_addr { host: "127.28.141.66" port: 41991 } } peers { permanent_uuid: "b4a71764a1d140ada2ab9c681b0c719a" member_type: VOTER last_known_addr { host: "127.28.141.67" port: 35467 } }
I20260709 14:55:05.611478 30366 tablet_service.cc:1511] Processing CreateTablet for tablet 4631d2dd25194cf48bec4e9e6b7993c2 (DEFAULT_TABLE table=test-workload [id=46edf05fb176443b8ce818dfffdd8dab]), partition=RANGE (key) PARTITION 1674309242 <= VALUES < 1710707269
I20260709 14:55:05.613197 30569 raft_consensus.cc:385] T 7c0ae151c78f42168dface888c5275b7 P b4a71764a1d140ada2ab9c681b0c719a [term 0 FOLLOWER]: Consensus starting up: Expiring failure detector timer to make a prompt election more likely
I20260709 14:55:05.621065 30365 tablet_service.cc:1511] Processing CreateTablet for tablet f0c8382d091d4852a401b3ad431b0b65 (DEFAULT_TABLE table=test-workload [id=46edf05fb176443b8ce818dfffdd8dab]), partition=RANGE (key) PARTITION 1783503323 <= VALUES < 1819901350
I20260709 14:55:05.621764 30435 tablet_service.cc:1511] Processing CreateTablet for tablet f0c8382d091d4852a401b3ad431b0b65 (DEFAULT_TABLE table=test-workload [id=46edf05fb176443b8ce818dfffdd8dab]), partition=RANGE (key) PARTITION 1783503323 <= VALUES < 1819901350
I20260709 14:55:05.622978 30435 data_dirs.cc:400] Could only allocate 1 dirs of requested 3 for tablet f0c8382d091d4852a401b3ad431b0b65. 1 dirs total, 0 dirs full, 0 dirs failed
I20260709 14:55:05.625001 30366 data_dirs.cc:400] Could only allocate 1 dirs of requested 3 for tablet 4631d2dd25194cf48bec4e9e6b7993c2. 1 dirs total, 0 dirs full, 0 dirs failed
I20260709 14:55:05.627233 30528 tablet_service.cc:1917] Received RequestConsensusVote() RPC: tablet_id: "343215d3affb45a8bd1017aeb26b008f" candidate_uuid: "69f8e6b2c408413f9bcd7677f49ff68a" candidate_term: 1 candidate_status { last_received { term: 0 index: 0 } } ignore_live_leader: false dest_uuid: "b4a71764a1d140ada2ab9c681b0c719a"
I20260709 14:55:05.627796 30528 raft_consensus.cc:3060] T 343215d3affb45a8bd1017aeb26b008f P b4a71764a1d140ada2ab9c681b0c719a [term 0 FOLLOWER]: Advancing to term 1
I20260709 14:55:05.628283 30516 tablet_service.cc:1511] Processing CreateTablet for tablet 08a8b974bbeb46c8b6af93c9ec9e9125 (DEFAULT_TABLE table=test-workload [id=46edf05fb176443b8ce818dfffdd8dab]), partition=RANGE (key) PARTITION 1819901350 <= VALUES < 1856299377
I20260709 14:55:05.628544 30364 tablet_service.cc:1511] Processing CreateTablet for tablet 08a8b974bbeb46c8b6af93c9ec9e9125 (DEFAULT_TABLE table=test-workload [id=46edf05fb176443b8ce818dfffdd8dab]), partition=RANGE (key) PARTITION 1819901350 <= VALUES < 1856299377
I20260709 14:55:05.629446 30516 data_dirs.cc:400] Could only allocate 1 dirs of requested 3 for tablet 08a8b974bbeb46c8b6af93c9ec9e9125. 1 dirs total, 0 dirs full, 0 dirs failed
I20260709 14:55:05.629696 30364 data_dirs.cc:400] Could only allocate 1 dirs of requested 3 for tablet 08a8b974bbeb46c8b6af93c9ec9e9125. 1 dirs total, 0 dirs full, 0 dirs failed
I20260709 14:55:05.628937 30379 tablet_service.cc:1917] Received RequestConsensusVote() RPC: tablet_id: "343215d3affb45a8bd1017aeb26b008f" candidate_uuid: "69f8e6b2c408413f9bcd7677f49ff68a" candidate_term: 1 candidate_status { last_received { term: 0 index: 0 } } ignore_live_leader: false dest_uuid: "52013405419b48e6bcd148b134e64888"
I20260709 14:55:05.621062 30518 tablet_service.cc:1511] Processing CreateTablet for tablet 345c6f8d871442cebb49607c23aae3de (DEFAULT_TABLE table=test-workload [id=46edf05fb176443b8ce818dfffdd8dab]), partition=RANGE (key) PARTITION 1747105296 <= VALUES < 1783503323
W20260709 14:55:05.632488 30418 leader_election.cc:343] T 343215d3affb45a8bd1017aeb26b008f P 69f8e6b2c408413f9bcd7677f49ff68a [CANDIDATE]: Term 1 election: Tablet error from VoteRequest() call to peer 52013405419b48e6bcd148b134e64888 (127.28.141.65:39429): Illegal state: must be running to vote when last-logged opid is not known
I20260709 14:55:05.632827 30518 data_dirs.cc:400] Could only allocate 1 dirs of requested 3 for tablet 345c6f8d871442cebb49607c23aae3de. 1 dirs total, 0 dirs full, 0 dirs failed
I20260709 14:55:05.641496 30436 tablet_service.cc:1511] Processing CreateTablet for tablet 08a8b974bbeb46c8b6af93c9ec9e9125 (DEFAULT_TABLE table=test-workload [id=46edf05fb176443b8ce818dfffdd8dab]), partition=RANGE (key) PARTITION 1819901350 <= VALUES < 1856299377
I20260709 14:55:05.642462 30528 raft_consensus.cc:2468] T 343215d3affb45a8bd1017aeb26b008f P b4a71764a1d140ada2ab9c681b0c719a [term 1 FOLLOWER]: Leader election vote request: Granting yes vote for candidate 69f8e6b2c408413f9bcd7677f49ff68a in term 1.
I20260709 14:55:05.643567 30417 leader_election.cc:304] T 343215d3affb45a8bd1017aeb26b008f P 69f8e6b2c408413f9bcd7677f49ff68a [CANDIDATE]: Term 1 election: Election decided. Result: candidate won. Election summary: received 3 responses out of 3 voters: 2 yes votes; 1 no votes. yes voters: 69f8e6b2c408413f9bcd7677f49ff68a, b4a71764a1d140ada2ab9c681b0c719a; no voters: 52013405419b48e6bcd148b134e64888
I20260709 14:55:05.625468 30512 tablet_service.cc:1511] Processing CreateTablet for tablet f0c8382d091d4852a401b3ad431b0b65 (DEFAULT_TABLE table=test-workload [id=46edf05fb176443b8ce818dfffdd8dab]), partition=RANGE (key) PARTITION 1783503323 <= VALUES < 1819901350
I20260709 14:55:05.643426 30369 tablet_service.cc:1511] Processing CreateTablet for tablet 0c793aff33454e99a8589c925b6aef11 (DEFAULT_TABLE table=test-workload [id=46edf05fb176443b8ce818dfffdd8dab]), partition=RANGE (key) PARTITION 1856299377 <= VALUES < 1892697404
I20260709 14:55:05.645098 30369 data_dirs.cc:400] Could only allocate 1 dirs of requested 3 for tablet 0c793aff33454e99a8589c925b6aef11. 1 dirs total, 0 dirs full, 0 dirs failed
I20260709 14:55:05.616367 30569 raft_consensus.cc:740] T 7c0ae151c78f42168dface888c5275b7 P b4a71764a1d140ada2ab9c681b0c719a [term 0 FOLLOWER]: Becoming Follower/Learner. State: Replica: b4a71764a1d140ada2ab9c681b0c719a, State: Initialized, Role: FOLLOWER
I20260709 14:55:05.626219 30573 leader_election.cc:290] T 343215d3affb45a8bd1017aeb26b008f P 69f8e6b2c408413f9bcd7677f49ff68a [CANDIDATE]: Term 1 election: Requested vote from peers 52013405419b48e6bcd148b134e64888 (127.28.141.65:39429), b4a71764a1d140ada2ab9c681b0c719a (127.28.141.67:35467)
I20260709 14:55:05.645098 30512 data_dirs.cc:400] Could only allocate 1 dirs of requested 3 for tablet f0c8382d091d4852a401b3ad431b0b65. 1 dirs total, 0 dirs full, 0 dirs failed
I20260709 14:55:05.649468 30573 raft_consensus.cc:2804] T 343215d3affb45a8bd1017aeb26b008f P 69f8e6b2c408413f9bcd7677f49ff68a [term 1 FOLLOWER]: Leader election won for term 1
I20260709 14:55:05.649916 30573 raft_consensus.cc:697] T 343215d3affb45a8bd1017aeb26b008f P 69f8e6b2c408413f9bcd7677f49ff68a [term 1 LEADER]: Becoming Leader. State: Replica: 69f8e6b2c408413f9bcd7677f49ff68a, State: Running, Role: LEADER
I20260709 14:55:05.650774 30573 consensus_queue.cc:237] T 343215d3affb45a8bd1017aeb26b008f P 69f8e6b2c408413f9bcd7677f49ff68a [LEADER]: Queue going to LEADER mode. State: All replicated index: 0, Majority replicated index: 0, Committed index: 0, Last appended: 0.0, Last appended by leader: 0, Current term: 1, Majority size: 2, State: 0, Mode: LEADER, active raft config: opid_index: -1 OBSOLETE_local: false peers { permanent_uuid: "52013405419b48e6bcd148b134e64888" member_type: VOTER last_known_addr { host: "127.28.141.65" port: 39429 } } peers { permanent_uuid: "69f8e6b2c408413f9bcd7677f49ff68a" member_type: VOTER last_known_addr { host: "127.28.141.66" port: 41991 } } peers { permanent_uuid: "b4a71764a1d140ada2ab9c681b0c719a" member_type: VOTER last_known_addr { host: "127.28.141.67" port: 35467 } }
I20260709 14:55:05.651284 30513 tablet_service.cc:1511] Processing CreateTablet for tablet 0c793aff33454e99a8589c925b6aef11 (DEFAULT_TABLE table=test-workload [id=46edf05fb176443b8ce818dfffdd8dab]), partition=RANGE (key) PARTITION 1856299377 <= VALUES < 1892697404
I20260709 14:55:05.652544 30513 data_dirs.cc:400] Could only allocate 1 dirs of requested 3 for tablet 0c793aff33454e99a8589c925b6aef11. 1 dirs total, 0 dirs full, 0 dirs failed
I20260709 14:55:05.648429 30365 data_dirs.cc:400] Could only allocate 1 dirs of requested 3 for tablet f0c8382d091d4852a401b3ad431b0b65. 1 dirs total, 0 dirs full, 0 dirs failed
I20260709 14:55:05.659209 30444 tablet_service.cc:1511] Processing CreateTablet for tablet 0c793aff33454e99a8589c925b6aef11 (DEFAULT_TABLE table=test-workload [id=46edf05fb176443b8ce818dfffdd8dab]), partition=RANGE (key) PARTITION 1856299377 <= VALUES < 1892697404
I20260709 14:55:05.661453 30436 data_dirs.cc:400] Could only allocate 1 dirs of requested 3 for tablet 08a8b974bbeb46c8b6af93c9ec9e9125. 1 dirs total, 0 dirs full, 0 dirs failed
I20260709 14:55:05.649763 30569 consensus_queue.cc:260] T 7c0ae151c78f42168dface888c5275b7 P b4a71764a1d140ada2ab9c681b0c719a [NON_LEADER]: Queue going to NON_LEADER mode. State: All replicated index: 0, Majority replicated index: 0, Committed index: 0, Last appended: 0.0, Last appended by leader: 0, Current term: 0, Majority size: -1, State: 0, Mode: NON_LEADER, active raft config: opid_index: -1 OBSOLETE_local: false peers { permanent_uuid: "52013405419b48e6bcd148b134e64888" member_type: VOTER last_known_addr { host: "127.28.141.65" port: 39429 } } peers { permanent_uuid: "69f8e6b2c408413f9bcd7677f49ff68a" member_type: VOTER last_known_addr { host: "127.28.141.66" port: 41991 } } peers { permanent_uuid: "b4a71764a1d140ada2ab9c681b0c719a" member_type: VOTER last_known_addr { host: "127.28.141.67" port: 35467 } }
I20260709 14:55:05.666981 30444 data_dirs.cc:400] Could only allocate 1 dirs of requested 3 for tablet 0c793aff33454e99a8589c925b6aef11. 1 dirs total, 0 dirs full, 0 dirs failed
I20260709 14:55:05.671295 30361 tablet_service.cc:1511] Processing CreateTablet for tablet 1480b6d07a584e1991b08be5bd75278a (DEFAULT_TABLE table=test-workload [id=46edf05fb176443b8ce818dfffdd8dab]), partition=RANGE (key) PARTITION 1892697404 <= VALUES < 1929095431
I20260709 14:55:05.672466 30361 data_dirs.cc:400] Could only allocate 1 dirs of requested 3 for tablet 1480b6d07a584e1991b08be5bd75278a. 1 dirs total, 0 dirs full, 0 dirs failed
I20260709 14:55:05.673254 30569 ts_tablet_manager.cc:1434] T 7c0ae151c78f42168dface888c5275b7 P b4a71764a1d140ada2ab9c681b0c719a: Time spent starting tablet: real 0.067s	user 0.005s	sys 0.001s
I20260709 14:55:05.675611 30442 tablet_service.cc:1511] Processing CreateTablet for tablet 1480b6d07a584e1991b08be5bd75278a (DEFAULT_TABLE table=test-workload [id=46edf05fb176443b8ce818dfffdd8dab]), partition=RANGE (key) PARTITION 1892697404 <= VALUES < 1929095431
I20260709 14:55:05.676813 30442 data_dirs.cc:400] Could only allocate 1 dirs of requested 3 for tablet 1480b6d07a584e1991b08be5bd75278a. 1 dirs total, 0 dirs full, 0 dirs failed
I20260709 14:55:05.685381 30363 tablet_service.cc:1511] Processing CreateTablet for tablet 5226f7810f5f4ff698b38d0c4ec7c74e (DEFAULT_TABLE table=test-workload [id=46edf05fb176443b8ce818dfffdd8dab]), partition=RANGE (key) PARTITION 1929095431 <= VALUES < 1965493458
I20260709 14:55:05.685842 30518 tablet_service.cc:1511] Processing CreateTablet for tablet 1480b6d07a584e1991b08be5bd75278a (DEFAULT_TABLE table=test-workload [id=46edf05fb176443b8ce818dfffdd8dab]), partition=RANGE (key) PARTITION 1892697404 <= VALUES < 1929095431
I20260709 14:55:05.686578 30363 data_dirs.cc:400] Could only allocate 1 dirs of requested 3 for tablet 5226f7810f5f4ff698b38d0c4ec7c74e. 1 dirs total, 0 dirs full, 0 dirs failed
I20260709 14:55:05.689208 30514 tablet_service.cc:1511] Processing CreateTablet for tablet 5226f7810f5f4ff698b38d0c4ec7c74e (DEFAULT_TABLE table=test-workload [id=46edf05fb176443b8ce818dfffdd8dab]), partition=RANGE (key) PARTITION 1929095431 <= VALUES < 1965493458
I20260709 14:55:05.690819 30437 tablet_service.cc:1511] Processing CreateTablet for tablet 5226f7810f5f4ff698b38d0c4ec7c74e (DEFAULT_TABLE table=test-workload [id=46edf05fb176443b8ce818dfffdd8dab]), partition=RANGE (key) PARTITION 1929095431 <= VALUES < 1965493458
I20260709 14:55:05.691118 30367 tablet_service.cc:1511] Processing CreateTablet for tablet 1e5953ff258c4acf8d675260f01bf271 (DEFAULT_TABLE table=test-workload [id=46edf05fb176443b8ce818dfffdd8dab]), partition=RANGE (key) PARTITION 1965493458 <= VALUES < 2001891485
I20260709 14:55:05.691984 30437 data_dirs.cc:400] Could only allocate 1 dirs of requested 3 for tablet 5226f7810f5f4ff698b38d0c4ec7c74e. 1 dirs total, 0 dirs full, 0 dirs failed
I20260709 14:55:05.692258 30367 data_dirs.cc:400] Could only allocate 1 dirs of requested 3 for tablet 1e5953ff258c4acf8d675260f01bf271. 1 dirs total, 0 dirs full, 0 dirs failed
I20260709 14:55:05.695319 30440 tablet_service.cc:1511] Processing CreateTablet for tablet 1e5953ff258c4acf8d675260f01bf271 (DEFAULT_TABLE table=test-workload [id=46edf05fb176443b8ce818dfffdd8dab]), partition=RANGE (key) PARTITION 1965493458 <= VALUES < 2001891485
I20260709 14:55:05.696362 30440 data_dirs.cc:400] Could only allocate 1 dirs of requested 3 for tablet 1e5953ff258c4acf8d675260f01bf271. 1 dirs total, 0 dirs full, 0 dirs failed
W20260709 14:55:05.697088 30417 outbound_call.cc:321] RPC callback for RPC call kudu.consensus.ConsensusService.RequestConsensusVote -> {remote=127.28.141.67:35467, user_credentials={real_user=slave}} blocked reactor thread for 53604.4us
I20260709 14:55:05.703727 30593 raft_consensus.cc:493] T 78eb4f70741a4afab14af126712f8158 P 69f8e6b2c408413f9bcd7677f49ff68a [term 0 FOLLOWER]: Starting pre-election (no leader contacted us within the election timeout)
I20260709 14:55:05.704164 30593 raft_consensus.cc:515] T 78eb4f70741a4afab14af126712f8158 P 69f8e6b2c408413f9bcd7677f49ff68a [term 0 FOLLOWER]: Starting pre-election with config: opid_index: -1 OBSOLETE_local: false peers { permanent_uuid: "52013405419b48e6bcd148b134e64888" member_type: VOTER last_known_addr { host: "127.28.141.65" port: 39429 } } peers { permanent_uuid: "69f8e6b2c408413f9bcd7677f49ff68a" member_type: VOTER last_known_addr { host: "127.28.141.66" port: 41991 } } peers { permanent_uuid: "b4a71764a1d140ada2ab9c681b0c719a" member_type: VOTER last_known_addr { host: "127.28.141.67" port: 35467 } }
I20260709 14:55:05.711916 30518 data_dirs.cc:400] Could only allocate 1 dirs of requested 3 for tablet 1480b6d07a584e1991b08be5bd75278a. 1 dirs total, 0 dirs full, 0 dirs failed
I20260709 14:55:05.706976 30568 tablet_bootstrap.cc:654] T d29f04ff2b674c6ba37594aff6f850f1 P 69f8e6b2c408413f9bcd7677f49ff68a: Neither blocks nor log segments found. Creating new log.
I20260709 14:55:05.728662 30361 tablet_service.cc:1511] Processing CreateTablet for tablet 5e98408ff344494398023db2ab368828 (DEFAULT_TABLE table=test-workload [id=46edf05fb176443b8ce818dfffdd8dab]), partition=RANGE (key) PARTITION 2001891485 <= VALUES < 2038289512
I20260709 14:55:05.729331 30570 tablet_bootstrap.cc:492] T 343215d3affb45a8bd1017aeb26b008f P 52013405419b48e6bcd148b134e64888: No bootstrap required, opened a new log
I20260709 14:55:05.729802 30570 ts_tablet_manager.cc:1403] T 343215d3affb45a8bd1017aeb26b008f P 52013405419b48e6bcd148b134e64888: Time spent bootstrapping tablet: real 0.171s	user 0.007s	sys 0.008s
I20260709 14:55:05.729900 30361 data_dirs.cc:400] Could only allocate 1 dirs of requested 3 for tablet 5e98408ff344494398023db2ab368828. 1 dirs total, 0 dirs full, 0 dirs failed
I20260709 14:55:05.730866 30510 tablet_service.cc:1511] Processing CreateTablet for tablet 1e5953ff258c4acf8d675260f01bf271 (DEFAULT_TABLE table=test-workload [id=46edf05fb176443b8ce818dfffdd8dab]), partition=RANGE (key) PARTITION 1965493458 <= VALUES < 2001891485
I20260709 14:55:05.736974 30569 tablet_bootstrap.cc:492] T 78eb4f70741a4afab14af126712f8158 P b4a71764a1d140ada2ab9c681b0c719a: Bootstrap starting.
I20260709 14:55:05.738076 30577 raft_consensus.cc:493] T 7c0ae151c78f42168dface888c5275b7 P b4a71764a1d140ada2ab9c681b0c719a [term 0 FOLLOWER]: Starting pre-election (no leader contacted us within the election timeout)
I20260709 14:55:05.738528 30577 raft_consensus.cc:515] T 7c0ae151c78f42168dface888c5275b7 P b4a71764a1d140ada2ab9c681b0c719a [term 0 FOLLOWER]: Starting pre-election with config: opid_index: -1 OBSOLETE_local: false peers { permanent_uuid: "52013405419b48e6bcd148b134e64888" member_type: VOTER last_known_addr { host: "127.28.141.65" port: 39429 } } peers { permanent_uuid: "69f8e6b2c408413f9bcd7677f49ff68a" member_type: VOTER last_known_addr { host: "127.28.141.66" port: 41991 } } peers { permanent_uuid: "b4a71764a1d140ada2ab9c681b0c719a" member_type: VOTER last_known_addr { host: "127.28.141.67" port: 35467 } }
I20260709 14:55:05.739181 30514 data_dirs.cc:400] Could only allocate 1 dirs of requested 3 for tablet 5226f7810f5f4ff698b38d0c4ec7c74e. 1 dirs total, 0 dirs full, 0 dirs failed
I20260709 14:55:05.741706 30577 leader_election.cc:290] T 7c0ae151c78f42168dface888c5275b7 P b4a71764a1d140ada2ab9c681b0c719a [CANDIDATE]: Term 1 pre-election: Requested pre-vote from peers 52013405419b48e6bcd148b134e64888 (127.28.141.65:39429), 69f8e6b2c408413f9bcd7677f49ff68a (127.28.141.66:41991)
I20260709 14:55:05.750173 30593 leader_election.cc:290] T 78eb4f70741a4afab14af126712f8158 P 69f8e6b2c408413f9bcd7677f49ff68a [CANDIDATE]: Term 1 pre-election: Requested pre-vote from peers 52013405419b48e6bcd148b134e64888 (127.28.141.65:39429), b4a71764a1d140ada2ab9c681b0c719a (127.28.141.67:35467)
I20260709 14:55:05.750355 30379 tablet_service.cc:1917] Received RequestConsensusVote() RPC: tablet_id: "78eb4f70741a4afab14af126712f8158" candidate_uuid: "69f8e6b2c408413f9bcd7677f49ff68a" candidate_term: 1 candidate_status { last_received { term: 0 index: 0 } } ignore_live_leader: false dest_uuid: "52013405419b48e6bcd148b134e64888" is_pre_election: true
I20260709 14:55:05.748696 30510 data_dirs.cc:400] Could only allocate 1 dirs of requested 3 for tablet 1e5953ff258c4acf8d675260f01bf271. 1 dirs total, 0 dirs full, 0 dirs failed
