I20260709 14:55:03.383638 27333 raft_consensus.cc:359] T 62b5bf8af3a142a0ac4318074b62e5b7 P 4654aac64dda4eaea89a1f7e302f0b4a [term 0 FOLLOWER]: Replica starting. Triggering 0 pending ops. Active config: opid_index: -1 OBSOLETE_local: false peers { permanent_uuid: "e35d126b2e034636a0971216b99d77be" member_type: VOTER last_known_addr { host: "127.25.111.65" port: 36971 } } peers { permanent_uuid: "817615c3c7584c1cac4b4f78b70fdd6a" member_type: VOTER last_known_addr { host: "127.25.111.66" port: 33367 } } peers { permanent_uuid: "4654aac64dda4eaea89a1f7e302f0b4a" member_type: VOTER last_known_addr { host: "127.25.111.67" port: 34019 } }
I20260709 14:55:03.384245 27333 raft_consensus.cc:385] T 62b5bf8af3a142a0ac4318074b62e5b7 P 4654aac64dda4eaea89a1f7e302f0b4a [term 0 FOLLOWER]: Consensus starting up: Expiring failure detector timer to make a prompt election more likely
I20260709 14:55:03.384524 27333 raft_consensus.cc:740] T 62b5bf8af3a142a0ac4318074b62e5b7 P 4654aac64dda4eaea89a1f7e302f0b4a [term 0 FOLLOWER]: Becoming Follower/Learner. State: Replica: 4654aac64dda4eaea89a1f7e302f0b4a, State: Initialized, Role: FOLLOWER
I20260709 14:55:03.385582 27333 consensus_queue.cc:260] T 62b5bf8af3a142a0ac4318074b62e5b7 P 4654aac64dda4eaea89a1f7e302f0b4a [NON_LEADER]: Queue going to NON_LEADER mode. State: All replicated index: 0, Majority replicated index: 0, Committed index: 0, Last appended: 0.0, Last appended by leader: 0, Current term: 0, Majority size: -1, State: 0, Mode: NON_LEADER, active raft config: opid_index: -1 OBSOLETE_local: false peers { permanent_uuid: "e35d126b2e034636a0971216b99d77be" member_type: VOTER last_known_addr { host: "127.25.111.65" port: 36971 } } peers { permanent_uuid: "817615c3c7584c1cac4b4f78b70fdd6a" member_type: VOTER last_known_addr { host: "127.25.111.66" port: 33367 } } peers { permanent_uuid: "4654aac64dda4eaea89a1f7e302f0b4a" member_type: VOTER last_known_addr { host: "127.25.111.67" port: 34019 } }
I20260709 14:55:03.387269 27337 tablet_bootstrap.cc:492] T 035ebf91c3234bbd9cafd21f4b9759a2 P e35d126b2e034636a0971216b99d77be: No bootstrap required, opened a new log
I20260709 14:55:03.387673 27333 ts_tablet_manager.cc:1434] T 62b5bf8af3a142a0ac4318074b62e5b7 P 4654aac64dda4eaea89a1f7e302f0b4a: Time spent starting tablet: real 0.006s	user 0.007s	sys 0.000s
I20260709 14:55:03.387761 27337 ts_tablet_manager.cc:1403] T 035ebf91c3234bbd9cafd21f4b9759a2 P e35d126b2e034636a0971216b99d77be: Time spent bootstrapping tablet: real 0.057s	user 0.009s	sys 0.032s
I20260709 14:55:03.388886 27335 tablet_bootstrap.cc:654] T c6f0ecde8ea8431b99f29310a6747a0a P 817615c3c7584c1cac4b4f78b70fdd6a: Neither blocks nor log segments found. Creating new log.
I20260709 14:55:03.388983 27333 tablet_bootstrap.cc:492] T a6cb7c57a8eb4626af7410b6df44e4c7 P 4654aac64dda4eaea89a1f7e302f0b4a: Bootstrap starting.
I20260709 14:55:03.390610 27337 raft_consensus.cc:359] T 035ebf91c3234bbd9cafd21f4b9759a2 P e35d126b2e034636a0971216b99d77be [term 0 FOLLOWER]: Replica starting. Triggering 0 pending ops. Active config: opid_index: -1 OBSOLETE_local: false peers { permanent_uuid: "e35d126b2e034636a0971216b99d77be" member_type: VOTER last_known_addr { host: "127.25.111.65" port: 36971 } } peers { permanent_uuid: "817615c3c7584c1cac4b4f78b70fdd6a" member_type: VOTER last_known_addr { host: "127.25.111.66" port: 33367 } } peers { permanent_uuid: "4654aac64dda4eaea89a1f7e302f0b4a" member_type: VOTER last_known_addr { host: "127.25.111.67" port: 34019 } }
I20260709 14:55:03.391263 27337 raft_consensus.cc:385] T 035ebf91c3234bbd9cafd21f4b9759a2 P e35d126b2e034636a0971216b99d77be [term 0 FOLLOWER]: Consensus starting up: Expiring failure detector timer to make a prompt election more likely
I20260709 14:55:03.391556 27337 raft_consensus.cc:740] T 035ebf91c3234bbd9cafd21f4b9759a2 P e35d126b2e034636a0971216b99d77be [term 0 FOLLOWER]: Becoming Follower/Learner. State: Replica: e35d126b2e034636a0971216b99d77be, State: Initialized, Role: FOLLOWER
I20260709 14:55:03.392488 27337 consensus_queue.cc:260] T 035ebf91c3234bbd9cafd21f4b9759a2 P e35d126b2e034636a0971216b99d77be [NON_LEADER]: Queue going to NON_LEADER mode. State: All replicated index: 0, Majority replicated index: 0, Committed index: 0, Last appended: 0.0, Last appended by leader: 0, Current term: 0, Majority size: -1, State: 0, Mode: NON_LEADER, active raft config: opid_index: -1 OBSOLETE_local: false peers { permanent_uuid: "e35d126b2e034636a0971216b99d77be" member_type: VOTER last_known_addr { host: "127.25.111.65" port: 36971 } } peers { permanent_uuid: "817615c3c7584c1cac4b4f78b70fdd6a" member_type: VOTER last_known_addr { host: "127.25.111.66" port: 33367 } } peers { permanent_uuid: "4654aac64dda4eaea89a1f7e302f0b4a" member_type: VOTER last_known_addr { host: "127.25.111.67" port: 34019 } }
I20260709 14:55:03.394526 27337 ts_tablet_manager.cc:1434] T 035ebf91c3234bbd9cafd21f4b9759a2 P e35d126b2e034636a0971216b99d77be: Time spent starting tablet: real 0.006s	user 0.005s	sys 0.000s
I20260709 14:55:03.395524 27333 tablet_bootstrap.cc:654] T a6cb7c57a8eb4626af7410b6df44e4c7 P 4654aac64dda4eaea89a1f7e302f0b4a: Neither blocks nor log segments found. Creating new log.
I20260709 14:55:03.399705 27348 raft_consensus.cc:493] T ed561142b0c146f7abb003f4c4e26eec P e35d126b2e034636a0971216b99d77be [term 0 FOLLOWER]: Starting pre-election (no leader contacted us within the election timeout)
I20260709 14:55:03.400171 27348 raft_consensus.cc:515] T ed561142b0c146f7abb003f4c4e26eec P e35d126b2e034636a0971216b99d77be [term 0 FOLLOWER]: Starting pre-election with config: opid_index: -1 OBSOLETE_local: false peers { permanent_uuid: "e35d126b2e034636a0971216b99d77be" member_type: VOTER last_known_addr { host: "127.25.111.65" port: 36971 } } peers { permanent_uuid: "817615c3c7584c1cac4b4f78b70fdd6a" member_type: VOTER last_known_addr { host: "127.25.111.66" port: 33367 } } peers { permanent_uuid: "4654aac64dda4eaea89a1f7e302f0b4a" member_type: VOTER last_known_addr { host: "127.25.111.67" port: 34019 } }
I20260709 14:55:03.401741 27337 tablet_bootstrap.cc:492] T dd8372129160487d9e1b10ef0968dea3 P e35d126b2e034636a0971216b99d77be: Bootstrap starting.
I20260709 14:55:03.402870 27348 leader_election.cc:290] T ed561142b0c146f7abb003f4c4e26eec P e35d126b2e034636a0971216b99d77be [CANDIDATE]: Term 1 pre-election: Requested pre-vote from peers 817615c3c7584c1cac4b4f78b70fdd6a (127.25.111.66:33367), 4654aac64dda4eaea89a1f7e302f0b4a (127.25.111.67:34019)
I20260709 14:55:03.403154 27218 tablet_service.cc:1917] Received RequestConsensusVote() RPC: tablet_id: "ed561142b0c146f7abb003f4c4e26eec" candidate_uuid: "e35d126b2e034636a0971216b99d77be" candidate_term: 1 candidate_status { last_received { term: 0 index: 0 } } ignore_live_leader: false dest_uuid: "817615c3c7584c1cac4b4f78b70fdd6a" is_pre_election: true
I20260709 14:55:03.403877 27218 raft_consensus.cc:2393] T ed561142b0c146f7abb003f4c4e26eec P 817615c3c7584c1cac4b4f78b70fdd6a [term 1 FOLLOWER]: Leader pre-election vote request: Denying vote to candidate e35d126b2e034636a0971216b99d77be in current term 1: Already voted for candidate 4654aac64dda4eaea89a1f7e302f0b4a in this term.
I20260709 14:55:03.404479 27290 tablet_service.cc:1917] Received RequestConsensusVote() RPC: tablet_id: "ed561142b0c146f7abb003f4c4e26eec" candidate_uuid: "e35d126b2e034636a0971216b99d77be" candidate_term: 1 candidate_status { last_received { term: 0 index: 0 } } ignore_live_leader: false dest_uuid: "4654aac64dda4eaea89a1f7e302f0b4a" is_pre_election: true
I20260709 14:55:03.406358 27110 leader_election.cc:304] T ed561142b0c146f7abb003f4c4e26eec P e35d126b2e034636a0971216b99d77be [CANDIDATE]: Term 1 pre-election: Election decided. Result: candidate lost. Election summary: received 3 responses out of 3 voters: 1 yes votes; 2 no votes. yes voters: e35d126b2e034636a0971216b99d77be; no voters: 4654aac64dda4eaea89a1f7e302f0b4a, 817615c3c7584c1cac4b4f78b70fdd6a
I20260709 14:55:03.408011 27333 tablet_bootstrap.cc:492] T a6cb7c57a8eb4626af7410b6df44e4c7 P 4654aac64dda4eaea89a1f7e302f0b4a: No bootstrap required, opened a new log
I20260709 14:55:03.408041 27337 tablet_bootstrap.cc:654] T dd8372129160487d9e1b10ef0968dea3 P e35d126b2e034636a0971216b99d77be: Neither blocks nor log segments found. Creating new log.
I20260709 14:55:03.408591 27333 ts_tablet_manager.cc:1403] T a6cb7c57a8eb4626af7410b6df44e4c7 P 4654aac64dda4eaea89a1f7e302f0b4a: Time spent bootstrapping tablet: real 0.020s	user 0.011s	sys 0.000s
I20260709 14:55:03.410300 27348 raft_consensus.cc:3060] T ed561142b0c146f7abb003f4c4e26eec P e35d126b2e034636a0971216b99d77be [term 0 FOLLOWER]: Advancing to term 1
I20260709 14:55:03.411191 27333 raft_consensus.cc:359] T a6cb7c57a8eb4626af7410b6df44e4c7 P 4654aac64dda4eaea89a1f7e302f0b4a [term 0 FOLLOWER]: Replica starting. Triggering 0 pending ops. Active config: opid_index: -1 OBSOLETE_local: false peers { permanent_uuid: "e35d126b2e034636a0971216b99d77be" member_type: VOTER last_known_addr { host: "127.25.111.65" port: 36971 } } peers { permanent_uuid: "817615c3c7584c1cac4b4f78b70fdd6a" member_type: VOTER last_known_addr { host: "127.25.111.66" port: 33367 } } peers { permanent_uuid: "4654aac64dda4eaea89a1f7e302f0b4a" member_type: VOTER last_known_addr { host: "127.25.111.67" port: 34019 } }
I20260709 14:55:03.411831 27333 raft_consensus.cc:385] T a6cb7c57a8eb4626af7410b6df44e4c7 P 4654aac64dda4eaea89a1f7e302f0b4a [term 0 FOLLOWER]: Consensus starting up: Expiring failure detector timer to make a prompt election more likely
I20260709 14:55:03.412079 27333 raft_consensus.cc:740] T a6cb7c57a8eb4626af7410b6df44e4c7 P 4654aac64dda4eaea89a1f7e302f0b4a [term 0 FOLLOWER]: Becoming Follower/Learner. State: Replica: 4654aac64dda4eaea89a1f7e302f0b4a, State: Initialized, Role: FOLLOWER
I20260709 14:55:03.412719 27333 consensus_queue.cc:260] T a6cb7c57a8eb4626af7410b6df44e4c7 P 4654aac64dda4eaea89a1f7e302f0b4a [NON_LEADER]: Queue going to NON_LEADER mode. State: All replicated index: 0, Majority replicated index: 0, Committed index: 0, Last appended: 0.0, Last appended by leader: 0, Current term: 0, Majority size: -1, State: 0, Mode: NON_LEADER, active raft config: opid_index: -1 OBSOLETE_local: false peers { permanent_uuid: "e35d126b2e034636a0971216b99d77be" member_type: VOTER last_known_addr { host: "127.25.111.65" port: 36971 } } peers { permanent_uuid: "817615c3c7584c1cac4b4f78b70fdd6a" member_type: VOTER last_known_addr { host: "127.25.111.66" port: 33367 } } peers { permanent_uuid: "4654aac64dda4eaea89a1f7e302f0b4a" member_type: VOTER last_known_addr { host: "127.25.111.67" port: 34019 } }
I20260709 14:55:03.415010 27333 ts_tablet_manager.cc:1434] T a6cb7c57a8eb4626af7410b6df44e4c7 P 4654aac64dda4eaea89a1f7e302f0b4a: Time spent starting tablet: real 0.006s	user 0.006s	sys 0.000s
I20260709 14:55:03.415931 27335 tablet_bootstrap.cc:492] T c6f0ecde8ea8431b99f29310a6747a0a P 817615c3c7584c1cac4b4f78b70fdd6a: No bootstrap required, opened a new log
I20260709 14:55:03.416391 27335 ts_tablet_manager.cc:1403] T c6f0ecde8ea8431b99f29310a6747a0a P 817615c3c7584c1cac4b4f78b70fdd6a: Time spent bootstrapping tablet: real 0.034s	user 0.003s	sys 0.009s
I20260709 14:55:03.418901 27335 raft_consensus.cc:359] T c6f0ecde8ea8431b99f29310a6747a0a P 817615c3c7584c1cac4b4f78b70fdd6a [term 0 FOLLOWER]: Replica starting. Triggering 0 pending ops. Active config: opid_index: -1 OBSOLETE_local: false peers { permanent_uuid: "e35d126b2e034636a0971216b99d77be" member_type: VOTER last_known_addr { host: "127.25.111.65" port: 36971 } } peers { permanent_uuid: "817615c3c7584c1cac4b4f78b70fdd6a" member_type: VOTER last_known_addr { host: "127.25.111.66" port: 33367 } } peers { permanent_uuid: "4654aac64dda4eaea89a1f7e302f0b4a" member_type: VOTER last_known_addr { host: "127.25.111.67" port: 34019 } }
I20260709 14:55:03.419566 27335 raft_consensus.cc:385] T c6f0ecde8ea8431b99f29310a6747a0a P 817615c3c7584c1cac4b4f78b70fdd6a [term 0 FOLLOWER]: Consensus starting up: Expiring failure detector timer to make a prompt election more likely
I20260709 14:55:03.419834 27335 raft_consensus.cc:740] T c6f0ecde8ea8431b99f29310a6747a0a P 817615c3c7584c1cac4b4f78b70fdd6a [term 0 FOLLOWER]: Becoming Follower/Learner. State: Replica: 817615c3c7584c1cac4b4f78b70fdd6a, State: Initialized, Role: FOLLOWER
I20260709 14:55:03.420428 27335 consensus_queue.cc:260] T c6f0ecde8ea8431b99f29310a6747a0a P 817615c3c7584c1cac4b4f78b70fdd6a [NON_LEADER]: Queue going to NON_LEADER mode. State: All replicated index: 0, Majority replicated index: 0, Committed index: 0, Last appended: 0.0, Last appended by leader: 0, Current term: 0, Majority size: -1, State: 0, Mode: NON_LEADER, active raft config: opid_index: -1 OBSOLETE_local: false peers { permanent_uuid: "e35d126b2e034636a0971216b99d77be" member_type: VOTER last_known_addr { host: "127.25.111.65" port: 36971 } } peers { permanent_uuid: "817615c3c7584c1cac4b4f78b70fdd6a" member_type: VOTER last_known_addr { host: "127.25.111.66" port: 33367 } } peers { permanent_uuid: "4654aac64dda4eaea89a1f7e302f0b4a" member_type: VOTER last_known_addr { host: "127.25.111.67" port: 34019 } }
I20260709 14:55:03.420675 27527 consensus_queue.cc:1048] T 97866625be264aa88a860f6dec2164af P 4654aac64dda4eaea89a1f7e302f0b4a [LEADER]: Connected to new peer: Peer: permanent_uuid: "817615c3c7584c1cac4b4f78b70fdd6a" member_type: VOTER last_known_addr { host: "127.25.111.66" port: 33367 }, Status: LMP_MISMATCH, Last received: 0.0, Next index: 1, Last known committed idx: 0, Time since last communication: 0.000s
I20260709 14:55:03.422492 27333 tablet_bootstrap.cc:492] T 035ebf91c3234bbd9cafd21f4b9759a2 P 4654aac64dda4eaea89a1f7e302f0b4a: Bootstrap starting.
I20260709 14:55:03.429008 27333 tablet_bootstrap.cc:654] T 035ebf91c3234bbd9cafd21f4b9759a2 P 4654aac64dda4eaea89a1f7e302f0b4a: Neither blocks nor log segments found. Creating new log.
I20260709 14:55:03.430823 27348 raft_consensus.cc:2749] T ed561142b0c146f7abb003f4c4e26eec P e35d126b2e034636a0971216b99d77be [term 1 FOLLOWER]: Leader pre-election lost for term 1. Reason: could not achieve majority
I20260709 14:55:03.439146 27335 ts_tablet_manager.cc:1434] T c6f0ecde8ea8431b99f29310a6747a0a P 817615c3c7584c1cac4b4f78b70fdd6a: Time spent starting tablet: real 0.022s	user 0.005s	sys 0.002s
I20260709 14:55:03.441293 27335 tablet_bootstrap.cc:492] T 62b5bf8af3a142a0ac4318074b62e5b7 P 817615c3c7584c1cac4b4f78b70fdd6a: Bootstrap starting.
I20260709 14:55:03.450259 27335 tablet_bootstrap.cc:654] T 62b5bf8af3a142a0ac4318074b62e5b7 P 817615c3c7584c1cac4b4f78b70fdd6a: Neither blocks nor log segments found. Creating new log.
I20260709 14:55:03.452020 27525 raft_consensus.cc:493] T 62b5bf8af3a142a0ac4318074b62e5b7 P 4654aac64dda4eaea89a1f7e302f0b4a [term 0 FOLLOWER]: Starting pre-election (no leader contacted us within the election timeout)
I20260709 14:55:03.452500 27525 raft_consensus.cc:515] T 62b5bf8af3a142a0ac4318074b62e5b7 P 4654aac64dda4eaea89a1f7e302f0b4a [term 0 FOLLOWER]: Starting pre-election with config: opid_index: -1 OBSOLETE_local: false peers { permanent_uuid: "e35d126b2e034636a0971216b99d77be" member_type: VOTER last_known_addr { host: "127.25.111.65" port: 36971 } } peers { permanent_uuid: "817615c3c7584c1cac4b4f78b70fdd6a" member_type: VOTER last_known_addr { host: "127.25.111.66" port: 33367 } } peers { permanent_uuid: "4654aac64dda4eaea89a1f7e302f0b4a" member_type: VOTER last_known_addr { host: "127.25.111.67" port: 34019 } }
I20260709 14:55:03.455188 27525 leader_election.cc:290] T 62b5bf8af3a142a0ac4318074b62e5b7 P 4654aac64dda4eaea89a1f7e302f0b4a [CANDIDATE]: Term 1 pre-election: Requested pre-vote from peers e35d126b2e034636a0971216b99d77be (127.25.111.65:36971), 817615c3c7584c1cac4b4f78b70fdd6a (127.25.111.66:33367)
I20260709 14:55:03.457417 27144 tablet_service.cc:1917] Received RequestConsensusVote() RPC: tablet_id: "62b5bf8af3a142a0ac4318074b62e5b7" candidate_uuid: "4654aac64dda4eaea89a1f7e302f0b4a" candidate_term: 1 candidate_status { last_received { term: 0 index: 0 } } ignore_live_leader: false dest_uuid: "e35d126b2e034636a0971216b99d77be" is_pre_election: true
I20260709 14:55:03.457600 27527 raft_consensus.cc:493] T 58aa1197adc54318872ae12476ed8f19 P 4654aac64dda4eaea89a1f7e302f0b4a [term 0 FOLLOWER]: Starting pre-election (no leader contacted us within the election timeout)
I20260709 14:55:03.457679 27218 tablet_service.cc:1917] Received RequestConsensusVote() RPC: tablet_id: "62b5bf8af3a142a0ac4318074b62e5b7" candidate_uuid: "4654aac64dda4eaea89a1f7e302f0b4a" candidate_term: 1 candidate_status { last_received { term: 0 index: 0 } } ignore_live_leader: false dest_uuid: "817615c3c7584c1cac4b4f78b70fdd6a" is_pre_election: true
W20260709 14:55:03.458781 27260 leader_election.cc:343] T 62b5bf8af3a142a0ac4318074b62e5b7 P 4654aac64dda4eaea89a1f7e302f0b4a [CANDIDATE]: Term 1 pre-election: Tablet error from VoteRequest() call to peer e35d126b2e034636a0971216b99d77be (127.25.111.65:36971): Illegal state: must be running to vote when last-logged opid is not known
I20260709 14:55:03.459214 27426 consensus_queue.cc:1048] T 97866625be264aa88a860f6dec2164af P 4654aac64dda4eaea89a1f7e302f0b4a [LEADER]: Connected to new peer: Peer: permanent_uuid: "e35d126b2e034636a0971216b99d77be" member_type: VOTER last_known_addr { host: "127.25.111.65" port: 36971 }, Status: LMP_MISMATCH, Last received: 0.0, Next index: 1, Last known committed idx: 0, Time since last communication: 0.000s
W20260709 14:55:03.459738 27260 leader_election.cc:343] T 62b5bf8af3a142a0ac4318074b62e5b7 P 4654aac64dda4eaea89a1f7e302f0b4a [CANDIDATE]: Term 1 pre-election: Tablet error from VoteRequest() call to peer 817615c3c7584c1cac4b4f78b70fdd6a (127.25.111.66:33367): Illegal state: must be running to vote when last-logged opid is not known
I20260709 14:55:03.460271 27260 leader_election.cc:304] T 62b5bf8af3a142a0ac4318074b62e5b7 P 4654aac64dda4eaea89a1f7e302f0b4a [CANDIDATE]: Term 1 pre-election: Election decided. Result: candidate lost. Election summary: received 3 responses out of 3 voters: 1 yes votes; 2 no votes. yes voters: 4654aac64dda4eaea89a1f7e302f0b4a; no voters: 817615c3c7584c1cac4b4f78b70fdd6a, e35d126b2e034636a0971216b99d77be
I20260709 14:55:03.460096 27527 raft_consensus.cc:515] T 58aa1197adc54318872ae12476ed8f19 P 4654aac64dda4eaea89a1f7e302f0b4a [term 0 FOLLOWER]: Starting pre-election with config: opid_index: -1 OBSOLETE_local: false peers { permanent_uuid: "e35d126b2e034636a0971216b99d77be" member_type: VOTER last_known_addr { host: "127.25.111.65" port: 36971 } } peers { permanent_uuid: "817615c3c7584c1cac4b4f78b70fdd6a" member_type: VOTER last_known_addr { host: "127.25.111.66" port: 33367 } } peers { permanent_uuid: "4654aac64dda4eaea89a1f7e302f0b4a" member_type: VOTER last_known_addr { host: "127.25.111.67" port: 34019 } }
I20260709 14:55:03.462019 27525 raft_consensus.cc:2749] T 62b5bf8af3a142a0ac4318074b62e5b7 P 4654aac64dda4eaea89a1f7e302f0b4a [term 0 FOLLOWER]: Leader pre-election lost for term 1. Reason: could not achieve majority
I20260709 14:55:03.462318 27527 leader_election.cc:290] T 58aa1197adc54318872ae12476ed8f19 P 4654aac64dda4eaea89a1f7e302f0b4a [CANDIDATE]: Term 1 pre-election: Requested pre-vote from peers e35d126b2e034636a0971216b99d77be (127.25.111.65:36971), 817615c3c7584c1cac4b4f78b70fdd6a (127.25.111.66:33367)
I20260709 14:55:03.463347 27337 tablet_bootstrap.cc:492] T dd8372129160487d9e1b10ef0968dea3 P e35d126b2e034636a0971216b99d77be: No bootstrap required, opened a new log
I20260709 14:55:03.464517 27337 ts_tablet_manager.cc:1403] T dd8372129160487d9e1b10ef0968dea3 P e35d126b2e034636a0971216b99d77be: Time spent bootstrapping tablet: real 0.063s	user 0.008s	sys 0.018s
I20260709 14:55:03.464475 27145 tablet_service.cc:1917] Received RequestConsensusVote() RPC: tablet_id: "58aa1197adc54318872ae12476ed8f19" candidate_uuid: "4654aac64dda4eaea89a1f7e302f0b4a" candidate_term: 1 candidate_status { last_received { term: 0 index: 0 } } ignore_live_leader: false dest_uuid: "e35d126b2e034636a0971216b99d77be" is_pre_election: true
I20260709 14:55:03.465385 27218 tablet_service.cc:1917] Received RequestConsensusVote() RPC: tablet_id: "58aa1197adc54318872ae12476ed8f19" candidate_uuid: "4654aac64dda4eaea89a1f7e302f0b4a" candidate_term: 1 candidate_status { last_received { term: 0 index: 0 } } ignore_live_leader: false dest_uuid: "817615c3c7584c1cac4b4f78b70fdd6a" is_pre_election: true
I20260709 14:55:03.470326 27335 tablet_bootstrap.cc:492] T 62b5bf8af3a142a0ac4318074b62e5b7 P 817615c3c7584c1cac4b4f78b70fdd6a: No bootstrap required, opened a new log
I20260709 14:55:03.470382 27218 raft_consensus.cc:2468] T 58aa1197adc54318872ae12476ed8f19 P 817615c3c7584c1cac4b4f78b70fdd6a [term 0 FOLLOWER]: Leader pre-election vote request: Granting yes vote for candidate 4654aac64dda4eaea89a1f7e302f0b4a in term 0.
I20260709 14:55:03.470908 27335 ts_tablet_manager.cc:1403] T 62b5bf8af3a142a0ac4318074b62e5b7 P 817615c3c7584c1cac4b4f78b70fdd6a: Time spent bootstrapping tablet: real 0.030s	user 0.010s	sys 0.000s
I20260709 14:55:03.471819 27260 leader_election.cc:304] T 58aa1197adc54318872ae12476ed8f19 P 4654aac64dda4eaea89a1f7e302f0b4a [CANDIDATE]: Term 1 pre-election: Election decided. Result: candidate won. Election summary: received 2 responses out of 3 voters: 2 yes votes; 0 no votes. yes voters: 4654aac64dda4eaea89a1f7e302f0b4a, 817615c3c7584c1cac4b4f78b70fdd6a; no voters: 
I20260709 14:55:03.472533 27527 raft_consensus.cc:2804] T 58aa1197adc54318872ae12476ed8f19 P 4654aac64dda4eaea89a1f7e302f0b4a [term 0 FOLLOWER]: Leader pre-election won for term 1
I20260709 14:55:03.472930 27527 raft_consensus.cc:493] T 58aa1197adc54318872ae12476ed8f19 P 4654aac64dda4eaea89a1f7e302f0b4a [term 0 FOLLOWER]: Starting leader election (no leader contacted us within the election timeout)
I20260709 14:55:03.472337 27337 raft_consensus.cc:359] T dd8372129160487d9e1b10ef0968dea3 P e35d126b2e034636a0971216b99d77be [term 0 FOLLOWER]: Replica starting. Triggering 0 pending ops. Active config: opid_index: -1 OBSOLETE_local: false peers { permanent_uuid: "e35d126b2e034636a0971216b99d77be" member_type: VOTER last_known_addr { host: "127.25.111.65" port: 36971 } } peers { permanent_uuid: "817615c3c7584c1cac4b4f78b70fdd6a" member_type: VOTER last_known_addr { host: "127.25.111.66" port: 33367 } } peers { permanent_uuid: "4654aac64dda4eaea89a1f7e302f0b4a" member_type: VOTER last_known_addr { host: "127.25.111.67" port: 34019 } }
I20260709 14:55:03.473269 27527 raft_consensus.cc:3060] T 58aa1197adc54318872ae12476ed8f19 P 4654aac64dda4eaea89a1f7e302f0b4a [term 0 FOLLOWER]: Advancing to term 1
I20260709 14:55:03.473487 27337 raft_consensus.cc:385] T dd8372129160487d9e1b10ef0968dea3 P e35d126b2e034636a0971216b99d77be [term 0 FOLLOWER]: Consensus starting up: Expiring failure detector timer to make a prompt election more likely
I20260709 14:55:03.474844 27337 raft_consensus.cc:740] T dd8372129160487d9e1b10ef0968dea3 P e35d126b2e034636a0971216b99d77be [term 0 FOLLOWER]: Becoming Follower/Learner. State: Replica: e35d126b2e034636a0971216b99d77be, State: Initialized, Role: FOLLOWER
I20260709 14:55:03.475802 27333 tablet_bootstrap.cc:492] T 035ebf91c3234bbd9cafd21f4b9759a2 P 4654aac64dda4eaea89a1f7e302f0b4a: No bootstrap required, opened a new log
I20260709 14:55:03.477844 27333 ts_tablet_manager.cc:1403] T 035ebf91c3234bbd9cafd21f4b9759a2 P 4654aac64dda4eaea89a1f7e302f0b4a: Time spent bootstrapping tablet: real 0.056s	user 0.006s	sys 0.012s
I20260709 14:55:03.478011 27337 consensus_queue.cc:260] T dd8372129160487d9e1b10ef0968dea3 P e35d126b2e034636a0971216b99d77be [NON_LEADER]: Queue going to NON_LEADER mode. State: All replicated index: 0, Majority replicated index: 0, Committed index: 0, Last appended: 0.0, Last appended by leader: 0, Current term: 0, Majority size: -1, State: 0, Mode: NON_LEADER, active raft config: opid_index: -1 OBSOLETE_local: false peers { permanent_uuid: "e35d126b2e034636a0971216b99d77be" member_type: VOTER last_known_addr { host: "127.25.111.65" port: 36971 } } peers { permanent_uuid: "817615c3c7584c1cac4b4f78b70fdd6a" member_type: VOTER last_known_addr { host: "127.25.111.66" port: 33367 } } peers { permanent_uuid: "4654aac64dda4eaea89a1f7e302f0b4a" member_type: VOTER last_known_addr { host: "127.25.111.67" port: 34019 } }
W20260709 14:55:03.479455 27260 leader_election.cc:343] T 58aa1197adc54318872ae12476ed8f19 P 4654aac64dda4eaea89a1f7e302f0b4a [CANDIDATE]: Term 1 pre-election: Tablet error from VoteRequest() call to peer e35d126b2e034636a0971216b99d77be (127.25.111.65:36971): Illegal state: must be running to vote when last-logged opid is not known
I20260709 14:55:03.480264 27337 ts_tablet_manager.cc:1434] T dd8372129160487d9e1b10ef0968dea3 P e35d126b2e034636a0971216b99d77be: Time spent starting tablet: real 0.011s	user 0.006s	sys 0.000s
I20260709 14:55:03.483064 27144 raft_consensus.cc:3060] T dd8372129160487d9e1b10ef0968dea3 P e35d126b2e034636a0971216b99d77be [term 0 FOLLOWER]: Advancing to term 1
I20260709 14:55:03.483716 27337 tablet_bootstrap.cc:492] T a6cb7c57a8eb4626af7410b6df44e4c7 P e35d126b2e034636a0971216b99d77be: Bootstrap starting.
I20260709 14:55:03.485292 27527 raft_consensus.cc:515] T 58aa1197adc54318872ae12476ed8f19 P 4654aac64dda4eaea89a1f7e302f0b4a [term 1 FOLLOWER]: Starting leader election with config: opid_index: -1 OBSOLETE_local: false peers { permanent_uuid: "e35d126b2e034636a0971216b99d77be" member_type: VOTER last_known_addr { host: "127.25.111.65" port: 36971 } } peers { permanent_uuid: "817615c3c7584c1cac4b4f78b70fdd6a" member_type: VOTER last_known_addr { host: "127.25.111.66" port: 33367 } } peers { permanent_uuid: "4654aac64dda4eaea89a1f7e302f0b4a" member_type: VOTER last_known_addr { host: "127.25.111.67" port: 34019 } }
I20260709 14:55:03.487298 27527 leader_election.cc:290] T 58aa1197adc54318872ae12476ed8f19 P 4654aac64dda4eaea89a1f7e302f0b4a [CANDIDATE]: Term 1 election: Requested vote from peers e35d126b2e034636a0971216b99d77be (127.25.111.65:36971), 817615c3c7584c1cac4b4f78b70fdd6a (127.25.111.66:33367)
I20260709 14:55:03.480860 27333 raft_consensus.cc:359] T 035ebf91c3234bbd9cafd21f4b9759a2 P 4654aac64dda4eaea89a1f7e302f0b4a [term 0 FOLLOWER]: Replica starting. Triggering 0 pending ops. Active config: opid_index: -1 OBSOLETE_local: false peers { permanent_uuid: "e35d126b2e034636a0971216b99d77be" member_type: VOTER last_known_addr { host: "127.25.111.65" port: 36971 } } peers { permanent_uuid: "817615c3c7584c1cac4b4f78b70fdd6a" member_type: VOTER last_known_addr { host: "127.25.111.66" port: 33367 } } peers { permanent_uuid: "4654aac64dda4eaea89a1f7e302f0b4a" member_type: VOTER last_known_addr { host: "127.25.111.67" port: 34019 } }
W20260709 14:55:03.482651 27091 auto_rebalancer.cc:288] Could not retrieve cluster info: Service unavailable: Tablet not running
I20260709 14:55:03.488746 27333 raft_consensus.cc:385] T 035ebf91c3234bbd9cafd21f4b9759a2 P 4654aac64dda4eaea89a1f7e302f0b4a [term 0 FOLLOWER]: Consensus starting up: Expiring failure detector timer to make a prompt election more likely
I20260709 14:55:03.489053 27333 raft_consensus.cc:740] T 035ebf91c3234bbd9cafd21f4b9759a2 P 4654aac64dda4eaea89a1f7e302f0b4a [term 0 FOLLOWER]: Becoming Follower/Learner. State: Replica: 4654aac64dda4eaea89a1f7e302f0b4a, State: Initialized, Role: FOLLOWER
I20260709 14:55:03.489727 27145 tablet_service.cc:1917] Received RequestConsensusVote() RPC: tablet_id: "58aa1197adc54318872ae12476ed8f19" candidate_uuid: "4654aac64dda4eaea89a1f7e302f0b4a" candidate_term: 1 candidate_status { last_received { term: 0 index: 0 } } ignore_live_leader: false dest_uuid: "e35d126b2e034636a0971216b99d77be"
I20260709 14:55:03.473348 27335 raft_consensus.cc:359] T 62b5bf8af3a142a0ac4318074b62e5b7 P 817615c3c7584c1cac4b4f78b70fdd6a [term 0 FOLLOWER]: Replica starting. Triggering 0 pending ops. Active config: opid_index: -1 OBSOLETE_local: false peers { permanent_uuid: "e35d126b2e034636a0971216b99d77be" member_type: VOTER last_known_addr { host: "127.25.111.65" port: 36971 } } peers { permanent_uuid: "817615c3c7584c1cac4b4f78b70fdd6a" member_type: VOTER last_known_addr { host: "127.25.111.66" port: 33367 } } peers { permanent_uuid: "4654aac64dda4eaea89a1f7e302f0b4a" member_type: VOTER last_known_addr { host: "127.25.111.67" port: 34019 } }
I20260709 14:55:03.489827 27333 consensus_queue.cc:260] T 035ebf91c3234bbd9cafd21f4b9759a2 P 4654aac64dda4eaea89a1f7e302f0b4a [NON_LEADER]: Queue going to NON_LEADER mode. State: All replicated index: 0, Majority replicated index: 0, Committed index: 0, Last appended: 0.0, Last appended by leader: 0, Current term: 0, Majority size: -1, State: 0, Mode: NON_LEADER, active raft config: opid_index: -1 OBSOLETE_local: false peers { permanent_uuid: "e35d126b2e034636a0971216b99d77be" member_type: VOTER last_known_addr { host: "127.25.111.65" port: 36971 } } peers { permanent_uuid: "817615c3c7584c1cac4b4f78b70fdd6a" member_type: VOTER last_known_addr { host: "127.25.111.66" port: 33367 } } peers { permanent_uuid: "4654aac64dda4eaea89a1f7e302f0b4a" member_type: VOTER last_known_addr { host: "127.25.111.67" port: 34019 } }
I20260709 14:55:03.488969 27218 tablet_service.cc:1917] Received RequestConsensusVote() RPC: tablet_id: "58aa1197adc54318872ae12476ed8f19" candidate_uuid: "4654aac64dda4eaea89a1f7e302f0b4a" candidate_term: 1 candidate_status { last_received { term: 0 index: 0 } } ignore_live_leader: false dest_uuid: "817615c3c7584c1cac4b4f78b70fdd6a"
I20260709 14:55:03.490350 27335 raft_consensus.cc:385] T 62b5bf8af3a142a0ac4318074b62e5b7 P 817615c3c7584c1cac4b4f78b70fdd6a [term 0 FOLLOWER]: Consensus starting up: Expiring failure detector timer to make a prompt election more likely
I20260709 14:55:03.491044 27218 raft_consensus.cc:3060] T 58aa1197adc54318872ae12476ed8f19 P 817615c3c7584c1cac4b4f78b70fdd6a [term 0 FOLLOWER]: Advancing to term 1
I20260709 14:55:03.491286 27335 raft_consensus.cc:740] T 62b5bf8af3a142a0ac4318074b62e5b7 P 817615c3c7584c1cac4b4f78b70fdd6a [term 0 FOLLOWER]: Becoming Follower/Learner. State: Replica: 817615c3c7584c1cac4b4f78b70fdd6a, State: Initialized, Role: FOLLOWER
I20260709 14:55:03.492121 27335 consensus_queue.cc:260] T 62b5bf8af3a142a0ac4318074b62e5b7 P 817615c3c7584c1cac4b4f78b70fdd6a [NON_LEADER]: Queue going to NON_LEADER mode. State: All replicated index: 0, Majority replicated index: 0, Committed index: 0, Last appended: 0.0, Last appended by leader: 0, Current term: 0, Majority size: -1, State: 0, Mode: NON_LEADER, active raft config: opid_index: -1 OBSOLETE_local: false peers { permanent_uuid: "e35d126b2e034636a0971216b99d77be" member_type: VOTER last_known_addr { host: "127.25.111.65" port: 36971 } } peers { permanent_uuid: "817615c3c7584c1cac4b4f78b70fdd6a" member_type: VOTER last_known_addr { host: "127.25.111.66" port: 33367 } } peers { permanent_uuid: "4654aac64dda4eaea89a1f7e302f0b4a" member_type: VOTER last_known_addr { host: "127.25.111.67" port: 34019 } }
I20260709 14:55:03.492714 27337 tablet_bootstrap.cc:654] T a6cb7c57a8eb4626af7410b6df44e4c7 P e35d126b2e034636a0971216b99d77be: Neither blocks nor log segments found. Creating new log.
I20260709 14:55:03.493105 27531 raft_consensus.cc:493] T a6cb7c57a8eb4626af7410b6df44e4c7 P 4654aac64dda4eaea89a1f7e302f0b4a [term 0 FOLLOWER]: Starting pre-election (no leader contacted us within the election timeout)
I20260709 14:55:03.493593 27531 raft_consensus.cc:515] T a6cb7c57a8eb4626af7410b6df44e4c7 P 4654aac64dda4eaea89a1f7e302f0b4a [term 0 FOLLOWER]: Starting pre-election with config: opid_index: -1 OBSOLETE_local: false peers { permanent_uuid: "e35d126b2e034636a0971216b99d77be" member_type: VOTER last_known_addr { host: "127.25.111.65" port: 36971 } } peers { permanent_uuid: "817615c3c7584c1cac4b4f78b70fdd6a" member_type: VOTER last_known_addr { host: "127.25.111.66" port: 33367 } } peers { permanent_uuid: "4654aac64dda4eaea89a1f7e302f0b4a" member_type: VOTER last_known_addr { host: "127.25.111.67" port: 34019 } }
I20260709 14:55:03.495688 27531 leader_election.cc:290] T a6cb7c57a8eb4626af7410b6df44e4c7 P 4654aac64dda4eaea89a1f7e302f0b4a [CANDIDATE]: Term 1 pre-election: Requested pre-vote from peers e35d126b2e034636a0971216b99d77be (127.25.111.65:36971), 817615c3c7584c1cac4b4f78b70fdd6a (127.25.111.66:33367)
W20260709 14:55:03.502771 27260 leader_election.cc:343] T 58aa1197adc54318872ae12476ed8f19 P 4654aac64dda4eaea89a1f7e302f0b4a [CANDIDATE]: Term 1 election: Tablet error from VoteRequest() call to peer e35d126b2e034636a0971216b99d77be (127.25.111.65:36971): Illegal state: must be running to vote when last-logged opid is not known
I20260709 14:55:03.503173 27145 tablet_service.cc:1917] Received RequestConsensusVote() RPC: tablet_id: "a6cb7c57a8eb4626af7410b6df44e4c7" candidate_uuid: "4654aac64dda4eaea89a1f7e302f0b4a" candidate_term: 1 candidate_status { last_received { term: 0 index: 0 } } ignore_live_leader: false dest_uuid: "e35d126b2e034636a0971216b99d77be" is_pre_election: true
I20260709 14:55:03.504108 27217 tablet_service.cc:1917] Received RequestConsensusVote() RPC: tablet_id: "a6cb7c57a8eb4626af7410b6df44e4c7" candidate_uuid: "4654aac64dda4eaea89a1f7e302f0b4a" candidate_term: 1 candidate_status { last_received { term: 0 index: 0 } } ignore_live_leader: false dest_uuid: "817615c3c7584c1cac4b4f78b70fdd6a" is_pre_election: true
W20260709 14:55:03.505461 27260 leader_election.cc:343] T a6cb7c57a8eb4626af7410b6df44e4c7 P 4654aac64dda4eaea89a1f7e302f0b4a [CANDIDATE]: Term 1 pre-election: Tablet error from VoteRequest() call to peer 817615c3c7584c1cac4b4f78b70fdd6a (127.25.111.66:33367): Illegal state: must be running to vote when last-logged opid is not known
I20260709 14:55:03.507145 27337 tablet_bootstrap.cc:492] T a6cb7c57a8eb4626af7410b6df44e4c7 P e35d126b2e034636a0971216b99d77be: No bootstrap required, opened a new log
I20260709 14:55:03.507635 27337 ts_tablet_manager.cc:1403] T a6cb7c57a8eb4626af7410b6df44e4c7 P e35d126b2e034636a0971216b99d77be: Time spent bootstrapping tablet: real 0.024s	user 0.011s	sys 0.006s
I20260709 14:55:03.510215 27337 raft_consensus.cc:359] T a6cb7c57a8eb4626af7410b6df44e4c7 P e35d126b2e034636a0971216b99d77be [term 0 FOLLOWER]: Replica starting. Triggering 0 pending ops. Active config: opid_index: -1 OBSOLETE_local: false peers { permanent_uuid: "e35d126b2e034636a0971216b99d77be" member_type: VOTER last_known_addr { host: "127.25.111.65" port: 36971 } } peers { permanent_uuid: "817615c3c7584c1cac4b4f78b70fdd6a" member_type: VOTER last_known_addr { host: "127.25.111.66" port: 33367 } } peers { permanent_uuid: "4654aac64dda4eaea89a1f7e302f0b4a" member_type: VOTER last_known_addr { host: "127.25.111.67" port: 34019 } }
I20260709 14:55:03.511010 27337 raft_consensus.cc:385] T a6cb7c57a8eb4626af7410b6df44e4c7 P e35d126b2e034636a0971216b99d77be [term 0 FOLLOWER]: Consensus starting up: Expiring failure detector timer to make a prompt election more likely
W20260709 14:55:03.511118 27260 leader_election.cc:343] T a6cb7c57a8eb4626af7410b6df44e4c7 P 4654aac64dda4eaea89a1f7e302f0b4a [CANDIDATE]: Term 1 pre-election: Tablet error from VoteRequest() call to peer e35d126b2e034636a0971216b99d77be (127.25.111.65:36971): Illegal state: must be running to vote when last-logged opid is not known
I20260709 14:55:03.511341 27337 raft_consensus.cc:740] T a6cb7c57a8eb4626af7410b6df44e4c7 P e35d126b2e034636a0971216b99d77be [term 0 FOLLOWER]: Becoming Follower/Learner. State: Replica: e35d126b2e034636a0971216b99d77be, State: Initialized, Role: FOLLOWER
I20260709 14:55:03.511595 27260 leader_election.cc:304] T a6cb7c57a8eb4626af7410b6df44e4c7 P 4654aac64dda4eaea89a1f7e302f0b4a [CANDIDATE]: Term 1 pre-election: Election decided. Result: candidate lost. Election summary: received 3 responses out of 3 voters: 1 yes votes; 2 no votes. yes voters: 4654aac64dda4eaea89a1f7e302f0b4a; no voters: 817615c3c7584c1cac4b4f78b70fdd6a, e35d126b2e034636a0971216b99d77be
I20260709 14:55:03.512115 27337 consensus_queue.cc:260] T a6cb7c57a8eb4626af7410b6df44e4c7 P e35d126b2e034636a0971216b99d77be [NON_LEADER]: Queue going to NON_LEADER mode. State: All replicated index: 0, Majority replicated index: 0, Committed index: 0, Last appended: 0.0, Last appended by leader: 0, Current term: 0, Majority size: -1, State: 0, Mode: NON_LEADER, active raft config: opid_index: -1 OBSOLETE_local: false peers { permanent_uuid: "e35d126b2e034636a0971216b99d77be" member_type: VOTER last_known_addr { host: "127.25.111.65" port: 36971 } } peers { permanent_uuid: "817615c3c7584c1cac4b4f78b70fdd6a" member_type: VOTER last_known_addr { host: "127.25.111.66" port: 33367 } } peers { permanent_uuid: "4654aac64dda4eaea89a1f7e302f0b4a" member_type: VOTER last_known_addr { host: "127.25.111.67" port: 34019 } }
I20260709 14:55:03.512539 27531 raft_consensus.cc:2749] T a6cb7c57a8eb4626af7410b6df44e4c7 P 4654aac64dda4eaea89a1f7e302f0b4a [term 0 FOLLOWER]: Leader pre-election lost for term 1. Reason: could not achieve majority
I20260709 14:55:03.514454 27337 ts_tablet_manager.cc:1434] T a6cb7c57a8eb4626af7410b6df44e4c7 P e35d126b2e034636a0971216b99d77be: Time spent starting tablet: real 0.006s	user 0.001s	sys 0.004s
I20260709 14:55:03.514714 27218 raft_consensus.cc:2468] T 58aa1197adc54318872ae12476ed8f19 P 817615c3c7584c1cac4b4f78b70fdd6a [term 1 FOLLOWER]: Leader election vote request: Granting yes vote for candidate 4654aac64dda4eaea89a1f7e302f0b4a in term 1.
I20260709 14:55:03.515456 27337 tablet_bootstrap.cc:492] T 58aa1197adc54318872ae12476ed8f19 P e35d126b2e034636a0971216b99d77be: Bootstrap starting.
I20260709 14:55:03.516316 27260 leader_election.cc:304] T 58aa1197adc54318872ae12476ed8f19 P 4654aac64dda4eaea89a1f7e302f0b4a [CANDIDATE]: Term 1 election: Election decided. Result: candidate won. Election summary: received 3 responses out of 3 voters: 2 yes votes; 1 no votes. yes voters: 4654aac64dda4eaea89a1f7e302f0b4a, 817615c3c7584c1cac4b4f78b70fdd6a; no voters: e35d126b2e034636a0971216b99d77be
I20260709 14:55:03.517972 27335 ts_tablet_manager.cc:1434] T 62b5bf8af3a142a0ac4318074b62e5b7 P 817615c3c7584c1cac4b4f78b70fdd6a: Time spent starting tablet: real 0.047s	user 0.007s	sys 0.000s
I20260709 14:55:03.518726 27527 raft_consensus.cc:2804] T 58aa1197adc54318872ae12476ed8f19 P 4654aac64dda4eaea89a1f7e302f0b4a [term 1 FOLLOWER]: Leader election won for term 1
I20260709 14:55:03.518942 27335 tablet_bootstrap.cc:492] T a6cb7c57a8eb4626af7410b6df44e4c7 P 817615c3c7584c1cac4b4f78b70fdd6a: Bootstrap starting.
I20260709 14:55:03.519953 27527 raft_consensus.cc:697] T 58aa1197adc54318872ae12476ed8f19 P 4654aac64dda4eaea89a1f7e302f0b4a [term 1 LEADER]: Becoming Leader. State: Replica: 4654aac64dda4eaea89a1f7e302f0b4a, State: Running, Role: LEADER
I20260709 14:55:03.521948 27337 tablet_bootstrap.cc:654] T 58aa1197adc54318872ae12476ed8f19 P e35d126b2e034636a0971216b99d77be: Neither blocks nor log segments found. Creating new log.
I20260709 14:55:03.521109 27527 consensus_queue.cc:237] T 58aa1197adc54318872ae12476ed8f19 P 4654aac64dda4eaea89a1f7e302f0b4a [LEADER]: Queue going to LEADER mode. State: All replicated index: 0, Majority replicated index: 0, Committed index: 0, Last appended: 0.0, Last appended by leader: 0, Current term: 1, Majority size: 2, State: 0, Mode: LEADER, active raft config: opid_index: -1 OBSOLETE_local: false peers { permanent_uuid: "e35d126b2e034636a0971216b99d77be" member_type: VOTER last_known_addr { host: "127.25.111.65" port: 36971 } } peers { permanent_uuid: "817615c3c7584c1cac4b4f78b70fdd6a" member_type: VOTER last_known_addr { host: "127.25.111.66" port: 33367 } } peers { permanent_uuid: "4654aac64dda4eaea89a1f7e302f0b4a" member_type: VOTER last_known_addr { host: "127.25.111.67" port: 34019 } }
I20260709 14:55:03.528131 27333 ts_tablet_manager.cc:1434] T 035ebf91c3234bbd9cafd21f4b9759a2 P 4654aac64dda4eaea89a1f7e302f0b4a: Time spent starting tablet: real 0.050s	user 0.003s	sys 0.004s
I20260709 14:55:03.529439 27333 tablet_bootstrap.cc:492] T 3facd51b2ef34ad38544cb69f8b7211d P 4654aac64dda4eaea89a1f7e302f0b4a: Bootstrap starting.
I20260709 14:55:03.533386 27337 tablet_bootstrap.cc:492] T 58aa1197adc54318872ae12476ed8f19 P e35d126b2e034636a0971216b99d77be: No bootstrap required, opened a new log
I20260709 14:55:03.533952 27337 ts_tablet_manager.cc:1403] T 58aa1197adc54318872ae12476ed8f19 P e35d126b2e034636a0971216b99d77be: Time spent bootstrapping tablet: real 0.019s	user 0.014s	sys 0.000s
I20260709 14:55:03.536669 27337 raft_consensus.cc:359] T 58aa1197adc54318872ae12476ed8f19 P e35d126b2e034636a0971216b99d77be [term 0 FOLLOWER]: Replica starting. Triggering 0 pending ops. Active config: opid_index: -1 OBSOLETE_local: false peers { permanent_uuid: "e35d126b2e034636a0971216b99d77be" member_type: VOTER last_known_addr { host: "127.25.111.65" port: 36971 } } peers { permanent_uuid: "817615c3c7584c1cac4b4f78b70fdd6a" member_type: VOTER last_known_addr { host: "127.25.111.66" port: 33367 } } peers { permanent_uuid: "4654aac64dda4eaea89a1f7e302f0b4a" member_type: VOTER last_known_addr { host: "127.25.111.67" port: 34019 } }
I20260709 14:55:03.537515 27337 raft_consensus.cc:385] T 58aa1197adc54318872ae12476ed8f19 P e35d126b2e034636a0971216b99d77be [term 0 FOLLOWER]: Consensus starting up: Expiring failure detector timer to make a prompt election more likely
I20260709 14:55:03.537892 27337 raft_consensus.cc:740] T 58aa1197adc54318872ae12476ed8f19 P e35d126b2e034636a0971216b99d77be [term 0 FOLLOWER]: Becoming Follower/Learner. State: Replica: e35d126b2e034636a0971216b99d77be, State: Initialized, Role: FOLLOWER
I20260709 14:55:03.538791 27337 consensus_queue.cc:260] T 58aa1197adc54318872ae12476ed8f19 P e35d126b2e034636a0971216b99d77be [NON_LEADER]: Queue going to NON_LEADER mode. State: All replicated index: 0, Majority replicated index: 0, Committed index: 0, Last appended: 0.0, Last appended by leader: 0, Current term: 0, Majority size: -1, State: 0, Mode: NON_LEADER, active raft config: opid_index: -1 OBSOLETE_local: false peers { permanent_uuid: "e35d126b2e034636a0971216b99d77be" member_type: VOTER last_known_addr { host: "127.25.111.65" port: 36971 } } peers { permanent_uuid: "817615c3c7584c1cac4b4f78b70fdd6a" member_type: VOTER last_known_addr { host: "127.25.111.66" port: 33367 } } peers { permanent_uuid: "4654aac64dda4eaea89a1f7e302f0b4a" member_type: VOTER last_known_addr { host: "127.25.111.67" port: 34019 } }
I20260709 14:55:03.541224 27337 ts_tablet_manager.cc:1434] T 58aa1197adc54318872ae12476ed8f19 P e35d126b2e034636a0971216b99d77be: Time spent starting tablet: real 0.007s	user 0.005s	sys 0.000s
I20260709 14:55:03.542392 27337 tablet_bootstrap.cc:492] T c6f0ecde8ea8431b99f29310a6747a0a P e35d126b2e034636a0971216b99d77be: Bootstrap starting.
I20260709 14:55:03.543408 27335 tablet_bootstrap.cc:654] T a6cb7c57a8eb4626af7410b6df44e4c7 P 817615c3c7584c1cac4b4f78b70fdd6a: Neither blocks nor log segments found. Creating new log.
I20260709 14:55:03.545555 27348 raft_consensus.cc:493] T 035ebf91c3234bbd9cafd21f4b9759a2 P e35d126b2e034636a0971216b99d77be [term 0 FOLLOWER]: Starting pre-election (no leader contacted us within the election timeout)
I20260709 14:55:03.546053 27348 raft_consensus.cc:515] T 035ebf91c3234bbd9cafd21f4b9759a2 P e35d126b2e034636a0971216b99d77be [term 0 FOLLOWER]: Starting pre-election with config: opid_index: -1 OBSOLETE_local: false peers { permanent_uuid: "e35d126b2e034636a0971216b99d77be" member_type: VOTER last_known_addr { host: "127.25.111.65" port: 36971 } } peers { permanent_uuid: "817615c3c7584c1cac4b4f78b70fdd6a" member_type: VOTER last_known_addr { host: "127.25.111.66" port: 33367 } } peers { permanent_uuid: "4654aac64dda4eaea89a1f7e302f0b4a" member_type: VOTER last_known_addr { host: "127.25.111.67" port: 34019 } }
I20260709 14:55:03.547549 27333 tablet_bootstrap.cc:654] T 3facd51b2ef34ad38544cb69f8b7211d P 4654aac64dda4eaea89a1f7e302f0b4a: Neither blocks nor log segments found. Creating new log.
I20260709 14:55:03.548429 27337 tablet_bootstrap.cc:654] T c6f0ecde8ea8431b99f29310a6747a0a P e35d126b2e034636a0971216b99d77be: Neither blocks nor log segments found. Creating new log.
I20260709 14:55:03.548545 27348 leader_election.cc:290] T 035ebf91c3234bbd9cafd21f4b9759a2 P e35d126b2e034636a0971216b99d77be [CANDIDATE]: Term 1 pre-election: Requested pre-vote from peers 817615c3c7584c1cac4b4f78b70fdd6a (127.25.111.66:33367), 4654aac64dda4eaea89a1f7e302f0b4a (127.25.111.67:34019)
I20260709 14:55:03.550752 27217 tablet_service.cc:1917] Received RequestConsensusVote() RPC: tablet_id: "035ebf91c3234bbd9cafd21f4b9759a2" candidate_uuid: "e35d126b2e034636a0971216b99d77be" candidate_term: 1 candidate_status { last_received { term: 0 index: 0 } } ignore_live_leader: false dest_uuid: "817615c3c7584c1cac4b4f78b70fdd6a" is_pre_election: true
I20260709 14:55:03.550920 27290 tablet_service.cc:1917] Received RequestConsensusVote() RPC: tablet_id: "035ebf91c3234bbd9cafd21f4b9759a2" candidate_uuid: "e35d126b2e034636a0971216b99d77be" candidate_term: 1 candidate_status { last_received { term: 0 index: 0 } } ignore_live_leader: false dest_uuid: "4654aac64dda4eaea89a1f7e302f0b4a" is_pre_election: true
I20260709 14:55:03.551623 27290 raft_consensus.cc:2468] T 035ebf91c3234bbd9cafd21f4b9759a2 P 4654aac64dda4eaea89a1f7e302f0b4a [term 0 FOLLOWER]: Leader pre-election vote request: Granting yes vote for candidate e35d126b2e034636a0971216b99d77be in term 0.
W20260709 14:55:03.552583 27111 leader_election.cc:343] T 035ebf91c3234bbd9cafd21f4b9759a2 P e35d126b2e034636a0971216b99d77be [CANDIDATE]: Term 1 pre-election: Tablet error from VoteRequest() call to peer 817615c3c7584c1cac4b4f78b70fdd6a (127.25.111.66:33367): Illegal state: must be running to vote when last-logged opid is not known
I20260709 14:55:03.553207 27110 leader_election.cc:304] T 035ebf91c3234bbd9cafd21f4b9759a2 P e35d126b2e034636a0971216b99d77be [CANDIDATE]: Term 1 pre-election: Election decided. Result: candidate won. Election summary: received 3 responses out of 3 voters: 2 yes votes; 1 no votes. yes voters: 4654aac64dda4eaea89a1f7e302f0b4a, e35d126b2e034636a0971216b99d77be; no voters: 817615c3c7584c1cac4b4f78b70fdd6a
I20260709 14:55:03.554292 27444 raft_consensus.cc:2804] T 035ebf91c3234bbd9cafd21f4b9759a2 P e35d126b2e034636a0971216b99d77be [term 0 FOLLOWER]: Leader pre-election won for term 1
I20260709 14:55:03.556075 27444 raft_consensus.cc:493] T 035ebf91c3234bbd9cafd21f4b9759a2 P e35d126b2e034636a0971216b99d77be [term 0 FOLLOWER]: Starting leader election (no leader contacted us within the election timeout)
I20260709 14:55:03.556417 27444 raft_consensus.cc:3060] T 035ebf91c3234bbd9cafd21f4b9759a2 P e35d126b2e034636a0971216b99d77be [term 0 FOLLOWER]: Advancing to term 1
I20260709 14:55:03.553629 27378 raft_consensus.cc:493] T a6cb7c57a8eb4626af7410b6df44e4c7 P e35d126b2e034636a0971216b99d77be [term 0 FOLLOWER]: Starting pre-election (no leader contacted us within the election timeout)
I20260709 14:55:03.560652 27378 raft_consensus.cc:515] T a6cb7c57a8eb4626af7410b6df44e4c7 P e35d126b2e034636a0971216b99d77be [term 0 FOLLOWER]: Starting pre-election with config: opid_index: -1 OBSOLETE_local: false peers { permanent_uuid: "e35d126b2e034636a0971216b99d77be" member_type: VOTER last_known_addr { host: "127.25.111.65" port: 36971 } } peers { permanent_uuid: "817615c3c7584c1cac4b4f78b70fdd6a" member_type: VOTER last_known_addr { host: "127.25.111.66" port: 33367 } } peers { permanent_uuid: "4654aac64dda4eaea89a1f7e302f0b4a" member_type: VOTER last_known_addr { host: "127.25.111.67" port: 34019 } }
I20260709 14:55:03.562686 27378 leader_election.cc:290] T a6cb7c57a8eb4626af7410b6df44e4c7 P e35d126b2e034636a0971216b99d77be [CANDIDATE]: Term 1 pre-election: Requested pre-vote from peers 817615c3c7584c1cac4b4f78b70fdd6a (127.25.111.66:33367), 4654aac64dda4eaea89a1f7e302f0b4a (127.25.111.67:34019)
I20260709 14:55:03.564252 27217 tablet_service.cc:1917] Received RequestConsensusVote() RPC: tablet_id: "a6cb7c57a8eb4626af7410b6df44e4c7" candidate_uuid: "e35d126b2e034636a0971216b99d77be" candidate_term: 1 candidate_status { last_received { term: 0 index: 0 } } ignore_live_leader: false dest_uuid: "817615c3c7584c1cac4b4f78b70fdd6a" is_pre_election: true
W20260709 14:55:03.567729 27111 leader_election.cc:343] T a6cb7c57a8eb4626af7410b6df44e4c7 P e35d126b2e034636a0971216b99d77be [CANDIDATE]: Term 1 pre-election: Tablet error from VoteRequest() call to peer 817615c3c7584c1cac4b4f78b70fdd6a (127.25.111.66:33367): Illegal state: must be running to vote when last-logged opid is not known
I20260709 14:55:03.568660 27290 tablet_service.cc:1917] Received RequestConsensusVote() RPC: tablet_id: "a6cb7c57a8eb4626af7410b6df44e4c7" candidate_uuid: "e35d126b2e034636a0971216b99d77be" candidate_term: 1 candidate_status { last_received { term: 0 index: 0 } } ignore_live_leader: false dest_uuid: "4654aac64dda4eaea89a1f7e302f0b4a" is_pre_election: true
I20260709 14:55:03.569300 27290 raft_consensus.cc:2468] T a6cb7c57a8eb4626af7410b6df44e4c7 P 4654aac64dda4eaea89a1f7e302f0b4a [term 0 FOLLOWER]: Leader pre-election vote request: Granting yes vote for candidate e35d126b2e034636a0971216b99d77be in term 0.
I20260709 14:55:03.574132 27344 raft_consensus.cc:493] T c6f0ecde8ea8431b99f29310a6747a0a P 817615c3c7584c1cac4b4f78b70fdd6a [term 0 FOLLOWER]: Starting pre-election (no leader contacted us within the election timeout)
I20260709 14:55:03.574743 27344 raft_consensus.cc:515] T c6f0ecde8ea8431b99f29310a6747a0a P 817615c3c7584c1cac4b4f78b70fdd6a [term 0 FOLLOWER]: Starting pre-election with config: opid_index: -1 OBSOLETE_local: false peers { permanent_uuid: "e35d126b2e034636a0971216b99d77be" member_type: VOTER last_known_addr { host: "127.25.111.65" port: 36971 } } peers { permanent_uuid: "817615c3c7584c1cac4b4f78b70fdd6a" member_type: VOTER last_known_addr { host: "127.25.111.66" port: 33367 } } peers { permanent_uuid: "4654aac64dda4eaea89a1f7e302f0b4a" member_type: VOTER last_known_addr { host: "127.25.111.67" port: 34019 } }
