I20260709 14:55:01.085479 22973 raft_consensus.cc:359] T 59ee9846dc474886802f56d4a8943182 P 4c283a6bb67d4eb3bf9cc45b2a440ae1 [term 0 FOLLOWER]: Replica starting. Triggering 0 pending ops. Active config: opid_index: -1 OBSOLETE_local: false peers { permanent_uuid: "6a5b1a969b3e419aa4182a5f107898bf" member_type: VOTER last_known_addr { host: "127.21.41.193" port: 42809 } } peers { permanent_uuid: "4c283a6bb67d4eb3bf9cc45b2a440ae1" member_type: VOTER last_known_addr { host: "127.21.41.194" port: 42743 } } peers { permanent_uuid: "e212421e4d2f40069e60b983df55247e" member_type: VOTER last_known_addr { host: "127.21.41.195" port: 38431 } }
I20260709 14:55:01.085816 22781 raft_consensus.cc:3060] T a2a73d4266944805950bb1d4c9a573bc P 6a5b1a969b3e419aa4182a5f107898bf [term 0 FOLLOWER]: Advancing to term 1
I20260709 14:55:01.086138 22973 raft_consensus.cc:385] T 59ee9846dc474886802f56d4a8943182 P 4c283a6bb67d4eb3bf9cc45b2a440ae1 [term 0 FOLLOWER]: Consensus starting up: Expiring failure detector timer to make a prompt election more likely
I20260709 14:55:01.086410 22973 raft_consensus.cc:740] T 59ee9846dc474886802f56d4a8943182 P 4c283a6bb67d4eb3bf9cc45b2a440ae1 [term 0 FOLLOWER]: Becoming Follower/Learner. State: Replica: 4c283a6bb67d4eb3bf9cc45b2a440ae1, State: Initialized, Role: FOLLOWER
I20260709 14:55:01.086567 22783 tablet_service.cc:1917] Received RequestConsensusVote() RPC: tablet_id: "ec156e466d614e77bdc35cd35a44f987" candidate_uuid: "4c283a6bb67d4eb3bf9cc45b2a440ae1" candidate_term: 1 candidate_status { last_received { term: 0 index: 0 } } ignore_live_leader: false dest_uuid: "6a5b1a969b3e419aa4182a5f107898bf"
I20260709 14:55:01.086755 23038 leader_election.cc:290] T ec156e466d614e77bdc35cd35a44f987 P 4c283a6bb67d4eb3bf9cc45b2a440ae1 [CANDIDATE]: Term 1 election: Requested vote from peers 6a5b1a969b3e419aa4182a5f107898bf (127.21.41.193:42809), e212421e4d2f40069e60b983df55247e (127.21.41.195:38431)
I20260709 14:55:01.077399 22977 leader_election.cc:290] T dda091b84596494b843bb2f6257a6c65 P e212421e4d2f40069e60b983df55247e [CANDIDATE]: Term 1 election: Requested vote from peers 6a5b1a969b3e419aa4182a5f107898bf (127.21.41.193:42809), 4c283a6bb67d4eb3bf9cc45b2a440ae1 (127.21.41.194:42743)
I20260709 14:55:01.079090 23020 leader_election.cc:290] T dda091b84596494b843bb2f6257a6c65 P 6a5b1a969b3e419aa4182a5f107898bf [CANDIDATE]: Term 1 election: Requested vote from peers 4c283a6bb67d4eb3bf9cc45b2a440ae1 (127.21.41.194:42743), e212421e4d2f40069e60b983df55247e (127.21.41.195:38431)
I20260709 14:55:01.087150 22783 raft_consensus.cc:3060] T ec156e466d614e77bdc35cd35a44f987 P 6a5b1a969b3e419aa4182a5f107898bf [term 0 FOLLOWER]: Advancing to term 1
I20260709 14:55:01.087059 22973 consensus_queue.cc:260] T 59ee9846dc474886802f56d4a8943182 P 4c283a6bb67d4eb3bf9cc45b2a440ae1 [NON_LEADER]: Queue going to NON_LEADER mode. State: All replicated index: 0, Majority replicated index: 0, Committed index: 0, Last appended: 0.0, Last appended by leader: 0, Current term: 0, Majority size: -1, State: 0, Mode: NON_LEADER, active raft config: opid_index: -1 OBSOLETE_local: false peers { permanent_uuid: "6a5b1a969b3e419aa4182a5f107898bf" member_type: VOTER last_known_addr { host: "127.21.41.193" port: 42809 } } peers { permanent_uuid: "4c283a6bb67d4eb3bf9cc45b2a440ae1" member_type: VOTER last_known_addr { host: "127.21.41.194" port: 42743 } } peers { permanent_uuid: "e212421e4d2f40069e60b983df55247e" member_type: VOTER last_known_addr { host: "127.21.41.195" port: 38431 } }
I20260709 14:55:01.089027 22973 ts_tablet_manager.cc:1434] T 59ee9846dc474886802f56d4a8943182 P 4c283a6bb67d4eb3bf9cc45b2a440ae1: Time spent starting tablet: real 0.005s	user 0.001s	sys 0.003s
W20260709 14:55:01.089394 22897 outbound_call.cc:321] RPC callback for RPC call kudu.consensus.ConsensusService.RequestConsensusVote -> {remote=127.21.41.194:42743, user_credentials={real_user=slave}} blocked reactor thread for 87721.8us
I20260709 14:55:01.079246 22932 tablet_service.cc:1917] Received RequestConsensusVote() RPC: tablet_id: "dda091b84596494b843bb2f6257a6c65" candidate_uuid: "6a5b1a969b3e419aa4182a5f107898bf" candidate_term: 1 candidate_status { last_received { term: 0 index: 0 } } ignore_live_leader: false dest_uuid: "e212421e4d2f40069e60b983df55247e"
I20260709 14:55:01.090809 22932 raft_consensus.cc:2393] T dda091b84596494b843bb2f6257a6c65 P e212421e4d2f40069e60b983df55247e [term 1 FOLLOWER]: Leader election vote request: Denying vote to candidate 6a5b1a969b3e419aa4182a5f107898bf in current term 1: Already voted for candidate e212421e4d2f40069e60b983df55247e in this term.
I20260709 14:55:01.079730 22974 tablet_bootstrap.cc:492] T 2cedde82afeb4e329e56e7b045766b9d P 6a5b1a969b3e419aa4182a5f107898bf: No bootstrap required, opened a new log
I20260709 14:55:01.080132 23030 raft_consensus.cc:2749] T 8883e20521ee472e9687d11c34882380 P e212421e4d2f40069e60b983df55247e [term 1 FOLLOWER]: Leader pre-election lost for term 1. Reason: could not achieve majority
I20260709 14:55:01.082772 22972 tablet_bootstrap.cc:492] T d20a3e65cd6f41d59ead33fd0b509944 P e212421e4d2f40069e60b983df55247e: No bootstrap required, opened a new log
I20260709 14:55:01.075618 23018 consensus_queue.cc:1048] T ec77eda506a64d338d22b84394d2337e P 6a5b1a969b3e419aa4182a5f107898bf [LEADER]: Connected to new peer: Peer: permanent_uuid: "e212421e4d2f40069e60b983df55247e" member_type: VOTER last_known_addr { host: "127.21.41.195" port: 38431 }, Status: LMP_MISMATCH, Last received: 0.0, Next index: 1, Last known committed idx: 0, Time since last communication: 0.000s
I20260709 14:55:01.091504 22974 ts_tablet_manager.cc:1403] T 2cedde82afeb4e329e56e7b045766b9d P 6a5b1a969b3e419aa4182a5f107898bf: Time spent bootstrapping tablet: real 0.168s	user 0.058s	sys 0.092s
I20260709 14:55:01.091853 22972 ts_tablet_manager.cc:1403] T d20a3e65cd6f41d59ead33fd0b509944 P e212421e4d2f40069e60b983df55247e: Time spent bootstrapping tablet: real 0.147s	user 0.055s	sys 0.075s
I20260709 14:55:01.091907 22930 tablet_service.cc:1917] Received RequestConsensusVote() RPC: tablet_id: "a2a73d4266944805950bb1d4c9a573bc" candidate_uuid: "4c283a6bb67d4eb3bf9cc45b2a440ae1" candidate_term: 1 candidate_status { last_received { term: 0 index: 0 } } ignore_live_leader: false dest_uuid: "e212421e4d2f40069e60b983df55247e" is_pre_election: true
I20260709 14:55:01.094808 22931 tablet_service.cc:1917] Received RequestConsensusVote() RPC: tablet_id: "ec156e466d614e77bdc35cd35a44f987" candidate_uuid: "4c283a6bb67d4eb3bf9cc45b2a440ae1" candidate_term: 1 candidate_status { last_received { term: 0 index: 0 } } ignore_live_leader: false dest_uuid: "e212421e4d2f40069e60b983df55247e" is_pre_election: true
I20260709 14:55:01.095448 22931 raft_consensus.cc:2468] T ec156e466d614e77bdc35cd35a44f987 P e212421e4d2f40069e60b983df55247e [term 0 FOLLOWER]: Leader pre-election vote request: Granting yes vote for candidate 4c283a6bb67d4eb3bf9cc45b2a440ae1 in term 0.
I20260709 14:55:01.095973 22974 raft_consensus.cc:359] T 2cedde82afeb4e329e56e7b045766b9d P 6a5b1a969b3e419aa4182a5f107898bf [term 0 FOLLOWER]: Replica starting. Triggering 0 pending ops. Active config: opid_index: -1 OBSOLETE_local: false peers { permanent_uuid: "6a5b1a969b3e419aa4182a5f107898bf" member_type: VOTER last_known_addr { host: "127.21.41.193" port: 42809 } } peers { permanent_uuid: "4c283a6bb67d4eb3bf9cc45b2a440ae1" member_type: VOTER last_known_addr { host: "127.21.41.194" port: 42743 } } peers { permanent_uuid: "e212421e4d2f40069e60b983df55247e" member_type: VOTER last_known_addr { host: "127.21.41.195" port: 38431 } }
I20260709 14:55:01.096616 22974 raft_consensus.cc:385] T 2cedde82afeb4e329e56e7b045766b9d P 6a5b1a969b3e419aa4182a5f107898bf [term 0 FOLLOWER]: Consensus starting up: Expiring failure detector timer to make a prompt election more likely
I20260709 14:55:01.096751 22858 tablet_service.cc:1917] Received RequestConsensusVote() RPC: tablet_id: "dda091b84596494b843bb2f6257a6c65" candidate_uuid: "e212421e4d2f40069e60b983df55247e" candidate_term: 1 candidate_status { last_received { term: 0 index: 0 } } ignore_live_leader: false dest_uuid: "4c283a6bb67d4eb3bf9cc45b2a440ae1"
I20260709 14:55:01.097492 22858 raft_consensus.cc:2393] T dda091b84596494b843bb2f6257a6c65 P 4c283a6bb67d4eb3bf9cc45b2a440ae1 [term 1 FOLLOWER]: Leader election vote request: Denying vote to candidate e212421e4d2f40069e60b983df55247e in current term 1: Already voted for candidate 6a5b1a969b3e419aa4182a5f107898bf in this term.
W20260709 14:55:01.097886 22822 leader_election.cc:343] T a2a73d4266944805950bb1d4c9a573bc P 4c283a6bb67d4eb3bf9cc45b2a440ae1 [CANDIDATE]: Term 1 pre-election: Tablet error from VoteRequest() call to peer e212421e4d2f40069e60b983df55247e (127.21.41.195:38431): Illegal state: must be running to vote when last-logged opid is not known
I20260709 14:55:01.097833 22930 tablet_service.cc:1917] Received RequestConsensusVote() RPC: tablet_id: "ec156e466d614e77bdc35cd35a44f987" candidate_uuid: "4c283a6bb67d4eb3bf9cc45b2a440ae1" candidate_term: 1 candidate_status { last_received { term: 0 index: 0 } } ignore_live_leader: false dest_uuid: "e212421e4d2f40069e60b983df55247e"
I20260709 14:55:01.098254 22974 raft_consensus.cc:740] T 2cedde82afeb4e329e56e7b045766b9d P 6a5b1a969b3e419aa4182a5f107898bf [term 0 FOLLOWER]: Becoming Follower/Learner. State: Replica: 6a5b1a969b3e419aa4182a5f107898bf, State: Initialized, Role: FOLLOWER
I20260709 14:55:01.098517 22930 raft_consensus.cc:3060] T ec156e466d614e77bdc35cd35a44f987 P e212421e4d2f40069e60b983df55247e [term 0 FOLLOWER]: Advancing to term 1
I20260709 14:55:01.099028 22974 consensus_queue.cc:260] T 2cedde82afeb4e329e56e7b045766b9d P 6a5b1a969b3e419aa4182a5f107898bf [NON_LEADER]: Queue going to NON_LEADER mode. State: All replicated index: 0, Majority replicated index: 0, Committed index: 0, Last appended: 0.0, Last appended by leader: 0, Current term: 0, Majority size: -1, State: 0, Mode: NON_LEADER, active raft config: opid_index: -1 OBSOLETE_local: false peers { permanent_uuid: "6a5b1a969b3e419aa4182a5f107898bf" member_type: VOTER last_known_addr { host: "127.21.41.193" port: 42809 } } peers { permanent_uuid: "4c283a6bb67d4eb3bf9cc45b2a440ae1" member_type: VOTER last_known_addr { host: "127.21.41.194" port: 42743 } } peers { permanent_uuid: "e212421e4d2f40069e60b983df55247e" member_type: VOTER last_known_addr { host: "127.21.41.195" port: 38431 } }
I20260709 14:55:01.100828 22973 tablet_bootstrap.cc:492] T 70fc0e08ed13408b8996d7e74cf6b48b P 4c283a6bb67d4eb3bf9cc45b2a440ae1: Bootstrap starting.
I20260709 14:55:01.100981 22974 ts_tablet_manager.cc:1434] T 2cedde82afeb4e329e56e7b045766b9d P 6a5b1a969b3e419aa4182a5f107898bf: Time spent starting tablet: real 0.007s	user 0.004s	sys 0.000s
I20260709 14:55:01.101830 22974 tablet_bootstrap.cc:492] T 16a572ed4ee24a048f7f3c0f8bb37bc6 P 6a5b1a969b3e419aa4182a5f107898bf: Bootstrap starting.
I20260709 14:55:01.101783 22986 consensus_queue.cc:1048] T ec77eda506a64d338d22b84394d2337e P 6a5b1a969b3e419aa4182a5f107898bf [LEADER]: Connected to new peer: Peer: permanent_uuid: "4c283a6bb67d4eb3bf9cc45b2a440ae1" member_type: VOTER last_known_addr { host: "127.21.41.194" port: 42743 }, Status: LMP_MISMATCH, Last received: 0.0, Next index: 1, Last known committed idx: 0, Time since last communication: 0.001s
I20260709 14:55:01.096941 22972 raft_consensus.cc:359] T d20a3e65cd6f41d59ead33fd0b509944 P e212421e4d2f40069e60b983df55247e [term 0 FOLLOWER]: Replica starting. Triggering 0 pending ops. Active config: opid_index: -1 OBSOLETE_local: false peers { permanent_uuid: "6a5b1a969b3e419aa4182a5f107898bf" member_type: VOTER last_known_addr { host: "127.21.41.193" port: 42809 } } peers { permanent_uuid: "4c283a6bb67d4eb3bf9cc45b2a440ae1" member_type: VOTER last_known_addr { host: "127.21.41.194" port: 42743 } } peers { permanent_uuid: "e212421e4d2f40069e60b983df55247e" member_type: VOTER last_known_addr { host: "127.21.41.195" port: 38431 } }
I20260709 14:55:01.103117 22972 raft_consensus.cc:385] T d20a3e65cd6f41d59ead33fd0b509944 P e212421e4d2f40069e60b983df55247e [term 0 FOLLOWER]: Consensus starting up: Expiring failure detector timer to make a prompt election more likely
I20260709 14:55:01.103394 22972 raft_consensus.cc:740] T d20a3e65cd6f41d59ead33fd0b509944 P e212421e4d2f40069e60b983df55247e [term 0 FOLLOWER]: Becoming Follower/Learner. State: Replica: e212421e4d2f40069e60b983df55247e, State: Initialized, Role: FOLLOWER
I20260709 14:55:01.103910 23018 consensus_queue.cc:1048] T 203ec2a6973b48be81942ae7b6cf0251 P 6a5b1a969b3e419aa4182a5f107898bf [LEADER]: Connected to new peer: Peer: permanent_uuid: "4c283a6bb67d4eb3bf9cc45b2a440ae1" member_type: VOTER last_known_addr { host: "127.21.41.194" port: 42743 }, Status: LMP_MISMATCH, Last received: 0.0, Next index: 1, Last known committed idx: 0, Time since last communication: 0.001s
I20260709 14:55:01.104012 22972 consensus_queue.cc:260] T d20a3e65cd6f41d59ead33fd0b509944 P e212421e4d2f40069e60b983df55247e [NON_LEADER]: Queue going to NON_LEADER mode. State: All replicated index: 0, Majority replicated index: 0, Committed index: 0, Last appended: 0.0, Last appended by leader: 0, Current term: 0, Majority size: -1, State: 0, Mode: NON_LEADER, active raft config: opid_index: -1 OBSOLETE_local: false peers { permanent_uuid: "6a5b1a969b3e419aa4182a5f107898bf" member_type: VOTER last_known_addr { host: "127.21.41.193" port: 42809 } } peers { permanent_uuid: "4c283a6bb67d4eb3bf9cc45b2a440ae1" member_type: VOTER last_known_addr { host: "127.21.41.194" port: 42743 } } peers { permanent_uuid: "e212421e4d2f40069e60b983df55247e" member_type: VOTER last_known_addr { host: "127.21.41.195" port: 38431 } }
I20260709 14:55:01.118523 22974 tablet_bootstrap.cc:654] T 16a572ed4ee24a048f7f3c0f8bb37bc6 P 6a5b1a969b3e419aa4182a5f107898bf: Neither blocks nor log segments found. Creating new log.
I20260709 14:55:01.135547 22986 raft_consensus.cc:493] T 9582fe38ed9a434392f1814396037a51 P 6a5b1a969b3e419aa4182a5f107898bf [term 0 FOLLOWER]: Starting pre-election (no leader contacted us within the election timeout)
I20260709 14:55:01.136191 22972 ts_tablet_manager.cc:1434] T d20a3e65cd6f41d59ead33fd0b509944 P e212421e4d2f40069e60b983df55247e: Time spent starting tablet: real 0.042s	user 0.006s	sys 0.016s
I20260709 14:55:01.136037 22986 raft_consensus.cc:515] T 9582fe38ed9a434392f1814396037a51 P 6a5b1a969b3e419aa4182a5f107898bf [term 0 FOLLOWER]: Starting pre-election with config: opid_index: -1 OBSOLETE_local: false peers { permanent_uuid: "6a5b1a969b3e419aa4182a5f107898bf" member_type: VOTER last_known_addr { host: "127.21.41.193" port: 42809 } } peers { permanent_uuid: "4c283a6bb67d4eb3bf9cc45b2a440ae1" member_type: VOTER last_known_addr { host: "127.21.41.194" port: 42743 } } peers { permanent_uuid: "e212421e4d2f40069e60b983df55247e" member_type: VOTER last_known_addr { host: "127.21.41.195" port: 38431 } }
I20260709 14:55:01.137087 22972 tablet_bootstrap.cc:492] T 495f18ddf4c84ee3a0037515b76108b1 P e212421e4d2f40069e60b983df55247e: Bootstrap starting.
I20260709 14:55:01.115594 22781 raft_consensus.cc:2468] T a2a73d4266944805950bb1d4c9a573bc P 6a5b1a969b3e419aa4182a5f107898bf [term 1 FOLLOWER]: Leader election vote request: Granting yes vote for candidate 4c283a6bb67d4eb3bf9cc45b2a440ae1 in term 1.
I20260709 14:55:01.132474 22897 leader_election.cc:304] T dda091b84596494b843bb2f6257a6c65 P e212421e4d2f40069e60b983df55247e [CANDIDATE]: Term 1 election: Election decided. Result: candidate lost. Election summary: received 3 responses out of 3 voters: 1 yes votes; 2 no votes. yes voters: e212421e4d2f40069e60b983df55247e; no voters: 4c283a6bb67d4eb3bf9cc45b2a440ae1, 6a5b1a969b3e419aa4182a5f107898bf
I20260709 14:55:01.142603 23054 raft_consensus.cc:2749] T dda091b84596494b843bb2f6257a6c65 P e212421e4d2f40069e60b983df55247e [term 1 FOLLOWER]: Leader election lost for term 1. Reason: could not achieve majority
I20260709 14:55:01.126566 22783 raft_consensus.cc:2468] T ec156e466d614e77bdc35cd35a44f987 P 6a5b1a969b3e419aa4182a5f107898bf [term 1 FOLLOWER]: Leader election vote request: Granting yes vote for candidate 4c283a6bb67d4eb3bf9cc45b2a440ae1 in term 1.
I20260709 14:55:01.138715 22748 leader_election.cc:304] T dda091b84596494b843bb2f6257a6c65 P 6a5b1a969b3e419aa4182a5f107898bf [CANDIDATE]: Term 1 election: Election decided. Result: candidate won. Election summary: received 2 responses out of 3 voters: 2 yes votes; 0 no votes. yes voters: 4c283a6bb67d4eb3bf9cc45b2a440ae1, 6a5b1a969b3e419aa4182a5f107898bf; no voters: 
I20260709 14:55:01.141680 23038 raft_consensus.cc:493] T d20a3e65cd6f41d59ead33fd0b509944 P 4c283a6bb67d4eb3bf9cc45b2a440ae1 [term 0 FOLLOWER]: Starting pre-election (no leader contacted us within the election timeout)
I20260709 14:55:01.130578 22930 raft_consensus.cc:2468] T ec156e466d614e77bdc35cd35a44f987 P e212421e4d2f40069e60b983df55247e [term 1 FOLLOWER]: Leader election vote request: Granting yes vote for candidate 4c283a6bb67d4eb3bf9cc45b2a440ae1 in term 1.
I20260709 14:55:01.138023 22986 leader_election.cc:290] T 9582fe38ed9a434392f1814396037a51 P 6a5b1a969b3e419aa4182a5f107898bf [CANDIDATE]: Term 1 pre-election: Requested pre-vote from peers 4c283a6bb67d4eb3bf9cc45b2a440ae1 (127.21.41.194:42743), e212421e4d2f40069e60b983df55247e (127.21.41.195:38431)
I20260709 14:55:01.144624 23038 raft_consensus.cc:515] T d20a3e65cd6f41d59ead33fd0b509944 P 4c283a6bb67d4eb3bf9cc45b2a440ae1 [term 0 FOLLOWER]: Starting pre-election with config: opid_index: -1 OBSOLETE_local: false peers { permanent_uuid: "6a5b1a969b3e419aa4182a5f107898bf" member_type: VOTER last_known_addr { host: "127.21.41.193" port: 42809 } } peers { permanent_uuid: "4c283a6bb67d4eb3bf9cc45b2a440ae1" member_type: VOTER last_known_addr { host: "127.21.41.194" port: 42743 } } peers { permanent_uuid: "e212421e4d2f40069e60b983df55247e" member_type: VOTER last_known_addr { host: "127.21.41.195" port: 38431 } }
I20260709 14:55:01.144235 22973 tablet_bootstrap.cc:654] T 70fc0e08ed13408b8996d7e74cf6b48b P 4c283a6bb67d4eb3bf9cc45b2a440ae1: Neither blocks nor log segments found. Creating new log.
I20260709 14:55:01.146332 22972 tablet_bootstrap.cc:654] T 495f18ddf4c84ee3a0037515b76108b1 P e212421e4d2f40069e60b983df55247e: Neither blocks nor log segments found. Creating new log.
I20260709 14:55:01.146813 23038 leader_election.cc:290] T d20a3e65cd6f41d59ead33fd0b509944 P 4c283a6bb67d4eb3bf9cc45b2a440ae1 [CANDIDATE]: Term 1 pre-election: Requested pre-vote from peers 6a5b1a969b3e419aa4182a5f107898bf (127.21.41.193:42809), e212421e4d2f40069e60b983df55247e (127.21.41.195:38431)
I20260709 14:55:01.113924 22931 tablet_service.cc:1917] Received RequestConsensusVote() RPC: tablet_id: "a2a73d4266944805950bb1d4c9a573bc" candidate_uuid: "4c283a6bb67d4eb3bf9cc45b2a440ae1" candidate_term: 1 candidate_status { last_received { term: 0 index: 0 } } ignore_live_leader: false dest_uuid: "e212421e4d2f40069e60b983df55247e"
I20260709 14:55:01.157872 22972 tablet_bootstrap.cc:492] T 495f18ddf4c84ee3a0037515b76108b1 P e212421e4d2f40069e60b983df55247e: No bootstrap required, opened a new log
I20260709 14:55:01.158339 22972 ts_tablet_manager.cc:1403] T 495f18ddf4c84ee3a0037515b76108b1 P e212421e4d2f40069e60b983df55247e: Time spent bootstrapping tablet: real 0.021s	user 0.015s	sys 0.002s
I20260709 14:55:01.158294 22931 tablet_service.cc:1917] Received RequestConsensusVote() RPC: tablet_id: "d20a3e65cd6f41d59ead33fd0b509944" candidate_uuid: "4c283a6bb67d4eb3bf9cc45b2a440ae1" candidate_term: 1 candidate_status { last_received { term: 0 index: 0 } } ignore_live_leader: false dest_uuid: "e212421e4d2f40069e60b983df55247e" is_pre_election: true
I20260709 14:55:01.158980 22931 raft_consensus.cc:2468] T d20a3e65cd6f41d59ead33fd0b509944 P e212421e4d2f40069e60b983df55247e [term 0 FOLLOWER]: Leader pre-election vote request: Granting yes vote for candidate 4c283a6bb67d4eb3bf9cc45b2a440ae1 in term 0.
I20260709 14:55:01.159950 22986 raft_consensus.cc:2804] T dda091b84596494b843bb2f6257a6c65 P 6a5b1a969b3e419aa4182a5f107898bf [term 1 FOLLOWER]: Leader election won for term 1
I20260709 14:55:01.160456 22986 raft_consensus.cc:697] T dda091b84596494b843bb2f6257a6c65 P 6a5b1a969b3e419aa4182a5f107898bf [term 1 LEADER]: Becoming Leader. State: Replica: 6a5b1a969b3e419aa4182a5f107898bf, State: Running, Role: LEADER
I20260709 14:55:01.160851 22822 leader_election.cc:304] T ec156e466d614e77bdc35cd35a44f987 P 4c283a6bb67d4eb3bf9cc45b2a440ae1 [CANDIDATE]: Term 1 election: Election decided. Result: candidate won. Election summary: received 2 responses out of 3 voters: 2 yes votes; 0 no votes. yes voters: 4c283a6bb67d4eb3bf9cc45b2a440ae1, e212421e4d2f40069e60b983df55247e; no voters: 
I20260709 14:55:01.160967 22972 raft_consensus.cc:359] T 495f18ddf4c84ee3a0037515b76108b1 P e212421e4d2f40069e60b983df55247e [term 0 FOLLOWER]: Replica starting. Triggering 0 pending ops. Active config: opid_index: -1 OBSOLETE_local: false peers { permanent_uuid: "6a5b1a969b3e419aa4182a5f107898bf" member_type: VOTER last_known_addr { host: "127.21.41.193" port: 42809 } } peers { permanent_uuid: "4c283a6bb67d4eb3bf9cc45b2a440ae1" member_type: VOTER last_known_addr { host: "127.21.41.194" port: 42743 } } peers { permanent_uuid: "e212421e4d2f40069e60b983df55247e" member_type: VOTER last_known_addr { host: "127.21.41.195" port: 38431 } }
I20260709 14:55:01.161612 22972 raft_consensus.cc:385] T 495f18ddf4c84ee3a0037515b76108b1 P e212421e4d2f40069e60b983df55247e [term 0 FOLLOWER]: Consensus starting up: Expiring failure detector timer to make a prompt election more likely
I20260709 14:55:01.161301 22986 consensus_queue.cc:237] T dda091b84596494b843bb2f6257a6c65 P 6a5b1a969b3e419aa4182a5f107898bf [LEADER]: Queue going to LEADER mode. State: All replicated index: 0, Majority replicated index: 0, Committed index: 0, Last appended: 0.0, Last appended by leader: 0, Current term: 1, Majority size: 2, State: 0, Mode: LEADER, active raft config: opid_index: -1 OBSOLETE_local: false peers { permanent_uuid: "6a5b1a969b3e419aa4182a5f107898bf" member_type: VOTER last_known_addr { host: "127.21.41.193" port: 42809 } } peers { permanent_uuid: "4c283a6bb67d4eb3bf9cc45b2a440ae1" member_type: VOTER last_known_addr { host: "127.21.41.194" port: 42743 } } peers { permanent_uuid: "e212421e4d2f40069e60b983df55247e" member_type: VOTER last_known_addr { host: "127.21.41.195" port: 38431 } }
I20260709 14:55:01.161890 22972 raft_consensus.cc:740] T 495f18ddf4c84ee3a0037515b76108b1 P e212421e4d2f40069e60b983df55247e [term 0 FOLLOWER]: Becoming Follower/Learner. State: Replica: e212421e4d2f40069e60b983df55247e, State: Initialized, Role: FOLLOWER
I20260709 14:55:01.164157 23038 raft_consensus.cc:2804] T ec156e466d614e77bdc35cd35a44f987 P 4c283a6bb67d4eb3bf9cc45b2a440ae1 [term 1 FOLLOWER]: Leader election won for term 1
I20260709 14:55:01.164767 23013 raft_consensus.cc:493] T 70fc0e08ed13408b8996d7e74cf6b48b P 6a5b1a969b3e419aa4182a5f107898bf [term 0 FOLLOWER]: Starting pre-election (no leader contacted us within the election timeout)
I20260709 14:55:01.164686 22972 consensus_queue.cc:260] T 495f18ddf4c84ee3a0037515b76108b1 P e212421e4d2f40069e60b983df55247e [NON_LEADER]: Queue going to NON_LEADER mode. State: All replicated index: 0, Majority replicated index: 0, Committed index: 0, Last appended: 0.0, Last appended by leader: 0, Current term: 0, Majority size: -1, State: 0, Mode: NON_LEADER, active raft config: opid_index: -1 OBSOLETE_local: false peers { permanent_uuid: "6a5b1a969b3e419aa4182a5f107898bf" member_type: VOTER last_known_addr { host: "127.21.41.193" port: 42809 } } peers { permanent_uuid: "4c283a6bb67d4eb3bf9cc45b2a440ae1" member_type: VOTER last_known_addr { host: "127.21.41.194" port: 42743 } } peers { permanent_uuid: "e212421e4d2f40069e60b983df55247e" member_type: VOTER last_known_addr { host: "127.21.41.195" port: 38431 } }
I20260709 14:55:01.165025 23038 raft_consensus.cc:697] T ec156e466d614e77bdc35cd35a44f987 P 4c283a6bb67d4eb3bf9cc45b2a440ae1 [term 1 LEADER]: Becoming Leader. State: Replica: 4c283a6bb67d4eb3bf9cc45b2a440ae1, State: Running, Role: LEADER
I20260709 14:55:01.165303 23013 raft_consensus.cc:515] T 70fc0e08ed13408b8996d7e74cf6b48b P 6a5b1a969b3e419aa4182a5f107898bf [term 0 FOLLOWER]: Starting pre-election with config: opid_index: -1 OBSOLETE_local: false peers { permanent_uuid: "6a5b1a969b3e419aa4182a5f107898bf" member_type: VOTER last_known_addr { host: "127.21.41.193" port: 42809 } } peers { permanent_uuid: "4c283a6bb67d4eb3bf9cc45b2a440ae1" member_type: VOTER last_known_addr { host: "127.21.41.194" port: 42743 } } peers { permanent_uuid: "e212421e4d2f40069e60b983df55247e" member_type: VOTER last_known_addr { host: "127.21.41.195" port: 38431 } }
I20260709 14:55:01.165930 23038 consensus_queue.cc:237] T ec156e466d614e77bdc35cd35a44f987 P 4c283a6bb67d4eb3bf9cc45b2a440ae1 [LEADER]: Queue going to LEADER mode. State: All replicated index: 0, Majority replicated index: 0, Committed index: 0, Last appended: 0.0, Last appended by leader: 0, Current term: 1, Majority size: 2, State: 0, Mode: LEADER, active raft config: opid_index: -1 OBSOLETE_local: false peers { permanent_uuid: "6a5b1a969b3e419aa4182a5f107898bf" member_type: VOTER last_known_addr { host: "127.21.41.193" port: 42809 } } peers { permanent_uuid: "4c283a6bb67d4eb3bf9cc45b2a440ae1" member_type: VOTER last_known_addr { host: "127.21.41.194" port: 42743 } } peers { permanent_uuid: "e212421e4d2f40069e60b983df55247e" member_type: VOTER last_known_addr { host: "127.21.41.195" port: 38431 } }
I20260709 14:55:01.167389 23013 leader_election.cc:290] T 70fc0e08ed13408b8996d7e74cf6b48b P 6a5b1a969b3e419aa4182a5f107898bf [CANDIDATE]: Term 1 pre-election: Requested pre-vote from peers 4c283a6bb67d4eb3bf9cc45b2a440ae1 (127.21.41.194:42743), e212421e4d2f40069e60b983df55247e (127.21.41.195:38431)
I20260709 14:55:01.170149 23030 raft_consensus.cc:493] T 35985942065a453aa3dcd154fadcfaee P e212421e4d2f40069e60b983df55247e [term 0 FOLLOWER]: Starting pre-election (no leader contacted us within the election timeout)
I20260709 14:55:01.170656 23030 raft_consensus.cc:515] T 35985942065a453aa3dcd154fadcfaee P e212421e4d2f40069e60b983df55247e [term 0 FOLLOWER]: Starting pre-election with config: opid_index: -1 OBSOLETE_local: false peers { permanent_uuid: "6a5b1a969b3e419aa4182a5f107898bf" member_type: VOTER last_known_addr { host: "127.21.41.193" port: 42809 } } peers { permanent_uuid: "4c283a6bb67d4eb3bf9cc45b2a440ae1" member_type: VOTER last_known_addr { host: "127.21.41.194" port: 42743 } } peers { permanent_uuid: "e212421e4d2f40069e60b983df55247e" member_type: VOTER last_known_addr { host: "127.21.41.195" port: 38431 } }
I20260709 14:55:01.174345 22858 tablet_service.cc:1917] Received RequestConsensusVote() RPC: tablet_id: "35985942065a453aa3dcd154fadcfaee" candidate_uuid: "e212421e4d2f40069e60b983df55247e" candidate_term: 1 candidate_status { last_received { term: 0 index: 0 } } ignore_live_leader: false dest_uuid: "4c283a6bb67d4eb3bf9cc45b2a440ae1" is_pre_election: true
I20260709 14:55:01.174613 23013 consensus_queue.cc:1048] T 203ec2a6973b48be81942ae7b6cf0251 P 6a5b1a969b3e419aa4182a5f107898bf [LEADER]: Connected to new peer: Peer: permanent_uuid: "e212421e4d2f40069e60b983df55247e" member_type: VOTER last_known_addr { host: "127.21.41.195" port: 38431 }, Status: LMP_MISMATCH, Last received: 0.0, Next index: 1, Last known committed idx: 0, Time since last communication: 0.000s
I20260709 14:55:01.175197 22858 raft_consensus.cc:2393] T 35985942065a453aa3dcd154fadcfaee P 4c283a6bb67d4eb3bf9cc45b2a440ae1 [term 1 FOLLOWER]: Leader pre-election vote request: Denying vote to candidate e212421e4d2f40069e60b983df55247e in current term 1: Already voted for candidate 6a5b1a969b3e419aa4182a5f107898bf in this term.
I20260709 14:55:01.177314 22931 tablet_service.cc:1917] Received RequestConsensusVote() RPC: tablet_id: "9582fe38ed9a434392f1814396037a51" candidate_uuid: "6a5b1a969b3e419aa4182a5f107898bf" candidate_term: 1 candidate_status { last_received { term: 0 index: 0 } } ignore_live_leader: false dest_uuid: "e212421e4d2f40069e60b983df55247e" is_pre_election: true
I20260709 14:55:01.178155 22972 ts_tablet_manager.cc:1434] T 495f18ddf4c84ee3a0037515b76108b1 P e212421e4d2f40069e60b983df55247e: Time spent starting tablet: real 0.019s	user 0.007s	sys 0.000s
I20260709 14:55:01.178416 23013 consensus_queue.cc:1048] T 35985942065a453aa3dcd154fadcfaee P 6a5b1a969b3e419aa4182a5f107898bf [LEADER]: Connected to new peer: Peer: permanent_uuid: "4c283a6bb67d4eb3bf9cc45b2a440ae1" member_type: VOTER last_known_addr { host: "127.21.41.194" port: 42743 }, Status: LMP_MISMATCH, Last received: 0.0, Next index: 1, Last known committed idx: 0, Time since last communication: 0.000s
I20260709 14:55:01.179140 22972 tablet_bootstrap.cc:492] T ffd033b9a96f47eebf33d0baa037a31c P e212421e4d2f40069e60b983df55247e: Bootstrap starting.
W20260709 14:55:01.187330 22822 leader_election.cc:343] T a2a73d4266944805950bb1d4c9a573bc P 4c283a6bb67d4eb3bf9cc45b2a440ae1 [CANDIDATE]: Term 1 election: Tablet error from VoteRequest() call to peer e212421e4d2f40069e60b983df55247e (127.21.41.195:38431): Illegal state: must be running to vote when last-logged opid is not known
I20260709 14:55:01.187877 22824 leader_election.cc:304] T a2a73d4266944805950bb1d4c9a573bc P 4c283a6bb67d4eb3bf9cc45b2a440ae1 [CANDIDATE]: Term 1 election: Election decided. Result: candidate won. Election summary: received 3 responses out of 3 voters: 2 yes votes; 1 no votes. yes voters: 4c283a6bb67d4eb3bf9cc45b2a440ae1, 6a5b1a969b3e419aa4182a5f107898bf; no voters: e212421e4d2f40069e60b983df55247e
I20260709 14:55:01.188022 22822 leader_election.cc:304] T d20a3e65cd6f41d59ead33fd0b509944 P 4c283a6bb67d4eb3bf9cc45b2a440ae1 [CANDIDATE]: Term 1 pre-election: Election decided. Result: candidate won. Election summary: received 2 responses out of 3 voters: 2 yes votes; 0 no votes. yes voters: 4c283a6bb67d4eb3bf9cc45b2a440ae1, e212421e4d2f40069e60b983df55247e; no voters: 
I20260709 14:55:01.188637 23033 raft_consensus.cc:2804] T a2a73d4266944805950bb1d4c9a573bc P 4c283a6bb67d4eb3bf9cc45b2a440ae1 [term 1 FOLLOWER]: Leader election won for term 1
I20260709 14:55:01.188756 23035 raft_consensus.cc:2804] T d20a3e65cd6f41d59ead33fd0b509944 P 4c283a6bb67d4eb3bf9cc45b2a440ae1 [term 0 FOLLOWER]: Leader pre-election won for term 1
I20260709 14:55:01.189101 23033 raft_consensus.cc:697] T a2a73d4266944805950bb1d4c9a573bc P 4c283a6bb67d4eb3bf9cc45b2a440ae1 [term 1 LEADER]: Becoming Leader. State: Replica: 4c283a6bb67d4eb3bf9cc45b2a440ae1, State: Running, Role: LEADER
I20260709 14:55:01.189162 23035 raft_consensus.cc:493] T d20a3e65cd6f41d59ead33fd0b509944 P 4c283a6bb67d4eb3bf9cc45b2a440ae1 [term 0 FOLLOWER]: Starting leader election (no leader contacted us within the election timeout)
I20260709 14:55:01.189628 23035 raft_consensus.cc:3060] T d20a3e65cd6f41d59ead33fd0b509944 P 4c283a6bb67d4eb3bf9cc45b2a440ae1 [term 0 FOLLOWER]: Advancing to term 1
I20260709 14:55:01.190003 23033 consensus_queue.cc:237] T a2a73d4266944805950bb1d4c9a573bc P 4c283a6bb67d4eb3bf9cc45b2a440ae1 [LEADER]: Queue going to LEADER mode. State: All replicated index: 0, Majority replicated index: 0, Committed index: 0, Last appended: 0.0, Last appended by leader: 0, Current term: 1, Majority size: 2, State: 0, Mode: LEADER, active raft config: opid_index: -1 OBSOLETE_local: false peers { permanent_uuid: "6a5b1a969b3e419aa4182a5f107898bf" member_type: VOTER last_known_addr { host: "127.21.41.193" port: 42809 } } peers { permanent_uuid: "4c283a6bb67d4eb3bf9cc45b2a440ae1" member_type: VOTER last_known_addr { host: "127.21.41.194" port: 42743 } } peers { permanent_uuid: "e212421e4d2f40069e60b983df55247e" member_type: VOTER last_known_addr { host: "127.21.41.195" port: 38431 } }
I20260709 14:55:01.191546 23030 leader_election.cc:290] T 35985942065a453aa3dcd154fadcfaee P e212421e4d2f40069e60b983df55247e [CANDIDATE]: Term 1 pre-election: Requested pre-vote from peers 6a5b1a969b3e419aa4182a5f107898bf (127.21.41.193:42809), 4c283a6bb67d4eb3bf9cc45b2a440ae1 (127.21.41.194:42743)
I20260709 14:55:01.194342 22858 tablet_service.cc:1917] Received RequestConsensusVote() RPC: tablet_id: "9582fe38ed9a434392f1814396037a51" candidate_uuid: "6a5b1a969b3e419aa4182a5f107898bf" candidate_term: 1 candidate_status { last_received { term: 0 index: 0 } } ignore_live_leader: false dest_uuid: "4c283a6bb67d4eb3bf9cc45b2a440ae1" is_pre_election: true
I20260709 14:55:01.195091 22858 raft_consensus.cc:2393] T 9582fe38ed9a434392f1814396037a51 P 4c283a6bb67d4eb3bf9cc45b2a440ae1 [term 1 FOLLOWER]: Leader pre-election vote request: Denying vote to candidate 6a5b1a969b3e419aa4182a5f107898bf in current term 1: Already voted for candidate e212421e4d2f40069e60b983df55247e in this term.
I20260709 14:55:01.197526 23035 raft_consensus.cc:515] T d20a3e65cd6f41d59ead33fd0b509944 P 4c283a6bb67d4eb3bf9cc45b2a440ae1 [term 1 FOLLOWER]: Starting leader election with config: opid_index: -1 OBSOLETE_local: false peers { permanent_uuid: "6a5b1a969b3e419aa4182a5f107898bf" member_type: VOTER last_known_addr { host: "127.21.41.193" port: 42809 } } peers { permanent_uuid: "4c283a6bb67d4eb3bf9cc45b2a440ae1" member_type: VOTER last_known_addr { host: "127.21.41.194" port: 42743 } } peers { permanent_uuid: "e212421e4d2f40069e60b983df55247e" member_type: VOTER last_known_addr { host: "127.21.41.195" port: 38431 } }
I20260709 14:55:01.199601 23035 leader_election.cc:290] T d20a3e65cd6f41d59ead33fd0b509944 P 4c283a6bb67d4eb3bf9cc45b2a440ae1 [CANDIDATE]: Term 1 election: Requested vote from peers 6a5b1a969b3e419aa4182a5f107898bf (127.21.41.193:42809), e212421e4d2f40069e60b983df55247e (127.21.41.195:38431)
I20260709 14:55:01.201210 22857 tablet_service.cc:1917] Received RequestConsensusVote() RPC: tablet_id: "70fc0e08ed13408b8996d7e74cf6b48b" candidate_uuid: "6a5b1a969b3e419aa4182a5f107898bf" candidate_term: 1 candidate_status { last_received { term: 0 index: 0 } } ignore_live_leader: false dest_uuid: "4c283a6bb67d4eb3bf9cc45b2a440ae1" is_pre_election: true
I20260709 14:55:01.207980 22931 tablet_service.cc:1917] Received RequestConsensusVote() RPC: tablet_id: "70fc0e08ed13408b8996d7e74cf6b48b" candidate_uuid: "6a5b1a969b3e419aa4182a5f107898bf" candidate_term: 1 candidate_status { last_received { term: 0 index: 0 } } ignore_live_leader: false dest_uuid: "e212421e4d2f40069e60b983df55247e" is_pre_election: true
I20260709 14:55:01.208629 22931 raft_consensus.cc:2468] T 70fc0e08ed13408b8996d7e74cf6b48b P e212421e4d2f40069e60b983df55247e [term 0 FOLLOWER]: Leader pre-election vote request: Granting yes vote for candidate 6a5b1a969b3e419aa4182a5f107898bf in term 0.
W20260709 14:55:01.210245 22748 leader_election.cc:343] T 70fc0e08ed13408b8996d7e74cf6b48b P 6a5b1a969b3e419aa4182a5f107898bf [CANDIDATE]: Term 1 pre-election: Tablet error from VoteRequest() call to peer 4c283a6bb67d4eb3bf9cc45b2a440ae1 (127.21.41.194:42743): Illegal state: must be running to vote when last-logged opid is not known
I20260709 14:55:01.210544 22972 tablet_bootstrap.cc:654] T ffd033b9a96f47eebf33d0baa037a31c P e212421e4d2f40069e60b983df55247e: Neither blocks nor log segments found. Creating new log.
I20260709 14:55:01.214589 22781 tablet_service.cc:1917] Received RequestConsensusVote() RPC: tablet_id: "35985942065a453aa3dcd154fadcfaee" candidate_uuid: "e212421e4d2f40069e60b983df55247e" candidate_term: 1 candidate_status { last_received { term: 0 index: 0 } } ignore_live_leader: false dest_uuid: "6a5b1a969b3e419aa4182a5f107898bf" is_pre_election: true
I20260709 14:55:01.216184 22781 tablet_service.cc:1917] Received RequestConsensusVote() RPC: tablet_id: "d20a3e65cd6f41d59ead33fd0b509944" candidate_uuid: "4c283a6bb67d4eb3bf9cc45b2a440ae1" candidate_term: 1 candidate_status { last_received { term: 0 index: 0 } } ignore_live_leader: false dest_uuid: "6a5b1a969b3e419aa4182a5f107898bf" is_pre_election: true
I20260709 14:55:01.216781 22781 raft_consensus.cc:2468] T d20a3e65cd6f41d59ead33fd0b509944 P 6a5b1a969b3e419aa4182a5f107898bf [term 0 FOLLOWER]: Leader pre-election vote request: Granting yes vote for candidate 4c283a6bb67d4eb3bf9cc45b2a440ae1 in term 0.
I20260709 14:55:01.218098 22781 tablet_service.cc:1917] Received RequestConsensusVote() RPC: tablet_id: "d20a3e65cd6f41d59ead33fd0b509944" candidate_uuid: "4c283a6bb67d4eb3bf9cc45b2a440ae1" candidate_term: 1 candidate_status { last_received { term: 0 index: 0 } } ignore_live_leader: false dest_uuid: "6a5b1a969b3e419aa4182a5f107898bf"
I20260709 14:55:01.218629 22781 raft_consensus.cc:3060] T d20a3e65cd6f41d59ead33fd0b509944 P 6a5b1a969b3e419aa4182a5f107898bf [term 0 FOLLOWER]: Advancing to term 1
I20260709 14:55:01.225797 22781 raft_consensus.cc:2468] T d20a3e65cd6f41d59ead33fd0b509944 P 6a5b1a969b3e419aa4182a5f107898bf [term 1 FOLLOWER]: Leader election vote request: Granting yes vote for candidate 4c283a6bb67d4eb3bf9cc45b2a440ae1 in term 1.
I20260709 14:55:01.228318 22678 catalog_manager.cc:5697] T ec156e466d614e77bdc35cd35a44f987 P 4c283a6bb67d4eb3bf9cc45b2a440ae1 reported cstate change: term changed from 0 to 1, leader changed from <none> to 4c283a6bb67d4eb3bf9cc45b2a440ae1 (127.21.41.194). New cstate: current_term: 1 leader_uuid: "4c283a6bb67d4eb3bf9cc45b2a440ae1" committed_config { opid_index: -1 OBSOLETE_local: false peers { permanent_uuid: "6a5b1a969b3e419aa4182a5f107898bf" member_type: VOTER last_known_addr { host: "127.21.41.193" port: 42809 } health_report { overall_health: UNKNOWN } } peers { permanent_uuid: "4c283a6bb67d4eb3bf9cc45b2a440ae1" member_type: VOTER last_known_addr { host: "127.21.41.194" port: 42743 } health_report { overall_health: HEALTHY } } peers { permanent_uuid: "e212421e4d2f40069e60b983df55247e" member_type: VOTER last_known_addr { host: "127.21.41.195" port: 38431 } health_report { overall_health: UNKNOWN } } }
I20260709 14:55:01.230258 22678 catalog_manager.cc:5697] T a2a73d4266944805950bb1d4c9a573bc P 4c283a6bb67d4eb3bf9cc45b2a440ae1 reported cstate change: term changed from 0 to 1, leader changed from <none> to 4c283a6bb67d4eb3bf9cc45b2a440ae1 (127.21.41.194). New cstate: current_term: 1 leader_uuid: "4c283a6bb67d4eb3bf9cc45b2a440ae1" committed_config { opid_index: -1 OBSOLETE_local: false peers { permanent_uuid: "6a5b1a969b3e419aa4182a5f107898bf" member_type: VOTER last_known_addr { host: "127.21.41.193" port: 42809 } health_report { overall_health: UNKNOWN } } peers { permanent_uuid: "4c283a6bb67d4eb3bf9cc45b2a440ae1" member_type: VOTER last_known_addr { host: "127.21.41.194" port: 42743 } health_report { overall_health: HEALTHY } } peers { permanent_uuid: "e212421e4d2f40069e60b983df55247e" member_type: VOTER last_known_addr { host: "127.21.41.195" port: 38431 } health_report { overall_health: UNKNOWN } } }
I20260709 14:55:01.208909 22932 tablet_service.cc:1917] Received RequestConsensusVote() RPC: tablet_id: "d20a3e65cd6f41d59ead33fd0b509944" candidate_uuid: "4c283a6bb67d4eb3bf9cc45b2a440ae1" candidate_term: 1 candidate_status { last_received { term: 0 index: 0 } } ignore_live_leader: false dest_uuid: "e212421e4d2f40069e60b983df55247e"
I20260709 14:55:01.243860 23030 consensus_queue.cc:1048] T 9582fe38ed9a434392f1814396037a51 P e212421e4d2f40069e60b983df55247e [LEADER]: Connected to new peer: Peer: permanent_uuid: "4c283a6bb67d4eb3bf9cc45b2a440ae1" member_type: VOTER last_known_addr { host: "127.21.41.194" port: 42743 }, Status: LMP_MISMATCH, Last received: 0.0, Next index: 1, Last known committed idx: 0, Time since last communication: 0.000s
I20260709 14:55:01.244324 22932 raft_consensus.cc:3060] T d20a3e65cd6f41d59ead33fd0b509944 P e212421e4d2f40069e60b983df55247e [term 0 FOLLOWER]: Advancing to term 1
I20260709 14:55:01.248596 22898 leader_election.cc:304] T 35985942065a453aa3dcd154fadcfaee P e212421e4d2f40069e60b983df55247e [CANDIDATE]: Term 1 pre-election: Election decided. Result: candidate lost. Election summary: received 3 responses out of 3 voters: 1 yes votes; 2 no votes. yes voters: e212421e4d2f40069e60b983df55247e; no voters: 4c283a6bb67d4eb3bf9cc45b2a440ae1, 6a5b1a969b3e419aa4182a5f107898bf
I20260709 14:55:01.249754 23030 raft_consensus.cc:3060] T 35985942065a453aa3dcd154fadcfaee P e212421e4d2f40069e60b983df55247e [term 0 FOLLOWER]: Advancing to term 1
I20260709 14:55:01.256520 23030 raft_consensus.cc:2749] T 35985942065a453aa3dcd154fadcfaee P e212421e4d2f40069e60b983df55247e [term 1 FOLLOWER]: Leader pre-election lost for term 1. Reason: could not achieve majority
I20260709 14:55:01.259946 22824 leader_election.cc:304] T d20a3e65cd6f41d59ead33fd0b509944 P 4c283a6bb67d4eb3bf9cc45b2a440ae1 [CANDIDATE]: Term 1 election: Election decided. Result: candidate won. Election summary: received 2 responses out of 3 voters: 2 yes votes; 0 no votes. yes voters: 4c283a6bb67d4eb3bf9cc45b2a440ae1, 6a5b1a969b3e419aa4182a5f107898bf; no voters: 
I20260709 14:55:01.259974 22679 catalog_manager.cc:5697] T dda091b84596494b843bb2f6257a6c65 P 6a5b1a969b3e419aa4182a5f107898bf reported cstate change: term changed from 0 to 1, leader changed from <none> to 6a5b1a969b3e419aa4182a5f107898bf (127.21.41.193). New cstate: current_term: 1 leader_uuid: "6a5b1a969b3e419aa4182a5f107898bf" committed_config { opid_index: -1 OBSOLETE_local: false peers { permanent_uuid: "6a5b1a969b3e419aa4182a5f107898bf" member_type: VOTER last_known_addr { host: "127.21.41.193" port: 42809 } health_report { overall_health: HEALTHY } } peers { permanent_uuid: "4c283a6bb67d4eb3bf9cc45b2a440ae1" member_type: VOTER last_known_addr { host: "127.21.41.194" port: 42743 } health_report { overall_health: UNKNOWN } } peers { permanent_uuid: "e212421e4d2f40069e60b983df55247e" member_type: VOTER last_known_addr { host: "127.21.41.195" port: 38431 } health_report { overall_health: UNKNOWN } } }
I20260709 14:55:01.260895 23033 raft_consensus.cc:2804] T d20a3e65cd6f41d59ead33fd0b509944 P 4c283a6bb67d4eb3bf9cc45b2a440ae1 [term 1 FOLLOWER]: Leader election won for term 1
I20260709 14:55:01.261361 23033 raft_consensus.cc:697] T d20a3e65cd6f41d59ead33fd0b509944 P 4c283a6bb67d4eb3bf9cc45b2a440ae1 [term 1 LEADER]: Becoming Leader. State: Replica: 4c283a6bb67d4eb3bf9cc45b2a440ae1, State: Running, Role: LEADER
I20260709 14:55:01.262130 23033 consensus_queue.cc:237] T d20a3e65cd6f41d59ead33fd0b509944 P 4c283a6bb67d4eb3bf9cc45b2a440ae1 [LEADER]: Queue going to LEADER mode. State: All replicated index: 0, Majority replicated index: 0, Committed index: 0, Last appended: 0.0, Last appended by leader: 0, Current term: 1, Majority size: 2, State: 0, Mode: LEADER, active raft config: opid_index: -1 OBSOLETE_local: false peers { permanent_uuid: "6a5b1a969b3e419aa4182a5f107898bf" member_type: VOTER last_known_addr { host: "127.21.41.193" port: 42809 } } peers { permanent_uuid: "4c283a6bb67d4eb3bf9cc45b2a440ae1" member_type: VOTER last_known_addr { host: "127.21.41.194" port: 42743 } } peers { permanent_uuid: "e212421e4d2f40069e60b983df55247e" member_type: VOTER last_known_addr { host: "127.21.41.195" port: 38431 } }
I20260709 14:55:01.273319 22747 leader_election.cc:304] T 9582fe38ed9a434392f1814396037a51 P 6a5b1a969b3e419aa4182a5f107898bf [CANDIDATE]: Term 1 pre-election: Election decided. Result: candidate lost. Election summary: received 3 responses out of 3 voters: 1 yes votes; 2 no votes. yes voters: 6a5b1a969b3e419aa4182a5f107898bf; no voters: 4c283a6bb67d4eb3bf9cc45b2a440ae1, e212421e4d2f40069e60b983df55247e
I20260709 14:55:01.274739 22747 leader_election.cc:304] T 70fc0e08ed13408b8996d7e74cf6b48b P 6a5b1a969b3e419aa4182a5f107898bf [CANDIDATE]: Term 1 pre-election: Election decided. Result: candidate won. Election summary: received 3 responses out of 3 voters: 2 yes votes; 1 no votes. yes voters: 6a5b1a969b3e419aa4182a5f107898bf, e212421e4d2f40069e60b983df55247e; no voters: 4c283a6bb67d4eb3bf9cc45b2a440ae1
I20260709 14:55:01.282490 23066 raft_consensus.cc:3060] T 9582fe38ed9a434392f1814396037a51 P 6a5b1a969b3e419aa4182a5f107898bf [term 0 FOLLOWER]: Advancing to term 1
I20260709 14:55:01.283684 23018 raft_consensus.cc:493] T 2cedde82afeb4e329e56e7b045766b9d P 6a5b1a969b3e419aa4182a5f107898bf [term 0 FOLLOWER]: Starting pre-election (no leader contacted us within the election timeout)
I20260709 14:55:01.288738 23018 raft_consensus.cc:515] T 2cedde82afeb4e329e56e7b045766b9d P 6a5b1a969b3e419aa4182a5f107898bf [term 0 FOLLOWER]: Starting pre-election with config: opid_index: -1 OBSOLETE_local: false peers { permanent_uuid: "6a5b1a969b3e419aa4182a5f107898bf" member_type: VOTER last_known_addr { host: "127.21.41.193" port: 42809 } } peers { permanent_uuid: "4c283a6bb67d4eb3bf9cc45b2a440ae1" member_type: VOTER last_known_addr { host: "127.21.41.194" port: 42743 } } peers { permanent_uuid: "e212421e4d2f40069e60b983df55247e" member_type: VOTER last_known_addr { host: "127.21.41.195" port: 38431 } }
I20260709 14:55:01.290946 23018 leader_election.cc:290] T 2cedde82afeb4e329e56e7b045766b9d P 6a5b1a969b3e419aa4182a5f107898bf [CANDIDATE]: Term 1 pre-election: Requested pre-vote from peers 4c283a6bb67d4eb3bf9cc45b2a440ae1 (127.21.41.194:42743), e212421e4d2f40069e60b983df55247e (127.21.41.195:38431)
I20260709 14:55:01.293054 22974 tablet_bootstrap.cc:492] T 16a572ed4ee24a048f7f3c0f8bb37bc6 P 6a5b1a969b3e419aa4182a5f107898bf: No bootstrap required, opened a new log
I20260709 14:55:01.293485 22974 ts_tablet_manager.cc:1403] T 16a572ed4ee24a048f7f3c0f8bb37bc6 P 6a5b1a969b3e419aa4182a5f107898bf: Time spent bootstrapping tablet: real 0.192s	user 0.061s	sys 0.069s
I20260709 14:55:01.301517 23018 consensus_queue.cc:1048] T b4d1e7e40df44e4ba36e8a4aef5ffb5f P 6a5b1a969b3e419aa4182a5f107898bf [LEADER]: Connected to new peer: Peer: permanent_uuid: "4c283a6bb67d4eb3bf9cc45b2a440ae1" member_type: VOTER last_known_addr { host: "127.21.41.194" port: 42743 }, Status: LMP_MISMATCH, Last received: 0.0, Next index: 1, Last known committed idx: 0, Time since last communication: 0.000s
I20260709 14:55:01.304162 22857 tablet_service.cc:1917] Received RequestConsensusVote() RPC: tablet_id: "2cedde82afeb4e329e56e7b045766b9d" candidate_uuid: "6a5b1a969b3e419aa4182a5f107898bf" candidate_term: 1 candidate_status { last_received { term: 0 index: 0 } } ignore_live_leader: false dest_uuid: "4c283a6bb67d4eb3bf9cc45b2a440ae1" is_pre_election: true
I20260709 14:55:01.305645 23068 raft_consensus.cc:2804] T 70fc0e08ed13408b8996d7e74cf6b48b P 6a5b1a969b3e419aa4182a5f107898bf [term 0 FOLLOWER]: Leader pre-election won for term 1
I20260709 14:55:01.307564 22932 raft_consensus.cc:2468] T d20a3e65cd6f41d59ead33fd0b509944 P e212421e4d2f40069e60b983df55247e [term 1 FOLLOWER]: Leader election vote request: Granting yes vote for candidate 4c283a6bb67d4eb3bf9cc45b2a440ae1 in term 1.
I20260709 14:55:01.311340 22974 raft_consensus.cc:359] T 16a572ed4ee24a048f7f3c0f8bb37bc6 P 6a5b1a969b3e419aa4182a5f107898bf [term 0 FOLLOWER]: Replica starting. Triggering 0 pending ops. Active config: opid_index: -1 OBSOLETE_local: false peers { permanent_uuid: "6a5b1a969b3e419aa4182a5f107898bf" member_type: VOTER last_known_addr { host: "127.21.41.193" port: 42809 } } peers { permanent_uuid: "4c283a6bb67d4eb3bf9cc45b2a440ae1" member_type: VOTER last_known_addr { host: "127.21.41.194" port: 42743 } } peers { permanent_uuid: "e212421e4d2f40069e60b983df55247e" member_type: VOTER last_known_addr { host: "127.21.41.195" port: 38431 } }
I20260709 14:55:01.316125 22974 raft_consensus.cc:385] T 16a572ed4ee24a048f7f3c0f8bb37bc6 P 6a5b1a969b3e419aa4182a5f107898bf [term 0 FOLLOWER]: Consensus starting up: Expiring failure detector timer to make a prompt election more likely
I20260709 14:55:01.316601 22974 raft_consensus.cc:740] T 16a572ed4ee24a048f7f3c0f8bb37bc6 P 6a5b1a969b3e419aa4182a5f107898bf [term 0 FOLLOWER]: Becoming Follower/Learner. State: Replica: 6a5b1a969b3e419aa4182a5f107898bf, State: Initialized, Role: FOLLOWER
I20260709 14:55:01.316030 22929 tablet_service.cc:1917] Received RequestConsensusVote() RPC: tablet_id: "2cedde82afeb4e329e56e7b045766b9d" candidate_uuid: "6a5b1a969b3e419aa4182a5f107898bf" candidate_term: 1 candidate_status { last_received { term: 0 index: 0 } } ignore_live_leader: false dest_uuid: "e212421e4d2f40069e60b983df55247e" is_pre_election: true
I20260709 14:55:01.317729 22929 raft_consensus.cc:2468] T 2cedde82afeb4e329e56e7b045766b9d P e212421e4d2f40069e60b983df55247e [term 0 FOLLOWER]: Leader pre-election vote request: Granting yes vote for candidate 6a5b1a969b3e419aa4182a5f107898bf in term 0.
I20260709 14:55:01.317868 22974 consensus_queue.cc:260] T 16a572ed4ee24a048f7f3c0f8bb37bc6 P 6a5b1a969b3e419aa4182a5f107898bf [NON_LEADER]: Queue going to NON_LEADER mode. State: All replicated index: 0, Majority replicated index: 0, Committed index: 0, Last appended: 0.0, Last appended by leader: 0, Current term: 0, Majority size: -1, State: 0, Mode: NON_LEADER, active raft config: opid_index: -1 OBSOLETE_local: false peers { permanent_uuid: "6a5b1a969b3e419aa4182a5f107898bf" member_type: VOTER last_known_addr { host: "127.21.41.193" port: 42809 } } peers { permanent_uuid: "4c283a6bb67d4eb3bf9cc45b2a440ae1" member_type: VOTER last_known_addr { host: "127.21.41.194" port: 42743 } } peers { permanent_uuid: "e212421e4d2f40069e60b983df55247e" member_type: VOTER last_known_addr { host: "127.21.41.195" port: 38431 } }
W20260709 14:55:01.321754 22748 leader_election.cc:343] T 2cedde82afeb4e329e56e7b045766b9d P 6a5b1a969b3e419aa4182a5f107898bf [CANDIDATE]: Term 1 pre-election: Tablet error from VoteRequest() call to peer 4c283a6bb67d4eb3bf9cc45b2a440ae1 (127.21.41.194:42743): Illegal state: must be running to vote when last-logged opid is not known
I20260709 14:55:01.309818 23018 consensus_queue.cc:1048] T 35985942065a453aa3dcd154fadcfaee P 6a5b1a969b3e419aa4182a5f107898bf [LEADER]: Connected to new peer: Peer: permanent_uuid: "e212421e4d2f40069e60b983df55247e" member_type: VOTER last_known_addr { host: "127.21.41.195" port: 38431 }, Status: LMP_MISMATCH, Last received: 0.0, Next index: 1, Last known committed idx: 0, Time since last communication: 0.013s
