I20260709 14:54:53.606519 27521 raft_consensus.cc:1081] T bf06e80f17ea48259a3cc05cf8aa3d89 P 5f417501511a4228af9360abc1bd240f [term 3 LEADER]: Signalling peer ab776fe975424231981cb980510d6f66 to start an election
I20260709 14:54:53.608099 27264 tablet_service.cc:2044] Received Run Leader Election RPC: tablet_id: "bf06e80f17ea48259a3cc05cf8aa3d89"
dest_uuid: "ab776fe975424231981cb980510d6f66"
 from {username='slave'} at 127.0.0.1:56166
I20260709 14:54:53.608572 27264 raft_consensus.cc:493] T bf06e80f17ea48259a3cc05cf8aa3d89 P ab776fe975424231981cb980510d6f66 [term 3 FOLLOWER]: Starting forced leader election (received explicit request)
I20260709 14:54:53.608871 27264 raft_consensus.cc:3060] T bf06e80f17ea48259a3cc05cf8aa3d89 P ab776fe975424231981cb980510d6f66 [term 3 FOLLOWER]: Advancing to term 4
I20260709 14:54:53.613950 27264 raft_consensus.cc:515] T bf06e80f17ea48259a3cc05cf8aa3d89 P ab776fe975424231981cb980510d6f66 [term 4 FOLLOWER]: Starting forced leader election with config: opid_index: -1 OBSOLETE_local: false peers { permanent_uuid: "5f417501511a4228af9360abc1bd240f" member_type: VOTER last_known_addr { host: "127.25.241.1" port: 43953 } } peers { permanent_uuid: "ab776fe975424231981cb980510d6f66" member_type: VOTER last_known_addr { host: "127.25.241.2" port: 46025 } } peers { permanent_uuid: "43ceff9493484b8883e6595fa3360f8e" member_type: VOTER last_known_addr { host: "127.25.241.3" port: 36253 } }
I20260709 14:54:53.615468 27264 leader_election.cc:290] T bf06e80f17ea48259a3cc05cf8aa3d89 P ab776fe975424231981cb980510d6f66 [CANDIDATE]: Term 4 election: Requested vote from peers 5f417501511a4228af9360abc1bd240f (127.25.241.1:43953), 43ceff9493484b8883e6595fa3360f8e (127.25.241.3:36253)
I20260709 14:54:53.616537 27189 tablet_service.cc:1917] Received RequestConsensusVote() RPC: tablet_id: "bf06e80f17ea48259a3cc05cf8aa3d89" candidate_uuid: "ab776fe975424231981cb980510d6f66" candidate_term: 4 candidate_status { last_received { term: 3 index: 3 } } ignore_live_leader: true dest_uuid: "5f417501511a4228af9360abc1bd240f"
I20260709 14:54:53.616637 27339 tablet_service.cc:1917] Received RequestConsensusVote() RPC: tablet_id: "bf06e80f17ea48259a3cc05cf8aa3d89" candidate_uuid: "ab776fe975424231981cb980510d6f66" candidate_term: 4 candidate_status { last_received { term: 3 index: 3 } } ignore_live_leader: true dest_uuid: "43ceff9493484b8883e6595fa3360f8e"
I20260709 14:54:53.617254 27189 raft_consensus.cc:3055] T bf06e80f17ea48259a3cc05cf8aa3d89 P 5f417501511a4228af9360abc1bd240f [term 3 LEADER]: Stepping down as leader of term 3
I20260709 14:54:53.617303 27339 raft_consensus.cc:3060] T bf06e80f17ea48259a3cc05cf8aa3d89 P 43ceff9493484b8883e6595fa3360f8e [term 3 FOLLOWER]: Advancing to term 4
I20260709 14:54:53.617549 27189 raft_consensus.cc:740] T bf06e80f17ea48259a3cc05cf8aa3d89 P 5f417501511a4228af9360abc1bd240f [term 3 LEADER]: Becoming Follower/Learner. State: Replica: 5f417501511a4228af9360abc1bd240f, State: Running, Role: LEADER
I20260709 14:54:53.618343 27189 consensus_queue.cc:260] T bf06e80f17ea48259a3cc05cf8aa3d89 P 5f417501511a4228af9360abc1bd240f [NON_LEADER]: Queue going to NON_LEADER mode. State: All replicated index: 0, Majority replicated index: 3, Committed index: 3, Last appended: 3.3, Last appended by leader: 3, Current term: 3, Majority size: -1, State: 0, Mode: NON_LEADER, active raft config: opid_index: -1 OBSOLETE_local: false peers { permanent_uuid: "5f417501511a4228af9360abc1bd240f" member_type: VOTER last_known_addr { host: "127.25.241.1" port: 43953 } } peers { permanent_uuid: "ab776fe975424231981cb980510d6f66" member_type: VOTER last_known_addr { host: "127.25.241.2" port: 46025 } } peers { permanent_uuid: "43ceff9493484b8883e6595fa3360f8e" member_type: VOTER last_known_addr { host: "127.25.241.3" port: 36253 } }
I20260709 14:54:53.619477 27189 raft_consensus.cc:3060] T bf06e80f17ea48259a3cc05cf8aa3d89 P 5f417501511a4228af9360abc1bd240f [term 3 FOLLOWER]: Advancing to term 4
I20260709 14:54:53.622978 27339 raft_consensus.cc:2468] T bf06e80f17ea48259a3cc05cf8aa3d89 P 43ceff9493484b8883e6595fa3360f8e [term 4 FOLLOWER]: Leader election vote request: Granting yes vote for candidate ab776fe975424231981cb980510d6f66 in term 4.
I20260709 14:54:53.624075 27231 leader_election.cc:304] T bf06e80f17ea48259a3cc05cf8aa3d89 P ab776fe975424231981cb980510d6f66 [CANDIDATE]: Term 4 election: Election decided. Result: candidate won. Election summary: received 2 responses out of 3 voters: 2 yes votes; 0 no votes. yes voters: 43ceff9493484b8883e6595fa3360f8e, ab776fe975424231981cb980510d6f66; no voters: 
I20260709 14:54:53.624848 27491 raft_consensus.cc:2804] T bf06e80f17ea48259a3cc05cf8aa3d89 P ab776fe975424231981cb980510d6f66 [term 4 FOLLOWER]: Leader election won for term 4
I20260709 14:54:53.625468 27189 raft_consensus.cc:2468] T bf06e80f17ea48259a3cc05cf8aa3d89 P 5f417501511a4228af9360abc1bd240f [term 4 FOLLOWER]: Leader election vote request: Granting yes vote for candidate ab776fe975424231981cb980510d6f66 in term 4.
I20260709 14:54:53.625808 27491 raft_consensus.cc:697] T bf06e80f17ea48259a3cc05cf8aa3d89 P ab776fe975424231981cb980510d6f66 [term 4 LEADER]: Becoming Leader. State: Replica: ab776fe975424231981cb980510d6f66, State: Running, Role: LEADER
I20260709 14:54:53.626883 27491 consensus_queue.cc:237] T bf06e80f17ea48259a3cc05cf8aa3d89 P ab776fe975424231981cb980510d6f66 [LEADER]: Queue going to LEADER mode. State: All replicated index: 0, Majority replicated index: 3, Committed index: 3, Last appended: 3.3, Last appended by leader: 3, Current term: 4, Majority size: 2, State: 0, Mode: LEADER, active raft config: opid_index: -1 OBSOLETE_local: false peers { permanent_uuid: "5f417501511a4228af9360abc1bd240f" member_type: VOTER last_known_addr { host: "127.25.241.1" port: 43953 } } peers { permanent_uuid: "ab776fe975424231981cb980510d6f66" member_type: VOTER last_known_addr { host: "127.25.241.2" port: 46025 } } peers { permanent_uuid: "43ceff9493484b8883e6595fa3360f8e" member_type: VOTER last_known_addr { host: "127.25.241.3" port: 36253 } }
I20260709 14:54:53.634008 27088 catalog_manager.cc:5697] T bf06e80f17ea48259a3cc05cf8aa3d89 P ab776fe975424231981cb980510d6f66 reported cstate change: term changed from 3 to 4, leader changed from 5f417501511a4228af9360abc1bd240f (127.25.241.1) to ab776fe975424231981cb980510d6f66 (127.25.241.2). New cstate: current_term: 4 leader_uuid: "ab776fe975424231981cb980510d6f66" committed_config { opid_index: -1 OBSOLETE_local: false peers { permanent_uuid: "5f417501511a4228af9360abc1bd240f" member_type: VOTER last_known_addr { host: "127.25.241.1" port: 43953 } health_report { overall_health: UNKNOWN } } peers { permanent_uuid: "ab776fe975424231981cb980510d6f66" member_type: VOTER last_known_addr { host: "127.25.241.2" port: 46025 } health_report { overall_health: HEALTHY } } peers { permanent_uuid: "43ceff9493484b8883e6595fa3360f8e" member_type: VOTER last_known_addr { host: "127.25.241.3" port: 36253 } health_report { overall_health: UNKNOWN } } }
I20260709 14:54:53.710762 27419 raft_consensus.cc:993] T 6beefd79d40a4fb9ae28e392d2039819 P 5f417501511a4228af9360abc1bd240f: : Instructing follower 43ceff9493484b8883e6595fa3360f8e to start an election
I20260709 14:54:53.711232 27521 raft_consensus.cc:1081] T 6beefd79d40a4fb9ae28e392d2039819 P 5f417501511a4228af9360abc1bd240f [term 2 LEADER]: Signalling peer 43ceff9493484b8883e6595fa3360f8e to start an election
I20260709 14:54:53.712571 27339 tablet_service.cc:2044] Received Run Leader Election RPC: tablet_id: "6beefd79d40a4fb9ae28e392d2039819"
dest_uuid: "43ceff9493484b8883e6595fa3360f8e"
 from {username='slave'} at 127.0.0.1:49248
I20260709 14:54:53.713047 27339 raft_consensus.cc:493] T 6beefd79d40a4fb9ae28e392d2039819 P 43ceff9493484b8883e6595fa3360f8e [term 2 FOLLOWER]: Starting forced leader election (received explicit request)
I20260709 14:54:53.713351 27339 raft_consensus.cc:3060] T 6beefd79d40a4fb9ae28e392d2039819 P 43ceff9493484b8883e6595fa3360f8e [term 2 FOLLOWER]: Advancing to term 3
I20260709 14:54:53.718057 27339 raft_consensus.cc:515] T 6beefd79d40a4fb9ae28e392d2039819 P 43ceff9493484b8883e6595fa3360f8e [term 3 FOLLOWER]: Starting forced leader election with config: opid_index: -1 OBSOLETE_local: false peers { permanent_uuid: "5f417501511a4228af9360abc1bd240f" member_type: VOTER last_known_addr { host: "127.25.241.1" port: 43953 } } peers { permanent_uuid: "ab776fe975424231981cb980510d6f66" member_type: VOTER last_known_addr { host: "127.25.241.2" port: 46025 } } peers { permanent_uuid: "43ceff9493484b8883e6595fa3360f8e" member_type: VOTER last_known_addr { host: "127.25.241.3" port: 36253 } }
I20260709 14:54:53.719776 27339 leader_election.cc:290] T 6beefd79d40a4fb9ae28e392d2039819 P 43ceff9493484b8883e6595fa3360f8e [CANDIDATE]: Term 3 election: Requested vote from peers 5f417501511a4228af9360abc1bd240f (127.25.241.1:43953), ab776fe975424231981cb980510d6f66 (127.25.241.2:46025)
I20260709 14:54:53.720930 27264 tablet_service.cc:1917] Received RequestConsensusVote() RPC: tablet_id: "6beefd79d40a4fb9ae28e392d2039819" candidate_uuid: "43ceff9493484b8883e6595fa3360f8e" candidate_term: 3 candidate_status { last_received { term: 2 index: 2 } } ignore_live_leader: true dest_uuid: "ab776fe975424231981cb980510d6f66"
I20260709 14:54:53.721004 27189 tablet_service.cc:1917] Received RequestConsensusVote() RPC: tablet_id: "6beefd79d40a4fb9ae28e392d2039819" candidate_uuid: "43ceff9493484b8883e6595fa3360f8e" candidate_term: 3 candidate_status { last_received { term: 2 index: 2 } } ignore_live_leader: true dest_uuid: "5f417501511a4228af9360abc1bd240f"
I20260709 14:54:53.721374 27264 raft_consensus.cc:3060] T 6beefd79d40a4fb9ae28e392d2039819 P ab776fe975424231981cb980510d6f66 [term 2 FOLLOWER]: Advancing to term 3
I20260709 14:54:53.721472 27189 raft_consensus.cc:3055] T 6beefd79d40a4fb9ae28e392d2039819 P 5f417501511a4228af9360abc1bd240f [term 2 LEADER]: Stepping down as leader of term 2
I20260709 14:54:53.721786 27189 raft_consensus.cc:740] T 6beefd79d40a4fb9ae28e392d2039819 P 5f417501511a4228af9360abc1bd240f [term 2 LEADER]: Becoming Follower/Learner. State: Replica: 5f417501511a4228af9360abc1bd240f, State: Running, Role: LEADER
I20260709 14:54:53.722369 27189 consensus_queue.cc:260] T 6beefd79d40a4fb9ae28e392d2039819 P 5f417501511a4228af9360abc1bd240f [NON_LEADER]: Queue going to NON_LEADER mode. State: All replicated index: 0, Majority replicated index: 2, Committed index: 2, Last appended: 2.2, Last appended by leader: 2, Current term: 2, Majority size: -1, State: 0, Mode: NON_LEADER, active raft config: opid_index: -1 OBSOLETE_local: false peers { permanent_uuid: "5f417501511a4228af9360abc1bd240f" member_type: VOTER last_known_addr { host: "127.25.241.1" port: 43953 } } peers { permanent_uuid: "ab776fe975424231981cb980510d6f66" member_type: VOTER last_known_addr { host: "127.25.241.2" port: 46025 } } peers { permanent_uuid: "43ceff9493484b8883e6595fa3360f8e" member_type: VOTER last_known_addr { host: "127.25.241.3" port: 36253 } }
I20260709 14:54:53.723227 27189 raft_consensus.cc:3060] T 6beefd79d40a4fb9ae28e392d2039819 P 5f417501511a4228af9360abc1bd240f [term 2 FOLLOWER]: Advancing to term 3
I20260709 14:54:53.725658 27264 raft_consensus.cc:2468] T 6beefd79d40a4fb9ae28e392d2039819 P ab776fe975424231981cb980510d6f66 [term 3 FOLLOWER]: Leader election vote request: Granting yes vote for candidate 43ceff9493484b8883e6595fa3360f8e in term 3.
I20260709 14:54:53.726756 27302 leader_election.cc:304] T 6beefd79d40a4fb9ae28e392d2039819 P 43ceff9493484b8883e6595fa3360f8e [CANDIDATE]: Term 3 election: Election decided. Result: candidate won. Election summary: received 2 responses out of 3 voters: 2 yes votes; 0 no votes. yes voters: 43ceff9493484b8883e6595fa3360f8e, ab776fe975424231981cb980510d6f66; no voters: 
I20260709 14:54:53.727535 27520 raft_consensus.cc:2804] T 6beefd79d40a4fb9ae28e392d2039819 P 43ceff9493484b8883e6595fa3360f8e [term 3 FOLLOWER]: Leader election won for term 3
I20260709 14:54:53.727728 27189 raft_consensus.cc:2468] T 6beefd79d40a4fb9ae28e392d2039819 P 5f417501511a4228af9360abc1bd240f [term 3 FOLLOWER]: Leader election vote request: Granting yes vote for candidate 43ceff9493484b8883e6595fa3360f8e in term 3.
I20260709 14:54:53.728128 27520 raft_consensus.cc:697] T 6beefd79d40a4fb9ae28e392d2039819 P 43ceff9493484b8883e6595fa3360f8e [term 3 LEADER]: Becoming Leader. State: Replica: 43ceff9493484b8883e6595fa3360f8e, State: Running, Role: LEADER
I20260709 14:54:53.728978 27520 consensus_queue.cc:237] T 6beefd79d40a4fb9ae28e392d2039819 P 43ceff9493484b8883e6595fa3360f8e [LEADER]: Queue going to LEADER mode. State: All replicated index: 0, Majority replicated index: 2, Committed index: 2, Last appended: 2.2, Last appended by leader: 2, Current term: 3, Majority size: 2, State: 0, Mode: LEADER, active raft config: opid_index: -1 OBSOLETE_local: false peers { permanent_uuid: "5f417501511a4228af9360abc1bd240f" member_type: VOTER last_known_addr { host: "127.25.241.1" port: 43953 } } peers { permanent_uuid: "ab776fe975424231981cb980510d6f66" member_type: VOTER last_known_addr { host: "127.25.241.2" port: 46025 } } peers { permanent_uuid: "43ceff9493484b8883e6595fa3360f8e" member_type: VOTER last_known_addr { host: "127.25.241.3" port: 36253 } }
I20260709 14:54:53.735982 27088 catalog_manager.cc:5697] T 6beefd79d40a4fb9ae28e392d2039819 P 43ceff9493484b8883e6595fa3360f8e reported cstate change: term changed from 2 to 3, leader changed from 5f417501511a4228af9360abc1bd240f (127.25.241.1) to 43ceff9493484b8883e6595fa3360f8e (127.25.241.3). New cstate: current_term: 3 leader_uuid: "43ceff9493484b8883e6595fa3360f8e" committed_config { opid_index: -1 OBSOLETE_local: false peers { permanent_uuid: "5f417501511a4228af9360abc1bd240f" member_type: VOTER last_known_addr { host: "127.25.241.1" port: 43953 } health_report { overall_health: UNKNOWN } } peers { permanent_uuid: "ab776fe975424231981cb980510d6f66" member_type: VOTER last_known_addr { host: "127.25.241.2" port: 46025 } health_report { overall_health: UNKNOWN } } peers { permanent_uuid: "43ceff9493484b8883e6595fa3360f8e" member_type: VOTER last_known_addr { host: "127.25.241.3" port: 36253 } health_report { overall_health: HEALTHY } } }
I20260709 14:54:53.869483 27419 raft_consensus.cc:993] T 708c0ca1d8f84ae7926f28bd3928229b P 5f417501511a4228af9360abc1bd240f: : Instructing follower 43ceff9493484b8883e6595fa3360f8e to start an election
I20260709 14:54:53.869881 27521 raft_consensus.cc:1081] T 708c0ca1d8f84ae7926f28bd3928229b P 5f417501511a4228af9360abc1bd240f [term 2 LEADER]: Signalling peer 43ceff9493484b8883e6595fa3360f8e to start an election
I20260709 14:54:53.871207 27339 tablet_service.cc:2044] Received Run Leader Election RPC: tablet_id: "708c0ca1d8f84ae7926f28bd3928229b"
dest_uuid: "43ceff9493484b8883e6595fa3360f8e"
 from {username='slave'} at 127.0.0.1:49248
I20260709 14:54:53.871618 27339 raft_consensus.cc:493] T 708c0ca1d8f84ae7926f28bd3928229b P 43ceff9493484b8883e6595fa3360f8e [term 2 FOLLOWER]: Starting forced leader election (received explicit request)
I20260709 14:54:53.871858 27339 raft_consensus.cc:3060] T 708c0ca1d8f84ae7926f28bd3928229b P 43ceff9493484b8883e6595fa3360f8e [term 2 FOLLOWER]: Advancing to term 3
I20260709 14:54:53.876492 27339 raft_consensus.cc:515] T 708c0ca1d8f84ae7926f28bd3928229b P 43ceff9493484b8883e6595fa3360f8e [term 3 FOLLOWER]: Starting forced leader election with config: opid_index: -1 OBSOLETE_local: false peers { permanent_uuid: "ab776fe975424231981cb980510d6f66" member_type: VOTER last_known_addr { host: "127.25.241.2" port: 46025 } } peers { permanent_uuid: "43ceff9493484b8883e6595fa3360f8e" member_type: VOTER last_known_addr { host: "127.25.241.3" port: 36253 } } peers { permanent_uuid: "5f417501511a4228af9360abc1bd240f" member_type: VOTER last_known_addr { host: "127.25.241.1" port: 43953 } }
I20260709 14:54:53.878134 27339 leader_election.cc:290] T 708c0ca1d8f84ae7926f28bd3928229b P 43ceff9493484b8883e6595fa3360f8e [CANDIDATE]: Term 3 election: Requested vote from peers ab776fe975424231981cb980510d6f66 (127.25.241.2:46025), 5f417501511a4228af9360abc1bd240f (127.25.241.1:43953)
I20260709 14:54:53.878866 27264 tablet_service.cc:1917] Received RequestConsensusVote() RPC: tablet_id: "708c0ca1d8f84ae7926f28bd3928229b" candidate_uuid: "43ceff9493484b8883e6595fa3360f8e" candidate_term: 3 candidate_status { last_received { term: 2 index: 2 } } ignore_live_leader: true dest_uuid: "ab776fe975424231981cb980510d6f66"
I20260709 14:54:53.879074 27189 tablet_service.cc:1917] Received RequestConsensusVote() RPC: tablet_id: "708c0ca1d8f84ae7926f28bd3928229b" candidate_uuid: "43ceff9493484b8883e6595fa3360f8e" candidate_term: 3 candidate_status { last_received { term: 2 index: 2 } } ignore_live_leader: true dest_uuid: "5f417501511a4228af9360abc1bd240f"
I20260709 14:54:53.879426 27264 raft_consensus.cc:3060] T 708c0ca1d8f84ae7926f28bd3928229b P ab776fe975424231981cb980510d6f66 [term 2 FOLLOWER]: Advancing to term 3
I20260709 14:54:53.879633 27189 raft_consensus.cc:3055] T 708c0ca1d8f84ae7926f28bd3928229b P 5f417501511a4228af9360abc1bd240f [term 2 LEADER]: Stepping down as leader of term 2
I20260709 14:54:53.880007 27189 raft_consensus.cc:740] T 708c0ca1d8f84ae7926f28bd3928229b P 5f417501511a4228af9360abc1bd240f [term 2 LEADER]: Becoming Follower/Learner. State: Replica: 5f417501511a4228af9360abc1bd240f, State: Running, Role: LEADER
I20260709 14:54:53.880892 27189 consensus_queue.cc:260] T 708c0ca1d8f84ae7926f28bd3928229b P 5f417501511a4228af9360abc1bd240f [NON_LEADER]: Queue going to NON_LEADER mode. State: All replicated index: 0, Majority replicated index: 2, Committed index: 2, Last appended: 2.2, Last appended by leader: 2, Current term: 2, Majority size: -1, State: 0, Mode: NON_LEADER, active raft config: opid_index: -1 OBSOLETE_local: false peers { permanent_uuid: "ab776fe975424231981cb980510d6f66" member_type: VOTER last_known_addr { host: "127.25.241.2" port: 46025 } } peers { permanent_uuid: "43ceff9493484b8883e6595fa3360f8e" member_type: VOTER last_known_addr { host: "127.25.241.3" port: 36253 } } peers { permanent_uuid: "5f417501511a4228af9360abc1bd240f" member_type: VOTER last_known_addr { host: "127.25.241.1" port: 43953 } }
I20260709 14:54:53.881723 27189 raft_consensus.cc:3060] T 708c0ca1d8f84ae7926f28bd3928229b P 5f417501511a4228af9360abc1bd240f [term 2 FOLLOWER]: Advancing to term 3
I20260709 14:54:53.884076 27264 raft_consensus.cc:2468] T 708c0ca1d8f84ae7926f28bd3928229b P ab776fe975424231981cb980510d6f66 [term 3 FOLLOWER]: Leader election vote request: Granting yes vote for candidate 43ceff9493484b8883e6595fa3360f8e in term 3.
I20260709 14:54:53.884734 27265 raft_consensus.cc:1240] T 708c0ca1d8f84ae7926f28bd3928229b P ab776fe975424231981cb980510d6f66 [term 3 FOLLOWER]: Rejecting Update request from peer 5f417501511a4228af9360abc1bd240f for earlier term 2. Current term is 3. Ops: []
I20260709 14:54:53.884934 27302 leader_election.cc:304] T 708c0ca1d8f84ae7926f28bd3928229b P 43ceff9493484b8883e6595fa3360f8e [CANDIDATE]: Term 3 election: Election decided. Result: candidate won. Election summary: received 2 responses out of 3 voters: 2 yes votes; 0 no votes. yes voters: 43ceff9493484b8883e6595fa3360f8e, ab776fe975424231981cb980510d6f66; no voters: 
I20260709 14:54:53.885731 27520 raft_consensus.cc:2804] T 708c0ca1d8f84ae7926f28bd3928229b P 43ceff9493484b8883e6595fa3360f8e [term 3 FOLLOWER]: Leader election won for term 3
I20260709 14:54:53.886181 27520 raft_consensus.cc:697] T 708c0ca1d8f84ae7926f28bd3928229b P 43ceff9493484b8883e6595fa3360f8e [term 3 LEADER]: Becoming Leader. State: Replica: 43ceff9493484b8883e6595fa3360f8e, State: Running, Role: LEADER
I20260709 14:54:53.887666 27189 raft_consensus.cc:2468] T 708c0ca1d8f84ae7926f28bd3928229b P 5f417501511a4228af9360abc1bd240f [term 3 FOLLOWER]: Leader election vote request: Granting yes vote for candidate 43ceff9493484b8883e6595fa3360f8e in term 3.
I20260709 14:54:53.887428 27520 consensus_queue.cc:237] T 708c0ca1d8f84ae7926f28bd3928229b P 43ceff9493484b8883e6595fa3360f8e [LEADER]: Queue going to LEADER mode. State: All replicated index: 0, Majority replicated index: 2, Committed index: 2, Last appended: 2.2, Last appended by leader: 2, Current term: 3, Majority size: 2, State: 0, Mode: LEADER, active raft config: opid_index: -1 OBSOLETE_local: false peers { permanent_uuid: "ab776fe975424231981cb980510d6f66" member_type: VOTER last_known_addr { host: "127.25.241.2" port: 46025 } } peers { permanent_uuid: "43ceff9493484b8883e6595fa3360f8e" member_type: VOTER last_known_addr { host: "127.25.241.3" port: 36253 } } peers { permanent_uuid: "5f417501511a4228af9360abc1bd240f" member_type: VOTER last_known_addr { host: "127.25.241.1" port: 43953 } }
I20260709 14:54:53.893908 27088 catalog_manager.cc:5697] T 708c0ca1d8f84ae7926f28bd3928229b P 43ceff9493484b8883e6595fa3360f8e reported cstate change: term changed from 2 to 3, leader changed from 5f417501511a4228af9360abc1bd240f (127.25.241.1) to 43ceff9493484b8883e6595fa3360f8e (127.25.241.3). New cstate: current_term: 3 leader_uuid: "43ceff9493484b8883e6595fa3360f8e" committed_config { opid_index: -1 OBSOLETE_local: false peers { permanent_uuid: "ab776fe975424231981cb980510d6f66" member_type: VOTER last_known_addr { host: "127.25.241.2" port: 46025 } health_report { overall_health: UNKNOWN } } peers { permanent_uuid: "43ceff9493484b8883e6595fa3360f8e" member_type: VOTER last_known_addr { host: "127.25.241.3" port: 36253 } health_report { overall_health: HEALTHY } } peers { permanent_uuid: "5f417501511a4228af9360abc1bd240f" member_type: VOTER last_known_addr { host: "127.25.241.1" port: 43953 } health_report { overall_health: UNKNOWN } } }
I20260709 14:54:53.927822 27419 raft_consensus.cc:993] T d62c0d397e9849cfa15c930e071e0527 P 5f417501511a4228af9360abc1bd240f: : Instructing follower ab776fe975424231981cb980510d6f66 to start an election
I20260709 14:54:53.928324 27521 raft_consensus.cc:1081] T d62c0d397e9849cfa15c930e071e0527 P 5f417501511a4228af9360abc1bd240f [term 1 LEADER]: Signalling peer ab776fe975424231981cb980510d6f66 to start an election
I20260709 14:54:53.929812 27265 tablet_service.cc:2044] Received Run Leader Election RPC: tablet_id: "d62c0d397e9849cfa15c930e071e0527"
dest_uuid: "ab776fe975424231981cb980510d6f66"
 from {username='slave'} at 127.0.0.1:56166
I20260709 14:54:53.930255 27265 raft_consensus.cc:493] T d62c0d397e9849cfa15c930e071e0527 P ab776fe975424231981cb980510d6f66 [term 1 FOLLOWER]: Starting forced leader election (received explicit request)
I20260709 14:54:53.930480 27265 raft_consensus.cc:3060] T d62c0d397e9849cfa15c930e071e0527 P ab776fe975424231981cb980510d6f66 [term 1 FOLLOWER]: Advancing to term 2
I20260709 14:54:53.934685 27265 raft_consensus.cc:515] T d62c0d397e9849cfa15c930e071e0527 P ab776fe975424231981cb980510d6f66 [term 2 FOLLOWER]: Starting forced leader election with config: opid_index: -1 OBSOLETE_local: false peers { permanent_uuid: "5f417501511a4228af9360abc1bd240f" member_type: VOTER last_known_addr { host: "127.25.241.1" port: 43953 } } peers { permanent_uuid: "ab776fe975424231981cb980510d6f66" member_type: VOTER last_known_addr { host: "127.25.241.2" port: 46025 } } peers { permanent_uuid: "43ceff9493484b8883e6595fa3360f8e" member_type: VOTER last_known_addr { host: "127.25.241.3" port: 36253 } }
I20260709 14:54:53.935992 27265 leader_election.cc:290] T d62c0d397e9849cfa15c930e071e0527 P ab776fe975424231981cb980510d6f66 [CANDIDATE]: Term 2 election: Requested vote from peers 5f417501511a4228af9360abc1bd240f (127.25.241.1:43953), 43ceff9493484b8883e6595fa3360f8e (127.25.241.3:36253)
I20260709 14:54:53.936825 27189 tablet_service.cc:1917] Received RequestConsensusVote() RPC: tablet_id: "d62c0d397e9849cfa15c930e071e0527" candidate_uuid: "ab776fe975424231981cb980510d6f66" candidate_term: 2 candidate_status { last_received { term: 1 index: 1 } } ignore_live_leader: true dest_uuid: "5f417501511a4228af9360abc1bd240f"
I20260709 14:54:53.937027 27339 tablet_service.cc:1917] Received RequestConsensusVote() RPC: tablet_id: "d62c0d397e9849cfa15c930e071e0527" candidate_uuid: "ab776fe975424231981cb980510d6f66" candidate_term: 2 candidate_status { last_received { term: 1 index: 1 } } ignore_live_leader: true dest_uuid: "43ceff9493484b8883e6595fa3360f8e"
I20260709 14:54:53.937276 27189 raft_consensus.cc:3055] T d62c0d397e9849cfa15c930e071e0527 P 5f417501511a4228af9360abc1bd240f [term 1 LEADER]: Stepping down as leader of term 1
I20260709 14:54:53.937501 27339 raft_consensus.cc:3060] T d62c0d397e9849cfa15c930e071e0527 P 43ceff9493484b8883e6595fa3360f8e [term 1 FOLLOWER]: Advancing to term 2
I20260709 14:54:53.937521 27189 raft_consensus.cc:740] T d62c0d397e9849cfa15c930e071e0527 P 5f417501511a4228af9360abc1bd240f [term 1 LEADER]: Becoming Follower/Learner. State: Replica: 5f417501511a4228af9360abc1bd240f, State: Running, Role: LEADER
I20260709 14:54:53.938390 27189 consensus_queue.cc:260] T d62c0d397e9849cfa15c930e071e0527 P 5f417501511a4228af9360abc1bd240f [NON_LEADER]: Queue going to NON_LEADER mode. State: All replicated index: 0, Majority replicated index: 1, Committed index: 1, Last appended: 1.1, Last appended by leader: 1, Current term: 1, Majority size: -1, State: 0, Mode: NON_LEADER, active raft config: opid_index: -1 OBSOLETE_local: false peers { permanent_uuid: "5f417501511a4228af9360abc1bd240f" member_type: VOTER last_known_addr { host: "127.25.241.1" port: 43953 } } peers { permanent_uuid: "ab776fe975424231981cb980510d6f66" member_type: VOTER last_known_addr { host: "127.25.241.2" port: 46025 } } peers { permanent_uuid: "43ceff9493484b8883e6595fa3360f8e" member_type: VOTER last_known_addr { host: "127.25.241.3" port: 36253 } }
I20260709 14:54:53.939173 27189 raft_consensus.cc:3060] T d62c0d397e9849cfa15c930e071e0527 P 5f417501511a4228af9360abc1bd240f [term 1 FOLLOWER]: Advancing to term 2
I20260709 14:54:53.942191 27339 raft_consensus.cc:2468] T d62c0d397e9849cfa15c930e071e0527 P 43ceff9493484b8883e6595fa3360f8e [term 2 FOLLOWER]: Leader election vote request: Granting yes vote for candidate ab776fe975424231981cb980510d6f66 in term 2.
I20260709 14:54:53.943174 27189 raft_consensus.cc:2468] T d62c0d397e9849cfa15c930e071e0527 P 5f417501511a4228af9360abc1bd240f [term 2 FOLLOWER]: Leader election vote request: Granting yes vote for candidate ab776fe975424231981cb980510d6f66 in term 2.
I20260709 14:54:53.943109 27231 leader_election.cc:304] T d62c0d397e9849cfa15c930e071e0527 P ab776fe975424231981cb980510d6f66 [CANDIDATE]: Term 2 election: Election decided. Result: candidate won. Election summary: received 2 responses out of 3 voters: 2 yes votes; 0 no votes. yes voters: 43ceff9493484b8883e6595fa3360f8e, ab776fe975424231981cb980510d6f66; no voters: 
I20260709 14:54:53.944031 27491 raft_consensus.cc:2804] T d62c0d397e9849cfa15c930e071e0527 P ab776fe975424231981cb980510d6f66 [term 2 FOLLOWER]: Leader election won for term 2
I20260709 14:54:53.944429 27491 raft_consensus.cc:697] T d62c0d397e9849cfa15c930e071e0527 P ab776fe975424231981cb980510d6f66 [term 2 LEADER]: Becoming Leader. State: Replica: ab776fe975424231981cb980510d6f66, State: Running, Role: LEADER
I20260709 14:54:53.945191 27491 consensus_queue.cc:237] T d62c0d397e9849cfa15c930e071e0527 P ab776fe975424231981cb980510d6f66 [LEADER]: Queue going to LEADER mode. State: All replicated index: 0, Majority replicated index: 1, Committed index: 1, Last appended: 1.1, Last appended by leader: 1, Current term: 2, Majority size: 2, State: 0, Mode: LEADER, active raft config: opid_index: -1 OBSOLETE_local: false peers { permanent_uuid: "5f417501511a4228af9360abc1bd240f" member_type: VOTER last_known_addr { host: "127.25.241.1" port: 43953 } } peers { permanent_uuid: "ab776fe975424231981cb980510d6f66" member_type: VOTER last_known_addr { host: "127.25.241.2" port: 46025 } } peers { permanent_uuid: "43ceff9493484b8883e6595fa3360f8e" member_type: VOTER last_known_addr { host: "127.25.241.3" port: 36253 } }
I20260709 14:54:53.952044 27088 catalog_manager.cc:5697] T d62c0d397e9849cfa15c930e071e0527 P ab776fe975424231981cb980510d6f66 reported cstate change: term changed from 1 to 2, leader changed from 5f417501511a4228af9360abc1bd240f (127.25.241.1) to ab776fe975424231981cb980510d6f66 (127.25.241.2). New cstate: current_term: 2 leader_uuid: "ab776fe975424231981cb980510d6f66" committed_config { opid_index: -1 OBSOLETE_local: false peers { permanent_uuid: "5f417501511a4228af9360abc1bd240f" member_type: VOTER last_known_addr { host: "127.25.241.1" port: 43953 } health_report { overall_health: UNKNOWN } } peers { permanent_uuid: "ab776fe975424231981cb980510d6f66" member_type: VOTER last_known_addr { host: "127.25.241.2" port: 46025 } health_report { overall_health: HEALTHY } } peers { permanent_uuid: "43ceff9493484b8883e6595fa3360f8e" member_type: VOTER last_known_addr { host: "127.25.241.3" port: 36253 } health_report { overall_health: UNKNOWN } } }
I20260709 14:54:54.006244 27189 raft_consensus.cc:1275] T bf06e80f17ea48259a3cc05cf8aa3d89 P 5f417501511a4228af9360abc1bd240f [term 4 FOLLOWER]: Refusing update from remote peer ab776fe975424231981cb980510d6f66: Log matching property violated. Preceding OpId in replica: term: 3 index: 3. Preceding OpId from leader: term: 4 index: 4. (index mismatch)
I20260709 14:54:54.007359 27491 consensus_queue.cc:1048] T bf06e80f17ea48259a3cc05cf8aa3d89 P ab776fe975424231981cb980510d6f66 [LEADER]: Connected to new peer: Peer: permanent_uuid: "5f417501511a4228af9360abc1bd240f" member_type: VOTER last_known_addr { host: "127.25.241.1" port: 43953 }, Status: LMP_MISMATCH, Last received: 0.0, Next index: 4, Last known committed idx: 3, Time since last communication: 0.000s
I20260709 14:54:54.018020 27339 raft_consensus.cc:1275] T bf06e80f17ea48259a3cc05cf8aa3d89 P 43ceff9493484b8883e6595fa3360f8e [term 4 FOLLOWER]: Refusing update from remote peer ab776fe975424231981cb980510d6f66: Log matching property violated. Preceding OpId in replica: term: 3 index: 3. Preceding OpId from leader: term: 4 index: 4. (index mismatch)
I20260709 14:54:54.019932 27533 consensus_queue.cc:1048] T bf06e80f17ea48259a3cc05cf8aa3d89 P ab776fe975424231981cb980510d6f66 [LEADER]: Connected to new peer: Peer: permanent_uuid: "43ceff9493484b8883e6595fa3360f8e" member_type: VOTER last_known_addr { host: "127.25.241.3" port: 36253 }, Status: LMP_MISMATCH, Last received: 0.0, Next index: 4, Last known committed idx: 3, Time since last communication: 0.001s
I20260709 14:54:54.123943 27265 raft_consensus.cc:1275] T 6beefd79d40a4fb9ae28e392d2039819 P ab776fe975424231981cb980510d6f66 [term 3 FOLLOWER]: Refusing update from remote peer 43ceff9493484b8883e6595fa3360f8e: Log matching property violated. Preceding OpId in replica: term: 2 index: 2. Preceding OpId from leader: term: 3 index: 3. (index mismatch)
I20260709 14:54:54.125120 27520 consensus_queue.cc:1048] T 6beefd79d40a4fb9ae28e392d2039819 P 43ceff9493484b8883e6595fa3360f8e [LEADER]: Connected to new peer: Peer: permanent_uuid: "ab776fe975424231981cb980510d6f66" member_type: VOTER last_known_addr { host: "127.25.241.2" port: 46025 }, Status: LMP_MISMATCH, Last received: 0.0, Next index: 3, Last known committed idx: 2, Time since last communication: 0.000s
I20260709 14:54:54.133411 27189 raft_consensus.cc:1275] T 6beefd79d40a4fb9ae28e392d2039819 P 5f417501511a4228af9360abc1bd240f [term 3 FOLLOWER]: Refusing update from remote peer 43ceff9493484b8883e6595fa3360f8e: Log matching property violated. Preceding OpId in replica: term: 2 index: 2. Preceding OpId from leader: term: 3 index: 3. (index mismatch)
I20260709 14:54:54.135098 27520 consensus_queue.cc:1048] T 6beefd79d40a4fb9ae28e392d2039819 P 43ceff9493484b8883e6595fa3360f8e [LEADER]: Connected to new peer: Peer: permanent_uuid: "5f417501511a4228af9360abc1bd240f" member_type: VOTER last_known_addr { host: "127.25.241.1" port: 43953 }, Status: LMP_MISMATCH, Last received: 0.0, Next index: 3, Last known committed idx: 2, Time since last communication: 0.000s
I20260709 14:54:54.354559 27265 raft_consensus.cc:1275] T 708c0ca1d8f84ae7926f28bd3928229b P ab776fe975424231981cb980510d6f66 [term 3 FOLLOWER]: Refusing update from remote peer 43ceff9493484b8883e6595fa3360f8e: Log matching property violated. Preceding OpId in replica: term: 2 index: 2. Preceding OpId from leader: term: 3 index: 3. (index mismatch)
I20260709 14:54:54.355732 27520 consensus_queue.cc:1048] T 708c0ca1d8f84ae7926f28bd3928229b P 43ceff9493484b8883e6595fa3360f8e [LEADER]: Connected to new peer: Peer: permanent_uuid: "ab776fe975424231981cb980510d6f66" member_type: VOTER last_known_addr { host: "127.25.241.2" port: 46025 }, Status: LMP_MISMATCH, Last received: 0.0, Next index: 3, Last known committed idx: 2, Time since last communication: 0.000s
I20260709 14:54:54.364349 27189 raft_consensus.cc:1275] T 708c0ca1d8f84ae7926f28bd3928229b P 5f417501511a4228af9360abc1bd240f [term 3 FOLLOWER]: Refusing update from remote peer 43ceff9493484b8883e6595fa3360f8e: Log matching property violated. Preceding OpId in replica: term: 2 index: 2. Preceding OpId from leader: term: 3 index: 3. (index mismatch)
I20260709 14:54:54.366751 27538 consensus_queue.cc:1048] T 708c0ca1d8f84ae7926f28bd3928229b P 43ceff9493484b8883e6595fa3360f8e [LEADER]: Connected to new peer: Peer: permanent_uuid: "5f417501511a4228af9360abc1bd240f" member_type: VOTER last_known_addr { host: "127.25.241.1" port: 43953 }, Status: LMP_MISMATCH, Last received: 0.0, Next index: 3, Last known committed idx: 2, Time since last communication: 0.001s
I20260709 14:54:54.486526 27189 raft_consensus.cc:1275] T d62c0d397e9849cfa15c930e071e0527 P 5f417501511a4228af9360abc1bd240f [term 2 FOLLOWER]: Refusing update from remote peer ab776fe975424231981cb980510d6f66: Log matching property violated. Preceding OpId in replica: term: 1 index: 1. Preceding OpId from leader: term: 2 index: 2. (index mismatch)
I20260709 14:54:54.487676 27533 consensus_queue.cc:1048] T d62c0d397e9849cfa15c930e071e0527 P ab776fe975424231981cb980510d6f66 [LEADER]: Connected to new peer: Peer: permanent_uuid: "5f417501511a4228af9360abc1bd240f" member_type: VOTER last_known_addr { host: "127.25.241.1" port: 43953 }, Status: LMP_MISMATCH, Last received: 0.0, Next index: 2, Last known committed idx: 1, Time since last communication: 0.000s
I20260709 14:54:54.495723 27339 raft_consensus.cc:1275] T d62c0d397e9849cfa15c930e071e0527 P 43ceff9493484b8883e6595fa3360f8e [term 2 FOLLOWER]: Refusing update from remote peer ab776fe975424231981cb980510d6f66: Log matching property violated. Preceding OpId in replica: term: 1 index: 1. Preceding OpId from leader: term: 2 index: 2. (index mismatch)
I20260709 14:54:54.497267 27491 consensus_queue.cc:1048] T d62c0d397e9849cfa15c930e071e0527 P ab776fe975424231981cb980510d6f66 [LEADER]: Connected to new peer: Peer: permanent_uuid: "43ceff9493484b8883e6595fa3360f8e" member_type: VOTER last_known_addr { host: "127.25.241.3" port: 36253 }, Status: LMP_MISMATCH, Last received: 0.0, Next index: 2, Last known committed idx: 1, Time since last communication: 0.000s
I20260709 14:54:54.516942 26564 auto_leader_rebalancer.cc:141] leader rebalance for table test-workload
I20260709 14:54:54.522723 26564 tablet_server.cc:179] TabletServer@127.25.241.1:0 shutting down...
I20260709 14:54:54.543573 26564 ts_tablet_manager.cc:1507] Shutting down tablet manager...
I20260709 14:54:54.544451 26564 tablet_replica.cc:333] T bf06e80f17ea48259a3cc05cf8aa3d89 P 5f417501511a4228af9360abc1bd240f: stopping tablet replica
W20260709 14:54:54.544803 27229 proxy.cc:239] Call had error, refreshing address and retrying: Remote error: Service unavailable: service kudu.consensus.ConsensusService not registered on TabletServer [suppressed 1 similar messages]
I20260709 14:54:54.545114 26564 raft_consensus.cc:2243] T bf06e80f17ea48259a3cc05cf8aa3d89 P 5f417501511a4228af9360abc1bd240f [term 4 FOLLOWER]: Raft consensus shutting down.
I20260709 14:54:54.545557 26564 raft_consensus.cc:2272] T bf06e80f17ea48259a3cc05cf8aa3d89 P 5f417501511a4228af9360abc1bd240f [term 4 FOLLOWER]: Raft consensus is shut down!
W20260709 14:54:54.547787 27229 consensus_peers.cc:597] T bf06e80f17ea48259a3cc05cf8aa3d89 P ab776fe975424231981cb980510d6f66 -> Peer 5f417501511a4228af9360abc1bd240f (127.25.241.1:43953): Couldn't send request to peer 5f417501511a4228af9360abc1bd240f. Status: Remote error: Service unavailable: service kudu.consensus.ConsensusService not registered on TabletServer. This is attempt 1: this message will repeat every 5th retry.
I20260709 14:54:54.548197 26564 tablet_replica.cc:333] T d62c0d397e9849cfa15c930e071e0527 P 5f417501511a4228af9360abc1bd240f: stopping tablet replica
I20260709 14:54:54.548847 26564 raft_consensus.cc:2243] T d62c0d397e9849cfa15c930e071e0527 P 5f417501511a4228af9360abc1bd240f [term 2 FOLLOWER]: Raft consensus shutting down.
I20260709 14:54:54.549309 26564 raft_consensus.cc:2272] T d62c0d397e9849cfa15c930e071e0527 P 5f417501511a4228af9360abc1bd240f [term 2 FOLLOWER]: Raft consensus is shut down!
I20260709 14:54:54.552023 26564 tablet_replica.cc:333] T 708c0ca1d8f84ae7926f28bd3928229b P 5f417501511a4228af9360abc1bd240f: stopping tablet replica
I20260709 14:54:54.552495 26564 raft_consensus.cc:2243] T 708c0ca1d8f84ae7926f28bd3928229b P 5f417501511a4228af9360abc1bd240f [term 3 FOLLOWER]: Raft consensus shutting down.
I20260709 14:54:54.553025 26564 raft_consensus.cc:2272] T 708c0ca1d8f84ae7926f28bd3928229b P 5f417501511a4228af9360abc1bd240f [term 3 FOLLOWER]: Raft consensus is shut down!
I20260709 14:54:54.555478 26564 tablet_replica.cc:333] T 6beefd79d40a4fb9ae28e392d2039819 P 5f417501511a4228af9360abc1bd240f: stopping tablet replica
I20260709 14:54:54.555935 26564 raft_consensus.cc:2243] T 6beefd79d40a4fb9ae28e392d2039819 P 5f417501511a4228af9360abc1bd240f [term 3 FOLLOWER]: Raft consensus shutting down.
I20260709 14:54:54.556262 26564 raft_consensus.cc:2272] T 6beefd79d40a4fb9ae28e392d2039819 P 5f417501511a4228af9360abc1bd240f [term 3 FOLLOWER]: Raft consensus is shut down!
I20260709 14:54:54.558085 26564 tablet_replica.cc:333] T 381e501a18264a229fb1d4c2a91c465d P 5f417501511a4228af9360abc1bd240f: stopping tablet replica
I20260709 14:54:54.558583 26564 raft_consensus.cc:2243] T 381e501a18264a229fb1d4c2a91c465d P 5f417501511a4228af9360abc1bd240f [term 3 LEADER]: Raft consensus shutting down.
I20260709 14:54:54.559314 26564 raft_consensus.cc:2272] T 381e501a18264a229fb1d4c2a91c465d P 5f417501511a4228af9360abc1bd240f [term 3 FOLLOWER]: Raft consensus is shut down!
I20260709 14:54:54.560912 26564 tablet_replica.cc:333] T 3c27358b513d45db965263f68fbfee09 P 5f417501511a4228af9360abc1bd240f: stopping tablet replica
I20260709 14:54:54.561334 26564 raft_consensus.cc:2243] T 3c27358b513d45db965263f68fbfee09 P 5f417501511a4228af9360abc1bd240f [term 4 LEADER]: Raft consensus shutting down.
I20260709 14:54:54.562021 26564 raft_consensus.cc:2272] T 3c27358b513d45db965263f68fbfee09 P 5f417501511a4228af9360abc1bd240f [term 4 FOLLOWER]: Raft consensus is shut down!
I20260709 14:54:54.563570 26564 tablet_replica.cc:333] T ba20d3fbc1dd4b29bc6ee5954b3cdb1f P 5f417501511a4228af9360abc1bd240f: stopping tablet replica
I20260709 14:54:54.564000 26564 raft_consensus.cc:2243] T ba20d3fbc1dd4b29bc6ee5954b3cdb1f P 5f417501511a4228af9360abc1bd240f [term 3 LEADER]: Raft consensus shutting down.
I20260709 14:54:54.564610 26564 raft_consensus.cc:2272] T ba20d3fbc1dd4b29bc6ee5954b3cdb1f P 5f417501511a4228af9360abc1bd240f [term 3 FOLLOWER]: Raft consensus is shut down!
I20260709 14:54:54.566218 26564 tablet_replica.cc:333] T b4b8114a017f4172a5cfd537b66c7ee8 P 5f417501511a4228af9360abc1bd240f: stopping tablet replica
I20260709 14:54:54.566629 26564 raft_consensus.cc:2243] T b4b8114a017f4172a5cfd537b66c7ee8 P 5f417501511a4228af9360abc1bd240f [term 1 FOLLOWER]: Raft consensus shutting down.
I20260709 14:54:54.566953 26564 raft_consensus.cc:2272] T b4b8114a017f4172a5cfd537b66c7ee8 P 5f417501511a4228af9360abc1bd240f [term 1 FOLLOWER]: Raft consensus is shut down!
I20260709 14:54:54.568501 26564 tablet_replica.cc:333] T 8bc605f8cb00431a835ec8f8e774364b P 5f417501511a4228af9360abc1bd240f: stopping tablet replica
I20260709 14:54:54.568938 26564 raft_consensus.cc:2243] T 8bc605f8cb00431a835ec8f8e774364b P 5f417501511a4228af9360abc1bd240f [term 3 FOLLOWER]: Raft consensus shutting down.
I20260709 14:54:54.569288 26564 raft_consensus.cc:2272] T 8bc605f8cb00431a835ec8f8e774364b P 5f417501511a4228af9360abc1bd240f [term 3 FOLLOWER]: Raft consensus is shut down!
I20260709 14:54:54.570818 26564 tablet_replica.cc:333] T df5740ec76ed40cf8983557aab2dd970 P 5f417501511a4228af9360abc1bd240f: stopping tablet replica
I20260709 14:54:54.571218 26564 raft_consensus.cc:2243] T df5740ec76ed40cf8983557aab2dd970 P 5f417501511a4228af9360abc1bd240f [term 2 LEADER]: Raft consensus shutting down.
I20260709 14:54:54.571864 26564 raft_consensus.cc:2272] T df5740ec76ed40cf8983557aab2dd970 P 5f417501511a4228af9360abc1bd240f [term 2 FOLLOWER]: Raft consensus is shut down!
I20260709 14:54:54.599910 26564 tablet_server.cc:196] TabletServer@127.25.241.1:0 shutdown complete.
I20260709 14:54:54.618497 26564 tablet_server.cc:179] TabletServer@127.25.241.2:0 shutting down...
I20260709 14:54:54.637938 26564 ts_tablet_manager.cc:1507] Shutting down tablet manager...
I20260709 14:54:54.638584 26564 tablet_replica.cc:333] T ba20d3fbc1dd4b29bc6ee5954b3cdb1f P ab776fe975424231981cb980510d6f66: stopping tablet replica
I20260709 14:54:54.639094 26564 raft_consensus.cc:2243] T ba20d3fbc1dd4b29bc6ee5954b3cdb1f P ab776fe975424231981cb980510d6f66 [term 3 FOLLOWER]: Raft consensus shutting down.
I20260709 14:54:54.639496 26564 raft_consensus.cc:2272] T ba20d3fbc1dd4b29bc6ee5954b3cdb1f P ab776fe975424231981cb980510d6f66 [term 3 FOLLOWER]: Raft consensus is shut down!
I20260709 14:54:54.641198 26564 tablet_replica.cc:333] T b4b8114a017f4172a5cfd537b66c7ee8 P ab776fe975424231981cb980510d6f66: stopping tablet replica
I20260709 14:54:54.641664 26564 raft_consensus.cc:2243] T b4b8114a017f4172a5cfd537b66c7ee8 P ab776fe975424231981cb980510d6f66 [term 1 FOLLOWER]: Raft consensus shutting down.
I20260709 14:54:54.642040 26564 raft_consensus.cc:2272] T b4b8114a017f4172a5cfd537b66c7ee8 P ab776fe975424231981cb980510d6f66 [term 1 FOLLOWER]: Raft consensus is shut down!
I20260709 14:54:54.643595 26564 tablet_replica.cc:333] T df5740ec76ed40cf8983557aab2dd970 P ab776fe975424231981cb980510d6f66: stopping tablet replica
I20260709 14:54:54.644043 26564 raft_consensus.cc:2243] T df5740ec76ed40cf8983557aab2dd970 P ab776fe975424231981cb980510d6f66 [term 2 FOLLOWER]: Raft consensus shutting down.
I20260709 14:54:54.644369 26564 raft_consensus.cc:2272] T df5740ec76ed40cf8983557aab2dd970 P ab776fe975424231981cb980510d6f66 [term 2 FOLLOWER]: Raft consensus is shut down!
I20260709 14:54:54.645895 26564 tablet_replica.cc:333] T 8bc605f8cb00431a835ec8f8e774364b P ab776fe975424231981cb980510d6f66: stopping tablet replica
I20260709 14:54:54.646323 26564 raft_consensus.cc:2243] T 8bc605f8cb00431a835ec8f8e774364b P ab776fe975424231981cb980510d6f66 [term 3 LEADER]: Raft consensus shutting down.
I20260709 14:54:54.646996 26564 raft_consensus.cc:2272] T 8bc605f8cb00431a835ec8f8e774364b P ab776fe975424231981cb980510d6f66 [term 3 FOLLOWER]: Raft consensus is shut down!
I20260709 14:54:54.648558 26564 tablet_replica.cc:333] T bf06e80f17ea48259a3cc05cf8aa3d89 P ab776fe975424231981cb980510d6f66: stopping tablet replica
I20260709 14:54:54.649000 26564 raft_consensus.cc:2243] T bf06e80f17ea48259a3cc05cf8aa3d89 P ab776fe975424231981cb980510d6f66 [term 4 LEADER]: Raft consensus shutting down.
I20260709 14:54:54.649681 26564 raft_consensus.cc:2272] T bf06e80f17ea48259a3cc05cf8aa3d89 P ab776fe975424231981cb980510d6f66 [term 4 FOLLOWER]: Raft consensus is shut down!
I20260709 14:54:54.651501 26564 tablet_replica.cc:333] T 3c27358b513d45db965263f68fbfee09 P ab776fe975424231981cb980510d6f66: stopping tablet replica
I20260709 14:54:54.651968 26564 raft_consensus.cc:2243] T 3c27358b513d45db965263f68fbfee09 P ab776fe975424231981cb980510d6f66 [term 4 FOLLOWER]: Raft consensus shutting down.
I20260709 14:54:54.652304 26564 raft_consensus.cc:2272] T 3c27358b513d45db965263f68fbfee09 P ab776fe975424231981cb980510d6f66 [term 4 FOLLOWER]: Raft consensus is shut down!
I20260709 14:54:54.653867 26564 tablet_replica.cc:333] T 6beefd79d40a4fb9ae28e392d2039819 P ab776fe975424231981cb980510d6f66: stopping tablet replica
I20260709 14:54:54.654305 26564 raft_consensus.cc:2243] T 6beefd79d40a4fb9ae28e392d2039819 P ab776fe975424231981cb980510d6f66 [term 3 FOLLOWER]: Raft consensus shutting down.
I20260709 14:54:54.654670 26564 raft_consensus.cc:2272] T 6beefd79d40a4fb9ae28e392d2039819 P ab776fe975424231981cb980510d6f66 [term 3 FOLLOWER]: Raft consensus is shut down!
I20260709 14:54:54.656612 26564 tablet_replica.cc:333] T 381e501a18264a229fb1d4c2a91c465d P ab776fe975424231981cb980510d6f66: stopping tablet replica
I20260709 14:54:54.657080 26564 raft_consensus.cc:2243] T 381e501a18264a229fb1d4c2a91c465d P ab776fe975424231981cb980510d6f66 [term 3 FOLLOWER]: Raft consensus shutting down.
I20260709 14:54:54.657423 26564 raft_consensus.cc:2272] T 381e501a18264a229fb1d4c2a91c465d P ab776fe975424231981cb980510d6f66 [term 3 FOLLOWER]: Raft consensus is shut down!
I20260709 14:54:54.658895 26564 tablet_replica.cc:333] T d62c0d397e9849cfa15c930e071e0527 P ab776fe975424231981cb980510d6f66: stopping tablet replica
I20260709 14:54:54.659278 26564 raft_consensus.cc:2243] T d62c0d397e9849cfa15c930e071e0527 P ab776fe975424231981cb980510d6f66 [term 2 LEADER]: Raft consensus shutting down.
I20260709 14:54:54.659922 26564 raft_consensus.cc:2272] T d62c0d397e9849cfa15c930e071e0527 P ab776fe975424231981cb980510d6f66 [term 2 FOLLOWER]: Raft consensus is shut down!
I20260709 14:54:54.661659 26564 tablet_replica.cc:333] T 708c0ca1d8f84ae7926f28bd3928229b P ab776fe975424231981cb980510d6f66: stopping tablet replica
I20260709 14:54:54.662036 26564 raft_consensus.cc:2243] T 708c0ca1d8f84ae7926f28bd3928229b P ab776fe975424231981cb980510d6f66 [term 3 FOLLOWER]: Raft consensus shutting down.
I20260709 14:54:54.662379 26564 raft_consensus.cc:2272] T 708c0ca1d8f84ae7926f28bd3928229b P ab776fe975424231981cb980510d6f66 [term 3 FOLLOWER]: Raft consensus is shut down!
I20260709 14:54:54.683887 26564 tablet_server.cc:196] TabletServer@127.25.241.2:0 shutdown complete.
W20260709 14:54:54.694164 27302 consensus_peers.cc:597] T b4b8114a017f4172a5cfd537b66c7ee8 P 43ceff9493484b8883e6595fa3360f8e -> Peer ab776fe975424231981cb980510d6f66 (127.25.241.2:46025): Couldn't send request to peer ab776fe975424231981cb980510d6f66. Status: Network error: Client connection negotiation failed: client connection to 127.25.241.2:46025: connect: Connection refused (error 111). This is attempt 1: this message will repeat every 5th retry.
I20260709 14:54:54.704487 26564 tablet_server.cc:179] TabletServer@127.25.241.3:0 shutting down...
W20260709 14:54:54.717110 27303 consensus_peers.cc:597] T 6beefd79d40a4fb9ae28e392d2039819 P 43ceff9493484b8883e6595fa3360f8e -> Peer 5f417501511a4228af9360abc1bd240f (127.25.241.1:43953): Couldn't send request to peer 5f417501511a4228af9360abc1bd240f. Status: Network error: Client connection negotiation failed: client connection to 127.25.241.1:43953: connect: Connection refused (error 111). This is attempt 1: this message will repeat every 5th retry.
I20260709 14:54:54.727231 26564 ts_tablet_manager.cc:1507] Shutting down tablet manager...
I20260709 14:54:54.727973 26564 tablet_replica.cc:333] T 708c0ca1d8f84ae7926f28bd3928229b P 43ceff9493484b8883e6595fa3360f8e: stopping tablet replica
I20260709 14:54:54.728739 26564 raft_consensus.cc:2243] T 708c0ca1d8f84ae7926f28bd3928229b P 43ceff9493484b8883e6595fa3360f8e [term 3 LEADER]: Raft consensus shutting down.
I20260709 14:54:54.729511 26564 raft_consensus.cc:2272] T 708c0ca1d8f84ae7926f28bd3928229b P 43ceff9493484b8883e6595fa3360f8e [term 3 FOLLOWER]: Raft consensus is shut down!
I20260709 14:54:54.731544 26564 tablet_replica.cc:333] T bf06e80f17ea48259a3cc05cf8aa3d89 P 43ceff9493484b8883e6595fa3360f8e: stopping tablet replica
I20260709 14:54:54.732040 26564 raft_consensus.cc:2243] T bf06e80f17ea48259a3cc05cf8aa3d89 P 43ceff9493484b8883e6595fa3360f8e [term 4 FOLLOWER]: Raft consensus shutting down.
I20260709 14:54:54.732443 26564 raft_consensus.cc:2272] T bf06e80f17ea48259a3cc05cf8aa3d89 P 43ceff9493484b8883e6595fa3360f8e [term 4 FOLLOWER]: Raft consensus is shut down!
I20260709 14:54:54.734825 26564 tablet_replica.cc:333] T d62c0d397e9849cfa15c930e071e0527 P 43ceff9493484b8883e6595fa3360f8e: stopping tablet replica
I20260709 14:54:54.735345 26564 raft_consensus.cc:2243] T d62c0d397e9849cfa15c930e071e0527 P 43ceff9493484b8883e6595fa3360f8e [term 2 FOLLOWER]: Raft consensus shutting down.
I20260709 14:54:54.735743 26564 raft_consensus.cc:2272] T d62c0d397e9849cfa15c930e071e0527 P 43ceff9493484b8883e6595fa3360f8e [term 2 FOLLOWER]: Raft consensus is shut down!
I20260709 14:54:54.737689 26564 tablet_replica.cc:333] T df5740ec76ed40cf8983557aab2dd970 P 43ceff9493484b8883e6595fa3360f8e: stopping tablet replica
I20260709 14:54:54.738170 26564 raft_consensus.cc:2243] T df5740ec76ed40cf8983557aab2dd970 P 43ceff9493484b8883e6595fa3360f8e [term 2 FOLLOWER]: Raft consensus shutting down.
I20260709 14:54:54.738570 26564 raft_consensus.cc:2272] T df5740ec76ed40cf8983557aab2dd970 P 43ceff9493484b8883e6595fa3360f8e [term 2 FOLLOWER]: Raft consensus is shut down!
I20260709 14:54:54.740063 26564 tablet_replica.cc:333] T 8bc605f8cb00431a835ec8f8e774364b P 43ceff9493484b8883e6595fa3360f8e: stopping tablet replica
I20260709 14:54:54.740561 26564 raft_consensus.cc:2243] T 8bc605f8cb00431a835ec8f8e774364b P 43ceff9493484b8883e6595fa3360f8e [term 3 FOLLOWER]: Raft consensus shutting down.
I20260709 14:54:54.741014 26564 raft_consensus.cc:2272] T 8bc605f8cb00431a835ec8f8e774364b P 43ceff9493484b8883e6595fa3360f8e [term 3 FOLLOWER]: Raft consensus is shut down!
