I20260709 14:54:45.369104  7044 raft_consensus.cc:740] T e921bdf559974ffba05dda17742dd8f7 P 1aeefeffa39944578461b72835c14633 [term 1 LEADER]: Becoming Follower/Learner. State: Replica: 1aeefeffa39944578461b72835c14633, State: Running, Role: LEADER
I20260709 14:54:45.370092  7044 consensus_queue.cc:260] T e921bdf559974ffba05dda17742dd8f7 P 1aeefeffa39944578461b72835c14633 [NON_LEADER]: Queue going to NON_LEADER mode. State: All replicated index: 0, Majority replicated index: 1, Committed index: 1, Last appended: 1.1, Last appended by leader: 1, Current term: 1, Majority size: -1, State: 0, Mode: NON_LEADER, active raft config: opid_index: -1 OBSOLETE_local: false peers { permanent_uuid: "235193c62f244946806ce3c2782496b8" member_type: VOTER last_known_addr { host: "127.6.30.129" port: 43101 } } peers { permanent_uuid: "0201f29a0fbc4b55a54189d7845e84cc" member_type: VOTER last_known_addr { host: "127.6.30.130" port: 42401 } } peers { permanent_uuid: "1aeefeffa39944578461b72835c14633" member_type: VOTER last_known_addr { host: "127.6.30.131" port: 35459 } }
W20260709 14:54:45.371019  7108 consensus_queue.cc:1175] T e921bdf559974ffba05dda17742dd8f7 P 1aeefeffa39944578461b72835c14633 [NON_LEADER]: Queue is closed or peer was untracked, disregarding peer response. Response: responder_uuid: "235193c62f244946806ce3c2782496b8" responder_term: 1 status { last_received { term: 1 index: 1 } last_committed_idx: 1 last_received_current_leader { term: 1 index: 1 } }
I20260709 14:54:45.371179  7044 raft_consensus.cc:3060] T e921bdf559974ffba05dda17742dd8f7 P 1aeefeffa39944578461b72835c14633 [term 1 FOLLOWER]: Advancing to term 2
I20260709 14:54:45.377619  7044 raft_consensus.cc:2468] T e921bdf559974ffba05dda17742dd8f7 P 1aeefeffa39944578461b72835c14633 [term 2 FOLLOWER]: Leader election vote request: Granting yes vote for candidate 0201f29a0fbc4b55a54189d7845e84cc in term 2.
I20260709 14:54:45.378679  6937 leader_election.cc:304] T e921bdf559974ffba05dda17742dd8f7 P 0201f29a0fbc4b55a54189d7845e84cc [CANDIDATE]: Term 2 election: Election decided. Result: candidate won. Election summary: received 3 responses out of 3 voters: 2 yes votes; 1 no votes. yes voters: 0201f29a0fbc4b55a54189d7845e84cc, 1aeefeffa39944578461b72835c14633; no voters: 235193c62f244946806ce3c2782496b8
I20260709 14:54:45.379484  7162 raft_consensus.cc:2804] T e921bdf559974ffba05dda17742dd8f7 P 0201f29a0fbc4b55a54189d7845e84cc [term 2 FOLLOWER]: Leader election won for term 2
I20260709 14:54:45.379866  7162 raft_consensus.cc:697] T e921bdf559974ffba05dda17742dd8f7 P 0201f29a0fbc4b55a54189d7845e84cc [term 2 LEADER]: Becoming Leader. State: Replica: 0201f29a0fbc4b55a54189d7845e84cc, State: Running, Role: LEADER
I20260709 14:54:45.380645  7162 consensus_queue.cc:237] T e921bdf559974ffba05dda17742dd8f7 P 0201f29a0fbc4b55a54189d7845e84cc [LEADER]: Queue going to LEADER mode. State: All replicated index: 0, Majority replicated index: 1, Committed index: 1, Last appended: 1.1, Last appended by leader: 1, Current term: 2, Majority size: 2, State: 0, Mode: LEADER, active raft config: opid_index: -1 OBSOLETE_local: false peers { permanent_uuid: "235193c62f244946806ce3c2782496b8" member_type: VOTER last_known_addr { host: "127.6.30.129" port: 43101 } } peers { permanent_uuid: "0201f29a0fbc4b55a54189d7845e84cc" member_type: VOTER last_known_addr { host: "127.6.30.130" port: 42401 } } peers { permanent_uuid: "1aeefeffa39944578461b72835c14633" member_type: VOTER last_known_addr { host: "127.6.30.131" port: 35459 } }
I20260709 14:54:45.383237  7105 consensus_queue.cc:1048] T 6a2c39bd2d6d42e0afe1ddc744f243e2 P 0201f29a0fbc4b55a54189d7845e84cc [LEADER]: Connected to new peer: Peer: permanent_uuid: "235193c62f244946806ce3c2782496b8" member_type: VOTER last_known_addr { host: "127.6.30.129" port: 43101 }, Status: LMP_MISMATCH, Last received: 0.0, Next index: 1, Last known committed idx: 0, Time since last communication: 0.000s
I20260709 14:54:45.388806  6794 catalog_manager.cc:5697] T e921bdf559974ffba05dda17742dd8f7 P 0201f29a0fbc4b55a54189d7845e84cc reported cstate change: term changed from 1 to 2, leader changed from 1aeefeffa39944578461b72835c14633 (127.6.30.131) to 0201f29a0fbc4b55a54189d7845e84cc (127.6.30.130). New cstate: current_term: 2 leader_uuid: "0201f29a0fbc4b55a54189d7845e84cc" committed_config { opid_index: -1 OBSOLETE_local: false peers { permanent_uuid: "235193c62f244946806ce3c2782496b8" member_type: VOTER last_known_addr { host: "127.6.30.129" port: 43101 } health_report { overall_health: UNKNOWN } } peers { permanent_uuid: "0201f29a0fbc4b55a54189d7845e84cc" member_type: VOTER last_known_addr { host: "127.6.30.130" port: 42401 } health_report { overall_health: HEALTHY } } peers { permanent_uuid: "1aeefeffa39944578461b72835c14633" member_type: VOTER last_known_addr { host: "127.6.30.131" port: 35459 } health_report { overall_health: UNKNOWN } } }
I20260709 14:54:45.393831  7093 consensus_queue.cc:1048] T 6a2c39bd2d6d42e0afe1ddc744f243e2 P 0201f29a0fbc4b55a54189d7845e84cc [LEADER]: Connected to new peer: Peer: permanent_uuid: "1aeefeffa39944578461b72835c14633" member_type: VOTER last_known_addr { host: "127.6.30.131" port: 35459 }, Status: LMP_MISMATCH, Last received: 0.0, Next index: 1, Last known committed idx: 0, Time since last communication: 0.000s
I20260709 14:54:45.496380  7139 raft_consensus.cc:993] T 79bed45c91ba4a1181cfdf0ef94b3921 P 1aeefeffa39944578461b72835c14633: : Instructing follower 235193c62f244946806ce3c2782496b8 to start an election
I20260709 14:54:45.496842  7108 raft_consensus.cc:1081] T 79bed45c91ba4a1181cfdf0ef94b3921 P 1aeefeffa39944578461b72835c14633 [term 1 LEADER]: Signalling peer 235193c62f244946806ce3c2782496b8 to start an election
I20260709 14:54:45.498196  6896 tablet_service.cc:2044] Received Run Leader Election RPC: tablet_id: "79bed45c91ba4a1181cfdf0ef94b3921"
dest_uuid: "235193c62f244946806ce3c2782496b8"
 from {username='slave'} at 127.0.0.1:53964
I20260709 14:54:45.498660  6896 raft_consensus.cc:493] T 79bed45c91ba4a1181cfdf0ef94b3921 P 235193c62f244946806ce3c2782496b8 [term 1 FOLLOWER]: Starting forced leader election (received explicit request)
I20260709 14:54:45.498960  6896 raft_consensus.cc:3060] T 79bed45c91ba4a1181cfdf0ef94b3921 P 235193c62f244946806ce3c2782496b8 [term 1 FOLLOWER]: Advancing to term 2
I20260709 14:54:45.503454  6896 raft_consensus.cc:515] T 79bed45c91ba4a1181cfdf0ef94b3921 P 235193c62f244946806ce3c2782496b8 [term 2 FOLLOWER]: Starting forced leader election with config: opid_index: -1 OBSOLETE_local: false peers { permanent_uuid: "235193c62f244946806ce3c2782496b8" member_type: VOTER last_known_addr { host: "127.6.30.129" port: 43101 } } peers { permanent_uuid: "0201f29a0fbc4b55a54189d7845e84cc" member_type: VOTER last_known_addr { host: "127.6.30.130" port: 42401 } } peers { permanent_uuid: "1aeefeffa39944578461b72835c14633" member_type: VOTER last_known_addr { host: "127.6.30.131" port: 35459 } }
I20260709 14:54:45.505015  6896 leader_election.cc:290] T 79bed45c91ba4a1181cfdf0ef94b3921 P 235193c62f244946806ce3c2782496b8 [CANDIDATE]: Term 2 election: Requested vote from peers 0201f29a0fbc4b55a54189d7845e84cc (127.6.30.130:42401), 1aeefeffa39944578461b72835c14633 (127.6.30.131:35459)
I20260709 14:54:45.505911  6970 tablet_service.cc:1917] Received RequestConsensusVote() RPC: tablet_id: "79bed45c91ba4a1181cfdf0ef94b3921" candidate_uuid: "235193c62f244946806ce3c2782496b8" candidate_term: 2 candidate_status { last_received { term: 1 index: 1 } } ignore_live_leader: true dest_uuid: "0201f29a0fbc4b55a54189d7845e84cc"
I20260709 14:54:45.506139  7044 tablet_service.cc:1917] Received RequestConsensusVote() RPC: tablet_id: "79bed45c91ba4a1181cfdf0ef94b3921" candidate_uuid: "235193c62f244946806ce3c2782496b8" candidate_term: 2 candidate_status { last_received { term: 1 index: 1 } } ignore_live_leader: true dest_uuid: "1aeefeffa39944578461b72835c14633"
I20260709 14:54:45.506470  6970 raft_consensus.cc:3060] T 79bed45c91ba4a1181cfdf0ef94b3921 P 0201f29a0fbc4b55a54189d7845e84cc [term 1 FOLLOWER]: Advancing to term 2
I20260709 14:54:45.506683  7044 raft_consensus.cc:3055] T 79bed45c91ba4a1181cfdf0ef94b3921 P 1aeefeffa39944578461b72835c14633 [term 1 LEADER]: Stepping down as leader of term 1
I20260709 14:54:45.507016  7044 raft_consensus.cc:740] T 79bed45c91ba4a1181cfdf0ef94b3921 P 1aeefeffa39944578461b72835c14633 [term 1 LEADER]: Becoming Follower/Learner. State: Replica: 1aeefeffa39944578461b72835c14633, State: Running, Role: LEADER
I20260709 14:54:45.507769  7044 consensus_queue.cc:260] T 79bed45c91ba4a1181cfdf0ef94b3921 P 1aeefeffa39944578461b72835c14633 [NON_LEADER]: Queue going to NON_LEADER mode. State: All replicated index: 0, Majority replicated index: 1, Committed index: 1, Last appended: 1.1, Last appended by leader: 1, Current term: 1, Majority size: -1, State: 0, Mode: NON_LEADER, active raft config: opid_index: -1 OBSOLETE_local: false peers { permanent_uuid: "235193c62f244946806ce3c2782496b8" member_type: VOTER last_known_addr { host: "127.6.30.129" port: 43101 } } peers { permanent_uuid: "0201f29a0fbc4b55a54189d7845e84cc" member_type: VOTER last_known_addr { host: "127.6.30.130" port: 42401 } } peers { permanent_uuid: "1aeefeffa39944578461b72835c14633" member_type: VOTER last_known_addr { host: "127.6.30.131" port: 35459 } }
I20260709 14:54:45.508644  7044 raft_consensus.cc:3060] T 79bed45c91ba4a1181cfdf0ef94b3921 P 1aeefeffa39944578461b72835c14633 [term 1 FOLLOWER]: Advancing to term 2
I20260709 14:54:45.511307  6970 raft_consensus.cc:2468] T 79bed45c91ba4a1181cfdf0ef94b3921 P 0201f29a0fbc4b55a54189d7845e84cc [term 2 FOLLOWER]: Leader election vote request: Granting yes vote for candidate 235193c62f244946806ce3c2782496b8 in term 2.
I20260709 14:54:45.512326  6861 leader_election.cc:304] T 79bed45c91ba4a1181cfdf0ef94b3921 P 235193c62f244946806ce3c2782496b8 [CANDIDATE]: Term 2 election: Election decided. Result: candidate won. Election summary: received 2 responses out of 3 voters: 2 yes votes; 0 no votes. yes voters: 0201f29a0fbc4b55a54189d7845e84cc, 235193c62f244946806ce3c2782496b8; no voters: 
I20260709 14:54:45.513140  7120 raft_consensus.cc:2804] T 79bed45c91ba4a1181cfdf0ef94b3921 P 235193c62f244946806ce3c2782496b8 [term 2 FOLLOWER]: Leader election won for term 2
I20260709 14:54:45.513639  7120 raft_consensus.cc:697] T 79bed45c91ba4a1181cfdf0ef94b3921 P 235193c62f244946806ce3c2782496b8 [term 2 LEADER]: Becoming Leader. State: Replica: 235193c62f244946806ce3c2782496b8, State: Running, Role: LEADER
I20260709 14:54:45.514441  7120 consensus_queue.cc:237] T 79bed45c91ba4a1181cfdf0ef94b3921 P 235193c62f244946806ce3c2782496b8 [LEADER]: Queue going to LEADER mode. State: All replicated index: 0, Majority replicated index: 1, Committed index: 1, Last appended: 1.1, Last appended by leader: 1, Current term: 2, Majority size: 2, State: 0, Mode: LEADER, active raft config: opid_index: -1 OBSOLETE_local: false peers { permanent_uuid: "235193c62f244946806ce3c2782496b8" member_type: VOTER last_known_addr { host: "127.6.30.129" port: 43101 } } peers { permanent_uuid: "0201f29a0fbc4b55a54189d7845e84cc" member_type: VOTER last_known_addr { host: "127.6.30.130" port: 42401 } } peers { permanent_uuid: "1aeefeffa39944578461b72835c14633" member_type: VOTER last_known_addr { host: "127.6.30.131" port: 35459 } }
I20260709 14:54:45.514721  7044 raft_consensus.cc:2468] T 79bed45c91ba4a1181cfdf0ef94b3921 P 1aeefeffa39944578461b72835c14633 [term 2 FOLLOWER]: Leader election vote request: Granting yes vote for candidate 235193c62f244946806ce3c2782496b8 in term 2.
I20260709 14:54:45.520955  6794 catalog_manager.cc:5697] T 79bed45c91ba4a1181cfdf0ef94b3921 P 235193c62f244946806ce3c2782496b8 reported cstate change: term changed from 1 to 2, leader changed from 1aeefeffa39944578461b72835c14633 (127.6.30.131) to 235193c62f244946806ce3c2782496b8 (127.6.30.129). New cstate: current_term: 2 leader_uuid: "235193c62f244946806ce3c2782496b8" committed_config { opid_index: -1 OBSOLETE_local: false peers { permanent_uuid: "235193c62f244946806ce3c2782496b8" member_type: VOTER last_known_addr { host: "127.6.30.129" port: 43101 } health_report { overall_health: HEALTHY } } peers { permanent_uuid: "0201f29a0fbc4b55a54189d7845e84cc" member_type: VOTER last_known_addr { host: "127.6.30.130" port: 42401 } health_report { overall_health: UNKNOWN } } peers { permanent_uuid: "1aeefeffa39944578461b72835c14633" member_type: VOTER last_known_addr { host: "127.6.30.131" port: 35459 } health_report { overall_health: UNKNOWN } } }
I20260709 14:54:45.618358  7162 raft_consensus.cc:993] T 9e7ba24bd8b340efa1ee098f6cf4f416 P 0201f29a0fbc4b55a54189d7845e84cc: : Instructing follower 235193c62f244946806ce3c2782496b8 to start an election
I20260709 14:54:45.618829  7093 raft_consensus.cc:1081] T 9e7ba24bd8b340efa1ee098f6cf4f416 P 0201f29a0fbc4b55a54189d7845e84cc [term 1 LEADER]: Signalling peer 235193c62f244946806ce3c2782496b8 to start an election
I20260709 14:54:45.620353  6896 tablet_service.cc:2044] Received Run Leader Election RPC: tablet_id: "9e7ba24bd8b340efa1ee098f6cf4f416"
dest_uuid: "235193c62f244946806ce3c2782496b8"
 from {username='slave'} at 127.0.0.1:53966
I20260709 14:54:45.621025  6896 raft_consensus.cc:493] T 9e7ba24bd8b340efa1ee098f6cf4f416 P 235193c62f244946806ce3c2782496b8 [term 1 FOLLOWER]: Starting forced leader election (received explicit request)
I20260709 14:54:45.621496  6896 raft_consensus.cc:3060] T 9e7ba24bd8b340efa1ee098f6cf4f416 P 235193c62f244946806ce3c2782496b8 [term 1 FOLLOWER]: Advancing to term 2
I20260709 14:54:45.626814  6896 raft_consensus.cc:515] T 9e7ba24bd8b340efa1ee098f6cf4f416 P 235193c62f244946806ce3c2782496b8 [term 2 FOLLOWER]: Starting forced leader election with config: opid_index: -1 OBSOLETE_local: false peers { permanent_uuid: "235193c62f244946806ce3c2782496b8" member_type: VOTER last_known_addr { host: "127.6.30.129" port: 43101 } } peers { permanent_uuid: "0201f29a0fbc4b55a54189d7845e84cc" member_type: VOTER last_known_addr { host: "127.6.30.130" port: 42401 } } peers { permanent_uuid: "1aeefeffa39944578461b72835c14633" member_type: VOTER last_known_addr { host: "127.6.30.131" port: 35459 } }
I20260709 14:54:45.628428  6896 leader_election.cc:290] T 9e7ba24bd8b340efa1ee098f6cf4f416 P 235193c62f244946806ce3c2782496b8 [CANDIDATE]: Term 2 election: Requested vote from peers 0201f29a0fbc4b55a54189d7845e84cc (127.6.30.130:42401), 1aeefeffa39944578461b72835c14633 (127.6.30.131:35459)
I20260709 14:54:45.629323  6970 tablet_service.cc:1917] Received RequestConsensusVote() RPC: tablet_id: "9e7ba24bd8b340efa1ee098f6cf4f416" candidate_uuid: "235193c62f244946806ce3c2782496b8" candidate_term: 2 candidate_status { last_received { term: 1 index: 1 } } ignore_live_leader: true dest_uuid: "0201f29a0fbc4b55a54189d7845e84cc"
I20260709 14:54:45.629515  7044 tablet_service.cc:1917] Received RequestConsensusVote() RPC: tablet_id: "9e7ba24bd8b340efa1ee098f6cf4f416" candidate_uuid: "235193c62f244946806ce3c2782496b8" candidate_term: 2 candidate_status { last_received { term: 1 index: 1 } } ignore_live_leader: true dest_uuid: "1aeefeffa39944578461b72835c14633"
I20260709 14:54:45.629921  6970 raft_consensus.cc:3055] T 9e7ba24bd8b340efa1ee098f6cf4f416 P 0201f29a0fbc4b55a54189d7845e84cc [term 1 LEADER]: Stepping down as leader of term 1
I20260709 14:54:45.629998  7044 raft_consensus.cc:3060] T 9e7ba24bd8b340efa1ee098f6cf4f416 P 1aeefeffa39944578461b72835c14633 [term 1 FOLLOWER]: Advancing to term 2
I20260709 14:54:45.630335  6970 raft_consensus.cc:740] T 9e7ba24bd8b340efa1ee098f6cf4f416 P 0201f29a0fbc4b55a54189d7845e84cc [term 1 LEADER]: Becoming Follower/Learner. State: Replica: 0201f29a0fbc4b55a54189d7845e84cc, State: Running, Role: LEADER
I20260709 14:54:45.631152  6970 consensus_queue.cc:260] T 9e7ba24bd8b340efa1ee098f6cf4f416 P 0201f29a0fbc4b55a54189d7845e84cc [NON_LEADER]: Queue going to NON_LEADER mode. State: All replicated index: 0, Majority replicated index: 1, Committed index: 1, Last appended: 1.1, Last appended by leader: 1, Current term: 1, Majority size: -1, State: 0, Mode: NON_LEADER, active raft config: opid_index: -1 OBSOLETE_local: false peers { permanent_uuid: "235193c62f244946806ce3c2782496b8" member_type: VOTER last_known_addr { host: "127.6.30.129" port: 43101 } } peers { permanent_uuid: "0201f29a0fbc4b55a54189d7845e84cc" member_type: VOTER last_known_addr { host: "127.6.30.130" port: 42401 } } peers { permanent_uuid: "1aeefeffa39944578461b72835c14633" member_type: VOTER last_known_addr { host: "127.6.30.131" port: 35459 } }
I20260709 14:54:45.632308  6970 raft_consensus.cc:3060] T 9e7ba24bd8b340efa1ee098f6cf4f416 P 0201f29a0fbc4b55a54189d7845e84cc [term 1 FOLLOWER]: Advancing to term 2
I20260709 14:54:45.636801  7044 raft_consensus.cc:2468] T 9e7ba24bd8b340efa1ee098f6cf4f416 P 1aeefeffa39944578461b72835c14633 [term 2 FOLLOWER]: Leader election vote request: Granting yes vote for candidate 235193c62f244946806ce3c2782496b8 in term 2.
I20260709 14:54:45.638031  6862 leader_election.cc:304] T 9e7ba24bd8b340efa1ee098f6cf4f416 P 235193c62f244946806ce3c2782496b8 [CANDIDATE]: Term 2 election: Election decided. Result: candidate won. Election summary: received 2 responses out of 3 voters: 2 yes votes; 0 no votes. yes voters: 1aeefeffa39944578461b72835c14633, 235193c62f244946806ce3c2782496b8; no voters: 
I20260709 14:54:45.638638  6970 raft_consensus.cc:2468] T 9e7ba24bd8b340efa1ee098f6cf4f416 P 0201f29a0fbc4b55a54189d7845e84cc [term 2 FOLLOWER]: Leader election vote request: Granting yes vote for candidate 235193c62f244946806ce3c2782496b8 in term 2.
I20260709 14:54:45.638721  7170 raft_consensus.cc:2804] T 9e7ba24bd8b340efa1ee098f6cf4f416 P 235193c62f244946806ce3c2782496b8 [term 2 FOLLOWER]: Leader election won for term 2
I20260709 14:54:45.639241  7170 raft_consensus.cc:697] T 9e7ba24bd8b340efa1ee098f6cf4f416 P 235193c62f244946806ce3c2782496b8 [term 2 LEADER]: Becoming Leader. State: Replica: 235193c62f244946806ce3c2782496b8, State: Running, Role: LEADER
I20260709 14:54:45.639974  7170 consensus_queue.cc:237] T 9e7ba24bd8b340efa1ee098f6cf4f416 P 235193c62f244946806ce3c2782496b8 [LEADER]: Queue going to LEADER mode. State: All replicated index: 0, Majority replicated index: 1, Committed index: 1, Last appended: 1.1, Last appended by leader: 1, Current term: 2, Majority size: 2, State: 0, Mode: LEADER, active raft config: opid_index: -1 OBSOLETE_local: false peers { permanent_uuid: "235193c62f244946806ce3c2782496b8" member_type: VOTER last_known_addr { host: "127.6.30.129" port: 43101 } } peers { permanent_uuid: "0201f29a0fbc4b55a54189d7845e84cc" member_type: VOTER last_known_addr { host: "127.6.30.130" port: 42401 } } peers { permanent_uuid: "1aeefeffa39944578461b72835c14633" member_type: VOTER last_known_addr { host: "127.6.30.131" port: 35459 } }
I20260709 14:54:45.645949  6794 catalog_manager.cc:5697] T 9e7ba24bd8b340efa1ee098f6cf4f416 P 235193c62f244946806ce3c2782496b8 reported cstate change: term changed from 1 to 2, leader changed from 0201f29a0fbc4b55a54189d7845e84cc (127.6.30.130) to 235193c62f244946806ce3c2782496b8 (127.6.30.129). New cstate: current_term: 2 leader_uuid: "235193c62f244946806ce3c2782496b8" committed_config { opid_index: -1 OBSOLETE_local: false peers { permanent_uuid: "235193c62f244946806ce3c2782496b8" member_type: VOTER last_known_addr { host: "127.6.30.129" port: 43101 } health_report { overall_health: HEALTHY } } peers { permanent_uuid: "0201f29a0fbc4b55a54189d7845e84cc" member_type: VOTER last_known_addr { host: "127.6.30.130" port: 42401 } health_report { overall_health: UNKNOWN } } peers { permanent_uuid: "1aeefeffa39944578461b72835c14633" member_type: VOTER last_known_addr { host: "127.6.30.131" port: 35459 } health_report { overall_health: UNKNOWN } } }
I20260709 14:54:45.678417  7162 raft_consensus.cc:993] T 41fd5109d5ef4b9a82f0d20b64d889c4 P 0201f29a0fbc4b55a54189d7845e84cc: : Instructing follower 235193c62f244946806ce3c2782496b8 to start an election
I20260709 14:54:45.678905  7093 raft_consensus.cc:1081] T 41fd5109d5ef4b9a82f0d20b64d889c4 P 0201f29a0fbc4b55a54189d7845e84cc [term 1 LEADER]: Signalling peer 235193c62f244946806ce3c2782496b8 to start an election
I20260709 14:54:45.680500  6896 tablet_service.cc:2044] Received Run Leader Election RPC: tablet_id: "41fd5109d5ef4b9a82f0d20b64d889c4"
dest_uuid: "235193c62f244946806ce3c2782496b8"
 from {username='slave'} at 127.0.0.1:53966
I20260709 14:54:45.681077  6896 raft_consensus.cc:493] T 41fd5109d5ef4b9a82f0d20b64d889c4 P 235193c62f244946806ce3c2782496b8 [term 1 FOLLOWER]: Starting forced leader election (received explicit request)
I20260709 14:54:45.681481  6896 raft_consensus.cc:3060] T 41fd5109d5ef4b9a82f0d20b64d889c4 P 235193c62f244946806ce3c2782496b8 [term 1 FOLLOWER]: Advancing to term 2
I20260709 14:54:45.686105  6896 raft_consensus.cc:515] T 41fd5109d5ef4b9a82f0d20b64d889c4 P 235193c62f244946806ce3c2782496b8 [term 2 FOLLOWER]: Starting forced leader election with config: opid_index: -1 OBSOLETE_local: false peers { permanent_uuid: "235193c62f244946806ce3c2782496b8" member_type: VOTER last_known_addr { host: "127.6.30.129" port: 43101 } } peers { permanent_uuid: "0201f29a0fbc4b55a54189d7845e84cc" member_type: VOTER last_known_addr { host: "127.6.30.130" port: 42401 } } peers { permanent_uuid: "1aeefeffa39944578461b72835c14633" member_type: VOTER last_known_addr { host: "127.6.30.131" port: 35459 } }
I20260709 14:54:45.687774  6896 leader_election.cc:290] T 41fd5109d5ef4b9a82f0d20b64d889c4 P 235193c62f244946806ce3c2782496b8 [CANDIDATE]: Term 2 election: Requested vote from peers 0201f29a0fbc4b55a54189d7845e84cc (127.6.30.130:42401), 1aeefeffa39944578461b72835c14633 (127.6.30.131:35459)
I20260709 14:54:45.688490  6970 tablet_service.cc:1917] Received RequestConsensusVote() RPC: tablet_id: "41fd5109d5ef4b9a82f0d20b64d889c4" candidate_uuid: "235193c62f244946806ce3c2782496b8" candidate_term: 2 candidate_status { last_received { term: 1 index: 1 } } ignore_live_leader: true dest_uuid: "0201f29a0fbc4b55a54189d7845e84cc"
I20260709 14:54:45.689183  6970 raft_consensus.cc:3055] T 41fd5109d5ef4b9a82f0d20b64d889c4 P 0201f29a0fbc4b55a54189d7845e84cc [term 1 LEADER]: Stepping down as leader of term 1
I20260709 14:54:45.689358  7044 tablet_service.cc:1917] Received RequestConsensusVote() RPC: tablet_id: "41fd5109d5ef4b9a82f0d20b64d889c4" candidate_uuid: "235193c62f244946806ce3c2782496b8" candidate_term: 2 candidate_status { last_received { term: 1 index: 1 } } ignore_live_leader: true dest_uuid: "1aeefeffa39944578461b72835c14633"
I20260709 14:54:45.689572  6970 raft_consensus.cc:740] T 41fd5109d5ef4b9a82f0d20b64d889c4 P 0201f29a0fbc4b55a54189d7845e84cc [term 1 LEADER]: Becoming Follower/Learner. State: Replica: 0201f29a0fbc4b55a54189d7845e84cc, State: Running, Role: LEADER
I20260709 14:54:45.689947  7044 raft_consensus.cc:3060] T 41fd5109d5ef4b9a82f0d20b64d889c4 P 1aeefeffa39944578461b72835c14633 [term 1 FOLLOWER]: Advancing to term 2
I20260709 14:54:45.690392  6970 consensus_queue.cc:260] T 41fd5109d5ef4b9a82f0d20b64d889c4 P 0201f29a0fbc4b55a54189d7845e84cc [NON_LEADER]: Queue going to NON_LEADER mode. State: All replicated index: 0, Majority replicated index: 1, Committed index: 1, Last appended: 1.1, Last appended by leader: 1, Current term: 1, Majority size: -1, State: 0, Mode: NON_LEADER, active raft config: opid_index: -1 OBSOLETE_local: false peers { permanent_uuid: "235193c62f244946806ce3c2782496b8" member_type: VOTER last_known_addr { host: "127.6.30.129" port: 43101 } } peers { permanent_uuid: "0201f29a0fbc4b55a54189d7845e84cc" member_type: VOTER last_known_addr { host: "127.6.30.130" port: 42401 } } peers { permanent_uuid: "1aeefeffa39944578461b72835c14633" member_type: VOTER last_known_addr { host: "127.6.30.131" port: 35459 } }
I20260709 14:54:45.691630  6970 raft_consensus.cc:3060] T 41fd5109d5ef4b9a82f0d20b64d889c4 P 0201f29a0fbc4b55a54189d7845e84cc [term 1 FOLLOWER]: Advancing to term 2
I20260709 14:54:45.696972  7044 raft_consensus.cc:2468] T 41fd5109d5ef4b9a82f0d20b64d889c4 P 1aeefeffa39944578461b72835c14633 [term 2 FOLLOWER]: Leader election vote request: Granting yes vote for candidate 235193c62f244946806ce3c2782496b8 in term 2.
I20260709 14:54:45.698215  6862 leader_election.cc:304] T 41fd5109d5ef4b9a82f0d20b64d889c4 P 235193c62f244946806ce3c2782496b8 [CANDIDATE]: Term 2 election: Election decided. Result: candidate won. Election summary: received 2 responses out of 3 voters: 2 yes votes; 0 no votes. yes voters: 1aeefeffa39944578461b72835c14633, 235193c62f244946806ce3c2782496b8; no voters: 
I20260709 14:54:45.698477  6970 raft_consensus.cc:2468] T 41fd5109d5ef4b9a82f0d20b64d889c4 P 0201f29a0fbc4b55a54189d7845e84cc [term 2 FOLLOWER]: Leader election vote request: Granting yes vote for candidate 235193c62f244946806ce3c2782496b8 in term 2.
I20260709 14:54:45.699057  7170 raft_consensus.cc:2804] T 41fd5109d5ef4b9a82f0d20b64d889c4 P 235193c62f244946806ce3c2782496b8 [term 2 FOLLOWER]: Leader election won for term 2
I20260709 14:54:45.699553  7170 raft_consensus.cc:697] T 41fd5109d5ef4b9a82f0d20b64d889c4 P 235193c62f244946806ce3c2782496b8 [term 2 LEADER]: Becoming Leader. State: Replica: 235193c62f244946806ce3c2782496b8, State: Running, Role: LEADER
I20260709 14:54:45.700380  7170 consensus_queue.cc:237] T 41fd5109d5ef4b9a82f0d20b64d889c4 P 235193c62f244946806ce3c2782496b8 [LEADER]: Queue going to LEADER mode. State: All replicated index: 0, Majority replicated index: 1, Committed index: 1, Last appended: 1.1, Last appended by leader: 1, Current term: 2, Majority size: 2, State: 0, Mode: LEADER, active raft config: opid_index: -1 OBSOLETE_local: false peers { permanent_uuid: "235193c62f244946806ce3c2782496b8" member_type: VOTER last_known_addr { host: "127.6.30.129" port: 43101 } } peers { permanent_uuid: "0201f29a0fbc4b55a54189d7845e84cc" member_type: VOTER last_known_addr { host: "127.6.30.130" port: 42401 } } peers { permanent_uuid: "1aeefeffa39944578461b72835c14633" member_type: VOTER last_known_addr { host: "127.6.30.131" port: 35459 } }
I20260709 14:54:45.706424  6794 catalog_manager.cc:5697] T 41fd5109d5ef4b9a82f0d20b64d889c4 P 235193c62f244946806ce3c2782496b8 reported cstate change: term changed from 1 to 2, leader changed from 0201f29a0fbc4b55a54189d7845e84cc (127.6.30.130) to 235193c62f244946806ce3c2782496b8 (127.6.30.129). New cstate: current_term: 2 leader_uuid: "235193c62f244946806ce3c2782496b8" committed_config { opid_index: -1 OBSOLETE_local: false peers { permanent_uuid: "235193c62f244946806ce3c2782496b8" member_type: VOTER last_known_addr { host: "127.6.30.129" port: 43101 } health_report { overall_health: HEALTHY } } peers { permanent_uuid: "0201f29a0fbc4b55a54189d7845e84cc" member_type: VOTER last_known_addr { host: "127.6.30.130" port: 42401 } health_report { overall_health: UNKNOWN } } peers { permanent_uuid: "1aeefeffa39944578461b72835c14633" member_type: VOTER last_known_addr { host: "127.6.30.131" port: 35459 } health_report { overall_health: UNKNOWN } } }
I20260709 14:54:45.709995  7044 raft_consensus.cc:1275] T 2e487cb479964969bd72b95725ab9a05 P 1aeefeffa39944578461b72835c14633 [term 2 FOLLOWER]: Refusing update from remote peer 0201f29a0fbc4b55a54189d7845e84cc: Log matching property violated. Preceding OpId in replica: term: 1 index: 1. Preceding OpId from leader: term: 2 index: 2. (index mismatch)
I20260709 14:54:45.711298  7093 consensus_queue.cc:1048] T 2e487cb479964969bd72b95725ab9a05 P 0201f29a0fbc4b55a54189d7845e84cc [LEADER]: Connected to new peer: Peer: permanent_uuid: "1aeefeffa39944578461b72835c14633" member_type: VOTER last_known_addr { host: "127.6.30.131" port: 35459 }, Status: LMP_MISMATCH, Last received: 0.0, Next index: 2, Last known committed idx: 1, Time since last communication: 0.000s
I20260709 14:54:45.713459  7108 consensus_queue.cc:1048] T 71bc08ce38944aea87b09e7d4ecfa7e1 P 1aeefeffa39944578461b72835c14633 [LEADER]: Connected to new peer: Peer: permanent_uuid: "0201f29a0fbc4b55a54189d7845e84cc" member_type: VOTER last_known_addr { host: "127.6.30.130" port: 42401 }, Status: LMP_MISMATCH, Last received: 0.0, Next index: 1, Last known committed idx: 0, Time since last communication: 0.000s
I20260709 14:54:45.718961  6896 raft_consensus.cc:1275] T 2e487cb479964969bd72b95725ab9a05 P 235193c62f244946806ce3c2782496b8 [term 2 FOLLOWER]: Refusing update from remote peer 0201f29a0fbc4b55a54189d7845e84cc: Log matching property violated. Preceding OpId in replica: term: 1 index: 1. Preceding OpId from leader: term: 2 index: 2. (index mismatch)
I20260709 14:54:45.720418  7162 consensus_queue.cc:1048] T 2e487cb479964969bd72b95725ab9a05 P 0201f29a0fbc4b55a54189d7845e84cc [LEADER]: Connected to new peer: Peer: permanent_uuid: "235193c62f244946806ce3c2782496b8" member_type: VOTER last_known_addr { host: "127.6.30.129" port: 43101 }, Status: LMP_MISMATCH, Last received: 0.0, Next index: 2, Last known committed idx: 1, Time since last communication: 0.000s
I20260709 14:54:45.730492  7092 consensus_queue.cc:1048] T 71bc08ce38944aea87b09e7d4ecfa7e1 P 1aeefeffa39944578461b72835c14633 [LEADER]: Connected to new peer: Peer: permanent_uuid: "235193c62f244946806ce3c2782496b8" member_type: VOTER last_known_addr { host: "127.6.30.129" port: 43101 }, Status: LMP_MISMATCH, Last received: 0.0, Next index: 1, Last known committed idx: 0, Time since last communication: 0.000s
I20260709 14:54:45.863162  6896 raft_consensus.cc:3060] T e921bdf559974ffba05dda17742dd8f7 P 235193c62f244946806ce3c2782496b8 [term 1 FOLLOWER]: Advancing to term 2
I20260709 14:54:45.868089  6896 raft_consensus.cc:1275] T e921bdf559974ffba05dda17742dd8f7 P 235193c62f244946806ce3c2782496b8 [term 2 FOLLOWER]: Refusing update from remote peer 0201f29a0fbc4b55a54189d7845e84cc: Log matching property violated. Preceding OpId in replica: term: 1 index: 1. Preceding OpId from leader: term: 2 index: 2. (index mismatch)
I20260709 14:54:45.869326  7162 consensus_queue.cc:1048] T e921bdf559974ffba05dda17742dd8f7 P 0201f29a0fbc4b55a54189d7845e84cc [LEADER]: Connected to new peer: Peer: permanent_uuid: "235193c62f244946806ce3c2782496b8" member_type: VOTER last_known_addr { host: "127.6.30.129" port: 43101 }, Status: LMP_MISMATCH, Last received: 0.0, Next index: 2, Last known committed idx: 1, Time since last communication: 0.000s
I20260709 14:54:45.876785  7044 raft_consensus.cc:1275] T e921bdf559974ffba05dda17742dd8f7 P 1aeefeffa39944578461b72835c14633 [term 2 FOLLOWER]: Refusing update from remote peer 0201f29a0fbc4b55a54189d7845e84cc: Log matching property violated. Preceding OpId in replica: term: 1 index: 1. Preceding OpId from leader: term: 2 index: 2. (index mismatch)
I20260709 14:54:45.878567  7163 consensus_queue.cc:1048] T e921bdf559974ffba05dda17742dd8f7 P 0201f29a0fbc4b55a54189d7845e84cc [LEADER]: Connected to new peer: Peer: permanent_uuid: "1aeefeffa39944578461b72835c14633" member_type: VOTER last_known_addr { host: "127.6.30.131" port: 35459 }, Status: LMP_MISMATCH, Last received: 0.0, Next index: 2, Last known committed idx: 1, Time since last communication: 0.000s
I20260709 14:54:45.948444  6970 raft_consensus.cc:1275] T 79bed45c91ba4a1181cfdf0ef94b3921 P 0201f29a0fbc4b55a54189d7845e84cc [term 2 FOLLOWER]: Refusing update from remote peer 235193c62f244946806ce3c2782496b8: Log matching property violated. Preceding OpId in replica: term: 1 index: 1. Preceding OpId from leader: term: 2 index: 2. (index mismatch)
I20260709 14:54:45.949817  7120 consensus_queue.cc:1048] T 79bed45c91ba4a1181cfdf0ef94b3921 P 235193c62f244946806ce3c2782496b8 [LEADER]: Connected to new peer: Peer: permanent_uuid: "0201f29a0fbc4b55a54189d7845e84cc" member_type: VOTER last_known_addr { host: "127.6.30.130" port: 42401 }, Status: LMP_MISMATCH, Last received: 0.0, Next index: 2, Last known committed idx: 1, Time since last communication: 0.000s
I20260709 14:54:45.958577  7044 raft_consensus.cc:1275] T 79bed45c91ba4a1181cfdf0ef94b3921 P 1aeefeffa39944578461b72835c14633 [term 2 FOLLOWER]: Refusing update from remote peer 235193c62f244946806ce3c2782496b8: Log matching property violated. Preceding OpId in replica: term: 1 index: 1. Preceding OpId from leader: term: 2 index: 2. (index mismatch)
I20260709 14:54:45.960865  7152 consensus_queue.cc:1048] T 79bed45c91ba4a1181cfdf0ef94b3921 P 235193c62f244946806ce3c2782496b8 [LEADER]: Connected to new peer: Peer: permanent_uuid: "1aeefeffa39944578461b72835c14633" member_type: VOTER last_known_addr { host: "127.6.30.131" port: 35459 }, Status: LMP_MISMATCH, Last received: 0.0, Next index: 2, Last known committed idx: 1, Time since last communication: 0.000s
I20260709 14:54:46.211941  7044 raft_consensus.cc:1275] T 41fd5109d5ef4b9a82f0d20b64d889c4 P 1aeefeffa39944578461b72835c14633 [term 2 FOLLOWER]: Refusing update from remote peer 235193c62f244946806ce3c2782496b8: Log matching property violated. Preceding OpId in replica: term: 1 index: 1. Preceding OpId from leader: term: 2 index: 2. (index mismatch)
I20260709 14:54:46.213151  7152 consensus_queue.cc:1048] T 41fd5109d5ef4b9a82f0d20b64d889c4 P 235193c62f244946806ce3c2782496b8 [LEADER]: Connected to new peer: Peer: permanent_uuid: "1aeefeffa39944578461b72835c14633" member_type: VOTER last_known_addr { host: "127.6.30.131" port: 35459 }, Status: LMP_MISMATCH, Last received: 0.0, Next index: 2, Last known committed idx: 1, Time since last communication: 0.000s
I20260709 14:54:46.220671  6970 raft_consensus.cc:1275] T 9e7ba24bd8b340efa1ee098f6cf4f416 P 0201f29a0fbc4b55a54189d7845e84cc [term 2 FOLLOWER]: Refusing update from remote peer 235193c62f244946806ce3c2782496b8: Log matching property violated. Preceding OpId in replica: term: 1 index: 1. Preceding OpId from leader: term: 2 index: 2. (index mismatch)
I20260709 14:54:46.221350  6971 raft_consensus.cc:1275] T 41fd5109d5ef4b9a82f0d20b64d889c4 P 0201f29a0fbc4b55a54189d7845e84cc [term 2 FOLLOWER]: Refusing update from remote peer 235193c62f244946806ce3c2782496b8: Log matching property violated. Preceding OpId in replica: term: 1 index: 1. Preceding OpId from leader: term: 2 index: 2. (index mismatch)
I20260709 14:54:46.223855  7170 consensus_queue.cc:1048] T 9e7ba24bd8b340efa1ee098f6cf4f416 P 235193c62f244946806ce3c2782496b8 [LEADER]: Connected to new peer: Peer: permanent_uuid: "0201f29a0fbc4b55a54189d7845e84cc" member_type: VOTER last_known_addr { host: "127.6.30.130" port: 42401 }, Status: LMP_MISMATCH, Last received: 0.0, Next index: 2, Last known committed idx: 1, Time since last communication: 0.000s
I20260709 14:54:46.224184  7091 consensus_queue.cc:1048] T 41fd5109d5ef4b9a82f0d20b64d889c4 P 235193c62f244946806ce3c2782496b8 [LEADER]: Connected to new peer: Peer: permanent_uuid: "0201f29a0fbc4b55a54189d7845e84cc" member_type: VOTER last_known_addr { host: "127.6.30.130" port: 42401 }, Status: LMP_MISMATCH, Last received: 0.0, Next index: 2, Last known committed idx: 1, Time since last communication: 0.000s
I20260709 14:54:46.234977  7044 raft_consensus.cc:1275] T 9e7ba24bd8b340efa1ee098f6cf4f416 P 1aeefeffa39944578461b72835c14633 [term 2 FOLLOWER]: Refusing update from remote peer 235193c62f244946806ce3c2782496b8: Log matching property violated. Preceding OpId in replica: term: 1 index: 1. Preceding OpId from leader: term: 2 index: 2. (index mismatch)
I20260709 14:54:46.236351  7091 consensus_queue.cc:1048] T 9e7ba24bd8b340efa1ee098f6cf4f416 P 235193c62f244946806ce3c2782496b8 [LEADER]: Connected to new peer: Peer: permanent_uuid: "1aeefeffa39944578461b72835c14633" member_type: VOTER last_known_addr { host: "127.6.30.131" port: 35459 }, Status: LMP_MISMATCH, Last received: 0.0, Next index: 2, Last known committed idx: 1, Time since last communication: 0.000s
I20260709 14:54:48.254856  6266 auto_leader_rebalancer-test.cc:410] The leader distribution is 
I20260709 14:54:48.255569  6266 auto_leader_rebalancer.cc:141] leader rebalance for table test-workload
I20260709 14:54:48.271979  6895 tablet_service.cc:2072] Received LeaderStepDown RPC: tablet_id: "79bed45c91ba4a1181cfdf0ef94b3921"
dest_uuid: "235193c62f244946806ce3c2782496b8"
mode: GRACEFUL
new_leader_uuid: "1aeefeffa39944578461b72835c14633"
 from {username='slave'} at 127.0.0.1:53978
I20260709 14:54:48.272522  6895 raft_consensus.cc:606] T 79bed45c91ba4a1181cfdf0ef94b3921 P 235193c62f244946806ce3c2782496b8 [term 2 LEADER]: Received request to transfer leadership to TS 1aeefeffa39944578461b72835c14633
I20260709 14:54:48.274811  6895 tablet_service.cc:2072] Received LeaderStepDown RPC: tablet_id: "dda07f03f3ab41bb8122e412958ce8a2"
dest_uuid: "235193c62f244946806ce3c2782496b8"
mode: GRACEFUL
new_leader_uuid: "1aeefeffa39944578461b72835c14633"
 from {username='slave'} at 127.0.0.1:53978
I20260709 14:54:48.275285  6895 raft_consensus.cc:606] T dda07f03f3ab41bb8122e412958ce8a2 P 235193c62f244946806ce3c2782496b8 [term 1 LEADER]: Received request to transfer leadership to TS 1aeefeffa39944578461b72835c14633
I20260709 14:54:48.276181  6266 auto_leader_rebalancer.cc:452] table: test-workload, leader rebalance finish, leader transfer count: 2
I20260709 14:54:48.276605  6266 auto_leader_rebalancer.cc:527] All tables' leader rebalancing finished this round
I20260709 14:54:48.528626  7120 raft_consensus.cc:993] T 79bed45c91ba4a1181cfdf0ef94b3921 P 235193c62f244946806ce3c2782496b8: : Instructing follower 1aeefeffa39944578461b72835c14633 to start an election
I20260709 14:54:48.529119  7182 raft_consensus.cc:1081] T 79bed45c91ba4a1181cfdf0ef94b3921 P 235193c62f244946806ce3c2782496b8 [term 2 LEADER]: Signalling peer 1aeefeffa39944578461b72835c14633 to start an election
I20260709 14:54:48.530556  7045 tablet_service.cc:2044] Received Run Leader Election RPC: tablet_id: "79bed45c91ba4a1181cfdf0ef94b3921"
dest_uuid: "1aeefeffa39944578461b72835c14633"
 from {username='slave'} at 127.0.0.1:42346
I20260709 14:54:48.531020  7045 raft_consensus.cc:493] T 79bed45c91ba4a1181cfdf0ef94b3921 P 1aeefeffa39944578461b72835c14633 [term 2 FOLLOWER]: Starting forced leader election (received explicit request)
I20260709 14:54:48.531327  7045 raft_consensus.cc:3060] T 79bed45c91ba4a1181cfdf0ef94b3921 P 1aeefeffa39944578461b72835c14633 [term 2 FOLLOWER]: Advancing to term 3
I20260709 14:54:48.535743  7045 raft_consensus.cc:515] T 79bed45c91ba4a1181cfdf0ef94b3921 P 1aeefeffa39944578461b72835c14633 [term 3 FOLLOWER]: Starting forced leader election with config: opid_index: -1 OBSOLETE_local: false peers { permanent_uuid: "235193c62f244946806ce3c2782496b8" member_type: VOTER last_known_addr { host: "127.6.30.129" port: 43101 } } peers { permanent_uuid: "0201f29a0fbc4b55a54189d7845e84cc" member_type: VOTER last_known_addr { host: "127.6.30.130" port: 42401 } } peers { permanent_uuid: "1aeefeffa39944578461b72835c14633" member_type: VOTER last_known_addr { host: "127.6.30.131" port: 35459 } }
I20260709 14:54:48.537371  7045 leader_election.cc:290] T 79bed45c91ba4a1181cfdf0ef94b3921 P 1aeefeffa39944578461b72835c14633 [CANDIDATE]: Term 3 election: Requested vote from peers 235193c62f244946806ce3c2782496b8 (127.6.30.129:43101), 0201f29a0fbc4b55a54189d7845e84cc (127.6.30.130:42401)
I20260709 14:54:48.538312  6895 tablet_service.cc:1917] Received RequestConsensusVote() RPC: tablet_id: "79bed45c91ba4a1181cfdf0ef94b3921" candidate_uuid: "1aeefeffa39944578461b72835c14633" candidate_term: 3 candidate_status { last_received { term: 2 index: 2 } } ignore_live_leader: true dest_uuid: "235193c62f244946806ce3c2782496b8"
I20260709 14:54:48.538625  6970 tablet_service.cc:1917] Received RequestConsensusVote() RPC: tablet_id: "79bed45c91ba4a1181cfdf0ef94b3921" candidate_uuid: "1aeefeffa39944578461b72835c14633" candidate_term: 3 candidate_status { last_received { term: 2 index: 2 } } ignore_live_leader: true dest_uuid: "0201f29a0fbc4b55a54189d7845e84cc"
I20260709 14:54:48.538942  6895 raft_consensus.cc:3055] T 79bed45c91ba4a1181cfdf0ef94b3921 P 235193c62f244946806ce3c2782496b8 [term 2 LEADER]: Stepping down as leader of term 2
I20260709 14:54:48.539182  6970 raft_consensus.cc:3060] T 79bed45c91ba4a1181cfdf0ef94b3921 P 0201f29a0fbc4b55a54189d7845e84cc [term 2 FOLLOWER]: Advancing to term 3
I20260709 14:54:48.539309  6895 raft_consensus.cc:740] T 79bed45c91ba4a1181cfdf0ef94b3921 P 235193c62f244946806ce3c2782496b8 [term 2 LEADER]: Becoming Follower/Learner. State: Replica: 235193c62f244946806ce3c2782496b8, State: Running, Role: LEADER
I20260709 14:54:48.540143  6895 consensus_queue.cc:260] T 79bed45c91ba4a1181cfdf0ef94b3921 P 235193c62f244946806ce3c2782496b8 [NON_LEADER]: Queue going to NON_LEADER mode. State: All replicated index: 0, Majority replicated index: 2, Committed index: 2, Last appended: 2.2, Last appended by leader: 2, Current term: 2, Majority size: -1, State: 0, Mode: NON_LEADER, active raft config: opid_index: -1 OBSOLETE_local: false peers { permanent_uuid: "235193c62f244946806ce3c2782496b8" member_type: VOTER last_known_addr { host: "127.6.30.129" port: 43101 } } peers { permanent_uuid: "0201f29a0fbc4b55a54189d7845e84cc" member_type: VOTER last_known_addr { host: "127.6.30.130" port: 42401 } } peers { permanent_uuid: "1aeefeffa39944578461b72835c14633" member_type: VOTER last_known_addr { host: "127.6.30.131" port: 35459 } }
I20260709 14:54:48.541409  6895 raft_consensus.cc:3060] T 79bed45c91ba4a1181cfdf0ef94b3921 P 235193c62f244946806ce3c2782496b8 [term 2 FOLLOWER]: Advancing to term 3
I20260709 14:54:48.546334  6970 raft_consensus.cc:2468] T 79bed45c91ba4a1181cfdf0ef94b3921 P 0201f29a0fbc4b55a54189d7845e84cc [term 3 FOLLOWER]: Leader election vote request: Granting yes vote for candidate 1aeefeffa39944578461b72835c14633 in term 3.
I20260709 14:54:48.547598  7010 leader_election.cc:304] T 79bed45c91ba4a1181cfdf0ef94b3921 P 1aeefeffa39944578461b72835c14633 [CANDIDATE]: Term 3 election: Election decided. Result: candidate won. Election summary: received 2 responses out of 3 voters: 2 yes votes; 0 no votes. yes voters: 0201f29a0fbc4b55a54189d7845e84cc, 1aeefeffa39944578461b72835c14633; no voters: 
I20260709 14:54:48.547894  6895 raft_consensus.cc:2468] T 79bed45c91ba4a1181cfdf0ef94b3921 P 235193c62f244946806ce3c2782496b8 [term 3 FOLLOWER]: Leader election vote request: Granting yes vote for candidate 1aeefeffa39944578461b72835c14633 in term 3.
I20260709 14:54:48.548293  7139 raft_consensus.cc:2804] T 79bed45c91ba4a1181cfdf0ef94b3921 P 1aeefeffa39944578461b72835c14633 [term 3 FOLLOWER]: Leader election won for term 3
I20260709 14:54:48.549453  7139 raft_consensus.cc:697] T 79bed45c91ba4a1181cfdf0ef94b3921 P 1aeefeffa39944578461b72835c14633 [term 3 LEADER]: Becoming Leader. State: Replica: 1aeefeffa39944578461b72835c14633, State: Running, Role: LEADER
I20260709 14:54:48.550191  7139 consensus_queue.cc:237] T 79bed45c91ba4a1181cfdf0ef94b3921 P 1aeefeffa39944578461b72835c14633 [LEADER]: Queue going to LEADER mode. State: All replicated index: 0, Majority replicated index: 2, Committed index: 2, Last appended: 2.2, Last appended by leader: 2, Current term: 3, Majority size: 2, State: 0, Mode: LEADER, active raft config: opid_index: -1 OBSOLETE_local: false peers { permanent_uuid: "235193c62f244946806ce3c2782496b8" member_type: VOTER last_known_addr { host: "127.6.30.129" port: 43101 } } peers { permanent_uuid: "0201f29a0fbc4b55a54189d7845e84cc" member_type: VOTER last_known_addr { host: "127.6.30.130" port: 42401 } } peers { permanent_uuid: "1aeefeffa39944578461b72835c14633" member_type: VOTER last_known_addr { host: "127.6.30.131" port: 35459 } }
I20260709 14:54:48.556273  6792 catalog_manager.cc:5697] T 79bed45c91ba4a1181cfdf0ef94b3921 P 1aeefeffa39944578461b72835c14633 reported cstate change: term changed from 2 to 3, leader changed from 235193c62f244946806ce3c2782496b8 (127.6.30.129) to 1aeefeffa39944578461b72835c14633 (127.6.30.131). New cstate: current_term: 3 leader_uuid: "1aeefeffa39944578461b72835c14633" committed_config { opid_index: -1 OBSOLETE_local: false peers { permanent_uuid: "235193c62f244946806ce3c2782496b8" member_type: VOTER last_known_addr { host: "127.6.30.129" port: 43101 } health_report { overall_health: UNKNOWN } } peers { permanent_uuid: "0201f29a0fbc4b55a54189d7845e84cc" member_type: VOTER last_known_addr { host: "127.6.30.130" port: 42401 } health_report { overall_health: UNKNOWN } } peers { permanent_uuid: "1aeefeffa39944578461b72835c14633" member_type: VOTER last_known_addr { host: "127.6.30.131" port: 35459 } health_report { overall_health: HEALTHY } } }
I20260709 14:54:48.706089  7120 raft_consensus.cc:993] T dda07f03f3ab41bb8122e412958ce8a2 P 235193c62f244946806ce3c2782496b8: : Instructing follower 1aeefeffa39944578461b72835c14633 to start an election
I20260709 14:54:48.706513  7182 raft_consensus.cc:1081] T dda07f03f3ab41bb8122e412958ce8a2 P 235193c62f244946806ce3c2782496b8 [term 1 LEADER]: Signalling peer 1aeefeffa39944578461b72835c14633 to start an election
I20260709 14:54:48.707836  7045 tablet_service.cc:2044] Received Run Leader Election RPC: tablet_id: "dda07f03f3ab41bb8122e412958ce8a2"
dest_uuid: "1aeefeffa39944578461b72835c14633"
 from {username='slave'} at 127.0.0.1:42346
I20260709 14:54:48.708331  7045 raft_consensus.cc:493] T dda07f03f3ab41bb8122e412958ce8a2 P 1aeefeffa39944578461b72835c14633 [term 1 FOLLOWER]: Starting forced leader election (received explicit request)
I20260709 14:54:48.708631  7045 raft_consensus.cc:3060] T dda07f03f3ab41bb8122e412958ce8a2 P 1aeefeffa39944578461b72835c14633 [term 1 FOLLOWER]: Advancing to term 2
I20260709 14:54:48.712999  7045 raft_consensus.cc:515] T dda07f03f3ab41bb8122e412958ce8a2 P 1aeefeffa39944578461b72835c14633 [term 2 FOLLOWER]: Starting forced leader election with config: opid_index: -1 OBSOLETE_local: false peers { permanent_uuid: "0201f29a0fbc4b55a54189d7845e84cc" member_type: VOTER last_known_addr { host: "127.6.30.130" port: 42401 } } peers { permanent_uuid: "235193c62f244946806ce3c2782496b8" member_type: VOTER last_known_addr { host: "127.6.30.129" port: 43101 } } peers { permanent_uuid: "1aeefeffa39944578461b72835c14633" member_type: VOTER last_known_addr { host: "127.6.30.131" port: 35459 } }
I20260709 14:54:48.714538  7045 leader_election.cc:290] T dda07f03f3ab41bb8122e412958ce8a2 P 1aeefeffa39944578461b72835c14633 [CANDIDATE]: Term 2 election: Requested vote from peers 0201f29a0fbc4b55a54189d7845e84cc (127.6.30.130:42401), 235193c62f244946806ce3c2782496b8 (127.6.30.129:43101)
I20260709 14:54:48.715456  6970 tablet_service.cc:1917] Received RequestConsensusVote() RPC: tablet_id: "dda07f03f3ab41bb8122e412958ce8a2" candidate_uuid: "1aeefeffa39944578461b72835c14633" candidate_term: 2 candidate_status { last_received { term: 1 index: 1 } } ignore_live_leader: true dest_uuid: "0201f29a0fbc4b55a54189d7845e84cc"
I20260709 14:54:48.715668  6895 tablet_service.cc:1917] Received RequestConsensusVote() RPC: tablet_id: "dda07f03f3ab41bb8122e412958ce8a2" candidate_uuid: "1aeefeffa39944578461b72835c14633" candidate_term: 2 candidate_status { last_received { term: 1 index: 1 } } ignore_live_leader: true dest_uuid: "235193c62f244946806ce3c2782496b8"
I20260709 14:54:48.716034  6970 raft_consensus.cc:3060] T dda07f03f3ab41bb8122e412958ce8a2 P 0201f29a0fbc4b55a54189d7845e84cc [term 1 FOLLOWER]: Advancing to term 2
I20260709 14:54:48.716199  6895 raft_consensus.cc:3055] T dda07f03f3ab41bb8122e412958ce8a2 P 235193c62f244946806ce3c2782496b8 [term 1 LEADER]: Stepping down as leader of term 1
I20260709 14:54:48.716599  6895 raft_consensus.cc:740] T dda07f03f3ab41bb8122e412958ce8a2 P 235193c62f244946806ce3c2782496b8 [term 1 LEADER]: Becoming Follower/Learner. State: Replica: 235193c62f244946806ce3c2782496b8, State: Running, Role: LEADER
I20260709 14:54:48.717209  6895 consensus_queue.cc:260] T dda07f03f3ab41bb8122e412958ce8a2 P 235193c62f244946806ce3c2782496b8 [NON_LEADER]: Queue going to NON_LEADER mode. State: All replicated index: 0, Majority replicated index: 1, Committed index: 1, Last appended: 1.1, Last appended by leader: 1, Current term: 1, Majority size: -1, State: 0, Mode: NON_LEADER, active raft config: opid_index: -1 OBSOLETE_local: false peers { permanent_uuid: "0201f29a0fbc4b55a54189d7845e84cc" member_type: VOTER last_known_addr { host: "127.6.30.130" port: 42401 } } peers { permanent_uuid: "235193c62f244946806ce3c2782496b8" member_type: VOTER last_known_addr { host: "127.6.30.129" port: 43101 } } peers { permanent_uuid: "1aeefeffa39944578461b72835c14633" member_type: VOTER last_known_addr { host: "127.6.30.131" port: 35459 } }
I20260709 14:54:48.718132  6895 raft_consensus.cc:3060] T dda07f03f3ab41bb8122e412958ce8a2 P 235193c62f244946806ce3c2782496b8 [term 1 FOLLOWER]: Advancing to term 2
I20260709 14:54:48.720785  6970 raft_consensus.cc:2468] T dda07f03f3ab41bb8122e412958ce8a2 P 0201f29a0fbc4b55a54189d7845e84cc [term 2 FOLLOWER]: Leader election vote request: Granting yes vote for candidate 1aeefeffa39944578461b72835c14633 in term 2.
I20260709 14:54:48.721715  7010 leader_election.cc:304] T dda07f03f3ab41bb8122e412958ce8a2 P 1aeefeffa39944578461b72835c14633 [CANDIDATE]: Term 2 election: Election decided. Result: candidate won. Election summary: received 2 responses out of 3 voters: 2 yes votes; 0 no votes. yes voters: 0201f29a0fbc4b55a54189d7845e84cc, 1aeefeffa39944578461b72835c14633; no voters: 
I20260709 14:54:48.722388  7139 raft_consensus.cc:2804] T dda07f03f3ab41bb8122e412958ce8a2 P 1aeefeffa39944578461b72835c14633 [term 2 FOLLOWER]: Leader election won for term 2
I20260709 14:54:48.722868  7139 raft_consensus.cc:697] T dda07f03f3ab41bb8122e412958ce8a2 P 1aeefeffa39944578461b72835c14633 [term 2 LEADER]: Becoming Leader. State: Replica: 1aeefeffa39944578461b72835c14633, State: Running, Role: LEADER
I20260709 14:54:48.723368  6895 raft_consensus.cc:2468] T dda07f03f3ab41bb8122e412958ce8a2 P 235193c62f244946806ce3c2782496b8 [term 2 FOLLOWER]: Leader election vote request: Granting yes vote for candidate 1aeefeffa39944578461b72835c14633 in term 2.
