I20260709 14:54:47.340171 21647 raft_consensus.cc:359] T 6baab9343459460ba352779f83c6ae06 P 951edf5233194f68b954801dd6dc9a2e [term 0 FOLLOWER]: Replica starting. Triggering 0 pending ops. Active config: opid_index: -1 OBSOLETE_local: false peers { permanent_uuid: "e987c58d845841c4ab7f4831f5763754" member_type: VOTER last_known_addr { host: "127.19.220.129" port: 44461 } } peers { permanent_uuid: "951edf5233194f68b954801dd6dc9a2e" member_type: VOTER last_known_addr { host: "127.19.220.130" port: 37937 } } peers { permanent_uuid: "befb757fcd524573b740d44bff3bf5d3" member_type: VOTER last_known_addr { host: "127.19.220.131" port: 42189 } }
I20260709 14:54:47.340875 21647 raft_consensus.cc:385] T 6baab9343459460ba352779f83c6ae06 P 951edf5233194f68b954801dd6dc9a2e [term 0 FOLLOWER]: Consensus starting up: Expiring failure detector timer to make a prompt election more likely
I20260709 14:54:47.341295 21647 raft_consensus.cc:740] T 6baab9343459460ba352779f83c6ae06 P 951edf5233194f68b954801dd6dc9a2e [term 0 FOLLOWER]: Becoming Follower/Learner. State: Replica: 951edf5233194f68b954801dd6dc9a2e, State: Initialized, Role: FOLLOWER
I20260709 14:54:47.343103 21532 tablet_service.cc:1917] Received RequestConsensusVote() RPC: tablet_id: "fbae4af08d054bec9679460b963f32c4" candidate_uuid: "befb757fcd524573b740d44bff3bf5d3" candidate_term: 1 candidate_status { last_received { term: 0 index: 0 } } ignore_live_leader: false dest_uuid: "951edf5233194f68b954801dd6dc9a2e" is_pre_election: true
I20260709 14:54:47.343820 21683 raft_consensus.cc:515] T fbae4af08d054bec9679460b963f32c4 P befb757fcd524573b740d44bff3bf5d3 [term 1 FOLLOWER]: Starting leader election with config: opid_index: -1 OBSOLETE_local: false peers { permanent_uuid: "e987c58d845841c4ab7f4831f5763754" member_type: VOTER last_known_addr { host: "127.19.220.129" port: 44461 } } peers { permanent_uuid: "951edf5233194f68b954801dd6dc9a2e" member_type: VOTER last_known_addr { host: "127.19.220.130" port: 37937 } } peers { permanent_uuid: "befb757fcd524573b740d44bff3bf5d3" member_type: VOTER last_known_addr { host: "127.19.220.131" port: 42189 } }
W20260709 14:54:47.345021 21570 leader_election.cc:343] T fbae4af08d054bec9679460b963f32c4 P befb757fcd524573b740d44bff3bf5d3 [CANDIDATE]: Term 1 pre-election: Tablet error from VoteRequest() call to peer 951edf5233194f68b954801dd6dc9a2e (127.19.220.130:37937): Illegal state: must be running to vote when last-logged opid is not known
I20260709 14:54:47.346069 21683 leader_election.cc:290] T fbae4af08d054bec9679460b963f32c4 P befb757fcd524573b740d44bff3bf5d3 [CANDIDATE]: Term 1 election: Requested vote from peers e987c58d845841c4ab7f4831f5763754 (127.19.220.129:44461), 951edf5233194f68b954801dd6dc9a2e (127.19.220.130:37937)
I20260709 14:54:47.347283 21455 tablet_service.cc:1917] Received RequestConsensusVote() RPC: tablet_id: "fbae4af08d054bec9679460b963f32c4" candidate_uuid: "befb757fcd524573b740d44bff3bf5d3" candidate_term: 1 candidate_status { last_received { term: 0 index: 0 } } ignore_live_leader: false dest_uuid: "e987c58d845841c4ab7f4831f5763754"
I20260709 14:54:47.347909 21455 raft_consensus.cc:3060] T fbae4af08d054bec9679460b963f32c4 P e987c58d845841c4ab7f4831f5763754 [term 0 FOLLOWER]: Advancing to term 1
I20260709 14:54:47.348189 21532 tablet_service.cc:1917] Received RequestConsensusVote() RPC: tablet_id: "fbae4af08d054bec9679460b963f32c4" candidate_uuid: "befb757fcd524573b740d44bff3bf5d3" candidate_term: 1 candidate_status { last_received { term: 0 index: 0 } } ignore_live_leader: false dest_uuid: "951edf5233194f68b954801dd6dc9a2e"
W20260709 14:54:47.349665 21570 leader_election.cc:343] T fbae4af08d054bec9679460b963f32c4 P befb757fcd524573b740d44bff3bf5d3 [CANDIDATE]: Term 1 election: Tablet error from VoteRequest() call to peer 951edf5233194f68b954801dd6dc9a2e (127.19.220.130:37937): Illegal state: must be running to vote when last-logged opid is not known
I20260709 14:54:47.342175 21647 consensus_queue.cc:260] T 6baab9343459460ba352779f83c6ae06 P 951edf5233194f68b954801dd6dc9a2e [NON_LEADER]: Queue going to NON_LEADER mode. State: All replicated index: 0, Majority replicated index: 0, Committed index: 0, Last appended: 0.0, Last appended by leader: 0, Current term: 0, Majority size: -1, State: 0, Mode: NON_LEADER, active raft config: opid_index: -1 OBSOLETE_local: false peers { permanent_uuid: "e987c58d845841c4ab7f4831f5763754" member_type: VOTER last_known_addr { host: "127.19.220.129" port: 44461 } } peers { permanent_uuid: "951edf5233194f68b954801dd6dc9a2e" member_type: VOTER last_known_addr { host: "127.19.220.130" port: 37937 } } peers { permanent_uuid: "befb757fcd524573b740d44bff3bf5d3" member_type: VOTER last_known_addr { host: "127.19.220.131" port: 42189 } }
I20260709 14:54:47.353163 21647 ts_tablet_manager.cc:1434] T 6baab9343459460ba352779f83c6ae06 P 951edf5233194f68b954801dd6dc9a2e: Time spent starting tablet: real 0.016s	user 0.004s	sys 0.003s
I20260709 14:54:47.354316 21647 tablet_bootstrap.cc:492] T fbae4af08d054bec9679460b963f32c4 P 951edf5233194f68b954801dd6dc9a2e: Bootstrap starting.
I20260709 14:54:47.353888 21689 raft_consensus.cc:515] T f16e2e6048564403a946fd90a306b4b4 P e987c58d845841c4ab7f4831f5763754 [term 1 FOLLOWER]: Starting leader election with config: opid_index: -1 OBSOLETE_local: false peers { permanent_uuid: "e987c58d845841c4ab7f4831f5763754" member_type: VOTER last_known_addr { host: "127.19.220.129" port: 44461 } } peers { permanent_uuid: "951edf5233194f68b954801dd6dc9a2e" member_type: VOTER last_known_addr { host: "127.19.220.130" port: 37937 } } peers { permanent_uuid: "befb757fcd524573b740d44bff3bf5d3" member_type: VOTER last_known_addr { host: "127.19.220.131" port: 42189 } }
I20260709 14:54:47.358470 21532 tablet_service.cc:1917] Received RequestConsensusVote() RPC: tablet_id: "f16e2e6048564403a946fd90a306b4b4" candidate_uuid: "e987c58d845841c4ab7f4831f5763754" candidate_term: 1 candidate_status { last_received { term: 0 index: 0 } } ignore_live_leader: false dest_uuid: "951edf5233194f68b954801dd6dc9a2e"
I20260709 14:54:47.350356 21606 raft_consensus.cc:2468] T c9fef0a45e0c42ee8803f31b6d184c44 P befb757fcd524573b740d44bff3bf5d3 [term 1 FOLLOWER]: Leader election vote request: Granting yes vote for candidate 951edf5233194f68b954801dd6dc9a2e in term 1.
W20260709 14:54:47.361186 21421 leader_election.cc:343] T f16e2e6048564403a946fd90a306b4b4 P e987c58d845841c4ab7f4831f5763754 [CANDIDATE]: Term 1 election: Tablet error from VoteRequest() call to peer 951edf5233194f68b954801dd6dc9a2e (127.19.220.130:37937): Illegal state: must be running to vote when last-logged opid is not known
I20260709 14:54:47.361415 21606 tablet_service.cc:1917] Received RequestConsensusVote() RPC: tablet_id: "f16e2e6048564403a946fd90a306b4b4" candidate_uuid: "e987c58d845841c4ab7f4831f5763754" candidate_term: 1 candidate_status { last_received { term: 0 index: 0 } } ignore_live_leader: false dest_uuid: "befb757fcd524573b740d44bff3bf5d3"
I20260709 14:54:47.362105 21606 raft_consensus.cc:3060] T f16e2e6048564403a946fd90a306b4b4 P befb757fcd524573b740d44bff3bf5d3 [term 0 FOLLOWER]: Advancing to term 1
I20260709 14:54:47.366752 21648 tablet_bootstrap.cc:492] T c78aebea34254cb08391c4a59000f667 P befb757fcd524573b740d44bff3bf5d3: No bootstrap required, opened a new log
I20260709 14:54:47.367373 21648 ts_tablet_manager.cc:1403] T c78aebea34254cb08391c4a59000f667 P befb757fcd524573b740d44bff3bf5d3: Time spent bootstrapping tablet: real 0.070s	user 0.021s	sys 0.012s
I20260709 14:54:47.369279 21647 tablet_bootstrap.cc:654] T fbae4af08d054bec9679460b963f32c4 P 951edf5233194f68b954801dd6dc9a2e: Neither blocks nor log segments found. Creating new log.
I20260709 14:54:47.369539 21354 catalog_manager.cc:5697] T c9fef0a45e0c42ee8803f31b6d184c44 P 951edf5233194f68b954801dd6dc9a2e reported cstate change: term changed from 0 to 1, leader changed from <none> to 951edf5233194f68b954801dd6dc9a2e (127.19.220.130). New cstate: current_term: 1 leader_uuid: "951edf5233194f68b954801dd6dc9a2e" committed_config { opid_index: -1 OBSOLETE_local: false peers { permanent_uuid: "e987c58d845841c4ab7f4831f5763754" member_type: VOTER last_known_addr { host: "127.19.220.129" port: 44461 } health_report { overall_health: UNKNOWN } } peers { permanent_uuid: "951edf5233194f68b954801dd6dc9a2e" member_type: VOTER last_known_addr { host: "127.19.220.130" port: 37937 } health_report { overall_health: HEALTHY } } peers { permanent_uuid: "befb757fcd524573b740d44bff3bf5d3" member_type: VOTER last_known_addr { host: "127.19.220.131" port: 42189 } health_report { overall_health: UNKNOWN } } }
I20260709 14:54:47.371613 21606 raft_consensus.cc:2468] T f16e2e6048564403a946fd90a306b4b4 P befb757fcd524573b740d44bff3bf5d3 [term 1 FOLLOWER]: Leader election vote request: Granting yes vote for candidate e987c58d845841c4ab7f4831f5763754 in term 1.
I20260709 14:54:47.370190 21648 raft_consensus.cc:359] T c78aebea34254cb08391c4a59000f667 P befb757fcd524573b740d44bff3bf5d3 [term 0 FOLLOWER]: Replica starting. Triggering 0 pending ops. Active config: opid_index: -1 OBSOLETE_local: false peers { permanent_uuid: "e987c58d845841c4ab7f4831f5763754" member_type: VOTER last_known_addr { host: "127.19.220.129" port: 44461 } } peers { permanent_uuid: "951edf5233194f68b954801dd6dc9a2e" member_type: VOTER last_known_addr { host: "127.19.220.130" port: 37937 } } peers { permanent_uuid: "befb757fcd524573b740d44bff3bf5d3" member_type: VOTER last_known_addr { host: "127.19.220.131" port: 42189 } }
I20260709 14:54:47.361464 21455 raft_consensus.cc:2468] T fbae4af08d054bec9679460b963f32c4 P e987c58d845841c4ab7f4831f5763754 [term 1 FOLLOWER]: Leader election vote request: Granting yes vote for candidate befb757fcd524573b740d44bff3bf5d3 in term 1.
I20260709 14:54:47.370198 21689 leader_election.cc:290] T f16e2e6048564403a946fd90a306b4b4 P e987c58d845841c4ab7f4831f5763754 [CANDIDATE]: Term 1 election: Requested vote from peers 951edf5233194f68b954801dd6dc9a2e (127.19.220.130:37937), befb757fcd524573b740d44bff3bf5d3 (127.19.220.131:42189)
I20260709 14:54:47.373133 21648 raft_consensus.cc:385] T c78aebea34254cb08391c4a59000f667 P befb757fcd524573b740d44bff3bf5d3 [term 0 FOLLOWER]: Consensus starting up: Expiring failure detector timer to make a prompt election more likely
I20260709 14:54:47.373189 21420 leader_election.cc:304] T f16e2e6048564403a946fd90a306b4b4 P e987c58d845841c4ab7f4831f5763754 [CANDIDATE]: Term 1 election: Election decided. Result: candidate won. Election summary: received 3 responses out of 3 voters: 2 yes votes; 1 no votes. yes voters: befb757fcd524573b740d44bff3bf5d3, e987c58d845841c4ab7f4831f5763754; no voters: 951edf5233194f68b954801dd6dc9a2e
I20260709 14:54:47.373633 21648 raft_consensus.cc:740] T c78aebea34254cb08391c4a59000f667 P befb757fcd524573b740d44bff3bf5d3 [term 0 FOLLOWER]: Becoming Follower/Learner. State: Replica: befb757fcd524573b740d44bff3bf5d3, State: Initialized, Role: FOLLOWER
I20260709 14:54:47.373588 21570 leader_election.cc:304] T fbae4af08d054bec9679460b963f32c4 P befb757fcd524573b740d44bff3bf5d3 [CANDIDATE]: Term 1 election: Election decided. Result: candidate won. Election summary: received 3 responses out of 3 voters: 2 yes votes; 1 no votes. yes voters: befb757fcd524573b740d44bff3bf5d3, e987c58d845841c4ab7f4831f5763754; no voters: 951edf5233194f68b954801dd6dc9a2e
I20260709 14:54:47.374420 21689 raft_consensus.cc:2804] T f16e2e6048564403a946fd90a306b4b4 P e987c58d845841c4ab7f4831f5763754 [term 1 FOLLOWER]: Leader election won for term 1
I20260709 14:54:47.374989 21689 raft_consensus.cc:697] T f16e2e6048564403a946fd90a306b4b4 P e987c58d845841c4ab7f4831f5763754 [term 1 LEADER]: Becoming Leader. State: Replica: e987c58d845841c4ab7f4831f5763754, State: Running, Role: LEADER
I20260709 14:54:47.374563 21648 consensus_queue.cc:260] T c78aebea34254cb08391c4a59000f667 P befb757fcd524573b740d44bff3bf5d3 [NON_LEADER]: Queue going to NON_LEADER mode. State: All replicated index: 0, Majority replicated index: 0, Committed index: 0, Last appended: 0.0, Last appended by leader: 0, Current term: 0, Majority size: -1, State: 0, Mode: NON_LEADER, active raft config: opid_index: -1 OBSOLETE_local: false peers { permanent_uuid: "e987c58d845841c4ab7f4831f5763754" member_type: VOTER last_known_addr { host: "127.19.220.129" port: 44461 } } peers { permanent_uuid: "951edf5233194f68b954801dd6dc9a2e" member_type: VOTER last_known_addr { host: "127.19.220.130" port: 37937 } } peers { permanent_uuid: "befb757fcd524573b740d44bff3bf5d3" member_type: VOTER last_known_addr { host: "127.19.220.131" port: 42189 } }
I20260709 14:54:47.375228 21683 raft_consensus.cc:2804] T fbae4af08d054bec9679460b963f32c4 P befb757fcd524573b740d44bff3bf5d3 [term 1 FOLLOWER]: Leader election won for term 1
I20260709 14:54:47.376816 21648 ts_tablet_manager.cc:1434] T c78aebea34254cb08391c4a59000f667 P befb757fcd524573b740d44bff3bf5d3: Time spent starting tablet: real 0.009s	user 0.007s	sys 0.000s
I20260709 14:54:47.377795 21648 tablet_bootstrap.cc:492] T 176a02e0957646559e7623277fc51eb3 P befb757fcd524573b740d44bff3bf5d3: Bootstrap starting.
I20260709 14:54:47.377745 21689 consensus_queue.cc:237] T f16e2e6048564403a946fd90a306b4b4 P e987c58d845841c4ab7f4831f5763754 [LEADER]: Queue going to LEADER mode. State: All replicated index: 0, Majority replicated index: 0, Committed index: 0, Last appended: 0.0, Last appended by leader: 0, Current term: 1, Majority size: 2, State: 0, Mode: LEADER, active raft config: opid_index: -1 OBSOLETE_local: false peers { permanent_uuid: "e987c58d845841c4ab7f4831f5763754" member_type: VOTER last_known_addr { host: "127.19.220.129" port: 44461 } } peers { permanent_uuid: "951edf5233194f68b954801dd6dc9a2e" member_type: VOTER last_known_addr { host: "127.19.220.130" port: 37937 } } peers { permanent_uuid: "befb757fcd524573b740d44bff3bf5d3" member_type: VOTER last_known_addr { host: "127.19.220.131" port: 42189 } }
I20260709 14:54:47.385354 21648 tablet_bootstrap.cc:654] T 176a02e0957646559e7623277fc51eb3 P befb757fcd524573b740d44bff3bf5d3: Neither blocks nor log segments found. Creating new log.
I20260709 14:54:47.388044 21683 raft_consensus.cc:697] T fbae4af08d054bec9679460b963f32c4 P befb757fcd524573b740d44bff3bf5d3 [term 1 LEADER]: Becoming Leader. State: Replica: befb757fcd524573b740d44bff3bf5d3, State: Running, Role: LEADER
I20260709 14:54:47.388784 21606 raft_consensus.cc:3060] T d9bf2a03c6fc41879423e822c949d315 P befb757fcd524573b740d44bff3bf5d3 [term 0 FOLLOWER]: Advancing to term 1
I20260709 14:54:47.389283 21683 consensus_queue.cc:237] T fbae4af08d054bec9679460b963f32c4 P befb757fcd524573b740d44bff3bf5d3 [LEADER]: Queue going to LEADER mode. State: All replicated index: 0, Majority replicated index: 0, Committed index: 0, Last appended: 0.0, Last appended by leader: 0, Current term: 1, Majority size: 2, State: 0, Mode: LEADER, active raft config: opid_index: -1 OBSOLETE_local: false peers { permanent_uuid: "e987c58d845841c4ab7f4831f5763754" member_type: VOTER last_known_addr { host: "127.19.220.129" port: 44461 } } peers { permanent_uuid: "951edf5233194f68b954801dd6dc9a2e" member_type: VOTER last_known_addr { host: "127.19.220.130" port: 37937 } } peers { permanent_uuid: "befb757fcd524573b740d44bff3bf5d3" member_type: VOTER last_known_addr { host: "127.19.220.131" port: 42189 } }
I20260709 14:54:47.412969 21646 tablet_bootstrap.cc:492] T 176a02e0957646559e7623277fc51eb3 P e987c58d845841c4ab7f4831f5763754: No bootstrap required, opened a new log
I20260709 14:54:47.413565 21646 ts_tablet_manager.cc:1403] T 176a02e0957646559e7623277fc51eb3 P e987c58d845841c4ab7f4831f5763754: Time spent bootstrapping tablet: real 0.105s	user 0.018s	sys 0.013s
I20260709 14:54:47.412904 21352 catalog_manager.cc:5697] T f16e2e6048564403a946fd90a306b4b4 P e987c58d845841c4ab7f4831f5763754 reported cstate change: term changed from 0 to 1, leader changed from <none> to e987c58d845841c4ab7f4831f5763754 (127.19.220.129). New cstate: current_term: 1 leader_uuid: "e987c58d845841c4ab7f4831f5763754" committed_config { opid_index: -1 OBSOLETE_local: false peers { permanent_uuid: "e987c58d845841c4ab7f4831f5763754" member_type: VOTER last_known_addr { host: "127.19.220.129" port: 44461 } health_report { overall_health: HEALTHY } } peers { permanent_uuid: "951edf5233194f68b954801dd6dc9a2e" member_type: VOTER last_known_addr { host: "127.19.220.130" port: 37937 } health_report { overall_health: UNKNOWN } } peers { permanent_uuid: "befb757fcd524573b740d44bff3bf5d3" member_type: VOTER last_known_addr { host: "127.19.220.131" port: 42189 } health_report { overall_health: UNKNOWN } } }
I20260709 14:54:47.415442 21689 raft_consensus.cc:493] T 61a2b70c484246c0a7d010225090fcaa P e987c58d845841c4ab7f4831f5763754 [term 0 FOLLOWER]: Starting pre-election (no leader contacted us within the election timeout)
I20260709 14:54:47.416141 21689 raft_consensus.cc:515] T 61a2b70c484246c0a7d010225090fcaa P e987c58d845841c4ab7f4831f5763754 [term 0 FOLLOWER]: Starting pre-election with config: opid_index: -1 OBSOLETE_local: false peers { permanent_uuid: "e987c58d845841c4ab7f4831f5763754" member_type: VOTER last_known_addr { host: "127.19.220.129" port: 44461 } } peers { permanent_uuid: "951edf5233194f68b954801dd6dc9a2e" member_type: VOTER last_known_addr { host: "127.19.220.130" port: 37937 } } peers { permanent_uuid: "befb757fcd524573b740d44bff3bf5d3" member_type: VOTER last_known_addr { host: "127.19.220.131" port: 42189 } }
I20260709 14:54:47.417716 21647 tablet_bootstrap.cc:492] T fbae4af08d054bec9679460b963f32c4 P 951edf5233194f68b954801dd6dc9a2e: No bootstrap required, opened a new log
I20260709 14:54:47.418495 21647 ts_tablet_manager.cc:1403] T fbae4af08d054bec9679460b963f32c4 P 951edf5233194f68b954801dd6dc9a2e: Time spent bootstrapping tablet: real 0.064s	user 0.020s	sys 0.027s
I20260709 14:54:47.420149 21532 tablet_service.cc:1917] Received RequestConsensusVote() RPC: tablet_id: "61a2b70c484246c0a7d010225090fcaa" candidate_uuid: "e987c58d845841c4ab7f4831f5763754" candidate_term: 1 candidate_status { last_received { term: 0 index: 0 } } ignore_live_leader: false dest_uuid: "951edf5233194f68b954801dd6dc9a2e" is_pre_election: true
I20260709 14:54:47.421075 21532 raft_consensus.cc:2468] T 61a2b70c484246c0a7d010225090fcaa P 951edf5233194f68b954801dd6dc9a2e [term 0 FOLLOWER]: Leader pre-election vote request: Granting yes vote for candidate e987c58d845841c4ab7f4831f5763754 in term 0.
I20260709 14:54:47.422716 21421 leader_election.cc:304] T 61a2b70c484246c0a7d010225090fcaa P e987c58d845841c4ab7f4831f5763754 [CANDIDATE]: Term 1 pre-election: Election decided. Result: candidate won. Election summary: received 2 responses out of 3 voters: 2 yes votes; 0 no votes. yes voters: 951edf5233194f68b954801dd6dc9a2e, e987c58d845841c4ab7f4831f5763754; no voters: 
I20260709 14:54:47.423272 21713 raft_consensus.cc:493] T 61a2b70c484246c0a7d010225090fcaa P befb757fcd524573b740d44bff3bf5d3 [term 0 FOLLOWER]: Starting pre-election (no leader contacted us within the election timeout)
I20260709 14:54:47.424156 21648 tablet_bootstrap.cc:492] T 176a02e0957646559e7623277fc51eb3 P befb757fcd524573b740d44bff3bf5d3: No bootstrap required, opened a new log
I20260709 14:54:47.423978 21651 raft_consensus.cc:2804] T 61a2b70c484246c0a7d010225090fcaa P e987c58d845841c4ab7f4831f5763754 [term 0 FOLLOWER]: Leader pre-election won for term 1
I20260709 14:54:47.423810 21713 raft_consensus.cc:515] T 61a2b70c484246c0a7d010225090fcaa P befb757fcd524573b740d44bff3bf5d3 [term 0 FOLLOWER]: Starting pre-election with config: opid_index: -1 OBSOLETE_local: false peers { permanent_uuid: "e987c58d845841c4ab7f4831f5763754" member_type: VOTER last_known_addr { host: "127.19.220.129" port: 44461 } } peers { permanent_uuid: "951edf5233194f68b954801dd6dc9a2e" member_type: VOTER last_known_addr { host: "127.19.220.130" port: 37937 } } peers { permanent_uuid: "befb757fcd524573b740d44bff3bf5d3" member_type: VOTER last_known_addr { host: "127.19.220.131" port: 42189 } }
I20260709 14:54:47.424572 21651 raft_consensus.cc:493] T 61a2b70c484246c0a7d010225090fcaa P e987c58d845841c4ab7f4831f5763754 [term 0 FOLLOWER]: Starting leader election (no leader contacted us within the election timeout)
I20260709 14:54:47.424984 21651 raft_consensus.cc:3060] T 61a2b70c484246c0a7d010225090fcaa P e987c58d845841c4ab7f4831f5763754 [term 0 FOLLOWER]: Advancing to term 1
I20260709 14:54:47.427147 21605 tablet_service.cc:1917] Received RequestConsensusVote() RPC: tablet_id: "61a2b70c484246c0a7d010225090fcaa" candidate_uuid: "e987c58d845841c4ab7f4831f5763754" candidate_term: 1 candidate_status { last_received { term: 0 index: 0 } } ignore_live_leader: false dest_uuid: "befb757fcd524573b740d44bff3bf5d3" is_pre_election: true
I20260709 14:54:47.427983 21605 raft_consensus.cc:2468] T 61a2b70c484246c0a7d010225090fcaa P befb757fcd524573b740d44bff3bf5d3 [term 0 FOLLOWER]: Leader pre-election vote request: Granting yes vote for candidate e987c58d845841c4ab7f4831f5763754 in term 0.
I20260709 14:54:47.429387 21532 raft_consensus.cc:3060] T e388ee9673df4cde8922d25c84e33bb0 P 951edf5233194f68b954801dd6dc9a2e [term 0 FOLLOWER]: Advancing to term 1
I20260709 14:54:47.429852 21455 tablet_service.cc:1917] Received RequestConsensusVote() RPC: tablet_id: "61a2b70c484246c0a7d010225090fcaa" candidate_uuid: "befb757fcd524573b740d44bff3bf5d3" candidate_term: 1 candidate_status { last_received { term: 0 index: 0 } } ignore_live_leader: false dest_uuid: "e987c58d845841c4ab7f4831f5763754" is_pre_election: true
I20260709 14:54:47.431731 21689 leader_election.cc:290] T 61a2b70c484246c0a7d010225090fcaa P e987c58d845841c4ab7f4831f5763754 [CANDIDATE]: Term 1 pre-election: Requested pre-vote from peers 951edf5233194f68b954801dd6dc9a2e (127.19.220.130:37937), befb757fcd524573b740d44bff3bf5d3 (127.19.220.131:42189)
I20260709 14:54:47.434993 21648 ts_tablet_manager.cc:1403] T 176a02e0957646559e7623277fc51eb3 P befb757fcd524573b740d44bff3bf5d3: Time spent bootstrapping tablet: real 0.057s	user 0.028s	sys 0.018s
I20260709 14:54:47.436978 21531 tablet_service.cc:1917] Received RequestConsensusVote() RPC: tablet_id: "61a2b70c484246c0a7d010225090fcaa" candidate_uuid: "befb757fcd524573b740d44bff3bf5d3" candidate_term: 1 candidate_status { last_received { term: 0 index: 0 } } ignore_live_leader: false dest_uuid: "951edf5233194f68b954801dd6dc9a2e" is_pre_election: true
I20260709 14:54:47.437806 21531 raft_consensus.cc:2468] T 61a2b70c484246c0a7d010225090fcaa P 951edf5233194f68b954801dd6dc9a2e [term 0 FOLLOWER]: Leader pre-election vote request: Granting yes vote for candidate befb757fcd524573b740d44bff3bf5d3 in term 0.
I20260709 14:54:47.438014 21648 raft_consensus.cc:359] T 176a02e0957646559e7623277fc51eb3 P befb757fcd524573b740d44bff3bf5d3 [term 0 FOLLOWER]: Replica starting. Triggering 0 pending ops. Active config: opid_index: -1 OBSOLETE_local: false peers { permanent_uuid: "e987c58d845841c4ab7f4831f5763754" member_type: VOTER last_known_addr { host: "127.19.220.129" port: 44461 } } peers { permanent_uuid: "951edf5233194f68b954801dd6dc9a2e" member_type: VOTER last_known_addr { host: "127.19.220.130" port: 37937 } } peers { permanent_uuid: "befb757fcd524573b740d44bff3bf5d3" member_type: VOTER last_known_addr { host: "127.19.220.131" port: 42189 } }
I20260709 14:54:47.439960 21713 leader_election.cc:290] T 61a2b70c484246c0a7d010225090fcaa P befb757fcd524573b740d44bff3bf5d3 [CANDIDATE]: Term 1 pre-election: Requested pre-vote from peers e987c58d845841c4ab7f4831f5763754 (127.19.220.129:44461), 951edf5233194f68b954801dd6dc9a2e (127.19.220.130:37937)
I20260709 14:54:47.439432 21570 leader_election.cc:304] T 61a2b70c484246c0a7d010225090fcaa P befb757fcd524573b740d44bff3bf5d3 [CANDIDATE]: Term 1 pre-election: Election decided. Result: candidate won. Election summary: received 2 responses out of 3 voters: 2 yes votes; 0 no votes. yes voters: 951edf5233194f68b954801dd6dc9a2e, befb757fcd524573b740d44bff3bf5d3; no voters: 
I20260709 14:54:47.422245 21647 raft_consensus.cc:359] T fbae4af08d054bec9679460b963f32c4 P 951edf5233194f68b954801dd6dc9a2e [term 0 FOLLOWER]: Replica starting. Triggering 0 pending ops. Active config: opid_index: -1 OBSOLETE_local: false peers { permanent_uuid: "e987c58d845841c4ab7f4831f5763754" member_type: VOTER last_known_addr { host: "127.19.220.129" port: 44461 } } peers { permanent_uuid: "951edf5233194f68b954801dd6dc9a2e" member_type: VOTER last_known_addr { host: "127.19.220.130" port: 37937 } } peers { permanent_uuid: "befb757fcd524573b740d44bff3bf5d3" member_type: VOTER last_known_addr { host: "127.19.220.131" port: 42189 } }
I20260709 14:54:47.442262 21647 raft_consensus.cc:385] T fbae4af08d054bec9679460b963f32c4 P 951edf5233194f68b954801dd6dc9a2e [term 0 FOLLOWER]: Consensus starting up: Expiring failure detector timer to make a prompt election more likely
I20260709 14:54:47.434055 21651 raft_consensus.cc:515] T 61a2b70c484246c0a7d010225090fcaa P e987c58d845841c4ab7f4831f5763754 [term 1 FOLLOWER]: Starting leader election with config: opid_index: -1 OBSOLETE_local: false peers { permanent_uuid: "e987c58d845841c4ab7f4831f5763754" member_type: VOTER last_known_addr { host: "127.19.220.129" port: 44461 } } peers { permanent_uuid: "951edf5233194f68b954801dd6dc9a2e" member_type: VOTER last_known_addr { host: "127.19.220.130" port: 37937 } } peers { permanent_uuid: "befb757fcd524573b740d44bff3bf5d3" member_type: VOTER last_known_addr { host: "127.19.220.131" port: 42189 } }
I20260709 14:54:47.442739 21668 raft_consensus.cc:2804] T 61a2b70c484246c0a7d010225090fcaa P befb757fcd524573b740d44bff3bf5d3 [term 0 FOLLOWER]: Leader pre-election won for term 1
I20260709 14:54:47.443179 21668 raft_consensus.cc:493] T 61a2b70c484246c0a7d010225090fcaa P befb757fcd524573b740d44bff3bf5d3 [term 0 FOLLOWER]: Starting leader election (no leader contacted us within the election timeout)
I20260709 14:54:47.443570 21668 raft_consensus.cc:3060] T 61a2b70c484246c0a7d010225090fcaa P befb757fcd524573b740d44bff3bf5d3 [term 0 FOLLOWER]: Advancing to term 1
I20260709 14:54:47.443662 21455 raft_consensus.cc:2393] T 61a2b70c484246c0a7d010225090fcaa P e987c58d845841c4ab7f4831f5763754 [term 1 FOLLOWER]: Leader pre-election vote request: Denying vote to candidate befb757fcd524573b740d44bff3bf5d3 in current term 1: Already voted for candidate e987c58d845841c4ab7f4831f5763754 in this term.
I20260709 14:54:47.444861 21651 leader_election.cc:290] T 61a2b70c484246c0a7d010225090fcaa P e987c58d845841c4ab7f4831f5763754 [CANDIDATE]: Term 1 election: Requested vote from peers 951edf5233194f68b954801dd6dc9a2e (127.19.220.130:37937), befb757fcd524573b740d44bff3bf5d3 (127.19.220.131:42189)
I20260709 14:54:47.440201 21648 raft_consensus.cc:385] T 176a02e0957646559e7623277fc51eb3 P befb757fcd524573b740d44bff3bf5d3 [term 0 FOLLOWER]: Consensus starting up: Expiring failure detector timer to make a prompt election more likely
I20260709 14:54:47.445587 21648 raft_consensus.cc:740] T 176a02e0957646559e7623277fc51eb3 P befb757fcd524573b740d44bff3bf5d3 [term 0 FOLLOWER]: Becoming Follower/Learner. State: Replica: befb757fcd524573b740d44bff3bf5d3, State: Initialized, Role: FOLLOWER
I20260709 14:54:47.446813 21648 consensus_queue.cc:260] T 176a02e0957646559e7623277fc51eb3 P befb757fcd524573b740d44bff3bf5d3 [NON_LEADER]: Queue going to NON_LEADER mode. State: All replicated index: 0, Majority replicated index: 0, Committed index: 0, Last appended: 0.0, Last appended by leader: 0, Current term: 0, Majority size: -1, State: 0, Mode: NON_LEADER, active raft config: opid_index: -1 OBSOLETE_local: false peers { permanent_uuid: "e987c58d845841c4ab7f4831f5763754" member_type: VOTER last_known_addr { host: "127.19.220.129" port: 44461 } } peers { permanent_uuid: "951edf5233194f68b954801dd6dc9a2e" member_type: VOTER last_known_addr { host: "127.19.220.130" port: 37937 } } peers { permanent_uuid: "befb757fcd524573b740d44bff3bf5d3" member_type: VOTER last_known_addr { host: "127.19.220.131" port: 42189 } }
I20260709 14:54:47.445981 21647 raft_consensus.cc:740] T fbae4af08d054bec9679460b963f32c4 P 951edf5233194f68b954801dd6dc9a2e [term 0 FOLLOWER]: Becoming Follower/Learner. State: Replica: 951edf5233194f68b954801dd6dc9a2e, State: Initialized, Role: FOLLOWER
I20260709 14:54:47.448890 21647 consensus_queue.cc:260] T fbae4af08d054bec9679460b963f32c4 P 951edf5233194f68b954801dd6dc9a2e [NON_LEADER]: Queue going to NON_LEADER mode. State: All replicated index: 0, Majority replicated index: 0, Committed index: 0, Last appended: 0.0, Last appended by leader: 0, Current term: 0, Majority size: -1, State: 0, Mode: NON_LEADER, active raft config: opid_index: -1 OBSOLETE_local: false peers { permanent_uuid: "e987c58d845841c4ab7f4831f5763754" member_type: VOTER last_known_addr { host: "127.19.220.129" port: 44461 } } peers { permanent_uuid: "951edf5233194f68b954801dd6dc9a2e" member_type: VOTER last_known_addr { host: "127.19.220.130" port: 37937 } } peers { permanent_uuid: "befb757fcd524573b740d44bff3bf5d3" member_type: VOTER last_known_addr { host: "127.19.220.131" port: 42189 } }
I20260709 14:54:47.451324 21647 ts_tablet_manager.cc:1434] T fbae4af08d054bec9679460b963f32c4 P 951edf5233194f68b954801dd6dc9a2e: Time spent starting tablet: real 0.032s	user 0.008s	sys 0.000s
I20260709 14:54:47.452646 21647 tablet_bootstrap.cc:492] T f16e2e6048564403a946fd90a306b4b4 P 951edf5233194f68b954801dd6dc9a2e: Bootstrap starting.
I20260709 14:54:47.455350 21531 tablet_service.cc:1917] Received RequestConsensusVote() RPC: tablet_id: "61a2b70c484246c0a7d010225090fcaa" candidate_uuid: "e987c58d845841c4ab7f4831f5763754" candidate_term: 1 candidate_status { last_received { term: 0 index: 0 } } ignore_live_leader: false dest_uuid: "951edf5233194f68b954801dd6dc9a2e"
I20260709 14:54:47.456095 21531 raft_consensus.cc:3060] T 61a2b70c484246c0a7d010225090fcaa P 951edf5233194f68b954801dd6dc9a2e [term 0 FOLLOWER]: Advancing to term 1
I20260709 14:54:47.454262 21646 raft_consensus.cc:359] T 176a02e0957646559e7623277fc51eb3 P e987c58d845841c4ab7f4831f5763754 [term 0 FOLLOWER]: Replica starting. Triggering 0 pending ops. Active config: opid_index: -1 OBSOLETE_local: false peers { permanent_uuid: "e987c58d845841c4ab7f4831f5763754" member_type: VOTER last_known_addr { host: "127.19.220.129" port: 44461 } } peers { permanent_uuid: "951edf5233194f68b954801dd6dc9a2e" member_type: VOTER last_known_addr { host: "127.19.220.130" port: 37937 } } peers { permanent_uuid: "befb757fcd524573b740d44bff3bf5d3" member_type: VOTER last_known_addr { host: "127.19.220.131" port: 42189 } }
I20260709 14:54:47.461673 21646 raft_consensus.cc:385] T 176a02e0957646559e7623277fc51eb3 P e987c58d845841c4ab7f4831f5763754 [term 0 FOLLOWER]: Consensus starting up: Expiring failure detector timer to make a prompt election more likely
I20260709 14:54:47.465997 21646 raft_consensus.cc:740] T 176a02e0957646559e7623277fc51eb3 P e987c58d845841c4ab7f4831f5763754 [term 0 FOLLOWER]: Becoming Follower/Learner. State: Replica: e987c58d845841c4ab7f4831f5763754, State: Initialized, Role: FOLLOWER
I20260709 14:54:47.461365 21713 raft_consensus.cc:493] T 6baab9343459460ba352779f83c6ae06 P befb757fcd524573b740d44bff3bf5d3 [term 0 FOLLOWER]: Starting pre-election (no leader contacted us within the election timeout)
I20260709 14:54:47.468328 21606 tablet_service.cc:1917] Received RequestConsensusVote() RPC: tablet_id: "61a2b70c484246c0a7d010225090fcaa" candidate_uuid: "e987c58d845841c4ab7f4831f5763754" candidate_term: 1 candidate_status { last_received { term: 0 index: 0 } } ignore_live_leader: false dest_uuid: "befb757fcd524573b740d44bff3bf5d3"
I20260709 14:54:47.468109 21713 raft_consensus.cc:515] T 6baab9343459460ba352779f83c6ae06 P befb757fcd524573b740d44bff3bf5d3 [term 0 FOLLOWER]: Starting pre-election with config: opid_index: -1 OBSOLETE_local: false peers { permanent_uuid: "e987c58d845841c4ab7f4831f5763754" member_type: VOTER last_known_addr { host: "127.19.220.129" port: 44461 } } peers { permanent_uuid: "951edf5233194f68b954801dd6dc9a2e" member_type: VOTER last_known_addr { host: "127.19.220.130" port: 37937 } } peers { permanent_uuid: "befb757fcd524573b740d44bff3bf5d3" member_type: VOTER last_known_addr { host: "127.19.220.131" port: 42189 } }
I20260709 14:54:47.471717 21713 leader_election.cc:290] T 6baab9343459460ba352779f83c6ae06 P befb757fcd524573b740d44bff3bf5d3 [CANDIDATE]: Term 1 pre-election: Requested pre-vote from peers e987c58d845841c4ab7f4831f5763754 (127.19.220.129:44461), 951edf5233194f68b954801dd6dc9a2e (127.19.220.130:37937)
I20260709 14:54:47.475235 21646 consensus_queue.cc:260] T 176a02e0957646559e7623277fc51eb3 P e987c58d845841c4ab7f4831f5763754 [NON_LEADER]: Queue going to NON_LEADER mode. State: All replicated index: 0, Majority replicated index: 0, Committed index: 0, Last appended: 0.0, Last appended by leader: 0, Current term: 0, Majority size: -1, State: 0, Mode: NON_LEADER, active raft config: opid_index: -1 OBSOLETE_local: false peers { permanent_uuid: "e987c58d845841c4ab7f4831f5763754" member_type: VOTER last_known_addr { host: "127.19.220.129" port: 44461 } } peers { permanent_uuid: "951edf5233194f68b954801dd6dc9a2e" member_type: VOTER last_known_addr { host: "127.19.220.130" port: 37937 } } peers { permanent_uuid: "befb757fcd524573b740d44bff3bf5d3" member_type: VOTER last_known_addr { host: "127.19.220.131" port: 42189 } }
I20260709 14:54:47.476472 21648 ts_tablet_manager.cc:1434] T 176a02e0957646559e7623277fc51eb3 P befb757fcd524573b740d44bff3bf5d3: Time spent starting tablet: real 0.041s	user 0.011s	sys 0.018s
I20260709 14:54:47.477952 21648 tablet_bootstrap.cc:492] T 77cea028eadb4d0888867e9bc5f20e7b P befb757fcd524573b740d44bff3bf5d3: Bootstrap starting.
I20260709 14:54:47.484776 21668 raft_consensus.cc:515] T 61a2b70c484246c0a7d010225090fcaa P befb757fcd524573b740d44bff3bf5d3 [term 1 FOLLOWER]: Starting leader election with config: opid_index: -1 OBSOLETE_local: false peers { permanent_uuid: "e987c58d845841c4ab7f4831f5763754" member_type: VOTER last_known_addr { host: "127.19.220.129" port: 44461 } } peers { permanent_uuid: "951edf5233194f68b954801dd6dc9a2e" member_type: VOTER last_known_addr { host: "127.19.220.130" port: 37937 } } peers { permanent_uuid: "befb757fcd524573b740d44bff3bf5d3" member_type: VOTER last_known_addr { host: "127.19.220.131" port: 42189 } }
I20260709 14:54:47.486274 21606 raft_consensus.cc:2393] T 61a2b70c484246c0a7d010225090fcaa P befb757fcd524573b740d44bff3bf5d3 [term 1 FOLLOWER]: Leader election vote request: Denying vote to candidate e987c58d845841c4ab7f4831f5763754 in current term 1: Already voted for candidate befb757fcd524573b740d44bff3bf5d3 in this term.
I20260709 14:54:47.487349 21648 tablet_bootstrap.cc:654] T 77cea028eadb4d0888867e9bc5f20e7b P befb757fcd524573b740d44bff3bf5d3: Neither blocks nor log segments found. Creating new log.
I20260709 14:54:47.487555 21646 ts_tablet_manager.cc:1434] T 176a02e0957646559e7623277fc51eb3 P e987c58d845841c4ab7f4831f5763754: Time spent starting tablet: real 0.074s	user 0.003s	sys 0.006s
I20260709 14:54:47.489148 21668 leader_election.cc:290] T 61a2b70c484246c0a7d010225090fcaa P befb757fcd524573b740d44bff3bf5d3 [CANDIDATE]: Term 1 election: Requested vote from peers e987c58d845841c4ab7f4831f5763754 (127.19.220.129:44461), 951edf5233194f68b954801dd6dc9a2e (127.19.220.130:37937)
I20260709 14:54:47.491317 21646 tablet_bootstrap.cc:492] T 88b46f454505401f89c4265b44611b4a P e987c58d845841c4ab7f4831f5763754: Bootstrap starting.
I20260709 14:54:47.501144 21530 tablet_service.cc:1917] Received RequestConsensusVote() RPC: tablet_id: "6baab9343459460ba352779f83c6ae06" candidate_uuid: "befb757fcd524573b740d44bff3bf5d3" candidate_term: 1 candidate_status { last_received { term: 0 index: 0 } } ignore_live_leader: false dest_uuid: "951edf5233194f68b954801dd6dc9a2e" is_pre_election: true
I20260709 14:54:47.502382 21530 raft_consensus.cc:2468] T 6baab9343459460ba352779f83c6ae06 P 951edf5233194f68b954801dd6dc9a2e [term 0 FOLLOWER]: Leader pre-election vote request: Granting yes vote for candidate befb757fcd524573b740d44bff3bf5d3 in term 0.
I20260709 14:54:47.502771 21455 tablet_service.cc:1917] Received RequestConsensusVote() RPC: tablet_id: "6baab9343459460ba352779f83c6ae06" candidate_uuid: "befb757fcd524573b740d44bff3bf5d3" candidate_term: 1 candidate_status { last_received { term: 0 index: 0 } } ignore_live_leader: false dest_uuid: "e987c58d845841c4ab7f4831f5763754" is_pre_election: true
I20260709 14:54:47.503548 21455 raft_consensus.cc:2468] T 6baab9343459460ba352779f83c6ae06 P e987c58d845841c4ab7f4831f5763754 [term 0 FOLLOWER]: Leader pre-election vote request: Granting yes vote for candidate befb757fcd524573b740d44bff3bf5d3 in term 0.
I20260709 14:54:47.502581 21531 raft_consensus.cc:2468] T 61a2b70c484246c0a7d010225090fcaa P 951edf5233194f68b954801dd6dc9a2e [term 1 FOLLOWER]: Leader election vote request: Granting yes vote for candidate e987c58d845841c4ab7f4831f5763754 in term 1.
I20260709 14:54:47.505499 21421 leader_election.cc:304] T 61a2b70c484246c0a7d010225090fcaa P e987c58d845841c4ab7f4831f5763754 [CANDIDATE]: Term 1 election: Election decided. Result: candidate won. Election summary: received 3 responses out of 3 voters: 2 yes votes; 1 no votes. yes voters: 951edf5233194f68b954801dd6dc9a2e, e987c58d845841c4ab7f4831f5763754; no voters: befb757fcd524573b740d44bff3bf5d3
I20260709 14:54:47.506986 21455 tablet_service.cc:1917] Received RequestConsensusVote() RPC: tablet_id: "61a2b70c484246c0a7d010225090fcaa" candidate_uuid: "befb757fcd524573b740d44bff3bf5d3" candidate_term: 1 candidate_status { last_received { term: 0 index: 0 } } ignore_live_leader: false dest_uuid: "e987c58d845841c4ab7f4831f5763754"
I20260709 14:54:47.507282 21651 raft_consensus.cc:2804] T 61a2b70c484246c0a7d010225090fcaa P e987c58d845841c4ab7f4831f5763754 [term 1 FOLLOWER]: Leader election won for term 1
I20260709 14:54:47.507869 21651 raft_consensus.cc:697] T 61a2b70c484246c0a7d010225090fcaa P e987c58d845841c4ab7f4831f5763754 [term 1 LEADER]: Becoming Leader. State: Replica: e987c58d845841c4ab7f4831f5763754, State: Running, Role: LEADER
I20260709 14:54:47.508872 21651 consensus_queue.cc:237] T 61a2b70c484246c0a7d010225090fcaa P e987c58d845841c4ab7f4831f5763754 [LEADER]: Queue going to LEADER mode. State: All replicated index: 0, Majority replicated index: 0, Committed index: 0, Last appended: 0.0, Last appended by leader: 0, Current term: 1, Majority size: 2, State: 0, Mode: LEADER, active raft config: opid_index: -1 OBSOLETE_local: false peers { permanent_uuid: "e987c58d845841c4ab7f4831f5763754" member_type: VOTER last_known_addr { host: "127.19.220.129" port: 44461 } } peers { permanent_uuid: "951edf5233194f68b954801dd6dc9a2e" member_type: VOTER last_known_addr { host: "127.19.220.130" port: 37937 } } peers { permanent_uuid: "befb757fcd524573b740d44bff3bf5d3" member_type: VOTER last_known_addr { host: "127.19.220.131" port: 42189 } }
I20260709 14:54:47.510699 21646 tablet_bootstrap.cc:654] T 88b46f454505401f89c4265b44611b4a P e987c58d845841c4ab7f4831f5763754: Neither blocks nor log segments found. Creating new log.
I20260709 14:54:47.511452 21570 leader_election.cc:304] T 6baab9343459460ba352779f83c6ae06 P befb757fcd524573b740d44bff3bf5d3 [CANDIDATE]: Term 1 pre-election: Election decided. Result: candidate won. Election summary: received 2 responses out of 3 voters: 2 yes votes; 0 no votes. yes voters: befb757fcd524573b740d44bff3bf5d3, e987c58d845841c4ab7f4831f5763754; no voters: 
I20260709 14:54:47.513526 21531 tablet_service.cc:1917] Received RequestConsensusVote() RPC: tablet_id: "61a2b70c484246c0a7d010225090fcaa" candidate_uuid: "befb757fcd524573b740d44bff3bf5d3" candidate_term: 1 candidate_status { last_received { term: 0 index: 0 } } ignore_live_leader: false dest_uuid: "951edf5233194f68b954801dd6dc9a2e"
I20260709 14:54:47.516845 21647 tablet_bootstrap.cc:654] T f16e2e6048564403a946fd90a306b4b4 P 951edf5233194f68b954801dd6dc9a2e: Neither blocks nor log segments found. Creating new log.
I20260709 14:54:47.521104 21718 raft_consensus.cc:2804] T 6baab9343459460ba352779f83c6ae06 P befb757fcd524573b740d44bff3bf5d3 [term 0 FOLLOWER]: Leader pre-election won for term 1
I20260709 14:54:47.521622 21718 raft_consensus.cc:493] T 6baab9343459460ba352779f83c6ae06 P befb757fcd524573b740d44bff3bf5d3 [term 0 FOLLOWER]: Starting leader election (no leader contacted us within the election timeout)
I20260709 14:54:47.521935 21718 raft_consensus.cc:3060] T 6baab9343459460ba352779f83c6ae06 P befb757fcd524573b740d44bff3bf5d3 [term 0 FOLLOWER]: Advancing to term 1
I20260709 14:54:47.522433 21531 raft_consensus.cc:2393] T 61a2b70c484246c0a7d010225090fcaa P 951edf5233194f68b954801dd6dc9a2e [term 1 FOLLOWER]: Leader election vote request: Denying vote to candidate befb757fcd524573b740d44bff3bf5d3 in current term 1: Already voted for candidate e987c58d845841c4ab7f4831f5763754 in this term.
I20260709 14:54:47.526131 21352 catalog_manager.cc:5697] T fbae4af08d054bec9679460b963f32c4 P befb757fcd524573b740d44bff3bf5d3 reported cstate change: term changed from 0 to 1, leader changed from <none> to befb757fcd524573b740d44bff3bf5d3 (127.19.220.131). New cstate: current_term: 1 leader_uuid: "befb757fcd524573b740d44bff3bf5d3" committed_config { opid_index: -1 OBSOLETE_local: false peers { permanent_uuid: "e987c58d845841c4ab7f4831f5763754" member_type: VOTER last_known_addr { host: "127.19.220.129" port: 44461 } health_report { overall_health: UNKNOWN } } peers { permanent_uuid: "951edf5233194f68b954801dd6dc9a2e" member_type: VOTER last_known_addr { host: "127.19.220.130" port: 37937 } health_report { overall_health: UNKNOWN } } peers { permanent_uuid: "befb757fcd524573b740d44bff3bf5d3" member_type: VOTER last_known_addr { host: "127.19.220.131" port: 42189 } health_report { overall_health: HEALTHY } } }
I20260709 14:54:47.534479 21718 raft_consensus.cc:515] T 6baab9343459460ba352779f83c6ae06 P befb757fcd524573b740d44bff3bf5d3 [term 1 FOLLOWER]: Starting leader election with config: opid_index: -1 OBSOLETE_local: false peers { permanent_uuid: "e987c58d845841c4ab7f4831f5763754" member_type: VOTER last_known_addr { host: "127.19.220.129" port: 44461 } } peers { permanent_uuid: "951edf5233194f68b954801dd6dc9a2e" member_type: VOTER last_known_addr { host: "127.19.220.130" port: 37937 } } peers { permanent_uuid: "befb757fcd524573b740d44bff3bf5d3" member_type: VOTER last_known_addr { host: "127.19.220.131" port: 42189 } }
I20260709 14:54:47.536386 21646 tablet_bootstrap.cc:492] T 88b46f454505401f89c4265b44611b4a P e987c58d845841c4ab7f4831f5763754: No bootstrap required, opened a new log
I20260709 14:54:47.536907 21646 ts_tablet_manager.cc:1403] T 88b46f454505401f89c4265b44611b4a P e987c58d845841c4ab7f4831f5763754: Time spent bootstrapping tablet: real 0.046s	user 0.009s	sys 0.006s
I20260709 14:54:47.537171 21718 leader_election.cc:290] T 6baab9343459460ba352779f83c6ae06 P befb757fcd524573b740d44bff3bf5d3 [CANDIDATE]: Term 1 election: Requested vote from peers e987c58d845841c4ab7f4831f5763754 (127.19.220.129:44461), 951edf5233194f68b954801dd6dc9a2e (127.19.220.130:37937)
I20260709 14:54:47.537758 21718 raft_consensus.cc:493] T c78aebea34254cb08391c4a59000f667 P befb757fcd524573b740d44bff3bf5d3 [term 0 FOLLOWER]: Starting pre-election (no leader contacted us within the election timeout)
I20260709 14:54:47.538251 21718 raft_consensus.cc:515] T c78aebea34254cb08391c4a59000f667 P befb757fcd524573b740d44bff3bf5d3 [term 0 FOLLOWER]: Starting pre-election with config: opid_index: -1 OBSOLETE_local: false peers { permanent_uuid: "e987c58d845841c4ab7f4831f5763754" member_type: VOTER last_known_addr { host: "127.19.220.129" port: 44461 } } peers { permanent_uuid: "951edf5233194f68b954801dd6dc9a2e" member_type: VOTER last_known_addr { host: "127.19.220.130" port: 37937 } } peers { permanent_uuid: "befb757fcd524573b740d44bff3bf5d3" member_type: VOTER last_known_addr { host: "127.19.220.131" port: 42189 } }
I20260709 14:54:47.540614 21718 leader_election.cc:290] T c78aebea34254cb08391c4a59000f667 P befb757fcd524573b740d44bff3bf5d3 [CANDIDATE]: Term 1 pre-election: Requested pre-vote from peers e987c58d845841c4ab7f4831f5763754 (127.19.220.129:44461), 951edf5233194f68b954801dd6dc9a2e (127.19.220.130:37937)
I20260709 14:54:47.543044 21457 tablet_service.cc:1917] Received RequestConsensusVote() RPC: tablet_id: "c78aebea34254cb08391c4a59000f667" candidate_uuid: "befb757fcd524573b740d44bff3bf5d3" candidate_term: 1 candidate_status { last_received { term: 0 index: 0 } } ignore_live_leader: false dest_uuid: "e987c58d845841c4ab7f4831f5763754" is_pre_election: true
I20260709 14:54:47.543362 21648 tablet_bootstrap.cc:492] T 77cea028eadb4d0888867e9bc5f20e7b P befb757fcd524573b740d44bff3bf5d3: No bootstrap required, opened a new log
I20260709 14:54:47.543285 21531 tablet_service.cc:1917] Received RequestConsensusVote() RPC: tablet_id: "6baab9343459460ba352779f83c6ae06" candidate_uuid: "befb757fcd524573b740d44bff3bf5d3" candidate_term: 1 candidate_status { last_received { term: 0 index: 0 } } ignore_live_leader: false dest_uuid: "951edf5233194f68b954801dd6dc9a2e"
I20260709 14:54:47.543684 21570 leader_election.cc:304] T 61a2b70c484246c0a7d010225090fcaa P befb757fcd524573b740d44bff3bf5d3 [CANDIDATE]: Term 1 election: Election decided. Result: candidate lost. Election summary: received 3 responses out of 3 voters: 1 yes votes; 2 no votes. yes voters: befb757fcd524573b740d44bff3bf5d3; no voters: 951edf5233194f68b954801dd6dc9a2e, e987c58d845841c4ab7f4831f5763754
I20260709 14:54:47.543905 21531 raft_consensus.cc:3060] T 6baab9343459460ba352779f83c6ae06 P 951edf5233194f68b954801dd6dc9a2e [term 0 FOLLOWER]: Advancing to term 1
W20260709 14:54:47.545387 21570 leader_election.cc:343] T c78aebea34254cb08391c4a59000f667 P befb757fcd524573b740d44bff3bf5d3 [CANDIDATE]: Term 1 pre-election: Tablet error from VoteRequest() call to peer e987c58d845841c4ab7f4831f5763754 (127.19.220.129:44461): Illegal state: must be running to vote when last-logged opid is not known
I20260709 14:54:47.546571 21354 catalog_manager.cc:5697] T 61a2b70c484246c0a7d010225090fcaa P e987c58d845841c4ab7f4831f5763754 reported cstate change: term changed from 0 to 1, leader changed from <none> to e987c58d845841c4ab7f4831f5763754 (127.19.220.129). New cstate: current_term: 1 leader_uuid: "e987c58d845841c4ab7f4831f5763754" committed_config { opid_index: -1 OBSOLETE_local: false peers { permanent_uuid: "e987c58d845841c4ab7f4831f5763754" member_type: VOTER last_known_addr { host: "127.19.220.129" port: 44461 } health_report { overall_health: HEALTHY } } peers { permanent_uuid: "951edf5233194f68b954801dd6dc9a2e" member_type: VOTER last_known_addr { host: "127.19.220.130" port: 37937 } health_report { overall_health: UNKNOWN } } peers { permanent_uuid: "befb757fcd524573b740d44bff3bf5d3" member_type: VOTER last_known_addr { host: "127.19.220.131" port: 42189 } health_report { overall_health: UNKNOWN } } }
I20260709 14:54:47.548019 21455 tablet_service.cc:1917] Received RequestConsensusVote() RPC: tablet_id: "6baab9343459460ba352779f83c6ae06" candidate_uuid: "befb757fcd524573b740d44bff3bf5d3" candidate_term: 1 candidate_status { last_received { term: 0 index: 0 } } ignore_live_leader: false dest_uuid: "e987c58d845841c4ab7f4831f5763754"
I20260709 14:54:47.548627 21455 raft_consensus.cc:3060] T 6baab9343459460ba352779f83c6ae06 P e987c58d845841c4ab7f4831f5763754 [term 0 FOLLOWER]: Advancing to term 1
I20260709 14:54:47.549921 21718 raft_consensus.cc:2749] T 61a2b70c484246c0a7d010225090fcaa P befb757fcd524573b740d44bff3bf5d3 [term 1 FOLLOWER]: Leader election lost for term 1. Reason: could not achieve majority
I20260709 14:54:47.551105 21648 ts_tablet_manager.cc:1403] T 77cea028eadb4d0888867e9bc5f20e7b P befb757fcd524573b740d44bff3bf5d3: Time spent bootstrapping tablet: real 0.073s	user 0.015s	sys 0.014s
I20260709 14:54:47.556658 21648 raft_consensus.cc:359] T 77cea028eadb4d0888867e9bc5f20e7b P befb757fcd524573b740d44bff3bf5d3 [term 0 FOLLOWER]: Replica starting. Triggering 0 pending ops. Active config: opid_index: -1 OBSOLETE_local: false peers { permanent_uuid: "e987c58d845841c4ab7f4831f5763754" member_type: VOTER last_known_addr { host: "127.19.220.129" port: 44461 } } peers { permanent_uuid: "951edf5233194f68b954801dd6dc9a2e" member_type: VOTER last_known_addr { host: "127.19.220.130" port: 37937 } } peers { permanent_uuid: "befb757fcd524573b740d44bff3bf5d3" member_type: VOTER last_known_addr { host: "127.19.220.131" port: 42189 } }
I20260709 14:54:47.557528 21648 raft_consensus.cc:385] T 77cea028eadb4d0888867e9bc5f20e7b P befb757fcd524573b740d44bff3bf5d3 [term 0 FOLLOWER]: Consensus starting up: Expiring failure detector timer to make a prompt election more likely
I20260709 14:54:47.546480 21532 tablet_service.cc:1917] Received RequestConsensusVote() RPC: tablet_id: "c78aebea34254cb08391c4a59000f667" candidate_uuid: "befb757fcd524573b740d44bff3bf5d3" candidate_term: 1 candidate_status { last_received { term: 0 index: 0 } } ignore_live_leader: false dest_uuid: "951edf5233194f68b954801dd6dc9a2e" is_pre_election: true
I20260709 14:54:47.557876 21648 raft_consensus.cc:740] T 77cea028eadb4d0888867e9bc5f20e7b P befb757fcd524573b740d44bff3bf5d3 [term 0 FOLLOWER]: Becoming Follower/Learner. State: Replica: befb757fcd524573b740d44bff3bf5d3, State: Initialized, Role: FOLLOWER
I20260709 14:54:47.559098 21455 raft_consensus.cc:2468] T 6baab9343459460ba352779f83c6ae06 P e987c58d845841c4ab7f4831f5763754 [term 1 FOLLOWER]: Leader election vote request: Granting yes vote for candidate befb757fcd524573b740d44bff3bf5d3 in term 1.
W20260709 14:54:47.559422 21570 leader_election.cc:343] T c78aebea34254cb08391c4a59000f667 P befb757fcd524573b740d44bff3bf5d3 [CANDIDATE]: Term 1 pre-election: Tablet error from VoteRequest() call to peer 951edf5233194f68b954801dd6dc9a2e (127.19.220.130:37937): Illegal state: must be running to vote when last-logged opid is not known
