I20260709 14:46:22.876024  1723 consensus_queue.cc:260] T 8bb6365122894c6798ca326ccb2469ce P 63e9f1bd115843b1bdb463927a376774 [NON_LEADER]: Queue going to NON_LEADER mode. State: All replicated index: 0, Majority replicated index: 0, Committed index: 0, Last appended: 0.0, Last appended by leader: 0, Current term: 0, Majority size: -1, State: 0, Mode: NON_LEADER, active raft config: opid_index: -1 OBSOLETE_local: false peers { permanent_uuid: "53e5c811fb6c40feabfc97f887bac692" member_type: VOTER last_known_addr { host: "127.0.107.193" port: 37601 } } peers { permanent_uuid: "63e9f1bd115843b1bdb463927a376774" member_type: VOTER last_known_addr { host: "127.0.107.194" port: 35549 } } peers { permanent_uuid: "0f26e0526e6546e288b8bafde2d55469" member_type: VOTER last_known_addr { host: "127.0.107.195" port: 40781 } }
I20260709 14:46:22.875873  1721 raft_consensus.cc:359] T e12932a3fa264284ba53e3292952f5f7 P 53e5c811fb6c40feabfc97f887bac692 [term 0 FOLLOWER]: Replica starting. Triggering 0 pending ops. Active config: opid_index: -1 OBSOLETE_local: false peers { permanent_uuid: "53e5c811fb6c40feabfc97f887bac692" member_type: VOTER last_known_addr { host: "127.0.107.193" port: 37601 } } peers { permanent_uuid: "63e9f1bd115843b1bdb463927a376774" member_type: VOTER last_known_addr { host: "127.0.107.194" port: 35549 } } peers { permanent_uuid: "0f26e0526e6546e288b8bafde2d55469" member_type: VOTER last_known_addr { host: "127.0.107.195" port: 40781 } }
I20260709 14:46:22.877095  1721 raft_consensus.cc:385] T e12932a3fa264284ba53e3292952f5f7 P 53e5c811fb6c40feabfc97f887bac692 [term 0 FOLLOWER]: Consensus starting up: Expiring failure detector timer to make a prompt election more likely
I20260709 14:46:22.877547  1721 raft_consensus.cc:740] T e12932a3fa264284ba53e3292952f5f7 P 53e5c811fb6c40feabfc97f887bac692 [term 0 FOLLOWER]: Becoming Follower/Learner. State: Replica: 53e5c811fb6c40feabfc97f887bac692, State: Initialized, Role: FOLLOWER
I20260709 14:46:22.878228  1723 ts_tablet_manager.cc:1434] T 8bb6365122894c6798ca326ccb2469ce P 63e9f1bd115843b1bdb463927a376774: Time spent starting tablet: real 0.006s	user 0.003s	sys 0.000s
I20260709 14:46:22.878441  1721 consensus_queue.cc:260] T e12932a3fa264284ba53e3292952f5f7 P 53e5c811fb6c40feabfc97f887bac692 [NON_LEADER]: Queue going to NON_LEADER mode. State: All replicated index: 0, Majority replicated index: 0, Committed index: 0, Last appended: 0.0, Last appended by leader: 0, Current term: 0, Majority size: -1, State: 0, Mode: NON_LEADER, active raft config: opid_index: -1 OBSOLETE_local: false peers { permanent_uuid: "53e5c811fb6c40feabfc97f887bac692" member_type: VOTER last_known_addr { host: "127.0.107.193" port: 37601 } } peers { permanent_uuid: "63e9f1bd115843b1bdb463927a376774" member_type: VOTER last_known_addr { host: "127.0.107.194" port: 35549 } } peers { permanent_uuid: "0f26e0526e6546e288b8bafde2d55469" member_type: VOTER last_known_addr { host: "127.0.107.195" port: 40781 } }
I20260709 14:46:22.881585  1721 ts_tablet_manager.cc:1434] T e12932a3fa264284ba53e3292952f5f7 P 53e5c811fb6c40feabfc97f887bac692: Time spent starting tablet: real 0.009s	user 0.006s	sys 0.000s
W20260709 14:46:22.881968  1477 auto_rebalancer.cc:288] Could not retrieve cluster info: Service unavailable: Tablet not running
I20260709 14:46:22.883009  1721 tablet_bootstrap.cc:492] T 489535aab849413090f7eb0ceb12ccd1 P 53e5c811fb6c40feabfc97f887bac692: Bootstrap starting.
I20260709 14:46:22.887881  1720 tablet_bootstrap.cc:492] T e12932a3fa264284ba53e3292952f5f7 P 0f26e0526e6546e288b8bafde2d55469: No bootstrap required, opened a new log
I20260709 14:46:22.888482  1720 ts_tablet_manager.cc:1403] T e12932a3fa264284ba53e3292952f5f7 P 0f26e0526e6546e288b8bafde2d55469: Time spent bootstrapping tablet: real 0.088s	user 0.020s	sys 0.022s
I20260709 14:46:22.885985  1723 tablet_bootstrap.cc:492] T 8e1369286775404e9c4075d3b0894a18 P 63e9f1bd115843b1bdb463927a376774: Bootstrap starting.
I20260709 14:46:22.891312  1720 raft_consensus.cc:359] T e12932a3fa264284ba53e3292952f5f7 P 0f26e0526e6546e288b8bafde2d55469 [term 0 FOLLOWER]: Replica starting. Triggering 0 pending ops. Active config: opid_index: -1 OBSOLETE_local: false peers { permanent_uuid: "53e5c811fb6c40feabfc97f887bac692" member_type: VOTER last_known_addr { host: "127.0.107.193" port: 37601 } } peers { permanent_uuid: "63e9f1bd115843b1bdb463927a376774" member_type: VOTER last_known_addr { host: "127.0.107.194" port: 35549 } } peers { permanent_uuid: "0f26e0526e6546e288b8bafde2d55469" member_type: VOTER last_known_addr { host: "127.0.107.195" port: 40781 } }
I20260709 14:46:22.892081  1720 raft_consensus.cc:385] T e12932a3fa264284ba53e3292952f5f7 P 0f26e0526e6546e288b8bafde2d55469 [term 0 FOLLOWER]: Consensus starting up: Expiring failure detector timer to make a prompt election more likely
I20260709 14:46:22.892413  1720 raft_consensus.cc:740] T e12932a3fa264284ba53e3292952f5f7 P 0f26e0526e6546e288b8bafde2d55469 [term 0 FOLLOWER]: Becoming Follower/Learner. State: Replica: 0f26e0526e6546e288b8bafde2d55469, State: Initialized, Role: FOLLOWER
I20260709 14:46:22.893208  1720 consensus_queue.cc:260] T e12932a3fa264284ba53e3292952f5f7 P 0f26e0526e6546e288b8bafde2d55469 [NON_LEADER]: Queue going to NON_LEADER mode. State: All replicated index: 0, Majority replicated index: 0, Committed index: 0, Last appended: 0.0, Last appended by leader: 0, Current term: 0, Majority size: -1, State: 0, Mode: NON_LEADER, active raft config: opid_index: -1 OBSOLETE_local: false peers { permanent_uuid: "53e5c811fb6c40feabfc97f887bac692" member_type: VOTER last_known_addr { host: "127.0.107.193" port: 37601 } } peers { permanent_uuid: "63e9f1bd115843b1bdb463927a376774" member_type: VOTER last_known_addr { host: "127.0.107.194" port: 35549 } } peers { permanent_uuid: "0f26e0526e6546e288b8bafde2d55469" member_type: VOTER last_known_addr { host: "127.0.107.195" port: 40781 } }
I20260709 14:46:22.902698  1723 tablet_bootstrap.cc:654] T 8e1369286775404e9c4075d3b0894a18 P 63e9f1bd115843b1bdb463927a376774: Neither blocks nor log segments found. Creating new log.
I20260709 14:46:22.903704  1720 ts_tablet_manager.cc:1434] T e12932a3fa264284ba53e3292952f5f7 P 0f26e0526e6546e288b8bafde2d55469: Time spent starting tablet: real 0.015s	user 0.005s	sys 0.000s
I20260709 14:46:22.905315  1721 tablet_bootstrap.cc:654] T 489535aab849413090f7eb0ceb12ccd1 P 53e5c811fb6c40feabfc97f887bac692: Neither blocks nor log segments found. Creating new log.
I20260709 14:46:22.912781  1844 consensus_queue.cc:1048] T c606694564b546a1b1bb724e4427960d P 0f26e0526e6546e288b8bafde2d55469 [LEADER]: Connected to new peer: Peer: permanent_uuid: "53e5c811fb6c40feabfc97f887bac692" member_type: VOTER last_known_addr { host: "127.0.107.193" port: 37601 }, Status: LMP_MISMATCH, Last received: 0.0, Next index: 1, Last known committed idx: 0, Time since last communication: 0.001s
I20260709 14:46:22.919494  1720 tablet_bootstrap.cc:492] T 4f9442e7769443f8b3cc94edcfb7cbb4 P 0f26e0526e6546e288b8bafde2d55469: Bootstrap starting.
I20260709 14:46:22.920828  1988 raft_consensus.cc:493] T e12932a3fa264284ba53e3292952f5f7 P 53e5c811fb6c40feabfc97f887bac692 [term 0 FOLLOWER]: Starting pre-election (no leader contacted us within the election timeout)
I20260709 14:46:22.921347  1988 raft_consensus.cc:515] T e12932a3fa264284ba53e3292952f5f7 P 53e5c811fb6c40feabfc97f887bac692 [term 0 FOLLOWER]: Starting pre-election with config: opid_index: -1 OBSOLETE_local: false peers { permanent_uuid: "53e5c811fb6c40feabfc97f887bac692" member_type: VOTER last_known_addr { host: "127.0.107.193" port: 37601 } } peers { permanent_uuid: "63e9f1bd115843b1bdb463927a376774" member_type: VOTER last_known_addr { host: "127.0.107.194" port: 35549 } } peers { permanent_uuid: "0f26e0526e6546e288b8bafde2d55469" member_type: VOTER last_known_addr { host: "127.0.107.195" port: 40781 } }
I20260709 14:46:22.923461  1988 leader_election.cc:290] T e12932a3fa264284ba53e3292952f5f7 P 53e5c811fb6c40feabfc97f887bac692 [CANDIDATE]: Term 1 pre-election: Requested pre-vote from peers 63e9f1bd115843b1bdb463927a376774 (127.0.107.194:35549), 0f26e0526e6546e288b8bafde2d55469 (127.0.107.195:40781)
I20260709 14:46:22.926695  1674 tablet_service.cc:1917] Received RequestConsensusVote() RPC: tablet_id: "e12932a3fa264284ba53e3292952f5f7" candidate_uuid: "53e5c811fb6c40feabfc97f887bac692" candidate_term: 1 candidate_status { last_received { term: 0 index: 0 } } ignore_live_leader: false dest_uuid: "0f26e0526e6546e288b8bafde2d55469" is_pre_election: true
I20260709 14:46:22.927345  1674 raft_consensus.cc:2468] T e12932a3fa264284ba53e3292952f5f7 P 0f26e0526e6546e288b8bafde2d55469 [term 0 FOLLOWER]: Leader pre-election vote request: Granting yes vote for candidate 53e5c811fb6c40feabfc97f887bac692 in term 0.
I20260709 14:46:22.927383  1600 tablet_service.cc:1917] Received RequestConsensusVote() RPC: tablet_id: "e12932a3fa264284ba53e3292952f5f7" candidate_uuid: "53e5c811fb6c40feabfc97f887bac692" candidate_term: 1 candidate_status { last_received { term: 0 index: 0 } } ignore_live_leader: false dest_uuid: "63e9f1bd115843b1bdb463927a376774" is_pre_election: true
I20260709 14:46:22.928632  1497 leader_election.cc:304] T e12932a3fa264284ba53e3292952f5f7 P 53e5c811fb6c40feabfc97f887bac692 [CANDIDATE]: Term 1 pre-election: Election decided. Result: candidate won. Election summary: received 2 responses out of 3 voters: 2 yes votes; 0 no votes. yes voters: 0f26e0526e6546e288b8bafde2d55469, 53e5c811fb6c40feabfc97f887bac692; no voters: 
W20260709 14:46:22.932688  1497 leader_election.cc:343] T e12932a3fa264284ba53e3292952f5f7 P 53e5c811fb6c40feabfc97f887bac692 [CANDIDATE]: Term 1 pre-election: Tablet error from VoteRequest() call to peer 63e9f1bd115843b1bdb463927a376774 (127.0.107.194:35549): Illegal state: must be running to vote when last-logged opid is not known
I20260709 14:46:22.933187  1988 raft_consensus.cc:2804] T e12932a3fa264284ba53e3292952f5f7 P 53e5c811fb6c40feabfc97f887bac692 [term 0 FOLLOWER]: Leader pre-election won for term 1
I20260709 14:46:22.935885  1721 tablet_bootstrap.cc:492] T 489535aab849413090f7eb0ceb12ccd1 P 53e5c811fb6c40feabfc97f887bac692: No bootstrap required, opened a new log
I20260709 14:46:22.936355  1721 ts_tablet_manager.cc:1403] T 489535aab849413090f7eb0ceb12ccd1 P 53e5c811fb6c40feabfc97f887bac692: Time spent bootstrapping tablet: real 0.054s	user 0.012s	sys 0.006s
I20260709 14:46:22.936195  1600 raft_consensus.cc:3060] T 8bb6365122894c6798ca326ccb2469ce P 63e9f1bd115843b1bdb463927a376774 [term 0 FOLLOWER]: Advancing to term 1
I20260709 14:46:22.939746  1720 tablet_bootstrap.cc:654] T 4f9442e7769443f8b3cc94edcfb7cbb4 P 0f26e0526e6546e288b8bafde2d55469: Neither blocks nor log segments found. Creating new log.
I20260709 14:46:22.933616  1988 raft_consensus.cc:493] T e12932a3fa264284ba53e3292952f5f7 P 53e5c811fb6c40feabfc97f887bac692 [term 0 FOLLOWER]: Starting leader election (no leader contacted us within the election timeout)
I20260709 14:46:22.941411  1988 raft_consensus.cc:3060] T e12932a3fa264284ba53e3292952f5f7 P 53e5c811fb6c40feabfc97f887bac692 [term 0 FOLLOWER]: Advancing to term 1
I20260709 14:46:22.943532  1723 tablet_bootstrap.cc:492] T 8e1369286775404e9c4075d3b0894a18 P 63e9f1bd115843b1bdb463927a376774: No bootstrap required, opened a new log
I20260709 14:46:22.944010  1723 ts_tablet_manager.cc:1403] T 8e1369286775404e9c4075d3b0894a18 P 63e9f1bd115843b1bdb463927a376774: Time spent bootstrapping tablet: real 0.058s	user 0.006s	sys 0.014s
I20260709 14:46:22.949760  1721 raft_consensus.cc:359] T 489535aab849413090f7eb0ceb12ccd1 P 53e5c811fb6c40feabfc97f887bac692 [term 0 FOLLOWER]: Replica starting. Triggering 0 pending ops. Active config: opid_index: -1 OBSOLETE_local: false peers { permanent_uuid: "53e5c811fb6c40feabfc97f887bac692" member_type: VOTER last_known_addr { host: "127.0.107.193" port: 37601 } } peers { permanent_uuid: "63e9f1bd115843b1bdb463927a376774" member_type: VOTER last_known_addr { host: "127.0.107.194" port: 35549 } } peers { permanent_uuid: "0f26e0526e6546e288b8bafde2d55469" member_type: VOTER last_known_addr { host: "127.0.107.195" port: 40781 } }
I20260709 14:46:22.950829  1721 raft_consensus.cc:385] T 489535aab849413090f7eb0ceb12ccd1 P 53e5c811fb6c40feabfc97f887bac692 [term 0 FOLLOWER]: Consensus starting up: Expiring failure detector timer to make a prompt election more likely
I20260709 14:46:22.951187  1721 raft_consensus.cc:740] T 489535aab849413090f7eb0ceb12ccd1 P 53e5c811fb6c40feabfc97f887bac692 [term 0 FOLLOWER]: Becoming Follower/Learner. State: Replica: 53e5c811fb6c40feabfc97f887bac692, State: Initialized, Role: FOLLOWER
I20260709 14:46:22.947060  1723 raft_consensus.cc:359] T 8e1369286775404e9c4075d3b0894a18 P 63e9f1bd115843b1bdb463927a376774 [term 0 FOLLOWER]: Replica starting. Triggering 0 pending ops. Active config: opid_index: -1 OBSOLETE_local: false peers { permanent_uuid: "53e5c811fb6c40feabfc97f887bac692" member_type: VOTER last_known_addr { host: "127.0.107.193" port: 37601 } } peers { permanent_uuid: "63e9f1bd115843b1bdb463927a376774" member_type: VOTER last_known_addr { host: "127.0.107.194" port: 35549 } } peers { permanent_uuid: "0f26e0526e6546e288b8bafde2d55469" member_type: VOTER last_known_addr { host: "127.0.107.195" port: 40781 } }
I20260709 14:46:22.952664  1723 raft_consensus.cc:385] T 8e1369286775404e9c4075d3b0894a18 P 63e9f1bd115843b1bdb463927a376774 [term 0 FOLLOWER]: Consensus starting up: Expiring failure detector timer to make a prompt election more likely
I20260709 14:46:22.952944  1723 raft_consensus.cc:740] T 8e1369286775404e9c4075d3b0894a18 P 63e9f1bd115843b1bdb463927a376774 [term 0 FOLLOWER]: Becoming Follower/Learner. State: Replica: 63e9f1bd115843b1bdb463927a376774, State: Initialized, Role: FOLLOWER
I20260709 14:46:22.953547  1723 consensus_queue.cc:260] T 8e1369286775404e9c4075d3b0894a18 P 63e9f1bd115843b1bdb463927a376774 [NON_LEADER]: Queue going to NON_LEADER mode. State: All replicated index: 0, Majority replicated index: 0, Committed index: 0, Last appended: 0.0, Last appended by leader: 0, Current term: 0, Majority size: -1, State: 0, Mode: NON_LEADER, active raft config: opid_index: -1 OBSOLETE_local: false peers { permanent_uuid: "53e5c811fb6c40feabfc97f887bac692" member_type: VOTER last_known_addr { host: "127.0.107.193" port: 37601 } } peers { permanent_uuid: "63e9f1bd115843b1bdb463927a376774" member_type: VOTER last_known_addr { host: "127.0.107.194" port: 35549 } } peers { permanent_uuid: "0f26e0526e6546e288b8bafde2d55469" member_type: VOTER last_known_addr { host: "127.0.107.195" port: 40781 } }
I20260709 14:46:22.955571  1723 ts_tablet_manager.cc:1434] T 8e1369286775404e9c4075d3b0894a18 P 63e9f1bd115843b1bdb463927a376774: Time spent starting tablet: real 0.011s	user 0.005s	sys 0.000s
I20260709 14:46:22.957000  1723 tablet_bootstrap.cc:492] T 1aa137a053b946ea9cf5924ada1f11c0 P 63e9f1bd115843b1bdb463927a376774: Bootstrap starting.
I20260709 14:46:22.959553  1721 consensus_queue.cc:260] T 489535aab849413090f7eb0ceb12ccd1 P 53e5c811fb6c40feabfc97f887bac692 [NON_LEADER]: Queue going to NON_LEADER mode. State: All replicated index: 0, Majority replicated index: 0, Committed index: 0, Last appended: 0.0, Last appended by leader: 0, Current term: 0, Majority size: -1, State: 0, Mode: NON_LEADER, active raft config: opid_index: -1 OBSOLETE_local: false peers { permanent_uuid: "53e5c811fb6c40feabfc97f887bac692" member_type: VOTER last_known_addr { host: "127.0.107.193" port: 37601 } } peers { permanent_uuid: "63e9f1bd115843b1bdb463927a376774" member_type: VOTER last_known_addr { host: "127.0.107.194" port: 35549 } } peers { permanent_uuid: "0f26e0526e6546e288b8bafde2d55469" member_type: VOTER last_known_addr { host: "127.0.107.195" port: 40781 } }
I20260709 14:46:22.961750  1721 ts_tablet_manager.cc:1434] T 489535aab849413090f7eb0ceb12ccd1 P 53e5c811fb6c40feabfc97f887bac692: Time spent starting tablet: real 0.025s	user 0.007s	sys 0.000s
I20260709 14:46:22.963680  1981 raft_consensus.cc:493] T 8e1369286775404e9c4075d3b0894a18 P 63e9f1bd115843b1bdb463927a376774 [term 0 FOLLOWER]: Starting pre-election (no leader contacted us within the election timeout)
I20260709 14:46:22.964267  1981 raft_consensus.cc:515] T 8e1369286775404e9c4075d3b0894a18 P 63e9f1bd115843b1bdb463927a376774 [term 0 FOLLOWER]: Starting pre-election with config: opid_index: -1 OBSOLETE_local: false peers { permanent_uuid: "53e5c811fb6c40feabfc97f887bac692" member_type: VOTER last_known_addr { host: "127.0.107.193" port: 37601 } } peers { permanent_uuid: "63e9f1bd115843b1bdb463927a376774" member_type: VOTER last_known_addr { host: "127.0.107.194" port: 35549 } } peers { permanent_uuid: "0f26e0526e6546e288b8bafde2d55469" member_type: VOTER last_known_addr { host: "127.0.107.195" port: 40781 } }
I20260709 14:46:22.968528  1530 tablet_service.cc:1917] Received RequestConsensusVote() RPC: tablet_id: "8e1369286775404e9c4075d3b0894a18" candidate_uuid: "63e9f1bd115843b1bdb463927a376774" candidate_term: 1 candidate_status { last_received { term: 0 index: 0 } } ignore_live_leader: false dest_uuid: "53e5c811fb6c40feabfc97f887bac692" is_pre_election: true
I20260709 14:46:22.971066  1847 consensus_queue.cc:1048] T c606694564b546a1b1bb724e4427960d P 0f26e0526e6546e288b8bafde2d55469 [LEADER]: Connected to new peer: Peer: permanent_uuid: "63e9f1bd115843b1bdb463927a376774" member_type: VOTER last_known_addr { host: "127.0.107.194" port: 35549 }, Status: LMP_MISMATCH, Last received: 0.0, Next index: 1, Last known committed idx: 0, Time since last communication: 0.000s
I20260709 14:46:22.972121  1981 leader_election.cc:290] T 8e1369286775404e9c4075d3b0894a18 P 63e9f1bd115843b1bdb463927a376774 [CANDIDATE]: Term 1 pre-election: Requested pre-vote from peers 53e5c811fb6c40feabfc97f887bac692 (127.0.107.193:37601), 0f26e0526e6546e288b8bafde2d55469 (127.0.107.195:40781)
I20260709 14:46:22.973124  1674 tablet_service.cc:1917] Received RequestConsensusVote() RPC: tablet_id: "8e1369286775404e9c4075d3b0894a18" candidate_uuid: "63e9f1bd115843b1bdb463927a376774" candidate_term: 1 candidate_status { last_received { term: 0 index: 0 } } ignore_live_leader: false dest_uuid: "0f26e0526e6546e288b8bafde2d55469" is_pre_election: true
I20260709 14:46:22.991088  1721 tablet_bootstrap.cc:492] T 1352bca62ca2493d9a396a26072e55cf P 53e5c811fb6c40feabfc97f887bac692: Bootstrap starting.
I20260709 14:46:22.991498  1674 raft_consensus.cc:2393] T 8e1369286775404e9c4075d3b0894a18 P 0f26e0526e6546e288b8bafde2d55469 [term 1 FOLLOWER]: Leader pre-election vote request: Denying vote to candidate 63e9f1bd115843b1bdb463927a376774 in current term 1: Already voted for candidate 53e5c811fb6c40feabfc97f887bac692 in this term.
I20260709 14:46:22.995386  1572 leader_election.cc:304] T 8e1369286775404e9c4075d3b0894a18 P 63e9f1bd115843b1bdb463927a376774 [CANDIDATE]: Term 1 pre-election: Election decided. Result: candidate lost. Election summary: received 3 responses out of 3 voters: 1 yes votes; 2 no votes. yes voters: 63e9f1bd115843b1bdb463927a376774; no voters: 0f26e0526e6546e288b8bafde2d55469, 53e5c811fb6c40feabfc97f887bac692
I20260709 14:46:23.003981  1992 raft_consensus.cc:3060] T 8e1369286775404e9c4075d3b0894a18 P 63e9f1bd115843b1bdb463927a376774 [term 0 FOLLOWER]: Advancing to term 1
I20260709 14:46:23.008210  1723 tablet_bootstrap.cc:654] T 1aa137a053b946ea9cf5924ada1f11c0 P 63e9f1bd115843b1bdb463927a376774: Neither blocks nor log segments found. Creating new log.
I20260709 14:46:23.003170  1988 raft_consensus.cc:515] T e12932a3fa264284ba53e3292952f5f7 P 53e5c811fb6c40feabfc97f887bac692 [term 1 FOLLOWER]: Starting leader election with config: opid_index: -1 OBSOLETE_local: false peers { permanent_uuid: "53e5c811fb6c40feabfc97f887bac692" member_type: VOTER last_known_addr { host: "127.0.107.193" port: 37601 } } peers { permanent_uuid: "63e9f1bd115843b1bdb463927a376774" member_type: VOTER last_known_addr { host: "127.0.107.194" port: 35549 } } peers { permanent_uuid: "0f26e0526e6546e288b8bafde2d55469" member_type: VOTER last_known_addr { host: "127.0.107.195" port: 40781 } }
I20260709 14:46:23.016712  1946 consensus_queue.cc:1048] T d14e303776674668a86b61c1f13f7297 P 53e5c811fb6c40feabfc97f887bac692 [LEADER]: Connected to new peer: Peer: permanent_uuid: "0f26e0526e6546e288b8bafde2d55469" member_type: VOTER last_known_addr { host: "127.0.107.195" port: 40781 }, Status: LMP_MISMATCH, Last received: 0.0, Next index: 1, Last known committed idx: 0, Time since last communication: 0.001s
I20260709 14:46:23.018491  1602 raft_consensus.cc:3060] T 19d8e2461c5045a7bf47d04132086ea4 P 63e9f1bd115843b1bdb463927a376774 [term 0 FOLLOWER]: Advancing to term 1
I20260709 14:46:23.075031  1720 tablet_bootstrap.cc:492] T 4f9442e7769443f8b3cc94edcfb7cbb4 P 0f26e0526e6546e288b8bafde2d55469: No bootstrap required, opened a new log
I20260709 14:46:23.075618  1720 ts_tablet_manager.cc:1403] T 4f9442e7769443f8b3cc94edcfb7cbb4 P 0f26e0526e6546e288b8bafde2d55469: Time spent bootstrapping tablet: real 0.161s	user 0.027s	sys 0.021s
I20260709 14:46:23.079217  1720 raft_consensus.cc:359] T 4f9442e7769443f8b3cc94edcfb7cbb4 P 0f26e0526e6546e288b8bafde2d55469 [term 0 FOLLOWER]: Replica starting. Triggering 0 pending ops. Active config: opid_index: -1 OBSOLETE_local: false peers { permanent_uuid: "53e5c811fb6c40feabfc97f887bac692" member_type: VOTER last_known_addr { host: "127.0.107.193" port: 37601 } } peers { permanent_uuid: "63e9f1bd115843b1bdb463927a376774" member_type: VOTER last_known_addr { host: "127.0.107.194" port: 35549 } } peers { permanent_uuid: "0f26e0526e6546e288b8bafde2d55469" member_type: VOTER last_known_addr { host: "127.0.107.195" port: 40781 } }
I20260709 14:46:23.079960  1720 raft_consensus.cc:385] T 4f9442e7769443f8b3cc94edcfb7cbb4 P 0f26e0526e6546e288b8bafde2d55469 [term 0 FOLLOWER]: Consensus starting up: Expiring failure detector timer to make a prompt election more likely
I20260709 14:46:23.080224  1720 raft_consensus.cc:740] T 4f9442e7769443f8b3cc94edcfb7cbb4 P 0f26e0526e6546e288b8bafde2d55469 [term 0 FOLLOWER]: Becoming Follower/Learner. State: Replica: 0f26e0526e6546e288b8bafde2d55469, State: Initialized, Role: FOLLOWER
I20260709 14:46:23.080906  1720 consensus_queue.cc:260] T 4f9442e7769443f8b3cc94edcfb7cbb4 P 0f26e0526e6546e288b8bafde2d55469 [NON_LEADER]: Queue going to NON_LEADER mode. State: All replicated index: 0, Majority replicated index: 0, Committed index: 0, Last appended: 0.0, Last appended by leader: 0, Current term: 0, Majority size: -1, State: 0, Mode: NON_LEADER, active raft config: opid_index: -1 OBSOLETE_local: false peers { permanent_uuid: "53e5c811fb6c40feabfc97f887bac692" member_type: VOTER last_known_addr { host: "127.0.107.193" port: 37601 } } peers { permanent_uuid: "63e9f1bd115843b1bdb463927a376774" member_type: VOTER last_known_addr { host: "127.0.107.194" port: 35549 } } peers { permanent_uuid: "0f26e0526e6546e288b8bafde2d55469" member_type: VOTER last_known_addr { host: "127.0.107.195" port: 40781 } }
I20260709 14:46:23.085137  1720 ts_tablet_manager.cc:1434] T 4f9442e7769443f8b3cc94edcfb7cbb4 P 0f26e0526e6546e288b8bafde2d55469: Time spent starting tablet: real 0.009s	user 0.007s	sys 0.000s
I20260709 14:46:23.086043  1987 raft_consensus.cc:493] T b520d46624d94d02a3fd078e513ddbce P 53e5c811fb6c40feabfc97f887bac692 [term 0 FOLLOWER]: Starting pre-election (no leader contacted us within the election timeout)
I20260709 14:46:23.086658  1987 raft_consensus.cc:515] T b520d46624d94d02a3fd078e513ddbce P 53e5c811fb6c40feabfc97f887bac692 [term 0 FOLLOWER]: Starting pre-election with config: opid_index: -1 OBSOLETE_local: false peers { permanent_uuid: "53e5c811fb6c40feabfc97f887bac692" member_type: VOTER last_known_addr { host: "127.0.107.193" port: 37601 } } peers { permanent_uuid: "63e9f1bd115843b1bdb463927a376774" member_type: VOTER last_known_addr { host: "127.0.107.194" port: 35549 } } peers { permanent_uuid: "0f26e0526e6546e288b8bafde2d55469" member_type: VOTER last_known_addr { host: "127.0.107.195" port: 40781 } }
I20260709 14:46:23.086213  1720 tablet_bootstrap.cc:492] T 51e4ecf303734009be6c5065d74522b3 P 0f26e0526e6546e288b8bafde2d55469: Bootstrap starting.
I20260709 14:46:23.088532  1721 tablet_bootstrap.cc:654] T 1352bca62ca2493d9a396a26072e55cf P 53e5c811fb6c40feabfc97f887bac692: Neither blocks nor log segments found. Creating new log.
I20260709 14:46:23.103087  1606 tablet_service.cc:1917] Received RequestConsensusVote() RPC: tablet_id: "e12932a3fa264284ba53e3292952f5f7" candidate_uuid: "53e5c811fb6c40feabfc97f887bac692" candidate_term: 1 candidate_status { last_received { term: 0 index: 0 } } ignore_live_leader: false dest_uuid: "63e9f1bd115843b1bdb463927a376774"
I20260709 14:46:23.103463  1987 leader_election.cc:290] T b520d46624d94d02a3fd078e513ddbce P 53e5c811fb6c40feabfc97f887bac692 [CANDIDATE]: Term 1 pre-election: Requested pre-vote from peers 63e9f1bd115843b1bdb463927a376774 (127.0.107.194:35549), 0f26e0526e6546e288b8bafde2d55469 (127.0.107.195:40781)
I20260709 14:46:23.104977  1605 tablet_service.cc:1917] Received RequestConsensusVote() RPC: tablet_id: "b520d46624d94d02a3fd078e513ddbce" candidate_uuid: "53e5c811fb6c40feabfc97f887bac692" candidate_term: 1 candidate_status { last_received { term: 0 index: 0 } } ignore_live_leader: false dest_uuid: "63e9f1bd115843b1bdb463927a376774" is_pre_election: true
I20260709 14:46:23.098803  1988 leader_election.cc:290] T e12932a3fa264284ba53e3292952f5f7 P 53e5c811fb6c40feabfc97f887bac692 [CANDIDATE]: Term 1 election: Requested vote from peers 63e9f1bd115843b1bdb463927a376774 (127.0.107.194:35549), 0f26e0526e6546e288b8bafde2d55469 (127.0.107.195:40781)
I20260709 14:46:23.106874  1675 tablet_service.cc:1917] Received RequestConsensusVote() RPC: tablet_id: "e12932a3fa264284ba53e3292952f5f7" candidate_uuid: "53e5c811fb6c40feabfc97f887bac692" candidate_term: 1 candidate_status { last_received { term: 0 index: 0 } } ignore_live_leader: false dest_uuid: "0f26e0526e6546e288b8bafde2d55469"
I20260709 14:46:23.107468  1675 raft_consensus.cc:3060] T e12932a3fa264284ba53e3292952f5f7 P 0f26e0526e6546e288b8bafde2d55469 [term 0 FOLLOWER]: Advancing to term 1
I20260709 14:46:23.111059  1938 raft_consensus.cc:493] T e2fe6fff5bef4fba8fbd33dac5e03e0b P 0f26e0526e6546e288b8bafde2d55469 [term 0 FOLLOWER]: Starting pre-election (no leader contacted us within the election timeout)
I20260709 14:46:23.116650  1938 raft_consensus.cc:515] T e2fe6fff5bef4fba8fbd33dac5e03e0b P 0f26e0526e6546e288b8bafde2d55469 [term 0 FOLLOWER]: Starting pre-election with config: opid_index: -1 OBSOLETE_local: false peers { permanent_uuid: "53e5c811fb6c40feabfc97f887bac692" member_type: VOTER last_known_addr { host: "127.0.107.193" port: 37601 } } peers { permanent_uuid: "63e9f1bd115843b1bdb463927a376774" member_type: VOTER last_known_addr { host: "127.0.107.194" port: 35549 } } peers { permanent_uuid: "0f26e0526e6546e288b8bafde2d55469" member_type: VOTER last_known_addr { host: "127.0.107.195" port: 40781 } }
I20260709 14:46:23.111289  1992 raft_consensus.cc:2749] T 8e1369286775404e9c4075d3b0894a18 P 63e9f1bd115843b1bdb463927a376774 [term 1 FOLLOWER]: Leader pre-election lost for term 1. Reason: could not achieve majority
I20260709 14:46:23.122376  1674 tablet_service.cc:1917] Received RequestConsensusVote() RPC: tablet_id: "b520d46624d94d02a3fd078e513ddbce" candidate_uuid: "53e5c811fb6c40feabfc97f887bac692" candidate_term: 1 candidate_status { last_received { term: 0 index: 0 } } ignore_live_leader: false dest_uuid: "0f26e0526e6546e288b8bafde2d55469" is_pre_election: true
I20260709 14:46:23.149720  1531 tablet_service.cc:1917] Received RequestConsensusVote() RPC: tablet_id: "e2fe6fff5bef4fba8fbd33dac5e03e0b" candidate_uuid: "0f26e0526e6546e288b8bafde2d55469" candidate_term: 1 candidate_status { last_received { term: 0 index: 0 } } ignore_live_leader: false dest_uuid: "53e5c811fb6c40feabfc97f887bac692" is_pre_election: true
I20260709 14:46:23.156199  1938 leader_election.cc:290] T e2fe6fff5bef4fba8fbd33dac5e03e0b P 0f26e0526e6546e288b8bafde2d55469 [CANDIDATE]: Term 1 pre-election: Requested pre-vote from peers 53e5c811fb6c40feabfc97f887bac692 (127.0.107.193:37601), 63e9f1bd115843b1bdb463927a376774 (127.0.107.194:35549)
W20260709 14:46:23.158699  1644 leader_election.cc:343] T e2fe6fff5bef4fba8fbd33dac5e03e0b P 0f26e0526e6546e288b8bafde2d55469 [CANDIDATE]: Term 1 pre-election: Tablet error from VoteRequest() call to peer 53e5c811fb6c40feabfc97f887bac692 (127.0.107.193:37601): Illegal state: must be running to vote when last-logged opid is not known
I20260709 14:46:23.159026  1723 tablet_bootstrap.cc:492] T 1aa137a053b946ea9cf5924ada1f11c0 P 63e9f1bd115843b1bdb463927a376774: No bootstrap required, opened a new log
I20260709 14:46:23.159544  1723 ts_tablet_manager.cc:1403] T 1aa137a053b946ea9cf5924ada1f11c0 P 63e9f1bd115843b1bdb463927a376774: Time spent bootstrapping tablet: real 0.203s	user 0.011s	sys 0.011s
W20260709 14:46:23.160283  1497 leader_election.cc:343] T b520d46624d94d02a3fd078e513ddbce P 53e5c811fb6c40feabfc97f887bac692 [CANDIDATE]: Term 1 pre-election: Tablet error from VoteRequest() call to peer 0f26e0526e6546e288b8bafde2d55469 (127.0.107.195:40781): Illegal state: must be running to vote when last-logged opid is not known
W20260709 14:46:23.161356  1497 leader_election.cc:343] T e12932a3fa264284ba53e3292952f5f7 P 53e5c811fb6c40feabfc97f887bac692 [CANDIDATE]: Term 1 election: Tablet error from VoteRequest() call to peer 63e9f1bd115843b1bdb463927a376774 (127.0.107.194:35549): Illegal state: must be running to vote when last-logged opid is not known
W20260709 14:46:23.161890  1497 leader_election.cc:343] T b520d46624d94d02a3fd078e513ddbce P 53e5c811fb6c40feabfc97f887bac692 [CANDIDATE]: Term 1 pre-election: Tablet error from VoteRequest() call to peer 63e9f1bd115843b1bdb463927a376774 (127.0.107.194:35549): Illegal state: must be running to vote when last-logged opid is not known
W20260709 14:46:23.162649  2020 log.cc:927] Time spent T c606694564b546a1b1bb724e4427960d P 63e9f1bd115843b1bdb463927a376774: Append to log took a long time: real 0.063s	user 0.000s	sys 0.010s
I20260709 14:46:23.162312  1723 raft_consensus.cc:359] T 1aa137a053b946ea9cf5924ada1f11c0 P 63e9f1bd115843b1bdb463927a376774 [term 0 FOLLOWER]: Replica starting. Triggering 0 pending ops. Active config: opid_index: -1 OBSOLETE_local: false peers { permanent_uuid: "53e5c811fb6c40feabfc97f887bac692" member_type: VOTER last_known_addr { host: "127.0.107.193" port: 37601 } } peers { permanent_uuid: "63e9f1bd115843b1bdb463927a376774" member_type: VOTER last_known_addr { host: "127.0.107.194" port: 35549 } } peers { permanent_uuid: "0f26e0526e6546e288b8bafde2d55469" member_type: VOTER last_known_addr { host: "127.0.107.195" port: 40781 } }
I20260709 14:46:23.162225  1497 leader_election.cc:304] T b520d46624d94d02a3fd078e513ddbce P 53e5c811fb6c40feabfc97f887bac692 [CANDIDATE]: Term 1 pre-election: Election decided. Result: candidate lost. Election summary: received 3 responses out of 3 voters: 1 yes votes; 2 no votes. yes voters: 53e5c811fb6c40feabfc97f887bac692; no voters: 0f26e0526e6546e288b8bafde2d55469, 63e9f1bd115843b1bdb463927a376774
I20260709 14:46:23.163173  1723 raft_consensus.cc:385] T 1aa137a053b946ea9cf5924ada1f11c0 P 63e9f1bd115843b1bdb463927a376774 [term 0 FOLLOWER]: Consensus starting up: Expiring failure detector timer to make a prompt election more likely
I20260709 14:46:23.163501  1723 raft_consensus.cc:740] T 1aa137a053b946ea9cf5924ada1f11c0 P 63e9f1bd115843b1bdb463927a376774 [term 0 FOLLOWER]: Becoming Follower/Learner. State: Replica: 63e9f1bd115843b1bdb463927a376774, State: Initialized, Role: FOLLOWER
I20260709 14:46:23.164197  1723 consensus_queue.cc:260] T 1aa137a053b946ea9cf5924ada1f11c0 P 63e9f1bd115843b1bdb463927a376774 [NON_LEADER]: Queue going to NON_LEADER mode. State: All replicated index: 0, Majority replicated index: 0, Committed index: 0, Last appended: 0.0, Last appended by leader: 0, Current term: 0, Majority size: -1, State: 0, Mode: NON_LEADER, active raft config: opid_index: -1 OBSOLETE_local: false peers { permanent_uuid: "53e5c811fb6c40feabfc97f887bac692" member_type: VOTER last_known_addr { host: "127.0.107.193" port: 37601 } } peers { permanent_uuid: "63e9f1bd115843b1bdb463927a376774" member_type: VOTER last_known_addr { host: "127.0.107.194" port: 35549 } } peers { permanent_uuid: "0f26e0526e6546e288b8bafde2d55469" member_type: VOTER last_known_addr { host: "127.0.107.195" port: 40781 } }
I20260709 14:46:23.165961  1720 tablet_bootstrap.cc:654] T 51e4ecf303734009be6c5065d74522b3 P 0f26e0526e6546e288b8bafde2d55469: Neither blocks nor log segments found. Creating new log.
I20260709 14:46:23.166289  1723 ts_tablet_manager.cc:1434] T 1aa137a053b946ea9cf5924ada1f11c0 P 63e9f1bd115843b1bdb463927a376774: Time spent starting tablet: real 0.006s	user 0.003s	sys 0.000s
I20260709 14:46:23.167387  1723 tablet_bootstrap.cc:492] T e2fe6fff5bef4fba8fbd33dac5e03e0b P 63e9f1bd115843b1bdb463927a376774: Bootstrap starting.
I20260709 14:46:23.167912  1988 raft_consensus.cc:2749] T b520d46624d94d02a3fd078e513ddbce P 53e5c811fb6c40feabfc97f887bac692 [term 0 FOLLOWER]: Leader pre-election lost for term 1. Reason: could not achieve majority
I20260709 14:46:23.169183  1675 raft_consensus.cc:2468] T e12932a3fa264284ba53e3292952f5f7 P 0f26e0526e6546e288b8bafde2d55469 [term 1 FOLLOWER]: Leader election vote request: Granting yes vote for candidate 53e5c811fb6c40feabfc97f887bac692 in term 1.
I20260709 14:46:23.172887  1602 tablet_service.cc:1917] Received RequestConsensusVote() RPC: tablet_id: "e2fe6fff5bef4fba8fbd33dac5e03e0b" candidate_uuid: "0f26e0526e6546e288b8bafde2d55469" candidate_term: 1 candidate_status { last_received { term: 0 index: 0 } } ignore_live_leader: false dest_uuid: "63e9f1bd115843b1bdb463927a376774" is_pre_election: true
I20260709 14:46:23.173234  1497 leader_election.cc:304] T e12932a3fa264284ba53e3292952f5f7 P 53e5c811fb6c40feabfc97f887bac692 [CANDIDATE]: Term 1 election: Election decided. Result: candidate won. Election summary: received 3 responses out of 3 voters: 2 yes votes; 1 no votes. yes voters: 0f26e0526e6546e288b8bafde2d55469, 53e5c811fb6c40feabfc97f887bac692; no voters: 63e9f1bd115843b1bdb463927a376774
I20260709 14:46:23.175304  1988 raft_consensus.cc:2804] T e12932a3fa264284ba53e3292952f5f7 P 53e5c811fb6c40feabfc97f887bac692 [term 1 FOLLOWER]: Leader election won for term 1
W20260709 14:46:23.176986  1646 leader_election.cc:343] T e2fe6fff5bef4fba8fbd33dac5e03e0b P 0f26e0526e6546e288b8bafde2d55469 [CANDIDATE]: Term 1 pre-election: Tablet error from VoteRequest() call to peer 63e9f1bd115843b1bdb463927a376774 (127.0.107.194:35549): Illegal state: must be running to vote when last-logged opid is not known
I20260709 14:46:23.177189  1721 tablet_bootstrap.cc:492] T 1352bca62ca2493d9a396a26072e55cf P 53e5c811fb6c40feabfc97f887bac692: No bootstrap required, opened a new log
I20260709 14:46:23.177462  1646 leader_election.cc:304] T e2fe6fff5bef4fba8fbd33dac5e03e0b P 0f26e0526e6546e288b8bafde2d55469 [CANDIDATE]: Term 1 pre-election: Election decided. Result: candidate lost. Election summary: received 3 responses out of 3 voters: 1 yes votes; 2 no votes. yes voters: 0f26e0526e6546e288b8bafde2d55469; no voters: 53e5c811fb6c40feabfc97f887bac692, 63e9f1bd115843b1bdb463927a376774
I20260709 14:46:23.177747  1721 ts_tablet_manager.cc:1403] T 1352bca62ca2493d9a396a26072e55cf P 53e5c811fb6c40feabfc97f887bac692: Time spent bootstrapping tablet: real 0.192s	user 0.010s	sys 0.002s
I20260709 14:46:23.178135  1938 raft_consensus.cc:2749] T e2fe6fff5bef4fba8fbd33dac5e03e0b P 0f26e0526e6546e288b8bafde2d55469 [term 0 FOLLOWER]: Leader pre-election lost for term 1. Reason: could not achieve majority
I20260709 14:46:23.177472  1988 raft_consensus.cc:697] T e12932a3fa264284ba53e3292952f5f7 P 53e5c811fb6c40feabfc97f887bac692 [term 1 LEADER]: Becoming Leader. State: Replica: 53e5c811fb6c40feabfc97f887bac692, State: Running, Role: LEADER
I20260709 14:46:23.180790  1721 raft_consensus.cc:359] T 1352bca62ca2493d9a396a26072e55cf P 53e5c811fb6c40feabfc97f887bac692 [term 0 FOLLOWER]: Replica starting. Triggering 0 pending ops. Active config: opid_index: -1 OBSOLETE_local: false peers { permanent_uuid: "53e5c811fb6c40feabfc97f887bac692" member_type: VOTER last_known_addr { host: "127.0.107.193" port: 37601 } } peers { permanent_uuid: "63e9f1bd115843b1bdb463927a376774" member_type: VOTER last_known_addr { host: "127.0.107.194" port: 35549 } } peers { permanent_uuid: "0f26e0526e6546e288b8bafde2d55469" member_type: VOTER last_known_addr { host: "127.0.107.195" port: 40781 } }
I20260709 14:46:23.181465  1721 raft_consensus.cc:385] T 1352bca62ca2493d9a396a26072e55cf P 53e5c811fb6c40feabfc97f887bac692 [term 0 FOLLOWER]: Consensus starting up: Expiring failure detector timer to make a prompt election more likely
I20260709 14:46:23.181726  1721 raft_consensus.cc:740] T 1352bca62ca2493d9a396a26072e55cf P 53e5c811fb6c40feabfc97f887bac692 [term 0 FOLLOWER]: Becoming Follower/Learner. State: Replica: 53e5c811fb6c40feabfc97f887bac692, State: Initialized, Role: FOLLOWER
I20260709 14:46:23.181988  1723 tablet_bootstrap.cc:654] T e2fe6fff5bef4fba8fbd33dac5e03e0b P 63e9f1bd115843b1bdb463927a376774: Neither blocks nor log segments found. Creating new log.
I20260709 14:46:23.180537  1988 consensus_queue.cc:237] T e12932a3fa264284ba53e3292952f5f7 P 53e5c811fb6c40feabfc97f887bac692 [LEADER]: Queue going to LEADER mode. State: All replicated index: 0, Majority replicated index: 0, Committed index: 0, Last appended: 0.0, Last appended by leader: 0, Current term: 1, Majority size: 2, State: 0, Mode: LEADER, active raft config: opid_index: -1 OBSOLETE_local: false peers { permanent_uuid: "53e5c811fb6c40feabfc97f887bac692" member_type: VOTER last_known_addr { host: "127.0.107.193" port: 37601 } } peers { permanent_uuid: "63e9f1bd115843b1bdb463927a376774" member_type: VOTER last_known_addr { host: "127.0.107.194" port: 35549 } } peers { permanent_uuid: "0f26e0526e6546e288b8bafde2d55469" member_type: VOTER last_known_addr { host: "127.0.107.195" port: 40781 } }
I20260709 14:46:23.185194  1983 consensus_queue.cc:1048] T 37a713705e3b4b358b17f9761abfe51c P 53e5c811fb6c40feabfc97f887bac692 [LEADER]: Connected to new peer: Peer: permanent_uuid: "0f26e0526e6546e288b8bafde2d55469" member_type: VOTER last_known_addr { host: "127.0.107.195" port: 40781 }, Status: LMP_MISMATCH, Last received: 0.0, Next index: 1, Last known committed idx: 0, Time since last communication: 0.000s
I20260709 14:46:23.188234  1720 tablet_bootstrap.cc:492] T 51e4ecf303734009be6c5065d74522b3 P 0f26e0526e6546e288b8bafde2d55469: No bootstrap required, opened a new log
I20260709 14:46:23.188735  1720 ts_tablet_manager.cc:1403] T 51e4ecf303734009be6c5065d74522b3 P 0f26e0526e6546e288b8bafde2d55469: Time spent bootstrapping tablet: real 0.103s	user 0.010s	sys 0.001s
I20260709 14:46:23.182405  1721 consensus_queue.cc:260] T 1352bca62ca2493d9a396a26072e55cf P 53e5c811fb6c40feabfc97f887bac692 [NON_LEADER]: Queue going to NON_LEADER mode. State: All replicated index: 0, Majority replicated index: 0, Committed index: 0, Last appended: 0.0, Last appended by leader: 0, Current term: 0, Majority size: -1, State: 0, Mode: NON_LEADER, active raft config: opid_index: -1 OBSOLETE_local: false peers { permanent_uuid: "53e5c811fb6c40feabfc97f887bac692" member_type: VOTER last_known_addr { host: "127.0.107.193" port: 37601 } } peers { permanent_uuid: "63e9f1bd115843b1bdb463927a376774" member_type: VOTER last_known_addr { host: "127.0.107.194" port: 35549 } } peers { permanent_uuid: "0f26e0526e6546e288b8bafde2d55469" member_type: VOTER last_known_addr { host: "127.0.107.195" port: 40781 } }
I20260709 14:46:23.190456  1938 raft_consensus.cc:493] T 4f9442e7769443f8b3cc94edcfb7cbb4 P 0f26e0526e6546e288b8bafde2d55469 [term 0 FOLLOWER]: Starting pre-election (no leader contacted us within the election timeout)
I20260709 14:46:23.191027  1938 raft_consensus.cc:515] T 4f9442e7769443f8b3cc94edcfb7cbb4 P 0f26e0526e6546e288b8bafde2d55469 [term 0 FOLLOWER]: Starting pre-election with config: opid_index: -1 OBSOLETE_local: false peers { permanent_uuid: "53e5c811fb6c40feabfc97f887bac692" member_type: VOTER last_known_addr { host: "127.0.107.193" port: 37601 } } peers { permanent_uuid: "63e9f1bd115843b1bdb463927a376774" member_type: VOTER last_known_addr { host: "127.0.107.194" port: 35549 } } peers { permanent_uuid: "0f26e0526e6546e288b8bafde2d55469" member_type: VOTER last_known_addr { host: "127.0.107.195" port: 40781 } }
I20260709 14:46:23.192720  1721 ts_tablet_manager.cc:1434] T 1352bca62ca2493d9a396a26072e55cf P 53e5c811fb6c40feabfc97f887bac692: Time spent starting tablet: real 0.015s	user 0.005s	sys 0.002s
I20260709 14:46:23.194033  1531 tablet_service.cc:1917] Received RequestConsensusVote() RPC: tablet_id: "4f9442e7769443f8b3cc94edcfb7cbb4" candidate_uuid: "0f26e0526e6546e288b8bafde2d55469" candidate_term: 1 candidate_status { last_received { term: 0 index: 0 } } ignore_live_leader: false dest_uuid: "53e5c811fb6c40feabfc97f887bac692" is_pre_election: true
I20260709 14:46:23.195698  1938 leader_election.cc:290] T 4f9442e7769443f8b3cc94edcfb7cbb4 P 0f26e0526e6546e288b8bafde2d55469 [CANDIDATE]: Term 1 pre-election: Requested pre-vote from peers 53e5c811fb6c40feabfc97f887bac692 (127.0.107.193:37601), 63e9f1bd115843b1bdb463927a376774 (127.0.107.194:35549)
W20260709 14:46:23.196015  1644 leader_election.cc:343] T 4f9442e7769443f8b3cc94edcfb7cbb4 P 0f26e0526e6546e288b8bafde2d55469 [CANDIDATE]: Term 1 pre-election: Tablet error from VoteRequest() call to peer 53e5c811fb6c40feabfc97f887bac692 (127.0.107.193:37601): Illegal state: must be running to vote when last-logged opid is not known
I20260709 14:46:23.200314  1987 raft_consensus.cc:493] T 489535aab849413090f7eb0ceb12ccd1 P 53e5c811fb6c40feabfc97f887bac692 [term 0 FOLLOWER]: Starting pre-election (no leader contacted us within the election timeout)
I20260709 14:46:23.200879  1987 raft_consensus.cc:515] T 489535aab849413090f7eb0ceb12ccd1 P 53e5c811fb6c40feabfc97f887bac692 [term 0 FOLLOWER]: Starting pre-election with config: opid_index: -1 OBSOLETE_local: false peers { permanent_uuid: "53e5c811fb6c40feabfc97f887bac692" member_type: VOTER last_known_addr { host: "127.0.107.193" port: 37601 } } peers { permanent_uuid: "63e9f1bd115843b1bdb463927a376774" member_type: VOTER last_known_addr { host: "127.0.107.194" port: 35549 } } peers { permanent_uuid: "0f26e0526e6546e288b8bafde2d55469" member_type: VOTER last_known_addr { host: "127.0.107.195" port: 40781 } }
I20260709 14:46:23.201735  1721 tablet_bootstrap.cc:492] T 4f9442e7769443f8b3cc94edcfb7cbb4 P 53e5c811fb6c40feabfc97f887bac692: Bootstrap starting.
I20260709 14:46:23.203233  1987 leader_election.cc:290] T 489535aab849413090f7eb0ceb12ccd1 P 53e5c811fb6c40feabfc97f887bac692 [CANDIDATE]: Term 1 pre-election: Requested pre-vote from peers 63e9f1bd115843b1bdb463927a376774 (127.0.107.194:35549), 0f26e0526e6546e288b8bafde2d55469 (127.0.107.195:40781)
I20260709 14:46:23.204506  1602 tablet_service.cc:1917] Received RequestConsensusVote() RPC: tablet_id: "4f9442e7769443f8b3cc94edcfb7cbb4" candidate_uuid: "0f26e0526e6546e288b8bafde2d55469" candidate_term: 1 candidate_status { last_received { term: 0 index: 0 } } ignore_live_leader: false dest_uuid: "63e9f1bd115843b1bdb463927a376774" is_pre_election: true
I20260709 14:46:23.204463  1675 tablet_service.cc:1917] Received RequestConsensusVote() RPC: tablet_id: "489535aab849413090f7eb0ceb12ccd1" candidate_uuid: "53e5c811fb6c40feabfc97f887bac692" candidate_term: 1 candidate_status { last_received { term: 0 index: 0 } } ignore_live_leader: false dest_uuid: "0f26e0526e6546e288b8bafde2d55469" is_pre_election: true
I20260709 14:46:23.199697  1720 raft_consensus.cc:359] T 51e4ecf303734009be6c5065d74522b3 P 0f26e0526e6546e288b8bafde2d55469 [term 0 FOLLOWER]: Replica starting. Triggering 0 pending ops. Active config: opid_index: -1 OBSOLETE_local: false peers { permanent_uuid: "53e5c811fb6c40feabfc97f887bac692" member_type: VOTER last_known_addr { host: "127.0.107.193" port: 37601 } } peers { permanent_uuid: "63e9f1bd115843b1bdb463927a376774" member_type: VOTER last_known_addr { host: "127.0.107.194" port: 35549 } } peers { permanent_uuid: "0f26e0526e6546e288b8bafde2d55469" member_type: VOTER last_known_addr { host: "127.0.107.195" port: 40781 } }
I20260709 14:46:23.206880  1720 raft_consensus.cc:385] T 51e4ecf303734009be6c5065d74522b3 P 0f26e0526e6546e288b8bafde2d55469 [term 0 FOLLOWER]: Consensus starting up: Expiring failure detector timer to make a prompt election more likely
I20260709 14:46:23.207172  1720 raft_consensus.cc:740] T 51e4ecf303734009be6c5065d74522b3 P 0f26e0526e6546e288b8bafde2d55469 [term 0 FOLLOWER]: Becoming Follower/Learner. State: Replica: 0f26e0526e6546e288b8bafde2d55469, State: Initialized, Role: FOLLOWER
W20260709 14:46:23.207463  1497 leader_election.cc:343] T 489535aab849413090f7eb0ceb12ccd1 P 53e5c811fb6c40feabfc97f887bac692 [CANDIDATE]: Term 1 pre-election: Tablet error from VoteRequest() call to peer 0f26e0526e6546e288b8bafde2d55469 (127.0.107.195:40781): Illegal state: must be running to vote when last-logged opid is not known
I20260709 14:46:23.207942  1720 consensus_queue.cc:260] T 51e4ecf303734009be6c5065d74522b3 P 0f26e0526e6546e288b8bafde2d55469 [NON_LEADER]: Queue going to NON_LEADER mode. State: All replicated index: 0, Majority replicated index: 0, Committed index: 0, Last appended: 0.0, Last appended by leader: 0, Current term: 0, Majority size: -1, State: 0, Mode: NON_LEADER, active raft config: opid_index: -1 OBSOLETE_local: false peers { permanent_uuid: "53e5c811fb6c40feabfc97f887bac692" member_type: VOTER last_known_addr { host: "127.0.107.193" port: 37601 } } peers { permanent_uuid: "63e9f1bd115843b1bdb463927a376774" member_type: VOTER last_known_addr { host: "127.0.107.194" port: 35549 } } peers { permanent_uuid: "0f26e0526e6546e288b8bafde2d55469" member_type: VOTER last_known_addr { host: "127.0.107.195" port: 40781 } }
I20260709 14:46:23.208338  1987 consensus_queue.cc:1048] T d14e303776674668a86b61c1f13f7297 P 53e5c811fb6c40feabfc97f887bac692 [LEADER]: Connected to new peer: Peer: permanent_uuid: "63e9f1bd115843b1bdb463927a376774" member_type: VOTER last_known_addr { host: "127.0.107.194" port: 35549 }, Status: LMP_MISMATCH, Last received: 0.0, Next index: 1, Last known committed idx: 0, Time since last communication: 0.000s
I20260709 14:46:23.209234  1946 consensus_queue.cc:1048] T 8e1369286775404e9c4075d3b0894a18 P 53e5c811fb6c40feabfc97f887bac692 [LEADER]: Connected to new peer: Peer: permanent_uuid: "0f26e0526e6546e288b8bafde2d55469" member_type: VOTER last_known_addr { host: "127.0.107.195" port: 40781 }, Status: LMP_MISMATCH, Last received: 0.0, Next index: 1, Last known committed idx: 0, Time since last communication: 0.000s
I20260709 14:46:23.210822  1946 consensus_queue.cc:1048] T 37a713705e3b4b358b17f9761abfe51c P 53e5c811fb6c40feabfc97f887bac692 [LEADER]: Connected to new peer: Peer: permanent_uuid: "63e9f1bd115843b1bdb463927a376774" member_type: VOTER last_known_addr { host: "127.0.107.194" port: 35549 }, Status: LMP_MISMATCH, Last received: 0.0, Next index: 1, Last known committed idx: 0, Time since last communication: 0.000s
I20260709 14:46:23.212777  1599 tablet_service.cc:1917] Received RequestConsensusVote() RPC: tablet_id: "489535aab849413090f7eb0ceb12ccd1" candidate_uuid: "53e5c811fb6c40feabfc97f887bac692" candidate_term: 1 candidate_status { last_received { term: 0 index: 0 } } ignore_live_leader: false dest_uuid: "63e9f1bd115843b1bdb463927a376774" is_pre_election: true
I20260709 14:46:23.215106  1720 ts_tablet_manager.cc:1434] T 51e4ecf303734009be6c5065d74522b3 P 0f26e0526e6546e288b8bafde2d55469: Time spent starting tablet: real 0.026s	user 0.009s	sys 0.000s
I20260709 14:46:23.225447  1720 tablet_bootstrap.cc:492] T 1aa137a053b946ea9cf5924ada1f11c0 P 0f26e0526e6546e288b8bafde2d55469: Bootstrap starting.
I20260709 14:46:23.227643  1723 tablet_bootstrap.cc:492] T e2fe6fff5bef4fba8fbd33dac5e03e0b P 63e9f1bd115843b1bdb463927a376774: No bootstrap required, opened a new log
I20260709 14:46:23.228277  1723 ts_tablet_manager.cc:1403] T e2fe6fff5bef4fba8fbd33dac5e03e0b P 63e9f1bd115843b1bdb463927a376774: Time spent bootstrapping tablet: real 0.061s	user 0.006s	sys 0.008s
I20260709 14:46:23.229146  1721 tablet_bootstrap.cc:654] T 4f9442e7769443f8b3cc94edcfb7cbb4 P 53e5c811fb6c40feabfc97f887bac692: Neither blocks nor log segments found. Creating new log.
W20260709 14:46:23.232475  1497 leader_election.cc:343] T 489535aab849413090f7eb0ceb12ccd1 P 53e5c811fb6c40feabfc97f887bac692 [CANDIDATE]: Term 1 pre-election: Tablet error from VoteRequest() call to peer 63e9f1bd115843b1bdb463927a376774 (127.0.107.194:35549): Illegal state: must be running to vote when last-logged opid is not known
I20260709 14:46:23.232983  1497 leader_election.cc:304] T 489535aab849413090f7eb0ceb12ccd1 P 53e5c811fb6c40feabfc97f887bac692 [CANDIDATE]: Term 1 pre-election: Election decided. Result: candidate lost. Election summary: received 3 responses out of 3 voters: 1 yes votes; 2 no votes. yes voters: 53e5c811fb6c40feabfc97f887bac692; no voters: 0f26e0526e6546e288b8bafde2d55469, 63e9f1bd115843b1bdb463927a376774
I20260709 14:46:23.233860  1945 raft_consensus.cc:2749] T 489535aab849413090f7eb0ceb12ccd1 P 53e5c811fb6c40feabfc97f887bac692 [term 0 FOLLOWER]: Leader pre-election lost for term 1. Reason: could not achieve majority
