I20260709 14:54:47.525074 13600 tablet_service.cc:1917] Received RequestConsensusVote() RPC: tablet_id: "d41930b2df6e4ede8a8996805906aad6" candidate_uuid: "782f68f5e3164b8b9428c2337bd5f170" candidate_term: 1 candidate_status { last_received { term: 0 index: 0 } } ignore_live_leader: false dest_uuid: "8983cdd84f7c4657897d6e22f7338f5f"
I20260709 14:54:47.525403 13528 tablet_service.cc:1917] Received RequestConsensusVote() RPC: tablet_id: "022cef85dbc84c6190a27ff058a710b8" candidate_uuid: "8983cdd84f7c4657897d6e22f7338f5f" candidate_term: 1 candidate_status { last_received { term: 0 index: 0 } } ignore_live_leader: false dest_uuid: "782f68f5e3164b8b9428c2337bd5f170"
I20260709 14:54:47.525875 13600 raft_consensus.cc:3060] T d41930b2df6e4ede8a8996805906aad6 P 8983cdd84f7c4657897d6e22f7338f5f [term 0 FOLLOWER]: Advancing to term 1
W20260709 14:54:47.527117 13567 leader_election.cc:343] T 022cef85dbc84c6190a27ff058a710b8 P 8983cdd84f7c4657897d6e22f7338f5f [CANDIDATE]: Term 1 election: Tablet error from VoteRequest() call to peer 782f68f5e3164b8b9428c2337bd5f170 (127.12.14.194:45263): Illegal state: must be running to vote when last-logged opid is not known
I20260709 14:54:47.525686 13657 leader_election.cc:290] T d41930b2df6e4ede8a8996805906aad6 P 782f68f5e3164b8b9428c2337bd5f170 [CANDIDATE]: Term 1 election: Requested vote from peers d94752e665b0486e9a2aee84de319111 (127.12.14.193:36545), 8983cdd84f7c4657897d6e22f7338f5f (127.12.14.195:35469)
I20260709 14:54:47.534655 13644 tablet_bootstrap.cc:492] T 68a2d3d5e46e42899041423c5a2890d5 P 8983cdd84f7c4657897d6e22f7338f5f: No bootstrap required, opened a new log
I20260709 14:54:47.546321 13453 raft_consensus.cc:2468] T 022cef85dbc84c6190a27ff058a710b8 P d94752e665b0486e9a2aee84de319111 [term 1 FOLLOWER]: Leader election vote request: Granting yes vote for candidate 8983cdd84f7c4657897d6e22f7338f5f in term 1.
I20260709 14:54:47.548048 13644 ts_tablet_manager.cc:1403] T 68a2d3d5e46e42899041423c5a2890d5 P 8983cdd84f7c4657897d6e22f7338f5f: Time spent bootstrapping tablet: real 0.054s	user 0.010s	sys 0.019s
I20260709 14:54:47.552212 13644 raft_consensus.cc:359] T 68a2d3d5e46e42899041423c5a2890d5 P 8983cdd84f7c4657897d6e22f7338f5f [term 0 FOLLOWER]: Replica starting. Triggering 0 pending ops. Active config: opid_index: -1 OBSOLETE_local: false peers { permanent_uuid: "d94752e665b0486e9a2aee84de319111" member_type: VOTER last_known_addr { host: "127.12.14.193" port: 36545 } } peers { permanent_uuid: "782f68f5e3164b8b9428c2337bd5f170" member_type: VOTER last_known_addr { host: "127.12.14.194" port: 45263 } } peers { permanent_uuid: "8983cdd84f7c4657897d6e22f7338f5f" member_type: VOTER last_known_addr { host: "127.12.14.195" port: 35469 } }
I20260709 14:54:47.553149 13644 raft_consensus.cc:385] T 68a2d3d5e46e42899041423c5a2890d5 P 8983cdd84f7c4657897d6e22f7338f5f [term 0 FOLLOWER]: Consensus starting up: Expiring failure detector timer to make a prompt election more likely
I20260709 14:54:47.553604 13644 raft_consensus.cc:740] T 68a2d3d5e46e42899041423c5a2890d5 P 8983cdd84f7c4657897d6e22f7338f5f [term 0 FOLLOWER]: Becoming Follower/Learner. State: Replica: 8983cdd84f7c4657897d6e22f7338f5f, State: Initialized, Role: FOLLOWER
I20260709 14:54:47.554299 13567 leader_election.cc:304] T 022cef85dbc84c6190a27ff058a710b8 P 8983cdd84f7c4657897d6e22f7338f5f [CANDIDATE]: Term 1 election: Election decided. Result: candidate won. Election summary: received 3 responses out of 3 voters: 2 yes votes; 1 no votes. yes voters: 8983cdd84f7c4657897d6e22f7338f5f, d94752e665b0486e9a2aee84de319111; no voters: 782f68f5e3164b8b9428c2337bd5f170
I20260709 14:54:47.554651 13644 consensus_queue.cc:260] T 68a2d3d5e46e42899041423c5a2890d5 P 8983cdd84f7c4657897d6e22f7338f5f [NON_LEADER]: Queue going to NON_LEADER mode. State: All replicated index: 0, Majority replicated index: 0, Committed index: 0, Last appended: 0.0, Last appended by leader: 0, Current term: 0, Majority size: -1, State: 0, Mode: NON_LEADER, active raft config: opid_index: -1 OBSOLETE_local: false peers { permanent_uuid: "d94752e665b0486e9a2aee84de319111" member_type: VOTER last_known_addr { host: "127.12.14.193" port: 36545 } } peers { permanent_uuid: "782f68f5e3164b8b9428c2337bd5f170" member_type: VOTER last_known_addr { host: "127.12.14.194" port: 45263 } } peers { permanent_uuid: "8983cdd84f7c4657897d6e22f7338f5f" member_type: VOTER last_known_addr { host: "127.12.14.195" port: 35469 } }
I20260709 14:54:47.555837 13731 raft_consensus.cc:2804] T 022cef85dbc84c6190a27ff058a710b8 P 8983cdd84f7c4657897d6e22f7338f5f [term 1 FOLLOWER]: Leader election won for term 1
I20260709 14:54:47.556348 13731 raft_consensus.cc:697] T 022cef85dbc84c6190a27ff058a710b8 P 8983cdd84f7c4657897d6e22f7338f5f [term 1 LEADER]: Becoming Leader. State: Replica: 8983cdd84f7c4657897d6e22f7338f5f, State: Running, Role: LEADER
I20260709 14:54:47.557255 13731 consensus_queue.cc:237] T 022cef85dbc84c6190a27ff058a710b8 P 8983cdd84f7c4657897d6e22f7338f5f [LEADER]: Queue going to LEADER mode. State: All replicated index: 0, Majority replicated index: 0, Committed index: 0, Last appended: 0.0, Last appended by leader: 0, Current term: 1, Majority size: 2, State: 0, Mode: LEADER, active raft config: opid_index: -1 OBSOLETE_local: false peers { permanent_uuid: "d94752e665b0486e9a2aee84de319111" member_type: VOTER last_known_addr { host: "127.12.14.193" port: 36545 } } peers { permanent_uuid: "782f68f5e3164b8b9428c2337bd5f170" member_type: VOTER last_known_addr { host: "127.12.14.194" port: 45263 } } peers { permanent_uuid: "8983cdd84f7c4657897d6e22f7338f5f" member_type: VOTER last_known_addr { host: "127.12.14.195" port: 35469 } }
I20260709 14:54:47.561559 13676 consensus_queue.cc:1048] T b3fbfbb42cfd47d1bcbf982e3fcd3885 P 782f68f5e3164b8b9428c2337bd5f170 [LEADER]: Connected to new peer: Peer: permanent_uuid: "d94752e665b0486e9a2aee84de319111" member_type: VOTER last_known_addr { host: "127.12.14.193" port: 36545 }, Status: LMP_MISMATCH, Last received: 0.0, Next index: 1, Last known committed idx: 0, Time since last communication: 0.000s
I20260709 14:54:47.569114 13647 tablet_bootstrap.cc:492] T af2f4b827ede457c9c1d437b30d6216f P 782f68f5e3164b8b9428c2337bd5f170: No bootstrap required, opened a new log
I20260709 14:54:47.569759 13647 ts_tablet_manager.cc:1403] T af2f4b827ede457c9c1d437b30d6216f P 782f68f5e3164b8b9428c2337bd5f170: Time spent bootstrapping tablet: real 0.156s	user 0.055s	sys 0.035s
I20260709 14:54:47.537660 13600 raft_consensus.cc:2468] T d41930b2df6e4ede8a8996805906aad6 P 8983cdd84f7c4657897d6e22f7338f5f [term 1 FOLLOWER]: Leader election vote request: Granting yes vote for candidate 782f68f5e3164b8b9428c2337bd5f170 in term 1.
I20260709 14:54:47.552863 13730 raft_consensus.cc:697] T 612a275b8ca7477c9bdf4a995d165036 P 8983cdd84f7c4657897d6e22f7338f5f [term 1 LEADER]: Becoming Leader. State: Replica: 8983cdd84f7c4657897d6e22f7338f5f, State: Running, Role: LEADER
I20260709 14:54:47.579896 13647 raft_consensus.cc:359] T af2f4b827ede457c9c1d437b30d6216f P 782f68f5e3164b8b9428c2337bd5f170 [term 0 FOLLOWER]: Replica starting. Triggering 0 pending ops. Active config: opid_index: -1 OBSOLETE_local: false peers { permanent_uuid: "d94752e665b0486e9a2aee84de319111" member_type: VOTER last_known_addr { host: "127.12.14.193" port: 36545 } } peers { permanent_uuid: "782f68f5e3164b8b9428c2337bd5f170" member_type: VOTER last_known_addr { host: "127.12.14.194" port: 45263 } } peers { permanent_uuid: "8983cdd84f7c4657897d6e22f7338f5f" member_type: VOTER last_known_addr { host: "127.12.14.195" port: 35469 } }
I20260709 14:54:47.580760 13647 raft_consensus.cc:385] T af2f4b827ede457c9c1d437b30d6216f P 782f68f5e3164b8b9428c2337bd5f170 [term 0 FOLLOWER]: Consensus starting up: Expiring failure detector timer to make a prompt election more likely
I20260709 14:54:47.581045 13647 raft_consensus.cc:740] T af2f4b827ede457c9c1d437b30d6216f P 782f68f5e3164b8b9428c2337bd5f170 [term 0 FOLLOWER]: Becoming Follower/Learner. State: Replica: 782f68f5e3164b8b9428c2337bd5f170, State: Initialized, Role: FOLLOWER
I20260709 14:54:47.581777 13647 consensus_queue.cc:260] T af2f4b827ede457c9c1d437b30d6216f P 782f68f5e3164b8b9428c2337bd5f170 [NON_LEADER]: Queue going to NON_LEADER mode. State: All replicated index: 0, Majority replicated index: 0, Committed index: 0, Last appended: 0.0, Last appended by leader: 0, Current term: 0, Majority size: -1, State: 0, Mode: NON_LEADER, active raft config: opid_index: -1 OBSOLETE_local: false peers { permanent_uuid: "d94752e665b0486e9a2aee84de319111" member_type: VOTER last_known_addr { host: "127.12.14.193" port: 36545 } } peers { permanent_uuid: "782f68f5e3164b8b9428c2337bd5f170" member_type: VOTER last_known_addr { host: "127.12.14.194" port: 45263 } } peers { permanent_uuid: "8983cdd84f7c4657897d6e22f7338f5f" member_type: VOTER last_known_addr { host: "127.12.14.195" port: 35469 } }
I20260709 14:54:47.584065 13647 ts_tablet_manager.cc:1434] T af2f4b827ede457c9c1d437b30d6216f P 782f68f5e3164b8b9428c2337bd5f170: Time spent starting tablet: real 0.014s	user 0.006s	sys 0.000s
I20260709 14:54:47.584687 13669 raft_consensus.cc:493] T af2f4b827ede457c9c1d437b30d6216f P d94752e665b0486e9a2aee84de319111 [term 0 FOLLOWER]: Starting pre-election (no leader contacted us within the election timeout)
I20260709 14:54:47.586129 13669 raft_consensus.cc:515] T af2f4b827ede457c9c1d437b30d6216f P d94752e665b0486e9a2aee84de319111 [term 0 FOLLOWER]: Starting pre-election with config: opid_index: -1 OBSOLETE_local: false peers { permanent_uuid: "d94752e665b0486e9a2aee84de319111" member_type: VOTER last_known_addr { host: "127.12.14.193" port: 36545 } } peers { permanent_uuid: "782f68f5e3164b8b9428c2337bd5f170" member_type: VOTER last_known_addr { host: "127.12.14.194" port: 45263 } } peers { permanent_uuid: "8983cdd84f7c4657897d6e22f7338f5f" member_type: VOTER last_known_addr { host: "127.12.14.195" port: 35469 } }
I20260709 14:54:47.589036 13647 tablet_bootstrap.cc:492] T 022cef85dbc84c6190a27ff058a710b8 P 782f68f5e3164b8b9428c2337bd5f170: Bootstrap starting.
I20260709 14:54:47.589689 13495 leader_election.cc:304] T d41930b2df6e4ede8a8996805906aad6 P 782f68f5e3164b8b9428c2337bd5f170 [CANDIDATE]: Term 1 election: Election decided. Result: candidate won. Election summary: received 2 responses out of 3 voters: 2 yes votes; 0 no votes. yes voters: 782f68f5e3164b8b9428c2337bd5f170, 8983cdd84f7c4657897d6e22f7338f5f; no voters: 
I20260709 14:54:47.590119 13528 tablet_service.cc:1917] Received RequestConsensusVote() RPC: tablet_id: "af2f4b827ede457c9c1d437b30d6216f" candidate_uuid: "d94752e665b0486e9a2aee84de319111" candidate_term: 1 candidate_status { last_received { term: 0 index: 0 } } ignore_live_leader: false dest_uuid: "782f68f5e3164b8b9428c2337bd5f170" is_pre_election: true
I20260709 14:54:47.590859 13528 raft_consensus.cc:2468] T af2f4b827ede457c9c1d437b30d6216f P 782f68f5e3164b8b9428c2337bd5f170 [term 0 FOLLOWER]: Leader pre-election vote request: Granting yes vote for candidate d94752e665b0486e9a2aee84de319111 in term 0.
I20260709 14:54:47.591802 13712 raft_consensus.cc:2804] T d41930b2df6e4ede8a8996805906aad6 P 782f68f5e3164b8b9428c2337bd5f170 [term 1 FOLLOWER]: Leader election won for term 1
I20260709 14:54:47.594635 13418 leader_election.cc:304] T af2f4b827ede457c9c1d437b30d6216f P d94752e665b0486e9a2aee84de319111 [CANDIDATE]: Term 1 pre-election: Election decided. Result: candidate won. Election summary: received 2 responses out of 3 voters: 2 yes votes; 0 no votes. yes voters: 782f68f5e3164b8b9428c2337bd5f170, d94752e665b0486e9a2aee84de319111; no voters: 
I20260709 14:54:47.596321 13787 raft_consensus.cc:493] T 68a2d3d5e46e42899041423c5a2890d5 P 8983cdd84f7c4657897d6e22f7338f5f [term 0 FOLLOWER]: Starting pre-election (no leader contacted us within the election timeout)
I20260709 14:54:47.592391 13712 raft_consensus.cc:697] T d41930b2df6e4ede8a8996805906aad6 P 782f68f5e3164b8b9428c2337bd5f170 [term 1 LEADER]: Becoming Leader. State: Replica: 782f68f5e3164b8b9428c2337bd5f170, State: Running, Role: LEADER
I20260709 14:54:47.597597 13712 consensus_queue.cc:237] T d41930b2df6e4ede8a8996805906aad6 P 782f68f5e3164b8b9428c2337bd5f170 [LEADER]: Queue going to LEADER mode. State: All replicated index: 0, Majority replicated index: 0, Committed index: 0, Last appended: 0.0, Last appended by leader: 0, Current term: 1, Majority size: 2, State: 0, Mode: LEADER, active raft config: opid_index: -1 OBSOLETE_local: false peers { permanent_uuid: "d94752e665b0486e9a2aee84de319111" member_type: VOTER last_known_addr { host: "127.12.14.193" port: 36545 } } peers { permanent_uuid: "782f68f5e3164b8b9428c2337bd5f170" member_type: VOTER last_known_addr { host: "127.12.14.194" port: 45263 } } peers { permanent_uuid: "8983cdd84f7c4657897d6e22f7338f5f" member_type: VOTER last_known_addr { host: "127.12.14.195" port: 35469 } }
I20260709 14:54:47.598435 13669 leader_election.cc:290] T af2f4b827ede457c9c1d437b30d6216f P d94752e665b0486e9a2aee84de319111 [CANDIDATE]: Term 1 pre-election: Requested pre-vote from peers 782f68f5e3164b8b9428c2337bd5f170 (127.12.14.194:45263), 8983cdd84f7c4657897d6e22f7338f5f (127.12.14.195:35469)
I20260709 14:54:47.599025 13669 raft_consensus.cc:2804] T af2f4b827ede457c9c1d437b30d6216f P d94752e665b0486e9a2aee84de319111 [term 0 FOLLOWER]: Leader pre-election won for term 1
I20260709 14:54:47.599426 13669 raft_consensus.cc:493] T af2f4b827ede457c9c1d437b30d6216f P d94752e665b0486e9a2aee84de319111 [term 0 FOLLOWER]: Starting leader election (no leader contacted us within the election timeout)
I20260709 14:54:47.599807 13669 raft_consensus.cc:3060] T af2f4b827ede457c9c1d437b30d6216f P d94752e665b0486e9a2aee84de319111 [term 0 FOLLOWER]: Advancing to term 1
I20260709 14:54:47.599717 13601 tablet_service.cc:1917] Received RequestConsensusVote() RPC: tablet_id: "af2f4b827ede457c9c1d437b30d6216f" candidate_uuid: "d94752e665b0486e9a2aee84de319111" candidate_term: 1 candidate_status { last_received { term: 0 index: 0 } } ignore_live_leader: false dest_uuid: "8983cdd84f7c4657897d6e22f7338f5f" is_pre_election: true
W20260709 14:54:47.607206 13420 leader_election.cc:343] T af2f4b827ede457c9c1d437b30d6216f P d94752e665b0486e9a2aee84de319111 [CANDIDATE]: Term 1 pre-election: Tablet error from VoteRequest() call to peer 8983cdd84f7c4657897d6e22f7338f5f (127.12.14.195:35469): Illegal state: must be running to vote when last-logged opid is not known
I20260709 14:54:47.584242 13452 raft_consensus.cc:2468] T d41930b2df6e4ede8a8996805906aad6 P d94752e665b0486e9a2aee84de319111 [term 1 FOLLOWER]: Leader election vote request: Granting yes vote for candidate 782f68f5e3164b8b9428c2337bd5f170 in term 1.
I20260709 14:54:47.609239 13644 ts_tablet_manager.cc:1434] T 68a2d3d5e46e42899041423c5a2890d5 P 8983cdd84f7c4657897d6e22f7338f5f: Time spent starting tablet: real 0.060s	user 0.002s	sys 0.005s
I20260709 14:54:47.610335 13644 tablet_bootstrap.cc:492] T af2f4b827ede457c9c1d437b30d6216f P 8983cdd84f7c4657897d6e22f7338f5f: Bootstrap starting.
I20260709 14:54:47.612761 13787 raft_consensus.cc:515] T 68a2d3d5e46e42899041423c5a2890d5 P 8983cdd84f7c4657897d6e22f7338f5f [term 0 FOLLOWER]: Starting pre-election with config: opid_index: -1 OBSOLETE_local: false peers { permanent_uuid: "d94752e665b0486e9a2aee84de319111" member_type: VOTER last_known_addr { host: "127.12.14.193" port: 36545 } } peers { permanent_uuid: "782f68f5e3164b8b9428c2337bd5f170" member_type: VOTER last_known_addr { host: "127.12.14.194" port: 45263 } } peers { permanent_uuid: "8983cdd84f7c4657897d6e22f7338f5f" member_type: VOTER last_known_addr { host: "127.12.14.195" port: 35469 } }
I20260709 14:54:47.634208 13786 raft_consensus.cc:493] T 5795c46b1fb94c23b46d7bc11126d734 P 8983cdd84f7c4657897d6e22f7338f5f [term 0 FOLLOWER]: Starting pre-election (no leader contacted us within the election timeout)
I20260709 14:54:47.635025 13786 raft_consensus.cc:515] T 5795c46b1fb94c23b46d7bc11126d734 P 8983cdd84f7c4657897d6e22f7338f5f [term 0 FOLLOWER]: Starting pre-election with config: opid_index: -1 OBSOLETE_local: false peers { permanent_uuid: "d94752e665b0486e9a2aee84de319111" member_type: VOTER last_known_addr { host: "127.12.14.193" port: 36545 } } peers { permanent_uuid: "782f68f5e3164b8b9428c2337bd5f170" member_type: VOTER last_known_addr { host: "127.12.14.194" port: 45263 } } peers { permanent_uuid: "8983cdd84f7c4657897d6e22f7338f5f" member_type: VOTER last_known_addr { host: "127.12.14.195" port: 35469 } }
I20260709 14:54:47.641043 13786 leader_election.cc:290] T 5795c46b1fb94c23b46d7bc11126d734 P 8983cdd84f7c4657897d6e22f7338f5f [CANDIDATE]: Term 1 pre-election: Requested pre-vote from peers d94752e665b0486e9a2aee84de319111 (127.12.14.193:36545), 782f68f5e3164b8b9428c2337bd5f170 (127.12.14.194:45263)
I20260709 14:54:47.642421 13452 tablet_service.cc:1917] Received RequestConsensusVote() RPC: tablet_id: "5795c46b1fb94c23b46d7bc11126d734" candidate_uuid: "8983cdd84f7c4657897d6e22f7338f5f" candidate_term: 1 candidate_status { last_received { term: 0 index: 0 } } ignore_live_leader: false dest_uuid: "d94752e665b0486e9a2aee84de319111" is_pre_election: true
I20260709 14:54:47.642866 13528 tablet_service.cc:1917] Received RequestConsensusVote() RPC: tablet_id: "5795c46b1fb94c23b46d7bc11126d734" candidate_uuid: "8983cdd84f7c4657897d6e22f7338f5f" candidate_term: 1 candidate_status { last_received { term: 0 index: 0 } } ignore_live_leader: false dest_uuid: "782f68f5e3164b8b9428c2337bd5f170" is_pre_election: true
W20260709 14:54:47.643977 13567 leader_election.cc:343] T 5795c46b1fb94c23b46d7bc11126d734 P 8983cdd84f7c4657897d6e22f7338f5f [CANDIDATE]: Term 1 pre-election: Tablet error from VoteRequest() call to peer d94752e665b0486e9a2aee84de319111 (127.12.14.193:36545): Illegal state: must be running to vote when last-logged opid is not known
W20260709 14:54:47.644757 13567 leader_election.cc:343] T 5795c46b1fb94c23b46d7bc11126d734 P 8983cdd84f7c4657897d6e22f7338f5f [CANDIDATE]: Term 1 pre-election: Tablet error from VoteRequest() call to peer 782f68f5e3164b8b9428c2337bd5f170 (127.12.14.194:45263): Illegal state: must be running to vote when last-logged opid is not known
I20260709 14:54:47.645167 13567 leader_election.cc:304] T 5795c46b1fb94c23b46d7bc11126d734 P 8983cdd84f7c4657897d6e22f7338f5f [CANDIDATE]: Term 1 pre-election: Election decided. Result: candidate lost. Election summary: received 3 responses out of 3 voters: 1 yes votes; 2 no votes. yes voters: 8983cdd84f7c4657897d6e22f7338f5f; no voters: 782f68f5e3164b8b9428c2337bd5f170, d94752e665b0486e9a2aee84de319111
I20260709 14:54:47.645917 13786 raft_consensus.cc:2749] T 5795c46b1fb94c23b46d7bc11126d734 P 8983cdd84f7c4657897d6e22f7338f5f [term 0 FOLLOWER]: Leader pre-election lost for term 1. Reason: could not achieve majority
I20260709 14:54:47.646333 13669 raft_consensus.cc:515] T af2f4b827ede457c9c1d437b30d6216f P d94752e665b0486e9a2aee84de319111 [term 1 FOLLOWER]: Starting leader election with config: opid_index: -1 OBSOLETE_local: false peers { permanent_uuid: "d94752e665b0486e9a2aee84de319111" member_type: VOTER last_known_addr { host: "127.12.14.193" port: 36545 } } peers { permanent_uuid: "782f68f5e3164b8b9428c2337bd5f170" member_type: VOTER last_known_addr { host: "127.12.14.194" port: 45263 } } peers { permanent_uuid: "8983cdd84f7c4657897d6e22f7338f5f" member_type: VOTER last_known_addr { host: "127.12.14.195" port: 35469 } }
I20260709 14:54:47.648684 13676 raft_consensus.cc:493] T 5dfdacdea72a4eac8ec0b32d42dda03e P 782f68f5e3164b8b9428c2337bd5f170 [term 0 FOLLOWER]: Starting pre-election (no leader contacted us within the election timeout)
I20260709 14:54:47.649744 13676 raft_consensus.cc:515] T 5dfdacdea72a4eac8ec0b32d42dda03e P 782f68f5e3164b8b9428c2337bd5f170 [term 0 FOLLOWER]: Starting pre-election with config: opid_index: -1 OBSOLETE_local: false peers { permanent_uuid: "d94752e665b0486e9a2aee84de319111" member_type: VOTER last_known_addr { host: "127.12.14.193" port: 36545 } } peers { permanent_uuid: "782f68f5e3164b8b9428c2337bd5f170" member_type: VOTER last_known_addr { host: "127.12.14.194" port: 45263 } } peers { permanent_uuid: "8983cdd84f7c4657897d6e22f7338f5f" member_type: VOTER last_known_addr { host: "127.12.14.195" port: 35469 } }
I20260709 14:54:47.650050 13600 tablet_service.cc:1917] Received RequestConsensusVote() RPC: tablet_id: "af2f4b827ede457c9c1d437b30d6216f" candidate_uuid: "d94752e665b0486e9a2aee84de319111" candidate_term: 1 candidate_status { last_received { term: 0 index: 0 } } ignore_live_leader: false dest_uuid: "8983cdd84f7c4657897d6e22f7338f5f"
I20260709 14:54:47.650079 13528 tablet_service.cc:1917] Received RequestConsensusVote() RPC: tablet_id: "af2f4b827ede457c9c1d437b30d6216f" candidate_uuid: "d94752e665b0486e9a2aee84de319111" candidate_term: 1 candidate_status { last_received { term: 0 index: 0 } } ignore_live_leader: false dest_uuid: "782f68f5e3164b8b9428c2337bd5f170"
I20260709 14:54:47.651721 13528 raft_consensus.cc:3060] T af2f4b827ede457c9c1d437b30d6216f P 782f68f5e3164b8b9428c2337bd5f170 [term 0 FOLLOWER]: Advancing to term 1
I20260709 14:54:47.652299 13676 leader_election.cc:290] T 5dfdacdea72a4eac8ec0b32d42dda03e P 782f68f5e3164b8b9428c2337bd5f170 [CANDIDATE]: Term 1 pre-election: Requested pre-vote from peers d94752e665b0486e9a2aee84de319111 (127.12.14.193:36545), 8983cdd84f7c4657897d6e22f7338f5f (127.12.14.195:35469)
I20260709 14:54:47.653043 13452 tablet_service.cc:1917] Received RequestConsensusVote() RPC: tablet_id: "5dfdacdea72a4eac8ec0b32d42dda03e" candidate_uuid: "782f68f5e3164b8b9428c2337bd5f170" candidate_term: 1 candidate_status { last_received { term: 0 index: 0 } } ignore_live_leader: false dest_uuid: "d94752e665b0486e9a2aee84de319111" is_pre_election: true
I20260709 14:54:47.653647 13452 raft_consensus.cc:2468] T 5dfdacdea72a4eac8ec0b32d42dda03e P d94752e665b0486e9a2aee84de319111 [term 0 FOLLOWER]: Leader pre-election vote request: Granting yes vote for candidate 782f68f5e3164b8b9428c2337bd5f170 in term 0.
I20260709 14:54:47.654951 13600 tablet_service.cc:1917] Received RequestConsensusVote() RPC: tablet_id: "5dfdacdea72a4eac8ec0b32d42dda03e" candidate_uuid: "782f68f5e3164b8b9428c2337bd5f170" candidate_term: 1 candidate_status { last_received { term: 0 index: 0 } } ignore_live_leader: false dest_uuid: "8983cdd84f7c4657897d6e22f7338f5f" is_pre_election: true
I20260709 14:54:47.655072 13493 leader_election.cc:304] T 5dfdacdea72a4eac8ec0b32d42dda03e P 782f68f5e3164b8b9428c2337bd5f170 [CANDIDATE]: Term 1 pre-election: Election decided. Result: candidate won. Election summary: received 2 responses out of 3 voters: 2 yes votes; 0 no votes. yes voters: 782f68f5e3164b8b9428c2337bd5f170, d94752e665b0486e9a2aee84de319111; no voters: 
I20260709 14:54:47.655615 13600 raft_consensus.cc:2468] T 5dfdacdea72a4eac8ec0b32d42dda03e P 8983cdd84f7c4657897d6e22f7338f5f [term 0 FOLLOWER]: Leader pre-election vote request: Granting yes vote for candidate 782f68f5e3164b8b9428c2337bd5f170 in term 0.
I20260709 14:54:47.655952 13676 raft_consensus.cc:2804] T 5dfdacdea72a4eac8ec0b32d42dda03e P 782f68f5e3164b8b9428c2337bd5f170 [term 0 FOLLOWER]: Leader pre-election won for term 1
I20260709 14:54:47.656334 13676 raft_consensus.cc:493] T 5dfdacdea72a4eac8ec0b32d42dda03e P 782f68f5e3164b8b9428c2337bd5f170 [term 0 FOLLOWER]: Starting leader election (no leader contacted us within the election timeout)
I20260709 14:54:47.656673 13676 raft_consensus.cc:3060] T 5dfdacdea72a4eac8ec0b32d42dda03e P 782f68f5e3164b8b9428c2337bd5f170 [term 0 FOLLOWER]: Advancing to term 1
W20260709 14:54:47.657807 13420 leader_election.cc:343] T af2f4b827ede457c9c1d437b30d6216f P d94752e665b0486e9a2aee84de319111 [CANDIDATE]: Term 1 election: Tablet error from VoteRequest() call to peer 8983cdd84f7c4657897d6e22f7338f5f (127.12.14.195:35469): Illegal state: must be running to vote when last-logged opid is not known
I20260709 14:54:47.659591 13452 tablet_service.cc:1917] Received RequestConsensusVote() RPC: tablet_id: "68a2d3d5e46e42899041423c5a2890d5" candidate_uuid: "8983cdd84f7c4657897d6e22f7338f5f" candidate_term: 1 candidate_status { last_received { term: 0 index: 0 } } ignore_live_leader: false dest_uuid: "d94752e665b0486e9a2aee84de319111" is_pre_election: true
W20260709 14:54:47.659895 13400 auto_rebalancer.cc:288] Could not retrieve cluster info: Service unavailable: Tablet not running
I20260709 14:54:47.637560 13730 consensus_queue.cc:237] T 612a275b8ca7477c9bdf4a995d165036 P 8983cdd84f7c4657897d6e22f7338f5f [LEADER]: Queue going to LEADER mode. State: All replicated index: 0, Majority replicated index: 0, Committed index: 0, Last appended: 0.0, Last appended by leader: 0, Current term: 1, Majority size: 2, State: 0, Mode: LEADER, active raft config: opid_index: -1 OBSOLETE_local: false peers { permanent_uuid: "d94752e665b0486e9a2aee84de319111" member_type: VOTER last_known_addr { host: "127.12.14.193" port: 36545 } } peers { permanent_uuid: "782f68f5e3164b8b9428c2337bd5f170" member_type: VOTER last_known_addr { host: "127.12.14.194" port: 45263 } } peers { permanent_uuid: "8983cdd84f7c4657897d6e22f7338f5f" member_type: VOTER last_known_addr { host: "127.12.14.195" port: 35469 } }
I20260709 14:54:47.659765 13529 tablet_service.cc:1917] Received RequestConsensusVote() RPC: tablet_id: "68a2d3d5e46e42899041423c5a2890d5" candidate_uuid: "8983cdd84f7c4657897d6e22f7338f5f" candidate_term: 1 candidate_status { last_received { term: 0 index: 0 } } ignore_live_leader: false dest_uuid: "782f68f5e3164b8b9428c2337bd5f170" is_pre_election: true
W20260709 14:54:47.661015 13567 leader_election.cc:343] T 68a2d3d5e46e42899041423c5a2890d5 P 8983cdd84f7c4657897d6e22f7338f5f [CANDIDATE]: Term 1 pre-election: Tablet error from VoteRequest() call to peer d94752e665b0486e9a2aee84de319111 (127.12.14.193:36545): Illegal state: must be running to vote when last-logged opid is not known
I20260709 14:54:47.663694 13643 tablet_bootstrap.cc:492] T 5795c46b1fb94c23b46d7bc11126d734 P d94752e665b0486e9a2aee84de319111: No bootstrap required, opened a new log
I20260709 14:54:47.650914 13669 leader_election.cc:290] T af2f4b827ede457c9c1d437b30d6216f P d94752e665b0486e9a2aee84de319111 [CANDIDATE]: Term 1 election: Requested vote from peers 782f68f5e3164b8b9428c2337bd5f170 (127.12.14.194:45263), 8983cdd84f7c4657897d6e22f7338f5f (127.12.14.195:35469)
I20260709 14:54:47.669481 13643 ts_tablet_manager.cc:1403] T 5795c46b1fb94c23b46d7bc11126d734 P d94752e665b0486e9a2aee84de319111: Time spent bootstrapping tablet: real 0.220s	user 0.056s	sys 0.092s
I20260709 14:54:47.654983 13787 leader_election.cc:290] T 68a2d3d5e46e42899041423c5a2890d5 P 8983cdd84f7c4657897d6e22f7338f5f [CANDIDATE]: Term 1 pre-election: Requested pre-vote from peers d94752e665b0486e9a2aee84de319111 (127.12.14.193:36545), 782f68f5e3164b8b9428c2337bd5f170 (127.12.14.194:45263)
W20260709 14:54:47.664040 13567 leader_election.cc:343] T 68a2d3d5e46e42899041423c5a2890d5 P 8983cdd84f7c4657897d6e22f7338f5f [CANDIDATE]: Term 1 pre-election: Tablet error from VoteRequest() call to peer 782f68f5e3164b8b9428c2337bd5f170 (127.12.14.194:45263): Illegal state: must be running to vote when last-logged opid is not known
I20260709 14:54:47.671456 13789 raft_consensus.cc:493] T 6bcc6d484ee84a6db28f84ff004b95a5 P 8983cdd84f7c4657897d6e22f7338f5f [term 0 FOLLOWER]: Starting pre-election (no leader contacted us within the election timeout)
I20260709 14:54:47.671689 13567 leader_election.cc:304] T 68a2d3d5e46e42899041423c5a2890d5 P 8983cdd84f7c4657897d6e22f7338f5f [CANDIDATE]: Term 1 pre-election: Election decided. Result: candidate lost. Election summary: received 3 responses out of 3 voters: 1 yes votes; 2 no votes. yes voters: 8983cdd84f7c4657897d6e22f7338f5f; no voters: 782f68f5e3164b8b9428c2337bd5f170, d94752e665b0486e9a2aee84de319111
I20260709 14:54:47.672019 13789 raft_consensus.cc:515] T 6bcc6d484ee84a6db28f84ff004b95a5 P 8983cdd84f7c4657897d6e22f7338f5f [term 0 FOLLOWER]: Starting pre-election with config: opid_index: -1 OBSOLETE_local: false peers { permanent_uuid: "d94752e665b0486e9a2aee84de319111" member_type: VOTER last_known_addr { host: "127.12.14.193" port: 36545 } } peers { permanent_uuid: "782f68f5e3164b8b9428c2337bd5f170" member_type: VOTER last_known_addr { host: "127.12.14.194" port: 45263 } } peers { permanent_uuid: "8983cdd84f7c4657897d6e22f7338f5f" member_type: VOTER last_known_addr { host: "127.12.14.195" port: 35469 } }
I20260709 14:54:47.672592 13787 raft_consensus.cc:2749] T 68a2d3d5e46e42899041423c5a2890d5 P 8983cdd84f7c4657897d6e22f7338f5f [term 0 FOLLOWER]: Leader pre-election lost for term 1. Reason: could not achieve majority
I20260709 14:54:47.685200 13647 tablet_bootstrap.cc:654] T 022cef85dbc84c6190a27ff058a710b8 P 782f68f5e3164b8b9428c2337bd5f170: Neither blocks nor log segments found. Creating new log.
I20260709 14:54:47.685743 13789 leader_election.cc:290] T 6bcc6d484ee84a6db28f84ff004b95a5 P 8983cdd84f7c4657897d6e22f7338f5f [CANDIDATE]: Term 1 pre-election: Requested pre-vote from peers d94752e665b0486e9a2aee84de319111 (127.12.14.193:36545), 782f68f5e3164b8b9428c2337bd5f170 (127.12.14.194:45263)
I20260709 14:54:47.686574 13643 raft_consensus.cc:359] T 5795c46b1fb94c23b46d7bc11126d734 P d94752e665b0486e9a2aee84de319111 [term 0 FOLLOWER]: Replica starting. Triggering 0 pending ops. Active config: opid_index: -1 OBSOLETE_local: false peers { permanent_uuid: "d94752e665b0486e9a2aee84de319111" member_type: VOTER last_known_addr { host: "127.12.14.193" port: 36545 } } peers { permanent_uuid: "782f68f5e3164b8b9428c2337bd5f170" member_type: VOTER last_known_addr { host: "127.12.14.194" port: 45263 } } peers { permanent_uuid: "8983cdd84f7c4657897d6e22f7338f5f" member_type: VOTER last_known_addr { host: "127.12.14.195" port: 35469 } }
I20260709 14:54:47.687422 13643 raft_consensus.cc:385] T 5795c46b1fb94c23b46d7bc11126d734 P d94752e665b0486e9a2aee84de319111 [term 0 FOLLOWER]: Consensus starting up: Expiring failure detector timer to make a prompt election more likely
I20260709 14:54:47.687798 13643 raft_consensus.cc:740] T 5795c46b1fb94c23b46d7bc11126d734 P d94752e665b0486e9a2aee84de319111 [term 0 FOLLOWER]: Becoming Follower/Learner. State: Replica: d94752e665b0486e9a2aee84de319111, State: Initialized, Role: FOLLOWER
I20260709 14:54:47.688895 13643 consensus_queue.cc:260] T 5795c46b1fb94c23b46d7bc11126d734 P d94752e665b0486e9a2aee84de319111 [NON_LEADER]: Queue going to NON_LEADER mode. State: All replicated index: 0, Majority replicated index: 0, Committed index: 0, Last appended: 0.0, Last appended by leader: 0, Current term: 0, Majority size: -1, State: 0, Mode: NON_LEADER, active raft config: opid_index: -1 OBSOLETE_local: false peers { permanent_uuid: "d94752e665b0486e9a2aee84de319111" member_type: VOTER last_known_addr { host: "127.12.14.193" port: 36545 } } peers { permanent_uuid: "782f68f5e3164b8b9428c2337bd5f170" member_type: VOTER last_known_addr { host: "127.12.14.194" port: 45263 } } peers { permanent_uuid: "8983cdd84f7c4657897d6e22f7338f5f" member_type: VOTER last_known_addr { host: "127.12.14.195" port: 35469 } }
I20260709 14:54:47.692255 13643 ts_tablet_manager.cc:1434] T 5795c46b1fb94c23b46d7bc11126d734 P d94752e665b0486e9a2aee84de319111: Time spent starting tablet: real 0.022s	user 0.009s	sys 0.000s
I20260709 14:54:47.693399 13643 tablet_bootstrap.cc:492] T 5f79ef5ef6974154bdedacefdefbb860 P d94752e665b0486e9a2aee84de319111: Bootstrap starting.
I20260709 14:54:47.693774 13644 tablet_bootstrap.cc:654] T af2f4b827ede457c9c1d437b30d6216f P 8983cdd84f7c4657897d6e22f7338f5f: Neither blocks nor log segments found. Creating new log.
I20260709 14:54:47.693684 13709 raft_consensus.cc:493] T 3d528ae207364ff2ad4a131d6d25b862 P d94752e665b0486e9a2aee84de319111 [term 0 FOLLOWER]: Starting pre-election (no leader contacted us within the election timeout)
I20260709 14:54:47.700244 13709 raft_consensus.cc:515] T 3d528ae207364ff2ad4a131d6d25b862 P d94752e665b0486e9a2aee84de319111 [term 0 FOLLOWER]: Starting pre-election with config: opid_index: -1 OBSOLETE_local: false peers { permanent_uuid: "d94752e665b0486e9a2aee84de319111" member_type: VOTER last_known_addr { host: "127.12.14.193" port: 36545 } } peers { permanent_uuid: "782f68f5e3164b8b9428c2337bd5f170" member_type: VOTER last_known_addr { host: "127.12.14.194" port: 45263 } } peers { permanent_uuid: "8983cdd84f7c4657897d6e22f7338f5f" member_type: VOTER last_known_addr { host: "127.12.14.195" port: 35469 } }
I20260709 14:54:47.690310 13528 raft_consensus.cc:2468] T af2f4b827ede457c9c1d437b30d6216f P 782f68f5e3164b8b9428c2337bd5f170 [term 1 FOLLOWER]: Leader election vote request: Granting yes vote for candidate d94752e665b0486e9a2aee84de319111 in term 1.
I20260709 14:54:47.703265 13709 leader_election.cc:290] T 3d528ae207364ff2ad4a131d6d25b862 P d94752e665b0486e9a2aee84de319111 [CANDIDATE]: Term 1 pre-election: Requested pre-vote from peers 782f68f5e3164b8b9428c2337bd5f170 (127.12.14.194:45263), 8983cdd84f7c4657897d6e22f7338f5f (127.12.14.195:35469)
I20260709 14:54:47.709772 13418 leader_election.cc:304] T af2f4b827ede457c9c1d437b30d6216f P d94752e665b0486e9a2aee84de319111 [CANDIDATE]: Term 1 election: Election decided. Result: candidate won. Election summary: received 3 responses out of 3 voters: 2 yes votes; 1 no votes. yes voters: 782f68f5e3164b8b9428c2337bd5f170, d94752e665b0486e9a2aee84de319111; no voters: 8983cdd84f7c4657897d6e22f7338f5f
I20260709 14:54:47.709625 13676 raft_consensus.cc:515] T 5dfdacdea72a4eac8ec0b32d42dda03e P 782f68f5e3164b8b9428c2337bd5f170 [term 1 FOLLOWER]: Starting leader election with config: opid_index: -1 OBSOLETE_local: false peers { permanent_uuid: "d94752e665b0486e9a2aee84de319111" member_type: VOTER last_known_addr { host: "127.12.14.193" port: 36545 } } peers { permanent_uuid: "782f68f5e3164b8b9428c2337bd5f170" member_type: VOTER last_known_addr { host: "127.12.14.194" port: 45263 } } peers { permanent_uuid: "8983cdd84f7c4657897d6e22f7338f5f" member_type: VOTER last_known_addr { host: "127.12.14.195" port: 35469 } }
I20260709 14:54:47.713907 13529 tablet_service.cc:1917] Received RequestConsensusVote() RPC: tablet_id: "3d528ae207364ff2ad4a131d6d25b862" candidate_uuid: "d94752e665b0486e9a2aee84de319111" candidate_term: 1 candidate_status { last_received { term: 0 index: 0 } } ignore_live_leader: false dest_uuid: "782f68f5e3164b8b9428c2337bd5f170" is_pre_election: true
I20260709 14:54:47.712419 13351 catalog_manager.cc:5697] T d41930b2df6e4ede8a8996805906aad6 P 782f68f5e3164b8b9428c2337bd5f170 reported cstate change: term changed from 0 to 1, leader changed from <none> to 782f68f5e3164b8b9428c2337bd5f170 (127.12.14.194). New cstate: current_term: 1 leader_uuid: "782f68f5e3164b8b9428c2337bd5f170" committed_config { opid_index: -1 OBSOLETE_local: false peers { permanent_uuid: "d94752e665b0486e9a2aee84de319111" member_type: VOTER last_known_addr { host: "127.12.14.193" port: 36545 } health_report { overall_health: UNKNOWN } } peers { permanent_uuid: "782f68f5e3164b8b9428c2337bd5f170" member_type: VOTER last_known_addr { host: "127.12.14.194" port: 45263 } health_report { overall_health: HEALTHY } } peers { permanent_uuid: "8983cdd84f7c4657897d6e22f7338f5f" member_type: VOTER last_known_addr { host: "127.12.14.195" port: 35469 } health_report { overall_health: UNKNOWN } } }
I20260709 14:54:47.712006 13709 raft_consensus.cc:2804] T af2f4b827ede457c9c1d437b30d6216f P d94752e665b0486e9a2aee84de319111 [term 1 FOLLOWER]: Leader election won for term 1
W20260709 14:54:47.717165 13418 leader_election.cc:343] T 3d528ae207364ff2ad4a131d6d25b862 P d94752e665b0486e9a2aee84de319111 [CANDIDATE]: Term 1 pre-election: Tablet error from VoteRequest() call to peer 782f68f5e3164b8b9428c2337bd5f170 (127.12.14.194:45263): Illegal state: must be running to vote when last-logged opid is not known
I20260709 14:54:47.717262 13709 raft_consensus.cc:697] T af2f4b827ede457c9c1d437b30d6216f P d94752e665b0486e9a2aee84de319111 [term 1 LEADER]: Becoming Leader. State: Replica: d94752e665b0486e9a2aee84de319111, State: Running, Role: LEADER
I20260709 14:54:47.717571 13454 tablet_service.cc:1917] Received RequestConsensusVote() RPC: tablet_id: "5dfdacdea72a4eac8ec0b32d42dda03e" candidate_uuid: "782f68f5e3164b8b9428c2337bd5f170" candidate_term: 1 candidate_status { last_received { term: 0 index: 0 } } ignore_live_leader: false dest_uuid: "d94752e665b0486e9a2aee84de319111"
I20260709 14:54:47.717204 13452 tablet_service.cc:1917] Received RequestConsensusVote() RPC: tablet_id: "6bcc6d484ee84a6db28f84ff004b95a5" candidate_uuid: "8983cdd84f7c4657897d6e22f7338f5f" candidate_term: 1 candidate_status { last_received { term: 0 index: 0 } } ignore_live_leader: false dest_uuid: "d94752e665b0486e9a2aee84de319111" is_pre_election: true
I20260709 14:54:47.719615 13452 raft_consensus.cc:2468] T 6bcc6d484ee84a6db28f84ff004b95a5 P d94752e665b0486e9a2aee84de319111 [term 0 FOLLOWER]: Leader pre-election vote request: Granting yes vote for candidate 8983cdd84f7c4657897d6e22f7338f5f in term 0.
I20260709 14:54:47.719795 13730 raft_consensus.cc:493] T 5f79ef5ef6974154bdedacefdefbb860 P 8983cdd84f7c4657897d6e22f7338f5f [term 0 FOLLOWER]: Starting pre-election (no leader contacted us within the election timeout)
I20260709 14:54:47.718500 13454 raft_consensus.cc:3060] T 5dfdacdea72a4eac8ec0b32d42dda03e P d94752e665b0486e9a2aee84de319111 [term 0 FOLLOWER]: Advancing to term 1
I20260709 14:54:47.720245 13730 raft_consensus.cc:515] T 5f79ef5ef6974154bdedacefdefbb860 P 8983cdd84f7c4657897d6e22f7338f5f [term 0 FOLLOWER]: Starting pre-election with config: opid_index: -1 OBSOLETE_local: false peers { permanent_uuid: "d94752e665b0486e9a2aee84de319111" member_type: VOTER last_known_addr { host: "127.12.14.193" port: 36545 } } peers { permanent_uuid: "782f68f5e3164b8b9428c2337bd5f170" member_type: VOTER last_known_addr { host: "127.12.14.194" port: 45263 } } peers { permanent_uuid: "8983cdd84f7c4657897d6e22f7338f5f" member_type: VOTER last_known_addr { host: "127.12.14.195" port: 35469 } }
I20260709 14:54:47.722437 13529 tablet_service.cc:1917] Received RequestConsensusVote() RPC: tablet_id: "6bcc6d484ee84a6db28f84ff004b95a5" candidate_uuid: "8983cdd84f7c4657897d6e22f7338f5f" candidate_term: 1 candidate_status { last_received { term: 0 index: 0 } } ignore_live_leader: false dest_uuid: "782f68f5e3164b8b9428c2337bd5f170" is_pre_election: true
I20260709 14:54:47.718587 13709 consensus_queue.cc:237] T af2f4b827ede457c9c1d437b30d6216f P d94752e665b0486e9a2aee84de319111 [LEADER]: Queue going to LEADER mode. State: All replicated index: 0, Majority replicated index: 0, Committed index: 0, Last appended: 0.0, Last appended by leader: 0, Current term: 1, Majority size: 2, State: 0, Mode: LEADER, active raft config: opid_index: -1 OBSOLETE_local: false peers { permanent_uuid: "d94752e665b0486e9a2aee84de319111" member_type: VOTER last_known_addr { host: "127.12.14.193" port: 36545 } } peers { permanent_uuid: "782f68f5e3164b8b9428c2337bd5f170" member_type: VOTER last_known_addr { host: "127.12.14.194" port: 45263 } } peers { permanent_uuid: "8983cdd84f7c4657897d6e22f7338f5f" member_type: VOTER last_known_addr { host: "127.12.14.195" port: 35469 } }
I20260709 14:54:47.728252 13647 tablet_bootstrap.cc:492] T 022cef85dbc84c6190a27ff058a710b8 P 782f68f5e3164b8b9428c2337bd5f170: No bootstrap required, opened a new log
W20260709 14:54:47.729784 13567 leader_election.cc:343] T 6bcc6d484ee84a6db28f84ff004b95a5 P 8983cdd84f7c4657897d6e22f7338f5f [CANDIDATE]: Term 1 pre-election: Tablet error from VoteRequest() call to peer 782f68f5e3164b8b9428c2337bd5f170 (127.12.14.194:45263): Illegal state: must be running to vote when last-logged opid is not known
I20260709 14:54:47.729832 13730 leader_election.cc:290] T 5f79ef5ef6974154bdedacefdefbb860 P 8983cdd84f7c4657897d6e22f7338f5f [CANDIDATE]: Term 1 pre-election: Requested pre-vote from peers d94752e665b0486e9a2aee84de319111 (127.12.14.193:36545), 782f68f5e3164b8b9428c2337bd5f170 (127.12.14.194:45263)
I20260709 14:54:47.731621 13452 tablet_service.cc:1917] Received RequestConsensusVote() RPC: tablet_id: "5f79ef5ef6974154bdedacefdefbb860" candidate_uuid: "8983cdd84f7c4657897d6e22f7338f5f" candidate_term: 1 candidate_status { last_received { term: 0 index: 0 } } ignore_live_leader: false dest_uuid: "d94752e665b0486e9a2aee84de319111" is_pre_election: true
I20260709 14:54:47.731745 13529 tablet_service.cc:1917] Received RequestConsensusVote() RPC: tablet_id: "5f79ef5ef6974154bdedacefdefbb860" candidate_uuid: "8983cdd84f7c4657897d6e22f7338f5f" candidate_term: 1 candidate_status { last_received { term: 0 index: 0 } } ignore_live_leader: false dest_uuid: "782f68f5e3164b8b9428c2337bd5f170" is_pre_election: true
I20260709 14:54:47.732940 13529 raft_consensus.cc:2468] T 5f79ef5ef6974154bdedacefdefbb860 P 782f68f5e3164b8b9428c2337bd5f170 [term 0 FOLLOWER]: Leader pre-election vote request: Granting yes vote for candidate 8983cdd84f7c4657897d6e22f7338f5f in term 0.
I20260709 14:54:47.732564 13350 catalog_manager.cc:5697] T 612a275b8ca7477c9bdf4a995d165036 P 8983cdd84f7c4657897d6e22f7338f5f reported cstate change: term changed from 0 to 1, leader changed from <none> to 8983cdd84f7c4657897d6e22f7338f5f (127.12.14.195). New cstate: current_term: 1 leader_uuid: "8983cdd84f7c4657897d6e22f7338f5f" committed_config { opid_index: -1 OBSOLETE_local: false peers { permanent_uuid: "d94752e665b0486e9a2aee84de319111" member_type: VOTER last_known_addr { host: "127.12.14.193" port: 36545 } health_report { overall_health: UNKNOWN } } peers { permanent_uuid: "782f68f5e3164b8b9428c2337bd5f170" member_type: VOTER last_known_addr { host: "127.12.14.194" port: 45263 } health_report { overall_health: UNKNOWN } } peers { permanent_uuid: "8983cdd84f7c4657897d6e22f7338f5f" member_type: VOTER last_known_addr { host: "127.12.14.195" port: 35469 } health_report { overall_health: HEALTHY } } }
I20260709 14:54:47.734943 13600 tablet_service.cc:1917] Received RequestConsensusVote() RPC: tablet_id: "5dfdacdea72a4eac8ec0b32d42dda03e" candidate_uuid: "782f68f5e3164b8b9428c2337bd5f170" candidate_term: 1 candidate_status { last_received { term: 0 index: 0 } } ignore_live_leader: false dest_uuid: "8983cdd84f7c4657897d6e22f7338f5f"
I20260709 14:54:47.734570 13350 catalog_manager.cc:5697] T 022cef85dbc84c6190a27ff058a710b8 P 8983cdd84f7c4657897d6e22f7338f5f reported cstate change: term changed from 0 to 1, leader changed from <none> to 8983cdd84f7c4657897d6e22f7338f5f (127.12.14.195). New cstate: current_term: 1 leader_uuid: "8983cdd84f7c4657897d6e22f7338f5f" committed_config { opid_index: -1 OBSOLETE_local: false peers { permanent_uuid: "d94752e665b0486e9a2aee84de319111" member_type: VOTER last_known_addr { host: "127.12.14.193" port: 36545 } health_report { overall_health: UNKNOWN } } peers { permanent_uuid: "782f68f5e3164b8b9428c2337bd5f170" member_type: VOTER last_known_addr { host: "127.12.14.194" port: 45263 } health_report { overall_health: UNKNOWN } } peers { permanent_uuid: "8983cdd84f7c4657897d6e22f7338f5f" member_type: VOTER last_known_addr { host: "127.12.14.195" port: 35469 } health_report { overall_health: HEALTHY } } }
I20260709 14:54:47.735513 13600 raft_consensus.cc:3060] T 5dfdacdea72a4eac8ec0b32d42dda03e P 8983cdd84f7c4657897d6e22f7338f5f [term 0 FOLLOWER]: Advancing to term 1
I20260709 14:54:47.736055 13647 ts_tablet_manager.cc:1403] T 022cef85dbc84c6190a27ff058a710b8 P 782f68f5e3164b8b9428c2337bd5f170: Time spent bootstrapping tablet: real 0.147s	user 0.010s	sys 0.005s
I20260709 14:54:47.735581 13454 raft_consensus.cc:2468] T 5dfdacdea72a4eac8ec0b32d42dda03e P d94752e665b0486e9a2aee84de319111 [term 1 FOLLOWER]: Leader election vote request: Granting yes vote for candidate 782f68f5e3164b8b9428c2337bd5f170 in term 1.
I20260709 14:54:47.736923 13567 leader_election.cc:304] T 6bcc6d484ee84a6db28f84ff004b95a5 P 8983cdd84f7c4657897d6e22f7338f5f [CANDIDATE]: Term 1 pre-election: Election decided. Result: candidate won. Election summary: received 3 responses out of 3 voters: 2 yes votes; 1 no votes. yes voters: 8983cdd84f7c4657897d6e22f7338f5f, d94752e665b0486e9a2aee84de319111; no voters: 782f68f5e3164b8b9428c2337bd5f170
W20260709 14:54:47.739471 13567 leader_election.cc:343] T 5f79ef5ef6974154bdedacefdefbb860 P 8983cdd84f7c4657897d6e22f7338f5f [CANDIDATE]: Term 1 pre-election: Tablet error from VoteRequest() call to peer d94752e665b0486e9a2aee84de319111 (127.12.14.193:36545): Illegal state: must be running to vote when last-logged opid is not known
I20260709 14:54:47.742600 13603 tablet_service.cc:1917] Received RequestConsensusVote() RPC: tablet_id: "3d528ae207364ff2ad4a131d6d25b862" candidate_uuid: "d94752e665b0486e9a2aee84de319111" candidate_term: 1 candidate_status { last_received { term: 0 index: 0 } } ignore_live_leader: false dest_uuid: "8983cdd84f7c4657897d6e22f7338f5f" is_pre_election: true
I20260709 14:54:47.743228 13603 raft_consensus.cc:2468] T 3d528ae207364ff2ad4a131d6d25b862 P 8983cdd84f7c4657897d6e22f7338f5f [term 0 FOLLOWER]: Leader pre-election vote request: Granting yes vote for candidate d94752e665b0486e9a2aee84de319111 in term 0.
I20260709 14:54:47.744648 13676 leader_election.cc:290] T 5dfdacdea72a4eac8ec0b32d42dda03e P 782f68f5e3164b8b9428c2337bd5f170 [CANDIDATE]: Term 1 election: Requested vote from peers d94752e665b0486e9a2aee84de319111 (127.12.14.193:36545), 8983cdd84f7c4657897d6e22f7338f5f (127.12.14.195:35469)
I20260709 14:54:47.746982 13493 leader_election.cc:304] T 5dfdacdea72a4eac8ec0b32d42dda03e P 782f68f5e3164b8b9428c2337bd5f170 [CANDIDATE]: Term 1 election: Election decided. Result: candidate won. Election summary: received 2 responses out of 3 voters: 2 yes votes; 0 no votes. yes voters: 782f68f5e3164b8b9428c2337bd5f170, d94752e665b0486e9a2aee84de319111; no voters: 
I20260709 14:54:47.747767 13676 raft_consensus.cc:2804] T 5dfdacdea72a4eac8ec0b32d42dda03e P 782f68f5e3164b8b9428c2337bd5f170 [term 1 FOLLOWER]: Leader election won for term 1
I20260709 14:54:47.748299 13643 tablet_bootstrap.cc:654] T 5f79ef5ef6974154bdedacefdefbb860 P d94752e665b0486e9a2aee84de319111: Neither blocks nor log segments found. Creating new log.
I20260709 14:54:47.750861 13567 leader_election.cc:304] T 5f79ef5ef6974154bdedacefdefbb860 P 8983cdd84f7c4657897d6e22f7338f5f [CANDIDATE]: Term 1 pre-election: Election decided. Result: candidate won. Election summary: received 3 responses out of 3 voters: 2 yes votes; 1 no votes. yes voters: 782f68f5e3164b8b9428c2337bd5f170, 8983cdd84f7c4657897d6e22f7338f5f; no voters: d94752e665b0486e9a2aee84de319111
I20260709 14:54:47.751765 13789 raft_consensus.cc:2804] T 5f79ef5ef6974154bdedacefdefbb860 P 8983cdd84f7c4657897d6e22f7338f5f [term 0 FOLLOWER]: Leader pre-election won for term 1
I20260709 14:54:47.752138 13789 raft_consensus.cc:493] T 5f79ef5ef6974154bdedacefdefbb860 P 8983cdd84f7c4657897d6e22f7338f5f [term 0 FOLLOWER]: Starting leader election (no leader contacted us within the election timeout)
I20260709 14:54:47.752458 13789 raft_consensus.cc:3060] T 5f79ef5ef6974154bdedacefdefbb860 P 8983cdd84f7c4657897d6e22f7338f5f [term 0 FOLLOWER]: Advancing to term 1
I20260709 14:54:47.752562 13710 consensus_queue.cc:1048] T db1ac22c4f374a31a8674fa7002bc2b1 P d94752e665b0486e9a2aee84de319111 [LEADER]: Connected to new peer: Peer: permanent_uuid: "782f68f5e3164b8b9428c2337bd5f170" member_type: VOTER last_known_addr { host: "127.12.14.194" port: 45263 }, Status: LMP_MISMATCH, Last received: 0.0, Next index: 1, Last known committed idx: 0, Time since last communication: 0.001s
I20260709 14:54:47.742027 13730 raft_consensus.cc:2804] T 6bcc6d484ee84a6db28f84ff004b95a5 P 8983cdd84f7c4657897d6e22f7338f5f [term 0 FOLLOWER]: Leader pre-election won for term 1
I20260709 14:54:47.757150 13647 raft_consensus.cc:359] T 022cef85dbc84c6190a27ff058a710b8 P 782f68f5e3164b8b9428c2337bd5f170 [term 0 FOLLOWER]: Replica starting. Triggering 0 pending ops. Active config: opid_index: -1 OBSOLETE_local: false peers { permanent_uuid: "d94752e665b0486e9a2aee84de319111" member_type: VOTER last_known_addr { host: "127.12.14.193" port: 36545 } } peers { permanent_uuid: "782f68f5e3164b8b9428c2337bd5f170" member_type: VOTER last_known_addr { host: "127.12.14.194" port: 45263 } } peers { permanent_uuid: "8983cdd84f7c4657897d6e22f7338f5f" member_type: VOTER last_known_addr { host: "127.12.14.195" port: 35469 } }
I20260709 14:54:47.758867 13647 raft_consensus.cc:385] T 022cef85dbc84c6190a27ff058a710b8 P 782f68f5e3164b8b9428c2337bd5f170 [term 0 FOLLOWER]: Consensus starting up: Expiring failure detector timer to make a prompt election more likely
I20260709 14:54:47.759262 13647 raft_consensus.cc:740] T 022cef85dbc84c6190a27ff058a710b8 P 782f68f5e3164b8b9428c2337bd5f170 [term 0 FOLLOWER]: Becoming Follower/Learner. State: Replica: 782f68f5e3164b8b9428c2337bd5f170, State: Initialized, Role: FOLLOWER
I20260709 14:54:47.748324 13676 raft_consensus.cc:697] T 5dfdacdea72a4eac8ec0b32d42dda03e P 782f68f5e3164b8b9428c2337bd5f170 [term 1 LEADER]: Becoming Leader. State: Replica: 782f68f5e3164b8b9428c2337bd5f170, State: Running, Role: LEADER
I20260709 14:54:47.756280 13669 raft_consensus.cc:493] T 5795c46b1fb94c23b46d7bc11126d734 P d94752e665b0486e9a2aee84de319111 [term 0 FOLLOWER]: Starting pre-election (no leader contacted us within the election timeout)
