I20260709 14:54:46.034511 16677 raft_consensus.cc:359] T c9c37b8aacab45bb87d54a92009a15b0 P 270e8be2bce04c1a82fe0fc4f929ac42 [term 0 FOLLOWER]: Replica starting. Triggering 0 pending ops. Active config: opid_index: -1 OBSOLETE_local: false peers { permanent_uuid: "270e8be2bce04c1a82fe0fc4f929ac42" member_type: VOTER last_known_addr { host: "127.14.249.129" port: 41807 } } peers { permanent_uuid: "d13cc66be9224d5d8168dcc25ae0f874" member_type: VOTER last_known_addr { host: "127.14.249.130" port: 45097 } } peers { permanent_uuid: "7a48edb23e064fdcbda2ce51914c6805" member_type: VOTER last_known_addr { host: "127.14.249.131" port: 34167 } }
I20260709 14:54:46.036218 16677 raft_consensus.cc:385] T c9c37b8aacab45bb87d54a92009a15b0 P 270e8be2bce04c1a82fe0fc4f929ac42 [term 0 FOLLOWER]: Consensus starting up: Expiring failure detector timer to make a prompt election more likely
I20260709 14:54:46.036490 16677 raft_consensus.cc:740] T c9c37b8aacab45bb87d54a92009a15b0 P 270e8be2bce04c1a82fe0fc4f929ac42 [term 0 FOLLOWER]: Becoming Follower/Learner. State: Replica: 270e8be2bce04c1a82fe0fc4f929ac42, State: Initialized, Role: FOLLOWER
I20260709 14:54:46.037086 16677 consensus_queue.cc:260] T c9c37b8aacab45bb87d54a92009a15b0 P 270e8be2bce04c1a82fe0fc4f929ac42 [NON_LEADER]: Queue going to NON_LEADER mode. State: All replicated index: 0, Majority replicated index: 0, Committed index: 0, Last appended: 0.0, Last appended by leader: 0, Current term: 0, Majority size: -1, State: 0, Mode: NON_LEADER, active raft config: opid_index: -1 OBSOLETE_local: false peers { permanent_uuid: "270e8be2bce04c1a82fe0fc4f929ac42" member_type: VOTER last_known_addr { host: "127.14.249.129" port: 41807 } } peers { permanent_uuid: "d13cc66be9224d5d8168dcc25ae0f874" member_type: VOTER last_known_addr { host: "127.14.249.130" port: 45097 } } peers { permanent_uuid: "7a48edb23e064fdcbda2ce51914c6805" member_type: VOTER last_known_addr { host: "127.14.249.131" port: 34167 } }
I20260709 14:54:46.038976 16677 ts_tablet_manager.cc:1434] T c9c37b8aacab45bb87d54a92009a15b0 P 270e8be2bce04c1a82fe0fc4f929ac42: Time spent starting tablet: real 0.007s	user 0.004s	sys 0.000s
I20260709 14:54:46.039938 16875 raft_consensus.cc:493] T f37886d1c2c54134892df542898aad71 P d13cc66be9224d5d8168dcc25ae0f874 [term 0 FOLLOWER]: Starting pre-election (no leader contacted us within the election timeout)
I20260709 14:54:46.040419 16875 raft_consensus.cc:515] T f37886d1c2c54134892df542898aad71 P d13cc66be9224d5d8168dcc25ae0f874 [term 0 FOLLOWER]: Starting pre-election with config: opid_index: -1 OBSOLETE_local: false peers { permanent_uuid: "270e8be2bce04c1a82fe0fc4f929ac42" member_type: VOTER last_known_addr { host: "127.14.249.129" port: 41807 } } peers { permanent_uuid: "d13cc66be9224d5d8168dcc25ae0f874" member_type: VOTER last_known_addr { host: "127.14.249.130" port: 45097 } } peers { permanent_uuid: "7a48edb23e064fdcbda2ce51914c6805" member_type: VOTER last_known_addr { host: "127.14.249.131" port: 34167 } }
I20260709 14:54:46.040836 16486 raft_consensus.cc:3060] T c9c37b8aacab45bb87d54a92009a15b0 P 270e8be2bce04c1a82fe0fc4f929ac42 [term 0 FOLLOWER]: Advancing to term 1
I20260709 14:54:46.042423 16875 leader_election.cc:290] T f37886d1c2c54134892df542898aad71 P d13cc66be9224d5d8168dcc25ae0f874 [CANDIDATE]: Term 1 pre-election: Requested pre-vote from peers 270e8be2bce04c1a82fe0fc4f929ac42 (127.14.249.129:41807), 7a48edb23e064fdcbda2ce51914c6805 (127.14.249.131:34167)
I20260709 14:54:46.042861 16676 tablet_bootstrap.cc:492] T d79753c1c6a6428c80d3313c28a6250c P 7a48edb23e064fdcbda2ce51914c6805: No bootstrap required, opened a new log
I20260709 14:54:46.043887 16487 tablet_service.cc:1917] Received RequestConsensusVote() RPC: tablet_id: "f37886d1c2c54134892df542898aad71" candidate_uuid: "d13cc66be9224d5d8168dcc25ae0f874" candidate_term: 1 candidate_status { last_received { term: 0 index: 0 } } ignore_live_leader: false dest_uuid: "270e8be2bce04c1a82fe0fc4f929ac42" is_pre_election: true
I20260709 14:54:46.044795 16677 tablet_bootstrap.cc:492] T d79753c1c6a6428c80d3313c28a6250c P 270e8be2bce04c1a82fe0fc4f929ac42: Bootstrap starting.
W20260709 14:54:46.048153 16526 leader_election.cc:343] T f37886d1c2c54134892df542898aad71 P d13cc66be9224d5d8168dcc25ae0f874 [CANDIDATE]: Term 1 pre-election: Tablet error from VoteRequest() call to peer 270e8be2bce04c1a82fe0fc4f929ac42 (127.14.249.129:41807): Illegal state: must be running to vote when last-logged opid is not known
I20260709 14:54:46.035845 16833 raft_consensus.cc:2749] T 62311333283b4623b9af1adc6b00a017 P d13cc66be9224d5d8168dcc25ae0f874 [term 0 FOLLOWER]: Leader pre-election lost for term 1. Reason: could not achieve majority
I20260709 14:54:46.050624 16677 tablet_bootstrap.cc:654] T d79753c1c6a6428c80d3313c28a6250c P 270e8be2bce04c1a82fe0fc4f929ac42: Neither blocks nor log segments found. Creating new log.
I20260709 14:54:46.052040 16635 tablet_service.cc:1917] Received RequestConsensusVote() RPC: tablet_id: "f37886d1c2c54134892df542898aad71" candidate_uuid: "d13cc66be9224d5d8168dcc25ae0f874" candidate_term: 1 candidate_status { last_received { term: 0 index: 0 } } ignore_live_leader: false dest_uuid: "7a48edb23e064fdcbda2ce51914c6805" is_pre_election: true
W20260709 14:54:46.055492 16528 leader_election.cc:343] T f37886d1c2c54134892df542898aad71 P d13cc66be9224d5d8168dcc25ae0f874 [CANDIDATE]: Term 1 pre-election: Tablet error from VoteRequest() call to peer 7a48edb23e064fdcbda2ce51914c6805 (127.14.249.131:34167): Illegal state: must be running to vote when last-logged opid is not known
I20260709 14:54:46.055745 16676 ts_tablet_manager.cc:1403] T d79753c1c6a6428c80d3313c28a6250c P 7a48edb23e064fdcbda2ce51914c6805: Time spent bootstrapping tablet: real 0.098s	user 0.037s	sys 0.039s
I20260709 14:54:46.055935 16528 leader_election.cc:304] T f37886d1c2c54134892df542898aad71 P d13cc66be9224d5d8168dcc25ae0f874 [CANDIDATE]: Term 1 pre-election: Election decided. Result: candidate lost. Election summary: received 3 responses out of 3 voters: 1 yes votes; 2 no votes. yes voters: d13cc66be9224d5d8168dcc25ae0f874; no voters: 270e8be2bce04c1a82fe0fc4f929ac42, 7a48edb23e064fdcbda2ce51914c6805
I20260709 14:54:46.058636 16696 consensus_queue.cc:1048] T c9c37b8aacab45bb87d54a92009a15b0 P 7a48edb23e064fdcbda2ce51914c6805 [LEADER]: Connected to new peer: Peer: permanent_uuid: "270e8be2bce04c1a82fe0fc4f929ac42" member_type: VOTER last_known_addr { host: "127.14.249.129" port: 41807 }, Status: LMP_MISMATCH, Last received: 0.0, Next index: 1, Last known committed idx: 0, Time since last communication: 0.000s
I20260709 14:54:46.058665 16676 raft_consensus.cc:359] T d79753c1c6a6428c80d3313c28a6250c P 7a48edb23e064fdcbda2ce51914c6805 [term 0 FOLLOWER]: Replica starting. Triggering 0 pending ops. Active config: opid_index: -1 OBSOLETE_local: false peers { permanent_uuid: "270e8be2bce04c1a82fe0fc4f929ac42" member_type: VOTER last_known_addr { host: "127.14.249.129" port: 41807 } } peers { permanent_uuid: "d13cc66be9224d5d8168dcc25ae0f874" member_type: VOTER last_known_addr { host: "127.14.249.130" port: 45097 } } peers { permanent_uuid: "7a48edb23e064fdcbda2ce51914c6805" member_type: VOTER last_known_addr { host: "127.14.249.131" port: 34167 } }
I20260709 14:54:46.059367 16676 raft_consensus.cc:385] T d79753c1c6a6428c80d3313c28a6250c P 7a48edb23e064fdcbda2ce51914c6805 [term 0 FOLLOWER]: Consensus starting up: Expiring failure detector timer to make a prompt election more likely
I20260709 14:54:46.059684 16676 raft_consensus.cc:740] T d79753c1c6a6428c80d3313c28a6250c P 7a48edb23e064fdcbda2ce51914c6805 [term 0 FOLLOWER]: Becoming Follower/Learner. State: Replica: 7a48edb23e064fdcbda2ce51914c6805, State: Initialized, Role: FOLLOWER
I20260709 14:54:46.062913 16833 raft_consensus.cc:2749] T f37886d1c2c54134892df542898aad71 P d13cc66be9224d5d8168dcc25ae0f874 [term 0 FOLLOWER]: Leader pre-election lost for term 1. Reason: could not achieve majority
I20260709 14:54:46.065613 16833 raft_consensus.cc:493] T c879ca835f65484d9ce574c083aebe14 P d13cc66be9224d5d8168dcc25ae0f874 [term 0 FOLLOWER]: Starting pre-election (no leader contacted us within the election timeout)
I20260709 14:54:46.066064 16833 raft_consensus.cc:515] T c879ca835f65484d9ce574c083aebe14 P d13cc66be9224d5d8168dcc25ae0f874 [term 0 FOLLOWER]: Starting pre-election with config: opid_index: -1 OBSOLETE_local: false peers { permanent_uuid: "270e8be2bce04c1a82fe0fc4f929ac42" member_type: VOTER last_known_addr { host: "127.14.249.129" port: 41807 } } peers { permanent_uuid: "d13cc66be9224d5d8168dcc25ae0f874" member_type: VOTER last_known_addr { host: "127.14.249.130" port: 45097 } } peers { permanent_uuid: "7a48edb23e064fdcbda2ce51914c6805" member_type: VOTER last_known_addr { host: "127.14.249.131" port: 34167 } }
I20260709 14:54:46.060273 16676 consensus_queue.cc:260] T d79753c1c6a6428c80d3313c28a6250c P 7a48edb23e064fdcbda2ce51914c6805 [NON_LEADER]: Queue going to NON_LEADER mode. State: All replicated index: 0, Majority replicated index: 0, Committed index: 0, Last appended: 0.0, Last appended by leader: 0, Current term: 0, Majority size: -1, State: 0, Mode: NON_LEADER, active raft config: opid_index: -1 OBSOLETE_local: false peers { permanent_uuid: "270e8be2bce04c1a82fe0fc4f929ac42" member_type: VOTER last_known_addr { host: "127.14.249.129" port: 41807 } } peers { permanent_uuid: "d13cc66be9224d5d8168dcc25ae0f874" member_type: VOTER last_known_addr { host: "127.14.249.130" port: 45097 } } peers { permanent_uuid: "7a48edb23e064fdcbda2ce51914c6805" member_type: VOTER last_known_addr { host: "127.14.249.131" port: 34167 } }
I20260709 14:54:46.068832 16833 leader_election.cc:290] T c879ca835f65484d9ce574c083aebe14 P d13cc66be9224d5d8168dcc25ae0f874 [CANDIDATE]: Term 1 pre-election: Requested pre-vote from peers 270e8be2bce04c1a82fe0fc4f929ac42 (127.14.249.129:41807), 7a48edb23e064fdcbda2ce51914c6805 (127.14.249.131:34167)
I20260709 14:54:46.069233 16676 ts_tablet_manager.cc:1434] T d79753c1c6a6428c80d3313c28a6250c P 7a48edb23e064fdcbda2ce51914c6805: Time spent starting tablet: real 0.013s	user 0.005s	sys 0.001s
I20260709 14:54:46.069551 16486 tablet_service.cc:1917] Received RequestConsensusVote() RPC: tablet_id: "c879ca835f65484d9ce574c083aebe14" candidate_uuid: "d13cc66be9224d5d8168dcc25ae0f874" candidate_term: 1 candidate_status { last_received { term: 0 index: 0 } } ignore_live_leader: false dest_uuid: "270e8be2bce04c1a82fe0fc4f929ac42" is_pre_election: true
I20260709 14:54:46.070147 16676 tablet_bootstrap.cc:492] T c879ca835f65484d9ce574c083aebe14 P 7a48edb23e064fdcbda2ce51914c6805: Bootstrap starting.
W20260709 14:54:46.070731 16526 leader_election.cc:343] T c879ca835f65484d9ce574c083aebe14 P d13cc66be9224d5d8168dcc25ae0f874 [CANDIDATE]: Term 1 pre-election: Tablet error from VoteRequest() call to peer 270e8be2bce04c1a82fe0fc4f929ac42 (127.14.249.129:41807): Illegal state: must be running to vote when last-logged opid is not known
I20260709 14:54:46.070984 16696 raft_consensus.cc:493] T 9c28517eb79d41afbea9e9cfd229423e P 7a48edb23e064fdcbda2ce51914c6805 [term 0 FOLLOWER]: Starting pre-election (no leader contacted us within the election timeout)
I20260709 14:54:46.071624 16696 raft_consensus.cc:515] T 9c28517eb79d41afbea9e9cfd229423e P 7a48edb23e064fdcbda2ce51914c6805 [term 0 FOLLOWER]: Starting pre-election with config: opid_index: -1 OBSOLETE_local: false peers { permanent_uuid: "270e8be2bce04c1a82fe0fc4f929ac42" member_type: VOTER last_known_addr { host: "127.14.249.129" port: 41807 } } peers { permanent_uuid: "d13cc66be9224d5d8168dcc25ae0f874" member_type: VOTER last_known_addr { host: "127.14.249.130" port: 45097 } } peers { permanent_uuid: "7a48edb23e064fdcbda2ce51914c6805" member_type: VOTER last_known_addr { host: "127.14.249.131" port: 34167 } }
I20260709 14:54:46.072685 16634 tablet_service.cc:1917] Received RequestConsensusVote() RPC: tablet_id: "c879ca835f65484d9ce574c083aebe14" candidate_uuid: "d13cc66be9224d5d8168dcc25ae0f874" candidate_term: 1 candidate_status { last_received { term: 0 index: 0 } } ignore_live_leader: false dest_uuid: "7a48edb23e064fdcbda2ce51914c6805" is_pre_election: true
I20260709 14:54:46.073787 16696 leader_election.cc:290] T 9c28517eb79d41afbea9e9cfd229423e P 7a48edb23e064fdcbda2ce51914c6805 [CANDIDATE]: Term 1 pre-election: Requested pre-vote from peers 270e8be2bce04c1a82fe0fc4f929ac42 (127.14.249.129:41807), d13cc66be9224d5d8168dcc25ae0f874 (127.14.249.130:45097)
I20260709 14:54:46.075045 16486 tablet_service.cc:1917] Received RequestConsensusVote() RPC: tablet_id: "9c28517eb79d41afbea9e9cfd229423e" candidate_uuid: "7a48edb23e064fdcbda2ce51914c6805" candidate_term: 1 candidate_status { last_received { term: 0 index: 0 } } ignore_live_leader: false dest_uuid: "270e8be2bce04c1a82fe0fc4f929ac42" is_pre_election: true
W20260709 14:54:46.076134 16600 leader_election.cc:343] T 9c28517eb79d41afbea9e9cfd229423e P 7a48edb23e064fdcbda2ce51914c6805 [CANDIDATE]: Term 1 pre-election: Tablet error from VoteRequest() call to peer 270e8be2bce04c1a82fe0fc4f929ac42 (127.14.249.129:41807): Illegal state: must be running to vote when last-logged opid is not known
I20260709 14:54:46.077384 16562 tablet_service.cc:1917] Received RequestConsensusVote() RPC: tablet_id: "9c28517eb79d41afbea9e9cfd229423e" candidate_uuid: "7a48edb23e064fdcbda2ce51914c6805" candidate_term: 1 candidate_status { last_received { term: 0 index: 0 } } ignore_live_leader: false dest_uuid: "d13cc66be9224d5d8168dcc25ae0f874" is_pre_election: true
I20260709 14:54:46.078014 16562 raft_consensus.cc:2468] T 9c28517eb79d41afbea9e9cfd229423e P d13cc66be9224d5d8168dcc25ae0f874 [term 0 FOLLOWER]: Leader pre-election vote request: Granting yes vote for candidate 7a48edb23e064fdcbda2ce51914c6805 in term 0.
W20260709 14:54:46.079468 16528 leader_election.cc:343] T c879ca835f65484d9ce574c083aebe14 P d13cc66be9224d5d8168dcc25ae0f874 [CANDIDATE]: Term 1 pre-election: Tablet error from VoteRequest() call to peer 7a48edb23e064fdcbda2ce51914c6805 (127.14.249.131:34167): Illegal state: must be running to vote when last-logged opid is not known
I20260709 14:54:46.080499 16528 leader_election.cc:304] T c879ca835f65484d9ce574c083aebe14 P d13cc66be9224d5d8168dcc25ae0f874 [CANDIDATE]: Term 1 pre-election: Election decided. Result: candidate lost. Election summary: received 3 responses out of 3 voters: 1 yes votes; 2 no votes. yes voters: d13cc66be9224d5d8168dcc25ae0f874; no voters: 270e8be2bce04c1a82fe0fc4f929ac42, 7a48edb23e064fdcbda2ce51914c6805
I20260709 14:54:46.087898 16676 tablet_bootstrap.cc:654] T c879ca835f65484d9ce574c083aebe14 P 7a48edb23e064fdcbda2ce51914c6805: Neither blocks nor log segments found. Creating new log.
I20260709 14:54:46.088227 16833 raft_consensus.cc:2749] T c879ca835f65484d9ce574c083aebe14 P d13cc66be9224d5d8168dcc25ae0f874 [term 0 FOLLOWER]: Leader pre-election lost for term 1. Reason: could not achieve majority
I20260709 14:54:46.090689 16600 leader_election.cc:304] T 9c28517eb79d41afbea9e9cfd229423e P 7a48edb23e064fdcbda2ce51914c6805 [CANDIDATE]: Term 1 pre-election: Election decided. Result: candidate won. Election summary: received 3 responses out of 3 voters: 2 yes votes; 1 no votes. yes voters: 7a48edb23e064fdcbda2ce51914c6805, d13cc66be9224d5d8168dcc25ae0f874; no voters: 270e8be2bce04c1a82fe0fc4f929ac42
I20260709 14:54:46.091128 16678 tablet_bootstrap.cc:492] T 0ce0b7d303c7450e9161ff85c7394fab P d13cc66be9224d5d8168dcc25ae0f874: No bootstrap required, opened a new log
I20260709 14:54:46.091562 16678 ts_tablet_manager.cc:1403] T 0ce0b7d303c7450e9161ff85c7394fab P d13cc66be9224d5d8168dcc25ae0f874: Time spent bootstrapping tablet: real 0.077s	user 0.018s	sys 0.019s
I20260709 14:54:46.091938 16696 raft_consensus.cc:2804] T 9c28517eb79d41afbea9e9cfd229423e P 7a48edb23e064fdcbda2ce51914c6805 [term 0 FOLLOWER]: Leader pre-election won for term 1
I20260709 14:54:46.092370 16696 raft_consensus.cc:493] T 9c28517eb79d41afbea9e9cfd229423e P 7a48edb23e064fdcbda2ce51914c6805 [term 0 FOLLOWER]: Starting leader election (no leader contacted us within the election timeout)
I20260709 14:54:46.092751 16696 raft_consensus.cc:3060] T 9c28517eb79d41afbea9e9cfd229423e P 7a48edb23e064fdcbda2ce51914c6805 [term 0 FOLLOWER]: Advancing to term 1
I20260709 14:54:46.094339 16678 raft_consensus.cc:359] T 0ce0b7d303c7450e9161ff85c7394fab P d13cc66be9224d5d8168dcc25ae0f874 [term 0 FOLLOWER]: Replica starting. Triggering 0 pending ops. Active config: opid_index: -1 OBSOLETE_local: false peers { permanent_uuid: "270e8be2bce04c1a82fe0fc4f929ac42" member_type: VOTER last_known_addr { host: "127.14.249.129" port: 41807 } } peers { permanent_uuid: "d13cc66be9224d5d8168dcc25ae0f874" member_type: VOTER last_known_addr { host: "127.14.249.130" port: 45097 } } peers { permanent_uuid: "7a48edb23e064fdcbda2ce51914c6805" member_type: VOTER last_known_addr { host: "127.14.249.131" port: 34167 } }
I20260709 14:54:46.094987 16678 raft_consensus.cc:385] T 0ce0b7d303c7450e9161ff85c7394fab P d13cc66be9224d5d8168dcc25ae0f874 [term 0 FOLLOWER]: Consensus starting up: Expiring failure detector timer to make a prompt election more likely
I20260709 14:54:46.095240 16678 raft_consensus.cc:740] T 0ce0b7d303c7450e9161ff85c7394fab P d13cc66be9224d5d8168dcc25ae0f874 [term 0 FOLLOWER]: Becoming Follower/Learner. State: Replica: d13cc66be9224d5d8168dcc25ae0f874, State: Initialized, Role: FOLLOWER
I20260709 14:54:46.095849 16678 consensus_queue.cc:260] T 0ce0b7d303c7450e9161ff85c7394fab P d13cc66be9224d5d8168dcc25ae0f874 [NON_LEADER]: Queue going to NON_LEADER mode. State: All replicated index: 0, Majority replicated index: 0, Committed index: 0, Last appended: 0.0, Last appended by leader: 0, Current term: 0, Majority size: -1, State: 0, Mode: NON_LEADER, active raft config: opid_index: -1 OBSOLETE_local: false peers { permanent_uuid: "270e8be2bce04c1a82fe0fc4f929ac42" member_type: VOTER last_known_addr { host: "127.14.249.129" port: 41807 } } peers { permanent_uuid: "d13cc66be9224d5d8168dcc25ae0f874" member_type: VOTER last_known_addr { host: "127.14.249.130" port: 45097 } } peers { permanent_uuid: "7a48edb23e064fdcbda2ce51914c6805" member_type: VOTER last_known_addr { host: "127.14.249.131" port: 34167 } }
I20260709 14:54:46.097736 16678 ts_tablet_manager.cc:1434] T 0ce0b7d303c7450e9161ff85c7394fab P d13cc66be9224d5d8168dcc25ae0f874: Time spent starting tablet: real 0.006s	user 0.003s	sys 0.001s
I20260709 14:54:46.098618 16678 tablet_bootstrap.cc:492] T 916e6c44da504c9da38533dd660875a5 P d13cc66be9224d5d8168dcc25ae0f874: Bootstrap starting.
I20260709 14:54:46.099287 16676 tablet_bootstrap.cc:492] T c879ca835f65484d9ce574c083aebe14 P 7a48edb23e064fdcbda2ce51914c6805: No bootstrap required, opened a new log
I20260709 14:54:46.099757 16676 ts_tablet_manager.cc:1403] T c879ca835f65484d9ce574c083aebe14 P 7a48edb23e064fdcbda2ce51914c6805: Time spent bootstrapping tablet: real 0.030s	user 0.016s	sys 0.000s
I20260709 14:54:46.103186 16676 raft_consensus.cc:359] T c879ca835f65484d9ce574c083aebe14 P 7a48edb23e064fdcbda2ce51914c6805 [term 0 FOLLOWER]: Replica starting. Triggering 0 pending ops. Active config: opid_index: -1 OBSOLETE_local: false peers { permanent_uuid: "270e8be2bce04c1a82fe0fc4f929ac42" member_type: VOTER last_known_addr { host: "127.14.249.129" port: 41807 } } peers { permanent_uuid: "d13cc66be9224d5d8168dcc25ae0f874" member_type: VOTER last_known_addr { host: "127.14.249.130" port: 45097 } } peers { permanent_uuid: "7a48edb23e064fdcbda2ce51914c6805" member_type: VOTER last_known_addr { host: "127.14.249.131" port: 34167 } }
I20260709 14:54:46.103823 16676 raft_consensus.cc:385] T c879ca835f65484d9ce574c083aebe14 P 7a48edb23e064fdcbda2ce51914c6805 [term 0 FOLLOWER]: Consensus starting up: Expiring failure detector timer to make a prompt election more likely
I20260709 14:54:46.104070 16676 raft_consensus.cc:740] T c879ca835f65484d9ce574c083aebe14 P 7a48edb23e064fdcbda2ce51914c6805 [term 0 FOLLOWER]: Becoming Follower/Learner. State: Replica: 7a48edb23e064fdcbda2ce51914c6805, State: Initialized, Role: FOLLOWER
I20260709 14:54:46.105096 16676 consensus_queue.cc:260] T c879ca835f65484d9ce574c083aebe14 P 7a48edb23e064fdcbda2ce51914c6805 [NON_LEADER]: Queue going to NON_LEADER mode. State: All replicated index: 0, Majority replicated index: 0, Committed index: 0, Last appended: 0.0, Last appended by leader: 0, Current term: 0, Majority size: -1, State: 0, Mode: NON_LEADER, active raft config: opid_index: -1 OBSOLETE_local: false peers { permanent_uuid: "270e8be2bce04c1a82fe0fc4f929ac42" member_type: VOTER last_known_addr { host: "127.14.249.129" port: 41807 } } peers { permanent_uuid: "d13cc66be9224d5d8168dcc25ae0f874" member_type: VOTER last_known_addr { host: "127.14.249.130" port: 45097 } } peers { permanent_uuid: "7a48edb23e064fdcbda2ce51914c6805" member_type: VOTER last_known_addr { host: "127.14.249.131" port: 34167 } }
I20260709 14:54:46.107810 16678 tablet_bootstrap.cc:654] T 916e6c44da504c9da38533dd660875a5 P d13cc66be9224d5d8168dcc25ae0f874: Neither blocks nor log segments found. Creating new log.
I20260709 14:54:46.108217 16676 ts_tablet_manager.cc:1434] T c879ca835f65484d9ce574c083aebe14 P 7a48edb23e064fdcbda2ce51914c6805: Time spent starting tablet: real 0.007s	user 0.005s	sys 0.000s
I20260709 14:54:46.110430 16676 tablet_bootstrap.cc:492] T 0758150862e64b8890191bb594258319 P 7a48edb23e064fdcbda2ce51914c6805: Bootstrap starting.
I20260709 14:54:46.113170 16899 raft_consensus.cc:493] T 666485b600ca467989550d237a2d1740 P 270e8be2bce04c1a82fe0fc4f929ac42 [term 0 FOLLOWER]: Starting pre-election (no leader contacted us within the election timeout)
I20260709 14:54:46.113658 16899 raft_consensus.cc:515] T 666485b600ca467989550d237a2d1740 P 270e8be2bce04c1a82fe0fc4f929ac42 [term 0 FOLLOWER]: Starting pre-election with config: opid_index: -1 OBSOLETE_local: false peers { permanent_uuid: "270e8be2bce04c1a82fe0fc4f929ac42" member_type: VOTER last_known_addr { host: "127.14.249.129" port: 41807 } } peers { permanent_uuid: "d13cc66be9224d5d8168dcc25ae0f874" member_type: VOTER last_known_addr { host: "127.14.249.130" port: 45097 } } peers { permanent_uuid: "7a48edb23e064fdcbda2ce51914c6805" member_type: VOTER last_known_addr { host: "127.14.249.131" port: 34167 } }
I20260709 14:54:46.115641 16676 tablet_bootstrap.cc:654] T 0758150862e64b8890191bb594258319 P 7a48edb23e064fdcbda2ce51914c6805: Neither blocks nor log segments found. Creating new log.
I20260709 14:54:46.116849 16562 tablet_service.cc:1917] Received RequestConsensusVote() RPC: tablet_id: "666485b600ca467989550d237a2d1740" candidate_uuid: "270e8be2bce04c1a82fe0fc4f929ac42" candidate_term: 1 candidate_status { last_received { term: 0 index: 0 } } ignore_live_leader: false dest_uuid: "d13cc66be9224d5d8168dcc25ae0f874" is_pre_election: true
I20260709 14:54:46.117481 16562 raft_consensus.cc:2468] T 666485b600ca467989550d237a2d1740 P d13cc66be9224d5d8168dcc25ae0f874 [term 0 FOLLOWER]: Leader pre-election vote request: Granting yes vote for candidate 270e8be2bce04c1a82fe0fc4f929ac42 in term 0.
I20260709 14:54:46.118665 16451 leader_election.cc:304] T 666485b600ca467989550d237a2d1740 P 270e8be2bce04c1a82fe0fc4f929ac42 [CANDIDATE]: Term 1 pre-election: Election decided. Result: candidate won. Election summary: received 2 responses out of 3 voters: 2 yes votes; 0 no votes. yes voters: 270e8be2bce04c1a82fe0fc4f929ac42, d13cc66be9224d5d8168dcc25ae0f874; no voters: 
I20260709 14:54:46.119465 16756 raft_consensus.cc:2804] T 666485b600ca467989550d237a2d1740 P 270e8be2bce04c1a82fe0fc4f929ac42 [term 0 FOLLOWER]: Leader pre-election won for term 1
I20260709 14:54:46.119853 16756 raft_consensus.cc:493] T 666485b600ca467989550d237a2d1740 P 270e8be2bce04c1a82fe0fc4f929ac42 [term 0 FOLLOWER]: Starting leader election (no leader contacted us within the election timeout)
I20260709 14:54:46.120160 16756 raft_consensus.cc:3060] T 666485b600ca467989550d237a2d1740 P 270e8be2bce04c1a82fe0fc4f929ac42 [term 0 FOLLOWER]: Advancing to term 1
I20260709 14:54:46.123157 16721 consensus_queue.cc:1048] T c8897588489d4f2c8d1f125aafce13c9 P 7a48edb23e064fdcbda2ce51914c6805 [LEADER]: Connected to new peer: Peer: permanent_uuid: "d13cc66be9224d5d8168dcc25ae0f874" member_type: VOTER last_known_addr { host: "127.14.249.130" port: 45097 }, Status: LMP_MISMATCH, Last received: 0.0, Next index: 1, Last known committed idx: 0, Time since last communication: 0.000s
I20260709 14:54:46.124920 16899 leader_election.cc:290] T 666485b600ca467989550d237a2d1740 P 270e8be2bce04c1a82fe0fc4f929ac42 [CANDIDATE]: Term 1 pre-election: Requested pre-vote from peers d13cc66be9224d5d8168dcc25ae0f874 (127.14.249.130:45097), 7a48edb23e064fdcbda2ce51914c6805 (127.14.249.131:34167)
I20260709 14:54:46.125146 16678 tablet_bootstrap.cc:492] T 916e6c44da504c9da38533dd660875a5 P d13cc66be9224d5d8168dcc25ae0f874: No bootstrap required, opened a new log
I20260709 14:54:46.125995 16696 raft_consensus.cc:515] T 9c28517eb79d41afbea9e9cfd229423e P 7a48edb23e064fdcbda2ce51914c6805 [term 1 FOLLOWER]: Starting leader election with config: opid_index: -1 OBSOLETE_local: false peers { permanent_uuid: "270e8be2bce04c1a82fe0fc4f929ac42" member_type: VOTER last_known_addr { host: "127.14.249.129" port: 41807 } } peers { permanent_uuid: "d13cc66be9224d5d8168dcc25ae0f874" member_type: VOTER last_known_addr { host: "127.14.249.130" port: 45097 } } peers { permanent_uuid: "7a48edb23e064fdcbda2ce51914c6805" member_type: VOTER last_known_addr { host: "127.14.249.131" port: 34167 } }
I20260709 14:54:46.126425 16634 tablet_service.cc:1917] Received RequestConsensusVote() RPC: tablet_id: "666485b600ca467989550d237a2d1740" candidate_uuid: "270e8be2bce04c1a82fe0fc4f929ac42" candidate_term: 1 candidate_status { last_received { term: 0 index: 0 } } ignore_live_leader: false dest_uuid: "7a48edb23e064fdcbda2ce51914c6805" is_pre_election: true
I20260709 14:54:46.125559 16678 ts_tablet_manager.cc:1403] T 916e6c44da504c9da38533dd660875a5 P d13cc66be9224d5d8168dcc25ae0f874: Time spent bootstrapping tablet: real 0.027s	user 0.005s	sys 0.005s
I20260709 14:54:46.127722 16676 tablet_bootstrap.cc:492] T 0758150862e64b8890191bb594258319 P 7a48edb23e064fdcbda2ce51914c6805: No bootstrap required, opened a new log
I20260709 14:54:46.130122 16634 raft_consensus.cc:2468] T 666485b600ca467989550d237a2d1740 P 7a48edb23e064fdcbda2ce51914c6805 [term 0 FOLLOWER]: Leader pre-election vote request: Granting yes vote for candidate 270e8be2bce04c1a82fe0fc4f929ac42 in term 0.
I20260709 14:54:46.128991 16899 raft_consensus.cc:493] T c8897588489d4f2c8d1f125aafce13c9 P 270e8be2bce04c1a82fe0fc4f929ac42 [term 0 FOLLOWER]: Starting pre-election (no leader contacted us within the election timeout)
I20260709 14:54:46.131044 16899 raft_consensus.cc:515] T c8897588489d4f2c8d1f125aafce13c9 P 270e8be2bce04c1a82fe0fc4f929ac42 [term 0 FOLLOWER]: Starting pre-election with config: opid_index: -1 OBSOLETE_local: false peers { permanent_uuid: "270e8be2bce04c1a82fe0fc4f929ac42" member_type: VOTER last_known_addr { host: "127.14.249.129" port: 41807 } } peers { permanent_uuid: "d13cc66be9224d5d8168dcc25ae0f874" member_type: VOTER last_known_addr { host: "127.14.249.130" port: 45097 } } peers { permanent_uuid: "7a48edb23e064fdcbda2ce51914c6805" member_type: VOTER last_known_addr { host: "127.14.249.131" port: 34167 } }
I20260709 14:54:46.132670 16678 raft_consensus.cc:359] T 916e6c44da504c9da38533dd660875a5 P d13cc66be9224d5d8168dcc25ae0f874 [term 0 FOLLOWER]: Replica starting. Triggering 0 pending ops. Active config: opid_index: -1 OBSOLETE_local: false peers { permanent_uuid: "270e8be2bce04c1a82fe0fc4f929ac42" member_type: VOTER last_known_addr { host: "127.14.249.129" port: 41807 } } peers { permanent_uuid: "d13cc66be9224d5d8168dcc25ae0f874" member_type: VOTER last_known_addr { host: "127.14.249.130" port: 45097 } } peers { permanent_uuid: "7a48edb23e064fdcbda2ce51914c6805" member_type: VOTER last_known_addr { host: "127.14.249.131" port: 34167 } }
I20260709 14:54:46.133104 16899 leader_election.cc:290] T c8897588489d4f2c8d1f125aafce13c9 P 270e8be2bce04c1a82fe0fc4f929ac42 [CANDIDATE]: Term 1 pre-election: Requested pre-vote from peers d13cc66be9224d5d8168dcc25ae0f874 (127.14.249.130:45097), 7a48edb23e064fdcbda2ce51914c6805 (127.14.249.131:34167)
I20260709 14:54:46.130251 16676 ts_tablet_manager.cc:1403] T 0758150862e64b8890191bb594258319 P 7a48edb23e064fdcbda2ce51914c6805: Time spent bootstrapping tablet: real 0.020s	user 0.015s	sys 0.000s
I20260709 14:54:46.133746 16560 tablet_service.cc:1917] Received RequestConsensusVote() RPC: tablet_id: "c8897588489d4f2c8d1f125aafce13c9" candidate_uuid: "270e8be2bce04c1a82fe0fc4f929ac42" candidate_term: 1 candidate_status { last_received { term: 0 index: 0 } } ignore_live_leader: false dest_uuid: "d13cc66be9224d5d8168dcc25ae0f874" is_pre_election: true
I20260709 14:54:46.133279 16678 raft_consensus.cc:385] T 916e6c44da504c9da38533dd660875a5 P d13cc66be9224d5d8168dcc25ae0f874 [term 0 FOLLOWER]: Consensus starting up: Expiring failure detector timer to make a prompt election more likely
I20260709 14:54:46.134413 16678 raft_consensus.cc:740] T 916e6c44da504c9da38533dd660875a5 P d13cc66be9224d5d8168dcc25ae0f874 [term 0 FOLLOWER]: Becoming Follower/Learner. State: Replica: d13cc66be9224d5d8168dcc25ae0f874, State: Initialized, Role: FOLLOWER
I20260709 14:54:46.134449 16560 raft_consensus.cc:2393] T c8897588489d4f2c8d1f125aafce13c9 P d13cc66be9224d5d8168dcc25ae0f874 [term 1 FOLLOWER]: Leader pre-election vote request: Denying vote to candidate 270e8be2bce04c1a82fe0fc4f929ac42 in current term 1: Already voted for candidate 7a48edb23e064fdcbda2ce51914c6805 in this term.
I20260709 14:54:46.134574 16756 raft_consensus.cc:515] T 666485b600ca467989550d237a2d1740 P 270e8be2bce04c1a82fe0fc4f929ac42 [term 1 FOLLOWER]: Starting leader election with config: opid_index: -1 OBSOLETE_local: false peers { permanent_uuid: "270e8be2bce04c1a82fe0fc4f929ac42" member_type: VOTER last_known_addr { host: "127.14.249.129" port: 41807 } } peers { permanent_uuid: "d13cc66be9224d5d8168dcc25ae0f874" member_type: VOTER last_known_addr { host: "127.14.249.130" port: 45097 } } peers { permanent_uuid: "7a48edb23e064fdcbda2ce51914c6805" member_type: VOTER last_known_addr { host: "127.14.249.131" port: 34167 } }
I20260709 14:54:46.135115 16678 consensus_queue.cc:260] T 916e6c44da504c9da38533dd660875a5 P d13cc66be9224d5d8168dcc25ae0f874 [NON_LEADER]: Queue going to NON_LEADER mode. State: All replicated index: 0, Majority replicated index: 0, Committed index: 0, Last appended: 0.0, Last appended by leader: 0, Current term: 0, Majority size: -1, State: 0, Mode: NON_LEADER, active raft config: opid_index: -1 OBSOLETE_local: false peers { permanent_uuid: "270e8be2bce04c1a82fe0fc4f929ac42" member_type: VOTER last_known_addr { host: "127.14.249.129" port: 41807 } } peers { permanent_uuid: "d13cc66be9224d5d8168dcc25ae0f874" member_type: VOTER last_known_addr { host: "127.14.249.130" port: 45097 } } peers { permanent_uuid: "7a48edb23e064fdcbda2ce51914c6805" member_type: VOTER last_known_addr { host: "127.14.249.131" port: 34167 } }
I20260709 14:54:46.136006 16676 raft_consensus.cc:359] T 0758150862e64b8890191bb594258319 P 7a48edb23e064fdcbda2ce51914c6805 [term 0 FOLLOWER]: Replica starting. Triggering 0 pending ops. Active config: opid_index: -1 OBSOLETE_local: false peers { permanent_uuid: "270e8be2bce04c1a82fe0fc4f929ac42" member_type: VOTER last_known_addr { host: "127.14.249.129" port: 41807 } } peers { permanent_uuid: "d13cc66be9224d5d8168dcc25ae0f874" member_type: VOTER last_known_addr { host: "127.14.249.130" port: 45097 } } peers { permanent_uuid: "7a48edb23e064fdcbda2ce51914c6805" member_type: VOTER last_known_addr { host: "127.14.249.131" port: 34167 } }
I20260709 14:54:46.136473 16634 tablet_service.cc:1917] Received RequestConsensusVote() RPC: tablet_id: "c8897588489d4f2c8d1f125aafce13c9" candidate_uuid: "270e8be2bce04c1a82fe0fc4f929ac42" candidate_term: 1 candidate_status { last_received { term: 0 index: 0 } } ignore_live_leader: false dest_uuid: "7a48edb23e064fdcbda2ce51914c6805" is_pre_election: true
I20260709 14:54:46.137049 16678 ts_tablet_manager.cc:1434] T 916e6c44da504c9da38533dd660875a5 P d13cc66be9224d5d8168dcc25ae0f874: Time spent starting tablet: real 0.007s	user 0.004s	sys 0.000s
I20260709 14:54:46.137943 16678 tablet_bootstrap.cc:492] T 8b591a04ae34487da2c0f493def25031 P d13cc66be9224d5d8168dcc25ae0f874: Bootstrap starting.
I20260709 14:54:46.136633 16676 raft_consensus.cc:385] T 0758150862e64b8890191bb594258319 P 7a48edb23e064fdcbda2ce51914c6805 [term 0 FOLLOWER]: Consensus starting up: Expiring failure detector timer to make a prompt election more likely
I20260709 14:54:46.139931 16451 leader_election.cc:304] T c8897588489d4f2c8d1f125aafce13c9 P 270e8be2bce04c1a82fe0fc4f929ac42 [CANDIDATE]: Term 1 pre-election: Election decided. Result: candidate lost. Election summary: received 3 responses out of 3 voters: 1 yes votes; 2 no votes. yes voters: 270e8be2bce04c1a82fe0fc4f929ac42; no voters: 7a48edb23e064fdcbda2ce51914c6805, d13cc66be9224d5d8168dcc25ae0f874
I20260709 14:54:46.144353 16899 raft_consensus.cc:3060] T c8897588489d4f2c8d1f125aafce13c9 P 270e8be2bce04c1a82fe0fc4f929ac42 [term 0 FOLLOWER]: Advancing to term 1
I20260709 14:54:46.139664 16487 tablet_service.cc:1917] Received RequestConsensusVote() RPC: tablet_id: "9c28517eb79d41afbea9e9cfd229423e" candidate_uuid: "7a48edb23e064fdcbda2ce51914c6805" candidate_term: 1 candidate_status { last_received { term: 0 index: 0 } } ignore_live_leader: false dest_uuid: "270e8be2bce04c1a82fe0fc4f929ac42"
I20260709 14:54:46.141496 16634 tablet_service.cc:1917] Received RequestConsensusVote() RPC: tablet_id: "666485b600ca467989550d237a2d1740" candidate_uuid: "270e8be2bce04c1a82fe0fc4f929ac42" candidate_term: 1 candidate_status { last_received { term: 0 index: 0 } } ignore_live_leader: false dest_uuid: "7a48edb23e064fdcbda2ce51914c6805"
I20260709 14:54:46.145655 16560 tablet_service.cc:1917] Received RequestConsensusVote() RPC: tablet_id: "666485b600ca467989550d237a2d1740" candidate_uuid: "270e8be2bce04c1a82fe0fc4f929ac42" candidate_term: 1 candidate_status { last_received { term: 0 index: 0 } } ignore_live_leader: false dest_uuid: "d13cc66be9224d5d8168dcc25ae0f874"
I20260709 14:54:46.146081 16634 raft_consensus.cc:3060] T 666485b600ca467989550d237a2d1740 P 7a48edb23e064fdcbda2ce51914c6805 [term 0 FOLLOWER]: Advancing to term 1
I20260709 14:54:46.146212 16560 raft_consensus.cc:3060] T 666485b600ca467989550d237a2d1740 P d13cc66be9224d5d8168dcc25ae0f874 [term 0 FOLLOWER]: Advancing to term 1
W20260709 14:54:46.150439 16600 leader_election.cc:343] T 9c28517eb79d41afbea9e9cfd229423e P 7a48edb23e064fdcbda2ce51914c6805 [CANDIDATE]: Term 1 election: Tablet error from VoteRequest() call to peer 270e8be2bce04c1a82fe0fc4f929ac42 (127.14.249.129:41807): Illegal state: must be running to vote when last-logged opid is not known
I20260709 14:54:46.140102 16676 raft_consensus.cc:740] T 0758150862e64b8890191bb594258319 P 7a48edb23e064fdcbda2ce51914c6805 [term 0 FOLLOWER]: Becoming Follower/Learner. State: Replica: 7a48edb23e064fdcbda2ce51914c6805, State: Initialized, Role: FOLLOWER
I20260709 14:54:46.151953 16828 consensus_queue.cc:1048] T 36f94a5711cd44b49638ec79d8c02afe P d13cc66be9224d5d8168dcc25ae0f874 [LEADER]: Connected to new peer: Peer: permanent_uuid: "7a48edb23e064fdcbda2ce51914c6805" member_type: VOTER last_known_addr { host: "127.14.249.131" port: 34167 }, Status: LMP_MISMATCH, Last received: 0.0, Next index: 1, Last known committed idx: 0, Time since last communication: 0.000s
I20260709 14:54:46.138535 16696 leader_election.cc:290] T 9c28517eb79d41afbea9e9cfd229423e P 7a48edb23e064fdcbda2ce51914c6805 [CANDIDATE]: Term 1 election: Requested vote from peers 270e8be2bce04c1a82fe0fc4f929ac42 (127.14.249.129:41807), d13cc66be9224d5d8168dcc25ae0f874 (127.14.249.130:45097)
I20260709 14:54:46.153460 16678 tablet_bootstrap.cc:654] T 8b591a04ae34487da2c0f493def25031 P d13cc66be9224d5d8168dcc25ae0f874: Neither blocks nor log segments found. Creating new log.
I20260709 14:54:46.151901 16676 consensus_queue.cc:260] T 0758150862e64b8890191bb594258319 P 7a48edb23e064fdcbda2ce51914c6805 [NON_LEADER]: Queue going to NON_LEADER mode. State: All replicated index: 0, Majority replicated index: 0, Committed index: 0, Last appended: 0.0, Last appended by leader: 0, Current term: 0, Majority size: -1, State: 0, Mode: NON_LEADER, active raft config: opid_index: -1 OBSOLETE_local: false peers { permanent_uuid: "270e8be2bce04c1a82fe0fc4f929ac42" member_type: VOTER last_known_addr { host: "127.14.249.129" port: 41807 } } peers { permanent_uuid: "d13cc66be9224d5d8168dcc25ae0f874" member_type: VOTER last_known_addr { host: "127.14.249.130" port: 45097 } } peers { permanent_uuid: "7a48edb23e064fdcbda2ce51914c6805" member_type: VOTER last_known_addr { host: "127.14.249.131" port: 34167 } }
I20260709 14:54:46.156038 16634 raft_consensus.cc:2468] T 666485b600ca467989550d237a2d1740 P 7a48edb23e064fdcbda2ce51914c6805 [term 1 FOLLOWER]: Leader election vote request: Granting yes vote for candidate 270e8be2bce04c1a82fe0fc4f929ac42 in term 1.
I20260709 14:54:46.157218 16453 leader_election.cc:304] T 666485b600ca467989550d237a2d1740 P 270e8be2bce04c1a82fe0fc4f929ac42 [CANDIDATE]: Term 1 election: Election decided. Result: candidate won. Election summary: received 2 responses out of 3 voters: 2 yes votes; 0 no votes. yes voters: 270e8be2bce04c1a82fe0fc4f929ac42, 7a48edb23e064fdcbda2ce51914c6805; no voters: 
I20260709 14:54:46.158053 16682 raft_consensus.cc:2804] T 666485b600ca467989550d237a2d1740 P 270e8be2bce04c1a82fe0fc4f929ac42 [term 1 FOLLOWER]: Leader election won for term 1
I20260709 14:54:46.164996 16833 consensus_queue.cc:1048] T 4808a7a3172f4bc083fffc9648c9d560 P d13cc66be9224d5d8168dcc25ae0f874 [LEADER]: Connected to new peer: Peer: permanent_uuid: "7a48edb23e064fdcbda2ce51914c6805" member_type: VOTER last_known_addr { host: "127.14.249.131" port: 34167 }, Status: LMP_MISMATCH, Last received: 0.0, Next index: 1, Last known committed idx: 0, Time since last communication: 0.000s
I20260709 14:54:46.166278 16676 ts_tablet_manager.cc:1434] T 0758150862e64b8890191bb594258319 P 7a48edb23e064fdcbda2ce51914c6805: Time spent starting tablet: real 0.032s	user 0.005s	sys 0.000s
I20260709 14:54:46.167279 16676 tablet_bootstrap.cc:492] T 62311333283b4623b9af1adc6b00a017 P 7a48edb23e064fdcbda2ce51914c6805: Bootstrap starting.
I20260709 14:54:46.166883 16560 raft_consensus.cc:2468] T 666485b600ca467989550d237a2d1740 P d13cc66be9224d5d8168dcc25ae0f874 [term 1 FOLLOWER]: Leader election vote request: Granting yes vote for candidate 270e8be2bce04c1a82fe0fc4f929ac42 in term 1.
I20260709 14:54:46.174466 16682 raft_consensus.cc:697] T 666485b600ca467989550d237a2d1740 P 270e8be2bce04c1a82fe0fc4f929ac42 [term 1 LEADER]: Becoming Leader. State: Replica: 270e8be2bce04c1a82fe0fc4f929ac42, State: Running, Role: LEADER
I20260709 14:54:46.175388 16682 consensus_queue.cc:237] T 666485b600ca467989550d237a2d1740 P 270e8be2bce04c1a82fe0fc4f929ac42 [LEADER]: Queue going to LEADER mode. State: All replicated index: 0, Majority replicated index: 0, Committed index: 0, Last appended: 0.0, Last appended by leader: 0, Current term: 1, Majority size: 2, State: 0, Mode: LEADER, active raft config: opid_index: -1 OBSOLETE_local: false peers { permanent_uuid: "270e8be2bce04c1a82fe0fc4f929ac42" member_type: VOTER last_known_addr { host: "127.14.249.129" port: 41807 } } peers { permanent_uuid: "d13cc66be9224d5d8168dcc25ae0f874" member_type: VOTER last_known_addr { host: "127.14.249.130" port: 45097 } } peers { permanent_uuid: "7a48edb23e064fdcbda2ce51914c6805" member_type: VOTER last_known_addr { host: "127.14.249.131" port: 34167 } }
I20260709 14:54:46.150487 16899 raft_consensus.cc:2749] T c8897588489d4f2c8d1f125aafce13c9 P 270e8be2bce04c1a82fe0fc4f929ac42 [term 1 FOLLOWER]: Leader pre-election lost for term 1. Reason: could not achieve majority
I20260709 14:54:46.141712 16756 leader_election.cc:290] T 666485b600ca467989550d237a2d1740 P 270e8be2bce04c1a82fe0fc4f929ac42 [CANDIDATE]: Term 1 election: Requested vote from peers d13cc66be9224d5d8168dcc25ae0f874 (127.14.249.130:45097), 7a48edb23e064fdcbda2ce51914c6805 (127.14.249.131:34167)
I20260709 14:54:46.141777 16561 tablet_service.cc:1917] Received RequestConsensusVote() RPC: tablet_id: "9c28517eb79d41afbea9e9cfd229423e" candidate_uuid: "7a48edb23e064fdcbda2ce51914c6805" candidate_term: 1 candidate_status { last_received { term: 0 index: 0 } } ignore_live_leader: false dest_uuid: "d13cc66be9224d5d8168dcc25ae0f874"
I20260709 14:54:46.180215 16561 raft_consensus.cc:3060] T 9c28517eb79d41afbea9e9cfd229423e P d13cc66be9224d5d8168dcc25ae0f874 [term 0 FOLLOWER]: Advancing to term 1
I20260709 14:54:46.183909 16678 tablet_bootstrap.cc:492] T 8b591a04ae34487da2c0f493def25031 P d13cc66be9224d5d8168dcc25ae0f874: No bootstrap required, opened a new log
I20260709 14:54:46.184402 16678 ts_tablet_manager.cc:1403] T 8b591a04ae34487da2c0f493def25031 P d13cc66be9224d5d8168dcc25ae0f874: Time spent bootstrapping tablet: real 0.047s	user 0.018s	sys 0.004s
I20260709 14:54:46.185649 16721 consensus_queue.cc:1048] T c8897588489d4f2c8d1f125aafce13c9 P 7a48edb23e064fdcbda2ce51914c6805 [LEADER]: Connected to new peer: Peer: permanent_uuid: "270e8be2bce04c1a82fe0fc4f929ac42" member_type: VOTER last_known_addr { host: "127.14.249.129" port: 41807 }, Status: LMP_MISMATCH, Last received: 0.0, Next index: 1, Last known committed idx: 0, Time since last communication: 0.000s
I20260709 14:54:46.186941 16678 raft_consensus.cc:359] T 8b591a04ae34487da2c0f493def25031 P d13cc66be9224d5d8168dcc25ae0f874 [term 0 FOLLOWER]: Replica starting. Triggering 0 pending ops. Active config: opid_index: -1 OBSOLETE_local: false peers { permanent_uuid: "270e8be2bce04c1a82fe0fc4f929ac42" member_type: VOTER last_known_addr { host: "127.14.249.129" port: 41807 } } peers { permanent_uuid: "d13cc66be9224d5d8168dcc25ae0f874" member_type: VOTER last_known_addr { host: "127.14.249.130" port: 45097 } } peers { permanent_uuid: "7a48edb23e064fdcbda2ce51914c6805" member_type: VOTER last_known_addr { host: "127.14.249.131" port: 34167 } }
I20260709 14:54:46.187649 16678 raft_consensus.cc:385] T 8b591a04ae34487da2c0f493def25031 P d13cc66be9224d5d8168dcc25ae0f874 [term 0 FOLLOWER]: Consensus starting up: Expiring failure detector timer to make a prompt election more likely
I20260709 14:54:46.187951 16678 raft_consensus.cc:740] T 8b591a04ae34487da2c0f493def25031 P d13cc66be9224d5d8168dcc25ae0f874 [term 0 FOLLOWER]: Becoming Follower/Learner. State: Replica: d13cc66be9224d5d8168dcc25ae0f874, State: Initialized, Role: FOLLOWER
I20260709 14:54:46.188567 16678 consensus_queue.cc:260] T 8b591a04ae34487da2c0f493def25031 P d13cc66be9224d5d8168dcc25ae0f874 [NON_LEADER]: Queue going to NON_LEADER mode. State: All replicated index: 0, Majority replicated index: 0, Committed index: 0, Last appended: 0.0, Last appended by leader: 0, Current term: 0, Majority size: -1, State: 0, Mode: NON_LEADER, active raft config: opid_index: -1 OBSOLETE_local: false peers { permanent_uuid: "270e8be2bce04c1a82fe0fc4f929ac42" member_type: VOTER last_known_addr { host: "127.14.249.129" port: 41807 } } peers { permanent_uuid: "d13cc66be9224d5d8168dcc25ae0f874" member_type: VOTER last_known_addr { host: "127.14.249.130" port: 45097 } } peers { permanent_uuid: "7a48edb23e064fdcbda2ce51914c6805" member_type: VOTER last_known_addr { host: "127.14.249.131" port: 34167 } }
I20260709 14:54:46.189296 16561 raft_consensus.cc:2468] T 9c28517eb79d41afbea9e9cfd229423e P d13cc66be9224d5d8168dcc25ae0f874 [term 1 FOLLOWER]: Leader election vote request: Granting yes vote for candidate 7a48edb23e064fdcbda2ce51914c6805 in term 1.
I20260709 14:54:46.190606 16678 ts_tablet_manager.cc:1434] T 8b591a04ae34487da2c0f493def25031 P d13cc66be9224d5d8168dcc25ae0f874: Time spent starting tablet: real 0.006s	user 0.005s	sys 0.000s
I20260709 14:54:46.191911 16678 tablet_bootstrap.cc:492] T bfd32bf7312c4c44902fc9bf9c8eda9d P d13cc66be9224d5d8168dcc25ae0f874: Bootstrap starting.
I20260709 14:54:46.195937 16875 consensus_queue.cc:1048] T 36f94a5711cd44b49638ec79d8c02afe P d13cc66be9224d5d8168dcc25ae0f874 [LEADER]: Connected to new peer: Peer: permanent_uuid: "270e8be2bce04c1a82fe0fc4f929ac42" member_type: VOTER last_known_addr { host: "127.14.249.129" port: 41807 }, Status: LMP_MISMATCH, Last received: 0.0, Next index: 1, Last known committed idx: 0, Time since last communication: 0.000s
I20260709 14:54:46.197409 16678 tablet_bootstrap.cc:654] T bfd32bf7312c4c44902fc9bf9c8eda9d P d13cc66be9224d5d8168dcc25ae0f874: Neither blocks nor log segments found. Creating new log.
I20260709 14:54:46.198096 16676 tablet_bootstrap.cc:654] T 62311333283b4623b9af1adc6b00a017 P 7a48edb23e064fdcbda2ce51914c6805: Neither blocks nor log segments found. Creating new log.
I20260709 14:54:46.206895 16636 raft_consensus.cc:3060] T 20580506db97469382d8c5c6d2d66dcb P 7a48edb23e064fdcbda2ce51914c6805 [term 0 FOLLOWER]: Advancing to term 1
I20260709 14:54:46.213569 16600 leader_election.cc:304] T 9c28517eb79d41afbea9e9cfd229423e P 7a48edb23e064fdcbda2ce51914c6805 [CANDIDATE]: Term 1 election: Election decided. Result: candidate won. Election summary: received 3 responses out of 3 voters: 2 yes votes; 1 no votes. yes voters: 7a48edb23e064fdcbda2ce51914c6805, d13cc66be9224d5d8168dcc25ae0f874; no voters: 270e8be2bce04c1a82fe0fc4f929ac42
I20260709 14:54:46.216503 16677 tablet_bootstrap.cc:492] T d79753c1c6a6428c80d3313c28a6250c P 270e8be2bce04c1a82fe0fc4f929ac42: No bootstrap required, opened a new log
I20260709 14:54:46.216969 16677 ts_tablet_manager.cc:1403] T d79753c1c6a6428c80d3313c28a6250c P 270e8be2bce04c1a82fe0fc4f929ac42: Time spent bootstrapping tablet: real 0.172s	user 0.038s	sys 0.026s
I20260709 14:54:46.219429 16828 consensus_queue.cc:1048] T 4808a7a3172f4bc083fffc9648c9d560 P d13cc66be9224d5d8168dcc25ae0f874 [LEADER]: Connected to new peer: Peer: permanent_uuid: "270e8be2bce04c1a82fe0fc4f929ac42" member_type: VOTER last_known_addr { host: "127.14.249.129" port: 41807 }, Status: LMP_MISMATCH, Last received: 0.0, Next index: 1, Last known committed idx: 0, Time since last communication: 0.001s
I20260709 14:54:46.228161 16381 catalog_manager.cc:5697] T 666485b600ca467989550d237a2d1740 P 270e8be2bce04c1a82fe0fc4f929ac42 reported cstate change: term changed from 0 to 1, leader changed from <none> to 270e8be2bce04c1a82fe0fc4f929ac42 (127.14.249.129). New cstate: current_term: 1 leader_uuid: "270e8be2bce04c1a82fe0fc4f929ac42" committed_config { opid_index: -1 OBSOLETE_local: false peers { permanent_uuid: "270e8be2bce04c1a82fe0fc4f929ac42" member_type: VOTER last_known_addr { host: "127.14.249.129" port: 41807 } health_report { overall_health: HEALTHY } } peers { permanent_uuid: "d13cc66be9224d5d8168dcc25ae0f874" member_type: VOTER last_known_addr { host: "127.14.249.130" port: 45097 } health_report { overall_health: UNKNOWN } } peers { permanent_uuid: "7a48edb23e064fdcbda2ce51914c6805" member_type: VOTER last_known_addr { host: "127.14.249.131" port: 34167 } health_report { overall_health: UNKNOWN } } }
I20260709 14:54:46.231220 16677 raft_consensus.cc:359] T d79753c1c6a6428c80d3313c28a6250c P 270e8be2bce04c1a82fe0fc4f929ac42 [term 0 FOLLOWER]: Replica starting. Triggering 0 pending ops. Active config: opid_index: -1 OBSOLETE_local: false peers { permanent_uuid: "270e8be2bce04c1a82fe0fc4f929ac42" member_type: VOTER last_known_addr { host: "127.14.249.129" port: 41807 } } peers { permanent_uuid: "d13cc66be9224d5d8168dcc25ae0f874" member_type: VOTER last_known_addr { host: "127.14.249.130" port: 45097 } } peers { permanent_uuid: "7a48edb23e064fdcbda2ce51914c6805" member_type: VOTER last_known_addr { host: "127.14.249.131" port: 34167 } }
I20260709 14:54:46.234127 16833 raft_consensus.cc:493] T 0ce0b7d303c7450e9161ff85c7394fab P d13cc66be9224d5d8168dcc25ae0f874 [term 0 FOLLOWER]: Starting pre-election (no leader contacted us within the election timeout)
I20260709 14:54:46.236778 16696 raft_consensus.cc:2804] T 9c28517eb79d41afbea9e9cfd229423e P 7a48edb23e064fdcbda2ce51914c6805 [term 1 FOLLOWER]: Leader election won for term 1
I20260709 14:54:46.238161 16677 raft_consensus.cc:385] T d79753c1c6a6428c80d3313c28a6250c P 270e8be2bce04c1a82fe0fc4f929ac42 [term 0 FOLLOWER]: Consensus starting up: Expiring failure detector timer to make a prompt election more likely
I20260709 14:54:46.238636 16677 raft_consensus.cc:740] T d79753c1c6a6428c80d3313c28a6250c P 270e8be2bce04c1a82fe0fc4f929ac42 [term 0 FOLLOWER]: Becoming Follower/Learner. State: Replica: 270e8be2bce04c1a82fe0fc4f929ac42, State: Initialized, Role: FOLLOWER
I20260709 14:54:46.237872 16766 raft_consensus.cc:493] T 916e6c44da504c9da38533dd660875a5 P 7a48edb23e064fdcbda2ce51914c6805 [term 0 FOLLOWER]: Starting pre-election (no leader contacted us within the election timeout)
I20260709 14:54:46.239153 16766 raft_consensus.cc:515] T 916e6c44da504c9da38533dd660875a5 P 7a48edb23e064fdcbda2ce51914c6805 [term 0 FOLLOWER]: Starting pre-election with config: opid_index: -1 OBSOLETE_local: false peers { permanent_uuid: "270e8be2bce04c1a82fe0fc4f929ac42" member_type: VOTER last_known_addr { host: "127.14.249.129" port: 41807 } } peers { permanent_uuid: "d13cc66be9224d5d8168dcc25ae0f874" member_type: VOTER last_known_addr { host: "127.14.249.130" port: 45097 } } peers { permanent_uuid: "7a48edb23e064fdcbda2ce51914c6805" member_type: VOTER last_known_addr { host: "127.14.249.131" port: 34167 } }
