I20260709 14:54:44.804576 16676 consensus_queue.cc:260] T 848dc6e26ecd42ea8807cb663f6d8c1f P 7a48edb23e064fdcbda2ce51914c6805 [NON_LEADER]: Queue going to NON_LEADER mode. State: All replicated index: 0, Majority replicated index: 0, Committed index: 0, Last appended: 0.0, Last appended by leader: 0, Current term: 0, Majority size: -1, State: 0, Mode: NON_LEADER, active raft config: opid_index: -1 OBSOLETE_local: false peers { permanent_uuid: "270e8be2bce04c1a82fe0fc4f929ac42" member_type: VOTER last_known_addr { host: "127.14.249.129" port: 41807 } } peers { permanent_uuid: "d13cc66be9224d5d8168dcc25ae0f874" member_type: VOTER last_known_addr { host: "127.14.249.130" port: 45097 } } peers { permanent_uuid: "7a48edb23e064fdcbda2ce51914c6805" member_type: VOTER last_known_addr { host: "127.14.249.131" port: 34167 } }
I20260709 14:54:44.806646 16676 ts_tablet_manager.cc:1434] T 848dc6e26ecd42ea8807cb663f6d8c1f P 7a48edb23e064fdcbda2ce51914c6805: Time spent starting tablet: real 0.006s	user 0.006s	sys 0.000s
I20260709 14:54:44.807477 16676 tablet_bootstrap.cc:492] T 4808a7a3172f4bc083fffc9648c9d560 P 7a48edb23e064fdcbda2ce51914c6805: Bootstrap starting.
I20260709 14:54:44.812330 16771 consensus_queue.cc:1048] T d6be57ff094c42e0b610a8f04a4aced5 P d13cc66be9224d5d8168dcc25ae0f874 [LEADER]: Connected to new peer: Peer: permanent_uuid: "270e8be2bce04c1a82fe0fc4f929ac42" member_type: VOTER last_known_addr { host: "127.14.249.129" port: 41807 }, Status: LMP_MISMATCH, Last received: 0.0, Next index: 1, Last known committed idx: 0, Time since last communication: 0.000s
I20260709 14:54:44.812768 16676 tablet_bootstrap.cc:654] T 4808a7a3172f4bc083fffc9648c9d560 P 7a48edb23e064fdcbda2ce51914c6805: Neither blocks nor log segments found. Creating new log.
I20260709 14:54:44.813274 16678 tablet_bootstrap.cc:492] T 3fc30348c9aa4291925a8a92cb791494 P d13cc66be9224d5d8168dcc25ae0f874: No bootstrap required, opened a new log
I20260709 14:54:44.813697 16678 ts_tablet_manager.cc:1403] T 3fc30348c9aa4291925a8a92cb791494 P d13cc66be9224d5d8168dcc25ae0f874: Time spent bootstrapping tablet: real 0.019s	user 0.008s	sys 0.004s
I20260709 14:54:44.816725 16678 raft_consensus.cc:359] T 3fc30348c9aa4291925a8a92cb791494 P d13cc66be9224d5d8168dcc25ae0f874 [term 0 FOLLOWER]: Replica starting. Triggering 0 pending ops. Active config: opid_index: -1 OBSOLETE_local: false peers { permanent_uuid: "270e8be2bce04c1a82fe0fc4f929ac42" member_type: VOTER last_known_addr { host: "127.14.249.129" port: 41807 } } peers { permanent_uuid: "d13cc66be9224d5d8168dcc25ae0f874" member_type: VOTER last_known_addr { host: "127.14.249.130" port: 45097 } } peers { permanent_uuid: "7a48edb23e064fdcbda2ce51914c6805" member_type: VOTER last_known_addr { host: "127.14.249.131" port: 34167 } }
I20260709 14:54:44.817186 16677 tablet_bootstrap.cc:654] T 3fc30348c9aa4291925a8a92cb791494 P 270e8be2bce04c1a82fe0fc4f929ac42: Neither blocks nor log segments found. Creating new log.
I20260709 14:54:44.817369 16678 raft_consensus.cc:385] T 3fc30348c9aa4291925a8a92cb791494 P d13cc66be9224d5d8168dcc25ae0f874 [term 0 FOLLOWER]: Consensus starting up: Expiring failure detector timer to make a prompt election more likely
I20260709 14:54:44.817685 16678 raft_consensus.cc:740] T 3fc30348c9aa4291925a8a92cb791494 P d13cc66be9224d5d8168dcc25ae0f874 [term 0 FOLLOWER]: Becoming Follower/Learner. State: Replica: d13cc66be9224d5d8168dcc25ae0f874, State: Initialized, Role: FOLLOWER
I20260709 14:54:44.818410 16678 consensus_queue.cc:260] T 3fc30348c9aa4291925a8a92cb791494 P d13cc66be9224d5d8168dcc25ae0f874 [NON_LEADER]: Queue going to NON_LEADER mode. State: All replicated index: 0, Majority replicated index: 0, Committed index: 0, Last appended: 0.0, Last appended by leader: 0, Current term: 0, Majority size: -1, State: 0, Mode: NON_LEADER, active raft config: opid_index: -1 OBSOLETE_local: false peers { permanent_uuid: "270e8be2bce04c1a82fe0fc4f929ac42" member_type: VOTER last_known_addr { host: "127.14.249.129" port: 41807 } } peers { permanent_uuid: "d13cc66be9224d5d8168dcc25ae0f874" member_type: VOTER last_known_addr { host: "127.14.249.130" port: 45097 } } peers { permanent_uuid: "7a48edb23e064fdcbda2ce51914c6805" member_type: VOTER last_known_addr { host: "127.14.249.131" port: 34167 } }
I20260709 14:54:44.820264 16678 ts_tablet_manager.cc:1434] T 3fc30348c9aa4291925a8a92cb791494 P d13cc66be9224d5d8168dcc25ae0f874: Time spent starting tablet: real 0.006s	user 0.007s	sys 0.000s
I20260709 14:54:44.821269 16678 tablet_bootstrap.cc:492] T a4efcd550e0946fca2f6151610b4f767 P d13cc66be9224d5d8168dcc25ae0f874: Bootstrap starting.
I20260709 14:54:44.826639 16678 tablet_bootstrap.cc:654] T a4efcd550e0946fca2f6151610b4f767 P d13cc66be9224d5d8168dcc25ae0f874: Neither blocks nor log segments found. Creating new log.
I20260709 14:54:44.828320 16756 consensus_queue.cc:1048] T f6d238828db145bbab514c299dd9f7ac P 270e8be2bce04c1a82fe0fc4f929ac42 [LEADER]: Connected to new peer: Peer: permanent_uuid: "d13cc66be9224d5d8168dcc25ae0f874" member_type: VOTER last_known_addr { host: "127.14.249.130" port: 45097 }, Status: LMP_MISMATCH, Last received: 0.0, Next index: 1, Last known committed idx: 0, Time since last communication: 0.000s
I20260709 14:54:44.830252 16562 raft_consensus.cc:3060] T 5f5ef69bc4d7453a9dedcbcf8a51a261 P d13cc66be9224d5d8168dcc25ae0f874 [term 0 FOLLOWER]: Advancing to term 1
I20260709 14:54:44.838275 16696 consensus_queue.cc:1048] T 3f74157a0f1944ef854edfde2cc6cd64 P 7a48edb23e064fdcbda2ce51914c6805 [LEADER]: Connected to new peer: Peer: permanent_uuid: "270e8be2bce04c1a82fe0fc4f929ac42" member_type: VOTER last_known_addr { host: "127.14.249.129" port: 41807 }, Status: LMP_MISMATCH, Last received: 0.0, Next index: 1, Last known committed idx: 0, Time since last communication: 0.000s
I20260709 14:54:44.841179 16678 tablet_bootstrap.cc:492] T a4efcd550e0946fca2f6151610b4f767 P d13cc66be9224d5d8168dcc25ae0f874: No bootstrap required, opened a new log
I20260709 14:54:44.841610 16678 ts_tablet_manager.cc:1403] T a4efcd550e0946fca2f6151610b4f767 P d13cc66be9224d5d8168dcc25ae0f874: Time spent bootstrapping tablet: real 0.021s	user 0.008s	sys 0.007s
I20260709 14:54:44.842931 16682 raft_consensus.cc:493] T 20580506db97469382d8c5c6d2d66dcb P 270e8be2bce04c1a82fe0fc4f929ac42 [term 0 FOLLOWER]: Starting pre-election (no leader contacted us within the election timeout)
I20260709 14:54:44.843408 16682 raft_consensus.cc:515] T 20580506db97469382d8c5c6d2d66dcb P 270e8be2bce04c1a82fe0fc4f929ac42 [term 0 FOLLOWER]: Starting pre-election with config: opid_index: -1 OBSOLETE_local: false peers { permanent_uuid: "270e8be2bce04c1a82fe0fc4f929ac42" member_type: VOTER last_known_addr { host: "127.14.249.129" port: 41807 } } peers { permanent_uuid: "d13cc66be9224d5d8168dcc25ae0f874" member_type: VOTER last_known_addr { host: "127.14.249.130" port: 45097 } } peers { permanent_uuid: "7a48edb23e064fdcbda2ce51914c6805" member_type: VOTER last_known_addr { host: "127.14.249.131" port: 34167 } }
I20260709 14:54:44.844427 16678 raft_consensus.cc:359] T a4efcd550e0946fca2f6151610b4f767 P d13cc66be9224d5d8168dcc25ae0f874 [term 0 FOLLOWER]: Replica starting. Triggering 0 pending ops. Active config: opid_index: -1 OBSOLETE_local: false peers { permanent_uuid: "270e8be2bce04c1a82fe0fc4f929ac42" member_type: VOTER last_known_addr { host: "127.14.249.129" port: 41807 } } peers { permanent_uuid: "d13cc66be9224d5d8168dcc25ae0f874" member_type: VOTER last_known_addr { host: "127.14.249.130" port: 45097 } } peers { permanent_uuid: "7a48edb23e064fdcbda2ce51914c6805" member_type: VOTER last_known_addr { host: "127.14.249.131" port: 34167 } }
I20260709 14:54:44.845073 16678 raft_consensus.cc:385] T a4efcd550e0946fca2f6151610b4f767 P d13cc66be9224d5d8168dcc25ae0f874 [term 0 FOLLOWER]: Consensus starting up: Expiring failure detector timer to make a prompt election more likely
I20260709 14:54:44.845335 16678 raft_consensus.cc:740] T a4efcd550e0946fca2f6151610b4f767 P d13cc66be9224d5d8168dcc25ae0f874 [term 0 FOLLOWER]: Becoming Follower/Learner. State: Replica: d13cc66be9224d5d8168dcc25ae0f874, State: Initialized, Role: FOLLOWER
I20260709 14:54:44.846153 16682 leader_election.cc:290] T 20580506db97469382d8c5c6d2d66dcb P 270e8be2bce04c1a82fe0fc4f929ac42 [CANDIDATE]: Term 1 pre-election: Requested pre-vote from peers d13cc66be9224d5d8168dcc25ae0f874 (127.14.249.130:45097), 7a48edb23e064fdcbda2ce51914c6805 (127.14.249.131:34167)
I20260709 14:54:44.847431 16678 consensus_queue.cc:260] T a4efcd550e0946fca2f6151610b4f767 P d13cc66be9224d5d8168dcc25ae0f874 [NON_LEADER]: Queue going to NON_LEADER mode. State: All replicated index: 0, Majority replicated index: 0, Committed index: 0, Last appended: 0.0, Last appended by leader: 0, Current term: 0, Majority size: -1, State: 0, Mode: NON_LEADER, active raft config: opid_index: -1 OBSOLETE_local: false peers { permanent_uuid: "270e8be2bce04c1a82fe0fc4f929ac42" member_type: VOTER last_known_addr { host: "127.14.249.129" port: 41807 } } peers { permanent_uuid: "d13cc66be9224d5d8168dcc25ae0f874" member_type: VOTER last_known_addr { host: "127.14.249.130" port: 45097 } } peers { permanent_uuid: "7a48edb23e064fdcbda2ce51914c6805" member_type: VOTER last_known_addr { host: "127.14.249.131" port: 34167 } }
I20260709 14:54:44.848886 16678 ts_tablet_manager.cc:1434] T a4efcd550e0946fca2f6151610b4f767 P d13cc66be9224d5d8168dcc25ae0f874: Time spent starting tablet: real 0.007s	user 0.005s	sys 0.000s
I20260709 14:54:44.849740 16678 tablet_bootstrap.cc:492] T da8d34aa85b74806afa39db61267d53e P d13cc66be9224d5d8168dcc25ae0f874: Bootstrap starting.
I20260709 14:54:44.849774 16771 raft_consensus.cc:493] T 20580506db97469382d8c5c6d2d66dcb P d13cc66be9224d5d8168dcc25ae0f874 [term 0 FOLLOWER]: Starting pre-election (no leader contacted us within the election timeout)
I20260709 14:54:44.850252 16771 raft_consensus.cc:515] T 20580506db97469382d8c5c6d2d66dcb P d13cc66be9224d5d8168dcc25ae0f874 [term 0 FOLLOWER]: Starting pre-election with config: opid_index: -1 OBSOLETE_local: false peers { permanent_uuid: "270e8be2bce04c1a82fe0fc4f929ac42" member_type: VOTER last_known_addr { host: "127.14.249.129" port: 41807 } } peers { permanent_uuid: "d13cc66be9224d5d8168dcc25ae0f874" member_type: VOTER last_known_addr { host: "127.14.249.130" port: 45097 } } peers { permanent_uuid: "7a48edb23e064fdcbda2ce51914c6805" member_type: VOTER last_known_addr { host: "127.14.249.131" port: 34167 } }
I20260709 14:54:44.852480 16771 leader_election.cc:290] T 20580506db97469382d8c5c6d2d66dcb P d13cc66be9224d5d8168dcc25ae0f874 [CANDIDATE]: Term 1 pre-election: Requested pre-vote from peers 270e8be2bce04c1a82fe0fc4f929ac42 (127.14.249.129:41807), 7a48edb23e064fdcbda2ce51914c6805 (127.14.249.131:34167)
I20260709 14:54:44.855114 16634 tablet_service.cc:1917] Received RequestConsensusVote() RPC: tablet_id: "20580506db97469382d8c5c6d2d66dcb" candidate_uuid: "d13cc66be9224d5d8168dcc25ae0f874" candidate_term: 1 candidate_status { last_received { term: 0 index: 0 } } ignore_live_leader: false dest_uuid: "7a48edb23e064fdcbda2ce51914c6805" is_pre_election: true
I20260709 14:54:44.856629 16636 tablet_service.cc:1917] Received RequestConsensusVote() RPC: tablet_id: "20580506db97469382d8c5c6d2d66dcb" candidate_uuid: "270e8be2bce04c1a82fe0fc4f929ac42" candidate_term: 1 candidate_status { last_received { term: 0 index: 0 } } ignore_live_leader: false dest_uuid: "7a48edb23e064fdcbda2ce51914c6805" is_pre_election: true
I20260709 14:54:44.857602 16484 tablet_service.cc:1917] Received RequestConsensusVote() RPC: tablet_id: "20580506db97469382d8c5c6d2d66dcb" candidate_uuid: "d13cc66be9224d5d8168dcc25ae0f874" candidate_term: 1 candidate_status { last_received { term: 0 index: 0 } } ignore_live_leader: false dest_uuid: "270e8be2bce04c1a82fe0fc4f929ac42" is_pre_election: true
I20260709 14:54:44.858167 16484 raft_consensus.cc:2468] T 20580506db97469382d8c5c6d2d66dcb P 270e8be2bce04c1a82fe0fc4f929ac42 [term 0 FOLLOWER]: Leader pre-election vote request: Granting yes vote for candidate d13cc66be9224d5d8168dcc25ae0f874 in term 0.
I20260709 14:54:44.859143 16526 leader_election.cc:304] T 20580506db97469382d8c5c6d2d66dcb P d13cc66be9224d5d8168dcc25ae0f874 [CANDIDATE]: Term 1 pre-election: Election decided. Result: candidate won. Election summary: received 2 responses out of 3 voters: 2 yes votes; 0 no votes. yes voters: 270e8be2bce04c1a82fe0fc4f929ac42, d13cc66be9224d5d8168dcc25ae0f874; no voters: 
I20260709 14:54:44.861413 16768 raft_consensus.cc:2804] T 20580506db97469382d8c5c6d2d66dcb P d13cc66be9224d5d8168dcc25ae0f874 [term 0 FOLLOWER]: Leader pre-election won for term 1
I20260709 14:54:44.861744 16768 raft_consensus.cc:493] T 20580506db97469382d8c5c6d2d66dcb P d13cc66be9224d5d8168dcc25ae0f874 [term 0 FOLLOWER]: Starting leader election (no leader contacted us within the election timeout)
I20260709 14:54:44.861907 16678 tablet_bootstrap.cc:654] T da8d34aa85b74806afa39db61267d53e P d13cc66be9224d5d8168dcc25ae0f874: Neither blocks nor log segments found. Creating new log.
I20260709 14:54:44.862095 16768 raft_consensus.cc:3060] T 20580506db97469382d8c5c6d2d66dcb P d13cc66be9224d5d8168dcc25ae0f874 [term 0 FOLLOWER]: Advancing to term 1
W20260709 14:54:44.863019 16453 leader_election.cc:343] T 20580506db97469382d8c5c6d2d66dcb P 270e8be2bce04c1a82fe0fc4f929ac42 [CANDIDATE]: Term 1 pre-election: Tablet error from VoteRequest() call to peer 7a48edb23e064fdcbda2ce51914c6805 (127.14.249.131:34167): Illegal state: must be running to vote when last-logged opid is not known
I20260709 14:54:44.864183 16756 consensus_queue.cc:1048] T f6d238828db145bbab514c299dd9f7ac P 270e8be2bce04c1a82fe0fc4f929ac42 [LEADER]: Connected to new peer: Peer: permanent_uuid: "7a48edb23e064fdcbda2ce51914c6805" member_type: VOTER last_known_addr { host: "127.14.249.131" port: 34167 }, Status: LMP_MISMATCH, Last received: 0.0, Next index: 1, Last known committed idx: 0, Time since last communication: 0.000s
I20260709 14:54:44.865340 16560 tablet_service.cc:1917] Received RequestConsensusVote() RPC: tablet_id: "20580506db97469382d8c5c6d2d66dcb" candidate_uuid: "270e8be2bce04c1a82fe0fc4f929ac42" candidate_term: 1 candidate_status { last_received { term: 0 index: 0 } } ignore_live_leader: false dest_uuid: "d13cc66be9224d5d8168dcc25ae0f874" is_pre_election: true
W20260709 14:54:44.869679 16528 leader_election.cc:343] T 20580506db97469382d8c5c6d2d66dcb P d13cc66be9224d5d8168dcc25ae0f874 [CANDIDATE]: Term 1 pre-election: Tablet error from VoteRequest() call to peer 7a48edb23e064fdcbda2ce51914c6805 (127.14.249.131:34167): Illegal state: must be running to vote when last-logged opid is not known
I20260709 14:54:44.876493 16696 consensus_queue.cc:1048] T d8729b6849fe4e799d472e2578977b7f P 7a48edb23e064fdcbda2ce51914c6805 [LEADER]: Connected to new peer: Peer: permanent_uuid: "d13cc66be9224d5d8168dcc25ae0f874" member_type: VOTER last_known_addr { host: "127.14.249.130" port: 45097 }, Status: LMP_MISMATCH, Last received: 0.0, Next index: 1, Last known committed idx: 0, Time since last communication: 0.000s
I20260709 14:54:44.878784 16696 consensus_queue.cc:1048] T 5f5ef69bc4d7453a9dedcbcf8a51a261 P 7a48edb23e064fdcbda2ce51914c6805 [LEADER]: Connected to new peer: Peer: permanent_uuid: "270e8be2bce04c1a82fe0fc4f929ac42" member_type: VOTER last_known_addr { host: "127.14.249.129" port: 41807 }, Status: LMP_MISMATCH, Last received: 0.0, Next index: 1, Last known committed idx: 0, Time since last communication: 0.000s
I20260709 14:54:44.878522 16768 raft_consensus.cc:515] T 20580506db97469382d8c5c6d2d66dcb P d13cc66be9224d5d8168dcc25ae0f874 [term 1 FOLLOWER]: Starting leader election with config: opid_index: -1 OBSOLETE_local: false peers { permanent_uuid: "270e8be2bce04c1a82fe0fc4f929ac42" member_type: VOTER last_known_addr { host: "127.14.249.129" port: 41807 } } peers { permanent_uuid: "d13cc66be9224d5d8168dcc25ae0f874" member_type: VOTER last_known_addr { host: "127.14.249.130" port: 45097 } } peers { permanent_uuid: "7a48edb23e064fdcbda2ce51914c6805" member_type: VOTER last_known_addr { host: "127.14.249.131" port: 34167 } }
I20260709 14:54:44.883746 16770 consensus_queue.cc:1048] T d6be57ff094c42e0b610a8f04a4aced5 P d13cc66be9224d5d8168dcc25ae0f874 [LEADER]: Connected to new peer: Peer: permanent_uuid: "7a48edb23e064fdcbda2ce51914c6805" member_type: VOTER last_known_addr { host: "127.14.249.131" port: 34167 }, Status: LMP_MISMATCH, Last received: 0.0, Next index: 1, Last known committed idx: 0, Time since last communication: 0.000s
I20260709 14:54:44.885582 16560 raft_consensus.cc:2393] T 20580506db97469382d8c5c6d2d66dcb P d13cc66be9224d5d8168dcc25ae0f874 [term 1 FOLLOWER]: Leader pre-election vote request: Denying vote to candidate 270e8be2bce04c1a82fe0fc4f929ac42 in current term 1: Already voted for candidate d13cc66be9224d5d8168dcc25ae0f874 in this term.
I20260709 14:54:44.886238 16484 tablet_service.cc:1917] Received RequestConsensusVote() RPC: tablet_id: "20580506db97469382d8c5c6d2d66dcb" candidate_uuid: "d13cc66be9224d5d8168dcc25ae0f874" candidate_term: 1 candidate_status { last_received { term: 0 index: 0 } } ignore_live_leader: false dest_uuid: "270e8be2bce04c1a82fe0fc4f929ac42"
I20260709 14:54:44.886807 16484 raft_consensus.cc:3060] T 20580506db97469382d8c5c6d2d66dcb P 270e8be2bce04c1a82fe0fc4f929ac42 [term 0 FOLLOWER]: Advancing to term 1
I20260709 14:54:44.895009 16484 raft_consensus.cc:2468] T 20580506db97469382d8c5c6d2d66dcb P 270e8be2bce04c1a82fe0fc4f929ac42 [term 1 FOLLOWER]: Leader election vote request: Granting yes vote for candidate d13cc66be9224d5d8168dcc25ae0f874 in term 1.
I20260709 14:54:44.897769 16451 leader_election.cc:304] T 20580506db97469382d8c5c6d2d66dcb P 270e8be2bce04c1a82fe0fc4f929ac42 [CANDIDATE]: Term 1 pre-election: Election decided. Result: candidate lost. Election summary: received 3 responses out of 3 voters: 1 yes votes; 2 no votes. yes voters: 270e8be2bce04c1a82fe0fc4f929ac42; no voters: 7a48edb23e064fdcbda2ce51914c6805, d13cc66be9224d5d8168dcc25ae0f874
I20260709 14:54:44.898636 16756 raft_consensus.cc:2749] T 20580506db97469382d8c5c6d2d66dcb P 270e8be2bce04c1a82fe0fc4f929ac42 [term 1 FOLLOWER]: Leader pre-election lost for term 1. Reason: could not achieve majority
I20260709 14:54:44.899960 16768 leader_election.cc:290] T 20580506db97469382d8c5c6d2d66dcb P d13cc66be9224d5d8168dcc25ae0f874 [CANDIDATE]: Term 1 election: Requested vote from peers 270e8be2bce04c1a82fe0fc4f929ac42 (127.14.249.129:41807), 7a48edb23e064fdcbda2ce51914c6805 (127.14.249.131:34167)
I20260709 14:54:44.900808 16634 tablet_service.cc:1917] Received RequestConsensusVote() RPC: tablet_id: "20580506db97469382d8c5c6d2d66dcb" candidate_uuid: "d13cc66be9224d5d8168dcc25ae0f874" candidate_term: 1 candidate_status { last_received { term: 0 index: 0 } } ignore_live_leader: false dest_uuid: "7a48edb23e064fdcbda2ce51914c6805"
I20260709 14:54:44.902195 16696 consensus_queue.cc:1048] T 5f5ef69bc4d7453a9dedcbcf8a51a261 P 7a48edb23e064fdcbda2ce51914c6805 [LEADER]: Connected to new peer: Peer: permanent_uuid: "d13cc66be9224d5d8168dcc25ae0f874" member_type: VOTER last_known_addr { host: "127.14.249.130" port: 45097 }, Status: LMP_MISMATCH, Last received: 0.0, Next index: 1, Last known committed idx: 0, Time since last communication: 0.000s
W20260709 14:54:44.907233 16528 leader_election.cc:343] T 20580506db97469382d8c5c6d2d66dcb P d13cc66be9224d5d8168dcc25ae0f874 [CANDIDATE]: Term 1 election: Tablet error from VoteRequest() call to peer 7a48edb23e064fdcbda2ce51914c6805 (127.14.249.131:34167): Illegal state: must be running to vote when last-logged opid is not known
I20260709 14:54:44.914001 16526 leader_election.cc:304] T 20580506db97469382d8c5c6d2d66dcb P d13cc66be9224d5d8168dcc25ae0f874 [CANDIDATE]: Term 1 election: Election decided. Result: candidate won. Election summary: received 3 responses out of 3 voters: 2 yes votes; 1 no votes. yes voters: 270e8be2bce04c1a82fe0fc4f929ac42, d13cc66be9224d5d8168dcc25ae0f874; no voters: 7a48edb23e064fdcbda2ce51914c6805
I20260709 14:54:44.916723 16768 raft_consensus.cc:2804] T 20580506db97469382d8c5c6d2d66dcb P d13cc66be9224d5d8168dcc25ae0f874 [term 1 FOLLOWER]: Leader election won for term 1
I20260709 14:54:44.917488 16768 raft_consensus.cc:697] T 20580506db97469382d8c5c6d2d66dcb P d13cc66be9224d5d8168dcc25ae0f874 [term 1 LEADER]: Becoming Leader. State: Replica: d13cc66be9224d5d8168dcc25ae0f874, State: Running, Role: LEADER
I20260709 14:54:44.918308 16768 consensus_queue.cc:237] T 20580506db97469382d8c5c6d2d66dcb P d13cc66be9224d5d8168dcc25ae0f874 [LEADER]: Queue going to LEADER mode. State: All replicated index: 0, Majority replicated index: 0, Committed index: 0, Last appended: 0.0, Last appended by leader: 0, Current term: 1, Majority size: 2, State: 0, Mode: LEADER, active raft config: opid_index: -1 OBSOLETE_local: false peers { permanent_uuid: "270e8be2bce04c1a82fe0fc4f929ac42" member_type: VOTER last_known_addr { host: "127.14.249.129" port: 41807 } } peers { permanent_uuid: "d13cc66be9224d5d8168dcc25ae0f874" member_type: VOTER last_known_addr { host: "127.14.249.130" port: 45097 } } peers { permanent_uuid: "7a48edb23e064fdcbda2ce51914c6805" member_type: VOTER last_known_addr { host: "127.14.249.131" port: 34167 } }
I20260709 14:54:44.942490 16696 consensus_queue.cc:1048] T 3f74157a0f1944ef854edfde2cc6cd64 P 7a48edb23e064fdcbda2ce51914c6805 [LEADER]: Connected to new peer: Peer: permanent_uuid: "d13cc66be9224d5d8168dcc25ae0f874" member_type: VOTER last_known_addr { host: "127.14.249.130" port: 45097 }, Status: LMP_MISMATCH, Last received: 0.0, Next index: 1, Last known committed idx: 0, Time since last communication: 0.000s
I20260709 14:54:44.950644 16707 raft_consensus.cc:493] T 3fc30348c9aa4291925a8a92cb791494 P d13cc66be9224d5d8168dcc25ae0f874 [term 0 FOLLOWER]: Starting pre-election (no leader contacted us within the election timeout)
I20260709 14:54:44.951174 16707 raft_consensus.cc:515] T 3fc30348c9aa4291925a8a92cb791494 P d13cc66be9224d5d8168dcc25ae0f874 [term 0 FOLLOWER]: Starting pre-election with config: opid_index: -1 OBSOLETE_local: false peers { permanent_uuid: "270e8be2bce04c1a82fe0fc4f929ac42" member_type: VOTER last_known_addr { host: "127.14.249.129" port: 41807 } } peers { permanent_uuid: "d13cc66be9224d5d8168dcc25ae0f874" member_type: VOTER last_known_addr { host: "127.14.249.130" port: 45097 } } peers { permanent_uuid: "7a48edb23e064fdcbda2ce51914c6805" member_type: VOTER last_known_addr { host: "127.14.249.131" port: 34167 } }
I20260709 14:54:44.953444 16707 leader_election.cc:290] T 3fc30348c9aa4291925a8a92cb791494 P d13cc66be9224d5d8168dcc25ae0f874 [CANDIDATE]: Term 1 pre-election: Requested pre-vote from peers 270e8be2bce04c1a82fe0fc4f929ac42 (127.14.249.129:41807), 7a48edb23e064fdcbda2ce51914c6805 (127.14.249.131:34167)
I20260709 14:54:44.957456 16636 tablet_service.cc:1917] Received RequestConsensusVote() RPC: tablet_id: "3fc30348c9aa4291925a8a92cb791494" candidate_uuid: "d13cc66be9224d5d8168dcc25ae0f874" candidate_term: 1 candidate_status { last_received { term: 0 index: 0 } } ignore_live_leader: false dest_uuid: "7a48edb23e064fdcbda2ce51914c6805" is_pre_election: true
I20260709 14:54:44.957839 16486 tablet_service.cc:1917] Received RequestConsensusVote() RPC: tablet_id: "3fc30348c9aa4291925a8a92cb791494" candidate_uuid: "d13cc66be9224d5d8168dcc25ae0f874" candidate_term: 1 candidate_status { last_received { term: 0 index: 0 } } ignore_live_leader: false dest_uuid: "270e8be2bce04c1a82fe0fc4f929ac42" is_pre_election: true
I20260709 14:54:44.958961 16636 raft_consensus.cc:2468] T 3fc30348c9aa4291925a8a92cb791494 P 7a48edb23e064fdcbda2ce51914c6805 [term 0 FOLLOWER]: Leader pre-election vote request: Granting yes vote for candidate d13cc66be9224d5d8168dcc25ae0f874 in term 0.
W20260709 14:54:44.960656 16526 leader_election.cc:343] T 3fc30348c9aa4291925a8a92cb791494 P d13cc66be9224d5d8168dcc25ae0f874 [CANDIDATE]: Term 1 pre-election: Tablet error from VoteRequest() call to peer 270e8be2bce04c1a82fe0fc4f929ac42 (127.14.249.129:41807): Illegal state: must be running to vote when last-logged opid is not known
I20260709 14:54:44.961823 16528 leader_election.cc:304] T 3fc30348c9aa4291925a8a92cb791494 P d13cc66be9224d5d8168dcc25ae0f874 [CANDIDATE]: Term 1 pre-election: Election decided. Result: candidate won. Election summary: received 3 responses out of 3 voters: 2 yes votes; 1 no votes. yes voters: 7a48edb23e064fdcbda2ce51914c6805, d13cc66be9224d5d8168dcc25ae0f874; no voters: 270e8be2bce04c1a82fe0fc4f929ac42
I20260709 14:54:44.964953 16707 raft_consensus.cc:2804] T 3fc30348c9aa4291925a8a92cb791494 P d13cc66be9224d5d8168dcc25ae0f874 [term 0 FOLLOWER]: Leader pre-election won for term 1
I20260709 14:54:44.965329 16707 raft_consensus.cc:493] T 3fc30348c9aa4291925a8a92cb791494 P d13cc66be9224d5d8168dcc25ae0f874 [term 0 FOLLOWER]: Starting leader election (no leader contacted us within the election timeout)
I20260709 14:54:44.965651 16707 raft_consensus.cc:3060] T 3fc30348c9aa4291925a8a92cb791494 P d13cc66be9224d5d8168dcc25ae0f874 [term 0 FOLLOWER]: Advancing to term 1
I20260709 14:54:44.980644 16636 raft_consensus.cc:3060] T 751aaa600f1f44f3aaa571ceb328a538 P 7a48edb23e064fdcbda2ce51914c6805 [term 0 FOLLOWER]: Advancing to term 1
I20260709 14:54:44.982517 16696 consensus_queue.cc:1048] T d8729b6849fe4e799d472e2578977b7f P 7a48edb23e064fdcbda2ce51914c6805 [LEADER]: Connected to new peer: Peer: permanent_uuid: "270e8be2bce04c1a82fe0fc4f929ac42" member_type: VOTER last_known_addr { host: "127.14.249.129" port: 41807 }, Status: LMP_MISMATCH, Last received: 0.0, Next index: 1, Last known committed idx: 0, Time since last communication: 0.000s
I20260709 14:54:44.993644 16707 raft_consensus.cc:515] T 3fc30348c9aa4291925a8a92cb791494 P d13cc66be9224d5d8168dcc25ae0f874 [term 1 FOLLOWER]: Starting leader election with config: opid_index: -1 OBSOLETE_local: false peers { permanent_uuid: "270e8be2bce04c1a82fe0fc4f929ac42" member_type: VOTER last_known_addr { host: "127.14.249.129" port: 41807 } } peers { permanent_uuid: "d13cc66be9224d5d8168dcc25ae0f874" member_type: VOTER last_known_addr { host: "127.14.249.130" port: 45097 } } peers { permanent_uuid: "7a48edb23e064fdcbda2ce51914c6805" member_type: VOTER last_known_addr { host: "127.14.249.131" port: 34167 } }
I20260709 14:54:44.995086 16771 consensus_queue.cc:1048] T 751aaa600f1f44f3aaa571ceb328a538 P d13cc66be9224d5d8168dcc25ae0f874 [LEADER]: Connected to new peer: Peer: permanent_uuid: "7a48edb23e064fdcbda2ce51914c6805" member_type: VOTER last_known_addr { host: "127.14.249.131" port: 34167 }, Status: LMP_MISMATCH, Last received: 0.0, Next index: 1, Last known committed idx: 0, Time since last communication: 0.000s
I20260709 14:54:44.999781 16770 consensus_queue.cc:1048] T 751aaa600f1f44f3aaa571ceb328a538 P d13cc66be9224d5d8168dcc25ae0f874 [LEADER]: Connected to new peer: Peer: permanent_uuid: "270e8be2bce04c1a82fe0fc4f929ac42" member_type: VOTER last_known_addr { host: "127.14.249.129" port: 41807 }, Status: LMP_MISMATCH, Last received: 0.0, Next index: 1, Last known committed idx: 0, Time since last communication: 0.000s
I20260709 14:54:45.003396 16486 tablet_service.cc:1917] Received RequestConsensusVote() RPC: tablet_id: "3fc30348c9aa4291925a8a92cb791494" candidate_uuid: "d13cc66be9224d5d8168dcc25ae0f874" candidate_term: 1 candidate_status { last_received { term: 0 index: 0 } } ignore_live_leader: false dest_uuid: "270e8be2bce04c1a82fe0fc4f929ac42"
I20260709 14:54:45.003564 16635 tablet_service.cc:1917] Received RequestConsensusVote() RPC: tablet_id: "3fc30348c9aa4291925a8a92cb791494" candidate_uuid: "d13cc66be9224d5d8168dcc25ae0f874" candidate_term: 1 candidate_status { last_received { term: 0 index: 0 } } ignore_live_leader: false dest_uuid: "7a48edb23e064fdcbda2ce51914c6805"
I20260709 14:54:45.004206 16635 raft_consensus.cc:3060] T 3fc30348c9aa4291925a8a92cb791494 P 7a48edb23e064fdcbda2ce51914c6805 [term 0 FOLLOWER]: Advancing to term 1
W20260709 14:54:45.004803 16526 leader_election.cc:343] T 3fc30348c9aa4291925a8a92cb791494 P d13cc66be9224d5d8168dcc25ae0f874 [CANDIDATE]: Term 1 election: Tablet error from VoteRequest() call to peer 270e8be2bce04c1a82fe0fc4f929ac42 (127.14.249.129:41807): Illegal state: must be running to vote when last-logged opid is not known
I20260709 14:54:45.019665 16635 raft_consensus.cc:2468] T 3fc30348c9aa4291925a8a92cb791494 P 7a48edb23e064fdcbda2ce51914c6805 [term 1 FOLLOWER]: Leader election vote request: Granting yes vote for candidate d13cc66be9224d5d8168dcc25ae0f874 in term 1.
I20260709 14:54:45.021202 16528 leader_election.cc:304] T 3fc30348c9aa4291925a8a92cb791494 P d13cc66be9224d5d8168dcc25ae0f874 [CANDIDATE]: Term 1 election: Election decided. Result: candidate won. Election summary: received 3 responses out of 3 voters: 2 yes votes; 1 no votes. yes voters: 7a48edb23e064fdcbda2ce51914c6805, d13cc66be9224d5d8168dcc25ae0f874; no voters: 270e8be2bce04c1a82fe0fc4f929ac42
I20260709 14:54:45.022253 16770 raft_consensus.cc:2804] T 3fc30348c9aa4291925a8a92cb791494 P d13cc66be9224d5d8168dcc25ae0f874 [term 1 FOLLOWER]: Leader election won for term 1
I20260709 14:54:45.029428 16707 leader_election.cc:290] T 3fc30348c9aa4291925a8a92cb791494 P d13cc66be9224d5d8168dcc25ae0f874 [CANDIDATE]: Term 1 election: Requested vote from peers 270e8be2bce04c1a82fe0fc4f929ac42 (127.14.249.129:41807), 7a48edb23e064fdcbda2ce51914c6805 (127.14.249.131:34167)
I20260709 14:54:45.031055 16682 raft_consensus.cc:493] T f3da3e0d673045daaebd67a689f6d426 P 270e8be2bce04c1a82fe0fc4f929ac42 [term 0 FOLLOWER]: Starting pre-election (no leader contacted us within the election timeout)
I20260709 14:54:45.043195 16682 raft_consensus.cc:515] T f3da3e0d673045daaebd67a689f6d426 P 270e8be2bce04c1a82fe0fc4f929ac42 [term 0 FOLLOWER]: Starting pre-election with config: opid_index: -1 OBSOLETE_local: false peers { permanent_uuid: "270e8be2bce04c1a82fe0fc4f929ac42" member_type: VOTER last_known_addr { host: "127.14.249.129" port: 41807 } } peers { permanent_uuid: "d13cc66be9224d5d8168dcc25ae0f874" member_type: VOTER last_known_addr { host: "127.14.249.130" port: 45097 } } peers { permanent_uuid: "7a48edb23e064fdcbda2ce51914c6805" member_type: VOTER last_known_addr { host: "127.14.249.131" port: 34167 } }
I20260709 14:54:45.046566 16682 leader_election.cc:290] T f3da3e0d673045daaebd67a689f6d426 P 270e8be2bce04c1a82fe0fc4f929ac42 [CANDIDATE]: Term 1 pre-election: Requested pre-vote from peers d13cc66be9224d5d8168dcc25ae0f874 (127.14.249.130:45097), 7a48edb23e064fdcbda2ce51914c6805 (127.14.249.131:34167)
I20260709 14:54:45.047128 16561 tablet_service.cc:1917] Received RequestConsensusVote() RPC: tablet_id: "f3da3e0d673045daaebd67a689f6d426" candidate_uuid: "270e8be2bce04c1a82fe0fc4f929ac42" candidate_term: 1 candidate_status { last_received { term: 0 index: 0 } } ignore_live_leader: false dest_uuid: "d13cc66be9224d5d8168dcc25ae0f874" is_pre_election: true
I20260709 14:54:45.047400 16634 tablet_service.cc:1917] Received RequestConsensusVote() RPC: tablet_id: "f3da3e0d673045daaebd67a689f6d426" candidate_uuid: "270e8be2bce04c1a82fe0fc4f929ac42" candidate_term: 1 candidate_status { last_received { term: 0 index: 0 } } ignore_live_leader: false dest_uuid: "7a48edb23e064fdcbda2ce51914c6805" is_pre_election: true
I20260709 14:54:45.048347 16634 raft_consensus.cc:2393] T f3da3e0d673045daaebd67a689f6d426 P 7a48edb23e064fdcbda2ce51914c6805 [term 1 FOLLOWER]: Leader pre-election vote request: Denying vote to candidate 270e8be2bce04c1a82fe0fc4f929ac42 in current term 1: Already voted for candidate d13cc66be9224d5d8168dcc25ae0f874 in this term.
I20260709 14:54:45.049667 16453 leader_election.cc:304] T f3da3e0d673045daaebd67a689f6d426 P 270e8be2bce04c1a82fe0fc4f929ac42 [CANDIDATE]: Term 1 pre-election: Election decided. Result: candidate lost. Election summary: received 3 responses out of 3 voters: 1 yes votes; 2 no votes. yes voters: 270e8be2bce04c1a82fe0fc4f929ac42; no voters: 7a48edb23e064fdcbda2ce51914c6805, d13cc66be9224d5d8168dcc25ae0f874
I20260709 14:54:45.050803 16682 raft_consensus.cc:3060] T f3da3e0d673045daaebd67a689f6d426 P 270e8be2bce04c1a82fe0fc4f929ac42 [term 0 FOLLOWER]: Advancing to term 1
I20260709 14:54:45.051501 16833 raft_consensus.cc:493] T a4efcd550e0946fca2f6151610b4f767 P d13cc66be9224d5d8168dcc25ae0f874 [term 0 FOLLOWER]: Starting pre-election (no leader contacted us within the election timeout)
I20260709 14:54:45.052037 16833 raft_consensus.cc:515] T a4efcd550e0946fca2f6151610b4f767 P d13cc66be9224d5d8168dcc25ae0f874 [term 0 FOLLOWER]: Starting pre-election with config: opid_index: -1 OBSOLETE_local: false peers { permanent_uuid: "270e8be2bce04c1a82fe0fc4f929ac42" member_type: VOTER last_known_addr { host: "127.14.249.129" port: 41807 } } peers { permanent_uuid: "d13cc66be9224d5d8168dcc25ae0f874" member_type: VOTER last_known_addr { host: "127.14.249.130" port: 45097 } } peers { permanent_uuid: "7a48edb23e064fdcbda2ce51914c6805" member_type: VOTER last_known_addr { host: "127.14.249.131" port: 34167 } }
I20260709 14:54:45.056603 16487 tablet_service.cc:1917] Received RequestConsensusVote() RPC: tablet_id: "a4efcd550e0946fca2f6151610b4f767" candidate_uuid: "d13cc66be9224d5d8168dcc25ae0f874" candidate_term: 1 candidate_status { last_received { term: 0 index: 0 } } ignore_live_leader: false dest_uuid: "270e8be2bce04c1a82fe0fc4f929ac42" is_pre_election: true
W20260709 14:54:45.059418 16526 leader_election.cc:343] T a4efcd550e0946fca2f6151610b4f767 P d13cc66be9224d5d8168dcc25ae0f874 [CANDIDATE]: Term 1 pre-election: Tablet error from VoteRequest() call to peer 270e8be2bce04c1a82fe0fc4f929ac42 (127.14.249.129:41807): Illegal state: must be running to vote when last-logged opid is not known
I20260709 14:54:45.060936 16707 raft_consensus.cc:493] T b36a7b1fe6b94a75b2478d6505fc593b P d13cc66be9224d5d8168dcc25ae0f874 [term 0 FOLLOWER]: Starting pre-election (no leader contacted us within the election timeout)
I20260709 14:54:45.065932 16707 raft_consensus.cc:515] T b36a7b1fe6b94a75b2478d6505fc593b P d13cc66be9224d5d8168dcc25ae0f874 [term 0 FOLLOWER]: Starting pre-election with config: opid_index: -1 OBSOLETE_local: false peers { permanent_uuid: "270e8be2bce04c1a82fe0fc4f929ac42" member_type: VOTER last_known_addr { host: "127.14.249.129" port: 41807 } } peers { permanent_uuid: "d13cc66be9224d5d8168dcc25ae0f874" member_type: VOTER last_known_addr { host: "127.14.249.130" port: 45097 } } peers { permanent_uuid: "7a48edb23e064fdcbda2ce51914c6805" member_type: VOTER last_known_addr { host: "127.14.249.131" port: 34167 } }
I20260709 14:54:45.065227 16682 raft_consensus.cc:2749] T f3da3e0d673045daaebd67a689f6d426 P 270e8be2bce04c1a82fe0fc4f929ac42 [term 1 FOLLOWER]: Leader pre-election lost for term 1. Reason: could not achieve majority
I20260709 14:54:45.064801 16770 raft_consensus.cc:697] T 3fc30348c9aa4291925a8a92cb791494 P d13cc66be9224d5d8168dcc25ae0f874 [term 1 LEADER]: Becoming Leader. State: Replica: d13cc66be9224d5d8168dcc25ae0f874, State: Running, Role: LEADER
I20260709 14:54:45.069357 16770 consensus_queue.cc:237] T 3fc30348c9aa4291925a8a92cb791494 P d13cc66be9224d5d8168dcc25ae0f874 [LEADER]: Queue going to LEADER mode. State: All replicated index: 0, Majority replicated index: 0, Committed index: 0, Last appended: 0.0, Last appended by leader: 0, Current term: 1, Majority size: 2, State: 0, Mode: LEADER, active raft config: opid_index: -1 OBSOLETE_local: false peers { permanent_uuid: "270e8be2bce04c1a82fe0fc4f929ac42" member_type: VOTER last_known_addr { host: "127.14.249.129" port: 41807 } } peers { permanent_uuid: "d13cc66be9224d5d8168dcc25ae0f874" member_type: VOTER last_known_addr { host: "127.14.249.130" port: 45097 } } peers { permanent_uuid: "7a48edb23e064fdcbda2ce51914c6805" member_type: VOTER last_known_addr { host: "127.14.249.131" port: 34167 } }
I20260709 14:54:45.070526 16487 tablet_service.cc:1917] Received RequestConsensusVote() RPC: tablet_id: "b36a7b1fe6b94a75b2478d6505fc593b" candidate_uuid: "d13cc66be9224d5d8168dcc25ae0f874" candidate_term: 1 candidate_status { last_received { term: 0 index: 0 } } ignore_live_leader: false dest_uuid: "270e8be2bce04c1a82fe0fc4f929ac42" is_pre_election: true
W20260709 14:54:45.071956 16526 leader_election.cc:343] T b36a7b1fe6b94a75b2478d6505fc593b P d13cc66be9224d5d8168dcc25ae0f874 [CANDIDATE]: Term 1 pre-election: Tablet error from VoteRequest() call to peer 270e8be2bce04c1a82fe0fc4f929ac42 (127.14.249.129:41807): Illegal state: must be running to vote when last-logged opid is not known
I20260709 14:54:45.072898 16707 leader_election.cc:290] T b36a7b1fe6b94a75b2478d6505fc593b P d13cc66be9224d5d8168dcc25ae0f874 [CANDIDATE]: Term 1 pre-election: Requested pre-vote from peers 270e8be2bce04c1a82fe0fc4f929ac42 (127.14.249.129:41807), 7a48edb23e064fdcbda2ce51914c6805 (127.14.249.131:34167)
I20260709 14:54:45.114194 16770 consensus_queue.cc:1048] T f3da3e0d673045daaebd67a689f6d426 P d13cc66be9224d5d8168dcc25ae0f874 [LEADER]: Connected to new peer: Peer: permanent_uuid: "270e8be2bce04c1a82fe0fc4f929ac42" member_type: VOTER last_known_addr { host: "127.14.249.129" port: 41807 }, Status: LMP_MISMATCH, Last received: 0.0, Next index: 1, Last known committed idx: 0, Time since last communication: 0.000s
I20260709 14:54:45.129968 16634 tablet_service.cc:1917] Received RequestConsensusVote() RPC: tablet_id: "b36a7b1fe6b94a75b2478d6505fc593b" candidate_uuid: "d13cc66be9224d5d8168dcc25ae0f874" candidate_term: 1 candidate_status { last_received { term: 0 index: 0 } } ignore_live_leader: false dest_uuid: "7a48edb23e064fdcbda2ce51914c6805" is_pre_election: true
I20260709 14:54:45.130656 16634 raft_consensus.cc:2468] T b36a7b1fe6b94a75b2478d6505fc593b P 7a48edb23e064fdcbda2ce51914c6805 [term 0 FOLLOWER]: Leader pre-election vote request: Granting yes vote for candidate d13cc66be9224d5d8168dcc25ae0f874 in term 0.
W20260709 14:54:45.131074 16829 log.cc:927] Time spent T 751aaa600f1f44f3aaa571ceb328a538 P 7a48edb23e064fdcbda2ce51914c6805: Append to log took a long time: real 0.083s	user 0.000s	sys 0.001s
I20260709 14:54:45.133486 16528 leader_election.cc:304] T b36a7b1fe6b94a75b2478d6505fc593b P d13cc66be9224d5d8168dcc25ae0f874 [CANDIDATE]: Term 1 pre-election: Election decided. Result: candidate won. Election summary: received 3 responses out of 3 voters: 2 yes votes; 1 no votes. yes voters: 7a48edb23e064fdcbda2ce51914c6805, d13cc66be9224d5d8168dcc25ae0f874; no voters: 270e8be2bce04c1a82fe0fc4f929ac42
I20260709 14:54:45.139127 16828 raft_consensus.cc:2804] T b36a7b1fe6b94a75b2478d6505fc593b P d13cc66be9224d5d8168dcc25ae0f874 [term 0 FOLLOWER]: Leader pre-election won for term 1
I20260709 14:54:45.139627 16828 raft_consensus.cc:493] T b36a7b1fe6b94a75b2478d6505fc593b P d13cc66be9224d5d8168dcc25ae0f874 [term 0 FOLLOWER]: Starting leader election (no leader contacted us within the election timeout)
I20260709 14:54:45.140031 16828 raft_consensus.cc:3060] T b36a7b1fe6b94a75b2478d6505fc593b P d13cc66be9224d5d8168dcc25ae0f874 [term 0 FOLLOWER]: Advancing to term 1
I20260709 14:54:45.140625 16834 consensus_queue.cc:1048] T f3da3e0d673045daaebd67a689f6d426 P d13cc66be9224d5d8168dcc25ae0f874 [LEADER]: Connected to new peer: Peer: permanent_uuid: "7a48edb23e064fdcbda2ce51914c6805" member_type: VOTER last_known_addr { host: "127.14.249.131" port: 34167 }, Status: LMP_MISMATCH, Last received: 0.0, Next index: 1, Last known committed idx: 0, Time since last communication: 0.001s
I20260709 14:54:45.160377 16696 raft_consensus.cc:493] T 848dc6e26ecd42ea8807cb663f6d8c1f P 7a48edb23e064fdcbda2ce51914c6805 [term 0 FOLLOWER]: Starting pre-election (no leader contacted us within the election timeout)
I20260709 14:54:45.160873 16696 raft_consensus.cc:515] T 848dc6e26ecd42ea8807cb663f6d8c1f P 7a48edb23e064fdcbda2ce51914c6805 [term 0 FOLLOWER]: Starting pre-election with config: opid_index: -1 OBSOLETE_local: false peers { permanent_uuid: "270e8be2bce04c1a82fe0fc4f929ac42" member_type: VOTER last_known_addr { host: "127.14.249.129" port: 41807 } } peers { permanent_uuid: "d13cc66be9224d5d8168dcc25ae0f874" member_type: VOTER last_known_addr { host: "127.14.249.130" port: 45097 } } peers { permanent_uuid: "7a48edb23e064fdcbda2ce51914c6805" member_type: VOTER last_known_addr { host: "127.14.249.131" port: 34167 } }
I20260709 14:54:45.162809 16696 leader_election.cc:290] T 848dc6e26ecd42ea8807cb663f6d8c1f P 7a48edb23e064fdcbda2ce51914c6805 [CANDIDATE]: Term 1 pre-election: Requested pre-vote from peers 270e8be2bce04c1a82fe0fc4f929ac42 (127.14.249.129:41807), d13cc66be9224d5d8168dcc25ae0f874 (127.14.249.130:45097)
I20260709 14:54:45.164951 16484 tablet_service.cc:1917] Received RequestConsensusVote() RPC: tablet_id: "848dc6e26ecd42ea8807cb663f6d8c1f" candidate_uuid: "7a48edb23e064fdcbda2ce51914c6805" candidate_term: 1 candidate_status { last_received { term: 0 index: 0 } } ignore_live_leader: false dest_uuid: "270e8be2bce04c1a82fe0fc4f929ac42" is_pre_election: true
I20260709 14:54:45.166663 16676 tablet_bootstrap.cc:492] T 4808a7a3172f4bc083fffc9648c9d560 P 7a48edb23e064fdcbda2ce51914c6805: No bootstrap required, opened a new log
I20260709 14:54:45.167157 16676 ts_tablet_manager.cc:1403] T 4808a7a3172f4bc083fffc9648c9d560 P 7a48edb23e064fdcbda2ce51914c6805: Time spent bootstrapping tablet: real 0.360s	user 0.142s	sys 0.197s
I20260709 14:54:45.150573 16383 catalog_manager.cc:5697] T 20580506db97469382d8c5c6d2d66dcb P d13cc66be9224d5d8168dcc25ae0f874 reported cstate change: term changed from 0 to 1, leader changed from <none> to d13cc66be9224d5d8168dcc25ae0f874 (127.14.249.130). New cstate: current_term: 1 leader_uuid: "d13cc66be9224d5d8168dcc25ae0f874" committed_config { opid_index: -1 OBSOLETE_local: false peers { permanent_uuid: "270e8be2bce04c1a82fe0fc4f929ac42" member_type: VOTER last_known_addr { host: "127.14.249.129" port: 41807 } health_report { overall_health: UNKNOWN } } peers { permanent_uuid: "d13cc66be9224d5d8168dcc25ae0f874" member_type: VOTER last_known_addr { host: "127.14.249.130" port: 45097 } health_report { overall_health: HEALTHY } } peers { permanent_uuid: "7a48edb23e064fdcbda2ce51914c6805" member_type: VOTER last_known_addr { host: "127.14.249.131" port: 34167 } health_report { overall_health: UNKNOWN } } }
I20260709 14:54:45.167155 16833 leader_election.cc:290] T a4efcd550e0946fca2f6151610b4f767 P d13cc66be9224d5d8168dcc25ae0f874 [CANDIDATE]: Term 1 pre-election: Requested pre-vote from peers 270e8be2bce04c1a82fe0fc4f929ac42 (127.14.249.129:41807), 7a48edb23e064fdcbda2ce51914c6805 (127.14.249.131:34167)
I20260709 14:54:45.167999 16678 tablet_bootstrap.cc:492] T da8d34aa85b74806afa39db61267d53e P d13cc66be9224d5d8168dcc25ae0f874: No bootstrap required, opened a new log
I20260709 14:54:45.168437 16678 ts_tablet_manager.cc:1403] T da8d34aa85b74806afa39db61267d53e P d13cc66be9224d5d8168dcc25ae0f874: Time spent bootstrapping tablet: real 0.319s	user 0.130s	sys 0.142s
I20260709 14:54:45.168632 16561 tablet_service.cc:1917] Received RequestConsensusVote() RPC: tablet_id: "848dc6e26ecd42ea8807cb663f6d8c1f" candidate_uuid: "7a48edb23e064fdcbda2ce51914c6805" candidate_term: 1 candidate_status { last_received { term: 0 index: 0 } } ignore_live_leader: false dest_uuid: "d13cc66be9224d5d8168dcc25ae0f874" is_pre_election: true
I20260709 14:54:45.169209 16561 raft_consensus.cc:2468] T 848dc6e26ecd42ea8807cb663f6d8c1f P d13cc66be9224d5d8168dcc25ae0f874 [term 0 FOLLOWER]: Leader pre-election vote request: Granting yes vote for candidate 7a48edb23e064fdcbda2ce51914c6805 in term 0.
I20260709 14:54:45.170629 16676 raft_consensus.cc:359] T 4808a7a3172f4bc083fffc9648c9d560 P 7a48edb23e064fdcbda2ce51914c6805 [term 0 FOLLOWER]: Replica starting. Triggering 0 pending ops. Active config: opid_index: -1 OBSOLETE_local: false peers { permanent_uuid: "270e8be2bce04c1a82fe0fc4f929ac42" member_type: VOTER last_known_addr { host: "127.14.249.129" port: 41807 } } peers { permanent_uuid: "d13cc66be9224d5d8168dcc25ae0f874" member_type: VOTER last_known_addr { host: "127.14.249.130" port: 45097 } } peers { permanent_uuid: "7a48edb23e064fdcbda2ce51914c6805" member_type: VOTER last_known_addr { host: "127.14.249.131" port: 34167 } }
I20260709 14:54:45.170861 16678 raft_consensus.cc:359] T da8d34aa85b74806afa39db61267d53e P d13cc66be9224d5d8168dcc25ae0f874 [term 0 FOLLOWER]: Replica starting. Triggering 0 pending ops. Active config: opid_index: -1 OBSOLETE_local: false peers { permanent_uuid: "270e8be2bce04c1a82fe0fc4f929ac42" member_type: VOTER last_known_addr { host: "127.14.249.129" port: 41807 } } peers { permanent_uuid: "d13cc66be9224d5d8168dcc25ae0f874" member_type: VOTER last_known_addr { host: "127.14.249.130" port: 45097 } } peers { permanent_uuid: "7a48edb23e064fdcbda2ce51914c6805" member_type: VOTER last_known_addr { host: "127.14.249.131" port: 34167 } }
I20260709 14:54:45.171344 16676 raft_consensus.cc:385] T 4808a7a3172f4bc083fffc9648c9d560 P 7a48edb23e064fdcbda2ce51914c6805 [term 0 FOLLOWER]: Consensus starting up: Expiring failure detector timer to make a prompt election more likely
I20260709 14:54:45.171648 16678 raft_consensus.cc:385] T da8d34aa85b74806afa39db61267d53e P d13cc66be9224d5d8168dcc25ae0f874 [term 0 FOLLOWER]: Consensus starting up: Expiring failure detector timer to make a prompt election more likely
I20260709 14:54:45.171975 16677 tablet_bootstrap.cc:492] T 3fc30348c9aa4291925a8a92cb791494 P 270e8be2bce04c1a82fe0fc4f929ac42: No bootstrap required, opened a new log
I20260709 14:54:45.172005 16678 raft_consensus.cc:740] T da8d34aa85b74806afa39db61267d53e P d13cc66be9224d5d8168dcc25ae0f874 [term 0 FOLLOWER]: Becoming Follower/Learner. State: Replica: d13cc66be9224d5d8168dcc25ae0f874, State: Initialized, Role: FOLLOWER
I20260709 14:54:45.171985 16676 raft_consensus.cc:740] T 4808a7a3172f4bc083fffc9648c9d560 P 7a48edb23e064fdcbda2ce51914c6805 [term 0 FOLLOWER]: Becoming Follower/Learner. State: Replica: 7a48edb23e064fdcbda2ce51914c6805, State: Initialized, Role: FOLLOWER
I20260709 14:54:45.172477 16677 ts_tablet_manager.cc:1403] T 3fc30348c9aa4291925a8a92cb791494 P 270e8be2bce04c1a82fe0fc4f929ac42: Time spent bootstrapping tablet: real 0.382s	user 0.041s	sys 0.040s
I20260709 14:54:45.172928 16678 consensus_queue.cc:260] T da8d34aa85b74806afa39db61267d53e P d13cc66be9224d5d8168dcc25ae0f874 [NON_LEADER]: Queue going to NON_LEADER mode. State: All replicated index: 0, Majority replicated index: 0, Committed index: 0, Last appended: 0.0, Last appended by leader: 0, Current term: 0, Majority size: -1, State: 0, Mode: NON_LEADER, active raft config: opid_index: -1 OBSOLETE_local: false peers { permanent_uuid: "270e8be2bce04c1a82fe0fc4f929ac42" member_type: VOTER last_known_addr { host: "127.14.249.129" port: 41807 } } peers { permanent_uuid: "d13cc66be9224d5d8168dcc25ae0f874" member_type: VOTER last_known_addr { host: "127.14.249.130" port: 45097 } } peers { permanent_uuid: "7a48edb23e064fdcbda2ce51914c6805" member_type: VOTER last_known_addr { host: "127.14.249.131" port: 34167 } }
I20260709 14:54:45.173048 16676 consensus_queue.cc:260] T 4808a7a3172f4bc083fffc9648c9d560 P 7a48edb23e064fdcbda2ce51914c6805 [NON_LEADER]: Queue going to NON_LEADER mode. State: All replicated index: 0, Majority replicated index: 0, Committed index: 0, Last appended: 0.0, Last appended by leader: 0, Current term: 0, Majority size: -1, State: 0, Mode: NON_LEADER, active raft config: opid_index: -1 OBSOLETE_local: false peers { permanent_uuid: "270e8be2bce04c1a82fe0fc4f929ac42" member_type: VOTER last_known_addr { host: "127.14.249.129" port: 41807 } } peers { permanent_uuid: "d13cc66be9224d5d8168dcc25ae0f874" member_type: VOTER last_known_addr { host: "127.14.249.130" port: 45097 } } peers { permanent_uuid: "7a48edb23e064fdcbda2ce51914c6805" member_type: VOTER last_known_addr { host: "127.14.249.131" port: 34167 } }
I20260709 14:54:45.174930 16678 ts_tablet_manager.cc:1434] T da8d34aa85b74806afa39db61267d53e P d13cc66be9224d5d8168dcc25ae0f874: Time spent starting tablet: real 0.006s	user 0.007s	sys 0.000s
I20260709 14:54:45.174957 16677 raft_consensus.cc:359] T 3fc30348c9aa4291925a8a92cb791494 P 270e8be2bce04c1a82fe0fc4f929ac42 [term 0 FOLLOWER]: Replica starting. Triggering 0 pending ops. Active config: opid_index: -1 OBSOLETE_local: false peers { permanent_uuid: "270e8be2bce04c1a82fe0fc4f929ac42" member_type: VOTER last_known_addr { host: "127.14.249.129" port: 41807 } } peers { permanent_uuid: "d13cc66be9224d5d8168dcc25ae0f874" member_type: VOTER last_known_addr { host: "127.14.249.130" port: 45097 } } peers { permanent_uuid: "7a48edb23e064fdcbda2ce51914c6805" member_type: VOTER last_known_addr { host: "127.14.249.131" port: 34167 } }
I20260709 14:54:45.175505 16676 ts_tablet_manager.cc:1434] T 4808a7a3172f4bc083fffc9648c9d560 P 7a48edb23e064fdcbda2ce51914c6805: Time spent starting tablet: real 0.008s	user 0.005s	sys 0.001s
I20260709 14:54:45.175694 16677 raft_consensus.cc:385] T 3fc30348c9aa4291925a8a92cb791494 P 270e8be2bce04c1a82fe0fc4f929ac42 [term 0 FOLLOWER]: Consensus starting up: Expiring failure detector timer to make a prompt election more likely
I20260709 14:54:45.176020 16678 tablet_bootstrap.cc:492] T 9976d3edf4ae45ee859acec2dd358149 P d13cc66be9224d5d8168dcc25ae0f874: Bootstrap starting.
I20260709 14:54:45.176033 16677 raft_consensus.cc:740] T 3fc30348c9aa4291925a8a92cb791494 P 270e8be2bce04c1a82fe0fc4f929ac42 [term 0 FOLLOWER]: Becoming Follower/Learner. State: Replica: 270e8be2bce04c1a82fe0fc4f929ac42, State: Initialized, Role: FOLLOWER
I20260709 14:54:45.176759 16676 tablet_bootstrap.cc:492] T da8d34aa85b74806afa39db61267d53e P 7a48edb23e064fdcbda2ce51914c6805: Bootstrap starting.
