I20260709 14:54:26.305099 22033 raft_consensus.cc:359] T e0970933e6194e2fab02dc8844d82994 P 9b66cef868524132ab3351ed799fe64b [term 0 FOLLOWER]: Replica starting. Triggering 0 pending ops. Active config: opid_index: -1 OBSOLETE_local: false peers { permanent_uuid: "9b66cef868524132ab3351ed799fe64b" member_type: VOTER last_known_addr { host: "127.20.176.129" port: 45183 } } peers { permanent_uuid: "8b7346843a2c4304b359e4d0523691b1" member_type: VOTER last_known_addr { host: "127.20.176.130" port: 43793 } } peers { permanent_uuid: "93c550a8906948c59bca757552dc5aed" member_type: VOTER last_known_addr { host: "127.20.176.131" port: 46273 } }
I20260709 14:54:26.305724 22033 raft_consensus.cc:385] T e0970933e6194e2fab02dc8844d82994 P 9b66cef868524132ab3351ed799fe64b [term 0 FOLLOWER]: Consensus starting up: Expiring failure detector timer to make a prompt election more likely
I20260709 14:54:26.306020 22033 raft_consensus.cc:740] T e0970933e6194e2fab02dc8844d82994 P 9b66cef868524132ab3351ed799fe64b [term 0 FOLLOWER]: Becoming Follower/Learner. State: Replica: 9b66cef868524132ab3351ed799fe64b, State: Initialized, Role: FOLLOWER
I20260709 14:54:26.306612 22030 tablet_bootstrap.cc:492] T 010bbcf4e39f4f05b3ef436835567f61 P 8b7346843a2c4304b359e4d0523691b1: No bootstrap required, opened a new log
I20260709 14:54:26.306661 22033 consensus_queue.cc:260] T e0970933e6194e2fab02dc8844d82994 P 9b66cef868524132ab3351ed799fe64b [NON_LEADER]: Queue going to NON_LEADER mode. State: All replicated index: 0, Majority replicated index: 0, Committed index: 0, Last appended: 0.0, Last appended by leader: 0, Current term: 0, Majority size: -1, State: 0, Mode: NON_LEADER, active raft config: opid_index: -1 OBSOLETE_local: false peers { permanent_uuid: "9b66cef868524132ab3351ed799fe64b" member_type: VOTER last_known_addr { host: "127.20.176.129" port: 45183 } } peers { permanent_uuid: "8b7346843a2c4304b359e4d0523691b1" member_type: VOTER last_known_addr { host: "127.20.176.130" port: 43793 } } peers { permanent_uuid: "93c550a8906948c59bca757552dc5aed" member_type: VOTER last_known_addr { host: "127.20.176.131" port: 46273 } }
I20260709 14:54:26.307307 22030 ts_tablet_manager.cc:1403] T 010bbcf4e39f4f05b3ef436835567f61 P 8b7346843a2c4304b359e4d0523691b1: Time spent bootstrapping tablet: real 0.057s	user 0.023s	sys 0.001s
I20260709 14:54:26.306551 21738 catalog_manager.cc:5697] T 514b7bd478144f518c8438dda9097794 P 8b7346843a2c4304b359e4d0523691b1 reported cstate change: term changed from 0 to 1, leader changed from <none> to 8b7346843a2c4304b359e4d0523691b1 (127.20.176.130). New cstate: current_term: 1 leader_uuid: "8b7346843a2c4304b359e4d0523691b1" committed_config { opid_index: -1 OBSOLETE_local: false peers { permanent_uuid: "9b66cef868524132ab3351ed799fe64b" member_type: VOTER last_known_addr { host: "127.20.176.129" port: 45183 } health_report { overall_health: UNKNOWN } } peers { permanent_uuid: "8b7346843a2c4304b359e4d0523691b1" member_type: VOTER last_known_addr { host: "127.20.176.130" port: 43793 } health_report { overall_health: HEALTHY } } peers { permanent_uuid: "93c550a8906948c59bca757552dc5aed" member_type: VOTER last_known_addr { host: "127.20.176.131" port: 46273 } health_report { overall_health: UNKNOWN } } }
I20260709 14:54:26.308923 22033 ts_tablet_manager.cc:1434] T e0970933e6194e2fab02dc8844d82994 P 9b66cef868524132ab3351ed799fe64b: Time spent starting tablet: real 0.008s	user 0.007s	sys 0.000s
I20260709 14:54:26.310720 22030 raft_consensus.cc:359] T 010bbcf4e39f4f05b3ef436835567f61 P 8b7346843a2c4304b359e4d0523691b1 [term 0 FOLLOWER]: Replica starting. Triggering 0 pending ops. Active config: opid_index: -1 OBSOLETE_local: false peers { permanent_uuid: "9b66cef868524132ab3351ed799fe64b" member_type: VOTER last_known_addr { host: "127.20.176.129" port: 45183 } } peers { permanent_uuid: "8b7346843a2c4304b359e4d0523691b1" member_type: VOTER last_known_addr { host: "127.20.176.130" port: 43793 } } peers { permanent_uuid: "93c550a8906948c59bca757552dc5aed" member_type: VOTER last_known_addr { host: "127.20.176.131" port: 46273 } }
I20260709 14:54:26.311579 22030 raft_consensus.cc:385] T 010bbcf4e39f4f05b3ef436835567f61 P 8b7346843a2c4304b359e4d0523691b1 [term 0 FOLLOWER]: Consensus starting up: Expiring failure detector timer to make a prompt election more likely
I20260709 14:54:26.311937 22030 raft_consensus.cc:740] T 010bbcf4e39f4f05b3ef436835567f61 P 8b7346843a2c4304b359e4d0523691b1 [term 0 FOLLOWER]: Becoming Follower/Learner. State: Replica: 8b7346843a2c4304b359e4d0523691b1, State: Initialized, Role: FOLLOWER
I20260709 14:54:26.312836 22031 tablet_bootstrap.cc:654] T 010bbcf4e39f4f05b3ef436835567f61 P 93c550a8906948c59bca757552dc5aed: Neither blocks nor log segments found. Creating new log.
I20260709 14:54:26.312923 22030 consensus_queue.cc:260] T 010bbcf4e39f4f05b3ef436835567f61 P 8b7346843a2c4304b359e4d0523691b1 [NON_LEADER]: Queue going to NON_LEADER mode. State: All replicated index: 0, Majority replicated index: 0, Committed index: 0, Last appended: 0.0, Last appended by leader: 0, Current term: 0, Majority size: -1, State: 0, Mode: NON_LEADER, active raft config: opid_index: -1 OBSOLETE_local: false peers { permanent_uuid: "9b66cef868524132ab3351ed799fe64b" member_type: VOTER last_known_addr { host: "127.20.176.129" port: 45183 } } peers { permanent_uuid: "8b7346843a2c4304b359e4d0523691b1" member_type: VOTER last_known_addr { host: "127.20.176.130" port: 43793 } } peers { permanent_uuid: "93c550a8906948c59bca757552dc5aed" member_type: VOTER last_known_addr { host: "127.20.176.131" port: 46273 } }
I20260709 14:54:26.316087 22030 ts_tablet_manager.cc:1434] T 010bbcf4e39f4f05b3ef436835567f61 P 8b7346843a2c4304b359e4d0523691b1: Time spent starting tablet: real 0.008s	user 0.007s	sys 0.000s
I20260709 14:54:26.324113 22031 tablet_bootstrap.cc:492] T 010bbcf4e39f4f05b3ef436835567f61 P 93c550a8906948c59bca757552dc5aed: No bootstrap required, opened a new log
I20260709 14:54:26.324527 22031 ts_tablet_manager.cc:1403] T 010bbcf4e39f4f05b3ef436835567f61 P 93c550a8906948c59bca757552dc5aed: Time spent bootstrapping tablet: real 0.039s	user 0.013s	sys 0.000s
I20260709 14:54:26.326805 22031 raft_consensus.cc:359] T 010bbcf4e39f4f05b3ef436835567f61 P 93c550a8906948c59bca757552dc5aed [term 0 FOLLOWER]: Replica starting. Triggering 0 pending ops. Active config: opid_index: -1 OBSOLETE_local: false peers { permanent_uuid: "9b66cef868524132ab3351ed799fe64b" member_type: VOTER last_known_addr { host: "127.20.176.129" port: 45183 } } peers { permanent_uuid: "8b7346843a2c4304b359e4d0523691b1" member_type: VOTER last_known_addr { host: "127.20.176.130" port: 43793 } } peers { permanent_uuid: "93c550a8906948c59bca757552dc5aed" member_type: VOTER last_known_addr { host: "127.20.176.131" port: 46273 } }
I20260709 14:54:26.327260 22031 raft_consensus.cc:385] T 010bbcf4e39f4f05b3ef436835567f61 P 93c550a8906948c59bca757552dc5aed [term 0 FOLLOWER]: Consensus starting up: Expiring failure detector timer to make a prompt election more likely
I20260709 14:54:26.327530 22031 raft_consensus.cc:740] T 010bbcf4e39f4f05b3ef436835567f61 P 93c550a8906948c59bca757552dc5aed [term 0 FOLLOWER]: Becoming Follower/Learner. State: Replica: 93c550a8906948c59bca757552dc5aed, State: Initialized, Role: FOLLOWER
I20260709 14:54:26.327448 21737 catalog_manager.cc:5697] T 64706814473b4260bfb0f45f8965fdcc P 9b66cef868524132ab3351ed799fe64b reported cstate change: term changed from 0 to 1, leader changed from <none> to 9b66cef868524132ab3351ed799fe64b (127.20.176.129). New cstate: current_term: 1 leader_uuid: "9b66cef868524132ab3351ed799fe64b" committed_config { opid_index: -1 OBSOLETE_local: false peers { permanent_uuid: "9b66cef868524132ab3351ed799fe64b" member_type: VOTER last_known_addr { host: "127.20.176.129" port: 45183 } health_report { overall_health: HEALTHY } } peers { permanent_uuid: "8b7346843a2c4304b359e4d0523691b1" member_type: VOTER last_known_addr { host: "127.20.176.130" port: 43793 } health_report { overall_health: UNKNOWN } } peers { permanent_uuid: "93c550a8906948c59bca757552dc5aed" member_type: VOTER last_known_addr { host: "127.20.176.131" port: 46273 } health_report { overall_health: UNKNOWN } } }
I20260709 14:54:26.328311 22031 consensus_queue.cc:260] T 010bbcf4e39f4f05b3ef436835567f61 P 93c550a8906948c59bca757552dc5aed [NON_LEADER]: Queue going to NON_LEADER mode. State: All replicated index: 0, Majority replicated index: 0, Committed index: 0, Last appended: 0.0, Last appended by leader: 0, Current term: 0, Majority size: -1, State: 0, Mode: NON_LEADER, active raft config: opid_index: -1 OBSOLETE_local: false peers { permanent_uuid: "9b66cef868524132ab3351ed799fe64b" member_type: VOTER last_known_addr { host: "127.20.176.129" port: 45183 } } peers { permanent_uuid: "8b7346843a2c4304b359e4d0523691b1" member_type: VOTER last_known_addr { host: "127.20.176.130" port: 43793 } } peers { permanent_uuid: "93c550a8906948c59bca757552dc5aed" member_type: VOTER last_known_addr { host: "127.20.176.131" port: 46273 } }
I20260709 14:54:26.329713 22031 ts_tablet_manager.cc:1434] T 010bbcf4e39f4f05b3ef436835567f61 P 93c550a8906948c59bca757552dc5aed: Time spent starting tablet: real 0.005s	user 0.004s	sys 0.000s
I20260709 14:54:26.329231 21737 catalog_manager.cc:5697] T 4d3ca73ff1fa4eda941753f871fc1f73 P 9b66cef868524132ab3351ed799fe64b reported cstate change: term changed from 0 to 1, leader changed from <none> to 9b66cef868524132ab3351ed799fe64b (127.20.176.129). New cstate: current_term: 1 leader_uuid: "9b66cef868524132ab3351ed799fe64b" committed_config { opid_index: -1 OBSOLETE_local: false peers { permanent_uuid: "9b66cef868524132ab3351ed799fe64b" member_type: VOTER last_known_addr { host: "127.20.176.129" port: 45183 } health_report { overall_health: HEALTHY } } peers { permanent_uuid: "8b7346843a2c4304b359e4d0523691b1" member_type: VOTER last_known_addr { host: "127.20.176.130" port: 43793 } health_report { overall_health: UNKNOWN } } peers { permanent_uuid: "93c550a8906948c59bca757552dc5aed" member_type: VOTER last_known_addr { host: "127.20.176.131" port: 46273 } health_report { overall_health: UNKNOWN } } }
I20260709 14:54:26.330328 22031 tablet_bootstrap.cc:492] T 64706814473b4260bfb0f45f8965fdcc P 93c550a8906948c59bca757552dc5aed: Bootstrap starting.
I20260709 14:54:26.334460 22031 tablet_bootstrap.cc:654] T 64706814473b4260bfb0f45f8965fdcc P 93c550a8906948c59bca757552dc5aed: Neither blocks nor log segments found. Creating new log.
I20260709 14:54:26.338397 22038 raft_consensus.cc:493] T e0970933e6194e2fab02dc8844d82994 P 9b66cef868524132ab3351ed799fe64b [term 0 FOLLOWER]: Starting pre-election (no leader contacted us within the election timeout)
I20260709 14:54:26.338835 22031 tablet_bootstrap.cc:492] T 64706814473b4260bfb0f45f8965fdcc P 93c550a8906948c59bca757552dc5aed: No bootstrap required, opened a new log
I20260709 14:54:26.338804 22038 raft_consensus.cc:515] T e0970933e6194e2fab02dc8844d82994 P 9b66cef868524132ab3351ed799fe64b [term 0 FOLLOWER]: Starting pre-election with config: opid_index: -1 OBSOLETE_local: false peers { permanent_uuid: "9b66cef868524132ab3351ed799fe64b" member_type: VOTER last_known_addr { host: "127.20.176.129" port: 45183 } } peers { permanent_uuid: "8b7346843a2c4304b359e4d0523691b1" member_type: VOTER last_known_addr { host: "127.20.176.130" port: 43793 } } peers { permanent_uuid: "93c550a8906948c59bca757552dc5aed" member_type: VOTER last_known_addr { host: "127.20.176.131" port: 46273 } }
I20260709 14:54:26.339334 22031 ts_tablet_manager.cc:1403] T 64706814473b4260bfb0f45f8965fdcc P 93c550a8906948c59bca757552dc5aed: Time spent bootstrapping tablet: real 0.009s	user 0.003s	sys 0.003s
I20260709 14:54:26.340947 22038 leader_election.cc:290] T e0970933e6194e2fab02dc8844d82994 P 9b66cef868524132ab3351ed799fe64b [CANDIDATE]: Term 1 pre-election: Requested pre-vote from peers 8b7346843a2c4304b359e4d0523691b1 (127.20.176.130:43793), 93c550a8906948c59bca757552dc5aed (127.20.176.131:46273)
I20260709 14:54:26.341682 21915 tablet_service.cc:1917] Received RequestConsensusVote() RPC: tablet_id: "e0970933e6194e2fab02dc8844d82994" candidate_uuid: "9b66cef868524132ab3351ed799fe64b" candidate_term: 1 candidate_status { last_received { term: 0 index: 0 } } ignore_live_leader: false dest_uuid: "8b7346843a2c4304b359e4d0523691b1" is_pre_election: true
I20260709 14:54:26.341902 21988 tablet_service.cc:1917] Received RequestConsensusVote() RPC: tablet_id: "e0970933e6194e2fab02dc8844d82994" candidate_uuid: "9b66cef868524132ab3351ed799fe64b" candidate_term: 1 candidate_status { last_received { term: 0 index: 0 } } ignore_live_leader: false dest_uuid: "93c550a8906948c59bca757552dc5aed" is_pre_election: true
I20260709 14:54:26.342258 21915 raft_consensus.cc:2468] T e0970933e6194e2fab02dc8844d82994 P 8b7346843a2c4304b359e4d0523691b1 [term 0 FOLLOWER]: Leader pre-election vote request: Granting yes vote for candidate 9b66cef868524132ab3351ed799fe64b in term 0.
I20260709 14:54:26.342479 21988 raft_consensus.cc:2468] T e0970933e6194e2fab02dc8844d82994 P 93c550a8906948c59bca757552dc5aed [term 0 FOLLOWER]: Leader pre-election vote request: Granting yes vote for candidate 9b66cef868524132ab3351ed799fe64b in term 0.
I20260709 14:54:26.342268 22031 raft_consensus.cc:359] T 64706814473b4260bfb0f45f8965fdcc P 93c550a8906948c59bca757552dc5aed [term 0 FOLLOWER]: Replica starting. Triggering 0 pending ops. Active config: opid_index: -1 OBSOLETE_local: false peers { permanent_uuid: "9b66cef868524132ab3351ed799fe64b" member_type: VOTER last_known_addr { host: "127.20.176.129" port: 45183 } } peers { permanent_uuid: "8b7346843a2c4304b359e4d0523691b1" member_type: VOTER last_known_addr { host: "127.20.176.130" port: 43793 } } peers { permanent_uuid: "93c550a8906948c59bca757552dc5aed" member_type: VOTER last_known_addr { host: "127.20.176.131" port: 46273 } }
I20260709 14:54:26.343017 22031 raft_consensus.cc:385] T 64706814473b4260bfb0f45f8965fdcc P 93c550a8906948c59bca757552dc5aed [term 0 FOLLOWER]: Consensus starting up: Expiring failure detector timer to make a prompt election more likely
I20260709 14:54:26.343295 22031 raft_consensus.cc:740] T 64706814473b4260bfb0f45f8965fdcc P 93c550a8906948c59bca757552dc5aed [term 0 FOLLOWER]: Becoming Follower/Learner. State: Replica: 93c550a8906948c59bca757552dc5aed, State: Initialized, Role: FOLLOWER
I20260709 14:54:26.343619 21807 leader_election.cc:304] T e0970933e6194e2fab02dc8844d82994 P 9b66cef868524132ab3351ed799fe64b [CANDIDATE]: Term 1 pre-election: Election decided. Result: candidate won. Election summary: received 2 responses out of 3 voters: 2 yes votes; 0 no votes. yes voters: 8b7346843a2c4304b359e4d0523691b1, 9b66cef868524132ab3351ed799fe64b; no voters: 
I20260709 14:54:26.343919 22031 consensus_queue.cc:260] T 64706814473b4260bfb0f45f8965fdcc P 93c550a8906948c59bca757552dc5aed [NON_LEADER]: Queue going to NON_LEADER mode. State: All replicated index: 0, Majority replicated index: 0, Committed index: 0, Last appended: 0.0, Last appended by leader: 0, Current term: 0, Majority size: -1, State: 0, Mode: NON_LEADER, active raft config: opid_index: -1 OBSOLETE_local: false peers { permanent_uuid: "9b66cef868524132ab3351ed799fe64b" member_type: VOTER last_known_addr { host: "127.20.176.129" port: 45183 } } peers { permanent_uuid: "8b7346843a2c4304b359e4d0523691b1" member_type: VOTER last_known_addr { host: "127.20.176.130" port: 43793 } } peers { permanent_uuid: "93c550a8906948c59bca757552dc5aed" member_type: VOTER last_known_addr { host: "127.20.176.131" port: 46273 } }
I20260709 14:54:26.344712 22062 raft_consensus.cc:2804] T e0970933e6194e2fab02dc8844d82994 P 9b66cef868524132ab3351ed799fe64b [term 0 FOLLOWER]: Leader pre-election won for term 1
I20260709 14:54:26.345067 22062 raft_consensus.cc:493] T e0970933e6194e2fab02dc8844d82994 P 9b66cef868524132ab3351ed799fe64b [term 0 FOLLOWER]: Starting leader election (no leader contacted us within the election timeout)
I20260709 14:54:26.345382 22062 raft_consensus.cc:3060] T e0970933e6194e2fab02dc8844d82994 P 9b66cef868524132ab3351ed799fe64b [term 0 FOLLOWER]: Advancing to term 1
I20260709 14:54:26.345742 22031 ts_tablet_manager.cc:1434] T 64706814473b4260bfb0f45f8965fdcc P 93c550a8906948c59bca757552dc5aed: Time spent starting tablet: real 0.006s	user 0.004s	sys 0.000s
I20260709 14:54:26.346565 22031 tablet_bootstrap.cc:492] T 5ab204bf57774ad5bd262d41e904d1da P 93c550a8906948c59bca757552dc5aed: Bootstrap starting.
I20260709 14:54:26.346942 22038 raft_consensus.cc:493] T 010bbcf4e39f4f05b3ef436835567f61 P 9b66cef868524132ab3351ed799fe64b [term 0 FOLLOWER]: Starting pre-election (no leader contacted us within the election timeout)
I20260709 14:54:26.347368 22038 raft_consensus.cc:515] T 010bbcf4e39f4f05b3ef436835567f61 P 9b66cef868524132ab3351ed799fe64b [term 0 FOLLOWER]: Starting pre-election with config: opid_index: -1 OBSOLETE_local: false peers { permanent_uuid: "9b66cef868524132ab3351ed799fe64b" member_type: VOTER last_known_addr { host: "127.20.176.129" port: 45183 } } peers { permanent_uuid: "8b7346843a2c4304b359e4d0523691b1" member_type: VOTER last_known_addr { host: "127.20.176.130" port: 43793 } } peers { permanent_uuid: "93c550a8906948c59bca757552dc5aed" member_type: VOTER last_known_addr { host: "127.20.176.131" port: 46273 } }
I20260709 14:54:26.349457 22038 leader_election.cc:290] T 010bbcf4e39f4f05b3ef436835567f61 P 9b66cef868524132ab3351ed799fe64b [CANDIDATE]: Term 1 pre-election: Requested pre-vote from peers 8b7346843a2c4304b359e4d0523691b1 (127.20.176.130:43793), 93c550a8906948c59bca757552dc5aed (127.20.176.131:46273)
I20260709 14:54:26.350272 21915 tablet_service.cc:1917] Received RequestConsensusVote() RPC: tablet_id: "010bbcf4e39f4f05b3ef436835567f61" candidate_uuid: "9b66cef868524132ab3351ed799fe64b" candidate_term: 1 candidate_status { last_received { term: 0 index: 0 } } ignore_live_leader: false dest_uuid: "8b7346843a2c4304b359e4d0523691b1" is_pre_election: true
I20260709 14:54:26.350520 21988 tablet_service.cc:1917] Received RequestConsensusVote() RPC: tablet_id: "010bbcf4e39f4f05b3ef436835567f61" candidate_uuid: "9b66cef868524132ab3351ed799fe64b" candidate_term: 1 candidate_status { last_received { term: 0 index: 0 } } ignore_live_leader: false dest_uuid: "93c550a8906948c59bca757552dc5aed" is_pre_election: true
I20260709 14:54:26.350944 21915 raft_consensus.cc:2468] T 010bbcf4e39f4f05b3ef436835567f61 P 8b7346843a2c4304b359e4d0523691b1 [term 0 FOLLOWER]: Leader pre-election vote request: Granting yes vote for candidate 9b66cef868524132ab3351ed799fe64b in term 0.
I20260709 14:54:26.351107 21988 raft_consensus.cc:2468] T 010bbcf4e39f4f05b3ef436835567f61 P 93c550a8906948c59bca757552dc5aed [term 0 FOLLOWER]: Leader pre-election vote request: Granting yes vote for candidate 9b66cef868524132ab3351ed799fe64b in term 0.
I20260709 14:54:26.352175 21807 leader_election.cc:304] T 010bbcf4e39f4f05b3ef436835567f61 P 9b66cef868524132ab3351ed799fe64b [CANDIDATE]: Term 1 pre-election: Election decided. Result: candidate won. Election summary: received 2 responses out of 3 voters: 2 yes votes; 0 no votes. yes voters: 8b7346843a2c4304b359e4d0523691b1, 9b66cef868524132ab3351ed799fe64b; no voters: 
I20260709 14:54:26.353019 22031 tablet_bootstrap.cc:654] T 5ab204bf57774ad5bd262d41e904d1da P 93c550a8906948c59bca757552dc5aed: Neither blocks nor log segments found. Creating new log.
I20260709 14:54:26.352939 22038 raft_consensus.cc:2804] T 010bbcf4e39f4f05b3ef436835567f61 P 9b66cef868524132ab3351ed799fe64b [term 0 FOLLOWER]: Leader pre-election won for term 1
I20260709 14:54:26.353413 22038 raft_consensus.cc:493] T 010bbcf4e39f4f05b3ef436835567f61 P 9b66cef868524132ab3351ed799fe64b [term 0 FOLLOWER]: Starting leader election (no leader contacted us within the election timeout)
I20260709 14:54:26.353792 22038 raft_consensus.cc:3060] T 010bbcf4e39f4f05b3ef436835567f61 P 9b66cef868524132ab3351ed799fe64b [term 0 FOLLOWER]: Advancing to term 1
I20260709 14:54:26.353502 22062 raft_consensus.cc:515] T e0970933e6194e2fab02dc8844d82994 P 9b66cef868524132ab3351ed799fe64b [term 1 FOLLOWER]: Starting leader election with config: opid_index: -1 OBSOLETE_local: false peers { permanent_uuid: "9b66cef868524132ab3351ed799fe64b" member_type: VOTER last_known_addr { host: "127.20.176.129" port: 45183 } } peers { permanent_uuid: "8b7346843a2c4304b359e4d0523691b1" member_type: VOTER last_known_addr { host: "127.20.176.130" port: 43793 } } peers { permanent_uuid: "93c550a8906948c59bca757552dc5aed" member_type: VOTER last_known_addr { host: "127.20.176.131" port: 46273 } }
I20260709 14:54:26.356179 21915 tablet_service.cc:1917] Received RequestConsensusVote() RPC: tablet_id: "e0970933e6194e2fab02dc8844d82994" candidate_uuid: "9b66cef868524132ab3351ed799fe64b" candidate_term: 1 candidate_status { last_received { term: 0 index: 0 } } ignore_live_leader: false dest_uuid: "8b7346843a2c4304b359e4d0523691b1"
I20260709 14:54:26.356688 21915 raft_consensus.cc:3060] T e0970933e6194e2fab02dc8844d82994 P 8b7346843a2c4304b359e4d0523691b1 [term 0 FOLLOWER]: Advancing to term 1
I20260709 14:54:26.360390 22038 raft_consensus.cc:515] T 010bbcf4e39f4f05b3ef436835567f61 P 9b66cef868524132ab3351ed799fe64b [term 1 FOLLOWER]: Starting leader election with config: opid_index: -1 OBSOLETE_local: false peers { permanent_uuid: "9b66cef868524132ab3351ed799fe64b" member_type: VOTER last_known_addr { host: "127.20.176.129" port: 45183 } } peers { permanent_uuid: "8b7346843a2c4304b359e4d0523691b1" member_type: VOTER last_known_addr { host: "127.20.176.130" port: 43793 } } peers { permanent_uuid: "93c550a8906948c59bca757552dc5aed" member_type: VOTER last_known_addr { host: "127.20.176.131" port: 46273 } }
I20260709 14:54:26.363445 21916 tablet_service.cc:1917] Received RequestConsensusVote() RPC: tablet_id: "010bbcf4e39f4f05b3ef436835567f61" candidate_uuid: "9b66cef868524132ab3351ed799fe64b" candidate_term: 1 candidate_status { last_received { term: 0 index: 0 } } ignore_live_leader: false dest_uuid: "8b7346843a2c4304b359e4d0523691b1"
I20260709 14:54:26.363998 21916 raft_consensus.cc:3060] T 010bbcf4e39f4f05b3ef436835567f61 P 8b7346843a2c4304b359e4d0523691b1 [term 0 FOLLOWER]: Advancing to term 1
I20260709 14:54:26.364912 21988 tablet_service.cc:1917] Received RequestConsensusVote() RPC: tablet_id: "010bbcf4e39f4f05b3ef436835567f61" candidate_uuid: "9b66cef868524132ab3351ed799fe64b" candidate_term: 1 candidate_status { last_received { term: 0 index: 0 } } ignore_live_leader: false dest_uuid: "93c550a8906948c59bca757552dc5aed"
I20260709 14:54:26.365440 21988 raft_consensus.cc:3060] T 010bbcf4e39f4f05b3ef436835567f61 P 93c550a8906948c59bca757552dc5aed [term 0 FOLLOWER]: Advancing to term 1
I20260709 14:54:26.365528 22031 tablet_bootstrap.cc:492] T 5ab204bf57774ad5bd262d41e904d1da P 93c550a8906948c59bca757552dc5aed: No bootstrap required, opened a new log
I20260709 14:54:26.365981 22031 ts_tablet_manager.cc:1403] T 5ab204bf57774ad5bd262d41e904d1da P 93c550a8906948c59bca757552dc5aed: Time spent bootstrapping tablet: real 0.020s	user 0.007s	sys 0.011s
I20260709 14:54:26.367539 22038 leader_election.cc:290] T 010bbcf4e39f4f05b3ef436835567f61 P 9b66cef868524132ab3351ed799fe64b [CANDIDATE]: Term 1 election: Requested vote from peers 8b7346843a2c4304b359e4d0523691b1 (127.20.176.130:43793), 93c550a8906948c59bca757552dc5aed (127.20.176.131:46273)
I20260709 14:54:26.368054 22031 raft_consensus.cc:359] T 5ab204bf57774ad5bd262d41e904d1da P 93c550a8906948c59bca757552dc5aed [term 0 FOLLOWER]: Replica starting. Triggering 0 pending ops. Active config: opid_index: -1 OBSOLETE_local: false peers { permanent_uuid: "9b66cef868524132ab3351ed799fe64b" member_type: VOTER last_known_addr { host: "127.20.176.129" port: 45183 } } peers { permanent_uuid: "8b7346843a2c4304b359e4d0523691b1" member_type: VOTER last_known_addr { host: "127.20.176.130" port: 43793 } } peers { permanent_uuid: "93c550a8906948c59bca757552dc5aed" member_type: VOTER last_known_addr { host: "127.20.176.131" port: 46273 } }
I20260709 14:54:26.368513 22031 raft_consensus.cc:385] T 5ab204bf57774ad5bd262d41e904d1da P 93c550a8906948c59bca757552dc5aed [term 0 FOLLOWER]: Consensus starting up: Expiring failure detector timer to make a prompt election more likely
I20260709 14:54:26.368726 22031 raft_consensus.cc:740] T 5ab204bf57774ad5bd262d41e904d1da P 93c550a8906948c59bca757552dc5aed [term 0 FOLLOWER]: Becoming Follower/Learner. State: Replica: 93c550a8906948c59bca757552dc5aed, State: Initialized, Role: FOLLOWER
I20260709 14:54:26.369311 22031 consensus_queue.cc:260] T 5ab204bf57774ad5bd262d41e904d1da P 93c550a8906948c59bca757552dc5aed [NON_LEADER]: Queue going to NON_LEADER mode. State: All replicated index: 0, Majority replicated index: 0, Committed index: 0, Last appended: 0.0, Last appended by leader: 0, Current term: 0, Majority size: -1, State: 0, Mode: NON_LEADER, active raft config: opid_index: -1 OBSOLETE_local: false peers { permanent_uuid: "9b66cef868524132ab3351ed799fe64b" member_type: VOTER last_known_addr { host: "127.20.176.129" port: 45183 } } peers { permanent_uuid: "8b7346843a2c4304b359e4d0523691b1" member_type: VOTER last_known_addr { host: "127.20.176.130" port: 43793 } } peers { permanent_uuid: "93c550a8906948c59bca757552dc5aed" member_type: VOTER last_known_addr { host: "127.20.176.131" port: 46273 } }
I20260709 14:54:26.370497 21916 raft_consensus.cc:2468] T 010bbcf4e39f4f05b3ef436835567f61 P 8b7346843a2c4304b359e4d0523691b1 [term 1 FOLLOWER]: Leader election vote request: Granting yes vote for candidate 9b66cef868524132ab3351ed799fe64b in term 1.
I20260709 14:54:26.370927 22031 ts_tablet_manager.cc:1434] T 5ab204bf57774ad5bd262d41e904d1da P 93c550a8906948c59bca757552dc5aed: Time spent starting tablet: real 0.005s	user 0.002s	sys 0.000s
I20260709 14:54:26.371683 21807 leader_election.cc:304] T 010bbcf4e39f4f05b3ef436835567f61 P 9b66cef868524132ab3351ed799fe64b [CANDIDATE]: Term 1 election: Election decided. Result: candidate won. Election summary: received 2 responses out of 3 voters: 2 yes votes; 0 no votes. yes voters: 8b7346843a2c4304b359e4d0523691b1, 9b66cef868524132ab3351ed799fe64b; no voters: 
I20260709 14:54:26.371963 21988 raft_consensus.cc:2468] T 010bbcf4e39f4f05b3ef436835567f61 P 93c550a8906948c59bca757552dc5aed [term 1 FOLLOWER]: Leader election vote request: Granting yes vote for candidate 9b66cef868524132ab3351ed799fe64b in term 1.
I20260709 14:54:26.372488 22038 raft_consensus.cc:2804] T 010bbcf4e39f4f05b3ef436835567f61 P 9b66cef868524132ab3351ed799fe64b [term 1 FOLLOWER]: Leader election won for term 1
I20260709 14:54:26.372970 22038 raft_consensus.cc:697] T 010bbcf4e39f4f05b3ef436835567f61 P 9b66cef868524132ab3351ed799fe64b [term 1 LEADER]: Becoming Leader. State: Replica: 9b66cef868524132ab3351ed799fe64b, State: Running, Role: LEADER
I20260709 14:54:26.373766 22038 consensus_queue.cc:237] T 010bbcf4e39f4f05b3ef436835567f61 P 9b66cef868524132ab3351ed799fe64b [LEADER]: Queue going to LEADER mode. State: All replicated index: 0, Majority replicated index: 0, Committed index: 0, Last appended: 0.0, Last appended by leader: 0, Current term: 1, Majority size: 2, State: 0, Mode: LEADER, active raft config: opid_index: -1 OBSOLETE_local: false peers { permanent_uuid: "9b66cef868524132ab3351ed799fe64b" member_type: VOTER last_known_addr { host: "127.20.176.129" port: 45183 } } peers { permanent_uuid: "8b7346843a2c4304b359e4d0523691b1" member_type: VOTER last_known_addr { host: "127.20.176.130" port: 43793 } } peers { permanent_uuid: "93c550a8906948c59bca757552dc5aed" member_type: VOTER last_known_addr { host: "127.20.176.131" port: 46273 } }
I20260709 14:54:26.377015 22062 leader_election.cc:290] T e0970933e6194e2fab02dc8844d82994 P 9b66cef868524132ab3351ed799fe64b [CANDIDATE]: Term 1 election: Requested vote from peers 8b7346843a2c4304b359e4d0523691b1 (127.20.176.130:43793), 93c550a8906948c59bca757552dc5aed (127.20.176.131:46273)
I20260709 14:54:26.377446 21915 raft_consensus.cc:2468] T e0970933e6194e2fab02dc8844d82994 P 8b7346843a2c4304b359e4d0523691b1 [term 1 FOLLOWER]: Leader election vote request: Granting yes vote for candidate 9b66cef868524132ab3351ed799fe64b in term 1.
I20260709 14:54:26.379001 21988 tablet_service.cc:1917] Received RequestConsensusVote() RPC: tablet_id: "e0970933e6194e2fab02dc8844d82994" candidate_uuid: "9b66cef868524132ab3351ed799fe64b" candidate_term: 1 candidate_status { last_received { term: 0 index: 0 } } ignore_live_leader: false dest_uuid: "93c550a8906948c59bca757552dc5aed"
I20260709 14:54:26.378968 21807 leader_election.cc:304] T e0970933e6194e2fab02dc8844d82994 P 9b66cef868524132ab3351ed799fe64b [CANDIDATE]: Term 1 election: Election decided. Result: candidate won. Election summary: received 2 responses out of 3 voters: 2 yes votes; 0 no votes. yes voters: 8b7346843a2c4304b359e4d0523691b1, 9b66cef868524132ab3351ed799fe64b; no voters: 
I20260709 14:54:26.379652 21988 raft_consensus.cc:3060] T e0970933e6194e2fab02dc8844d82994 P 93c550a8906948c59bca757552dc5aed [term 0 FOLLOWER]: Advancing to term 1
I20260709 14:54:26.380117 22062 raft_consensus.cc:2804] T e0970933e6194e2fab02dc8844d82994 P 9b66cef868524132ab3351ed799fe64b [term 1 FOLLOWER]: Leader election won for term 1
I20260709 14:54:26.380970 22062 raft_consensus.cc:697] T e0970933e6194e2fab02dc8844d82994 P 9b66cef868524132ab3351ed799fe64b [term 1 LEADER]: Becoming Leader. State: Replica: 9b66cef868524132ab3351ed799fe64b, State: Running, Role: LEADER
I20260709 14:54:26.382052 22062 consensus_queue.cc:237] T e0970933e6194e2fab02dc8844d82994 P 9b66cef868524132ab3351ed799fe64b [LEADER]: Queue going to LEADER mode. State: All replicated index: 0, Majority replicated index: 0, Committed index: 0, Last appended: 0.0, Last appended by leader: 0, Current term: 1, Majority size: 2, State: 0, Mode: LEADER, active raft config: opid_index: -1 OBSOLETE_local: false peers { permanent_uuid: "9b66cef868524132ab3351ed799fe64b" member_type: VOTER last_known_addr { host: "127.20.176.129" port: 45183 } } peers { permanent_uuid: "8b7346843a2c4304b359e4d0523691b1" member_type: VOTER last_known_addr { host: "127.20.176.130" port: 43793 } } peers { permanent_uuid: "93c550a8906948c59bca757552dc5aed" member_type: VOTER last_known_addr { host: "127.20.176.131" port: 46273 } }
I20260709 14:54:26.386480 21988 raft_consensus.cc:2468] T e0970933e6194e2fab02dc8844d82994 P 93c550a8906948c59bca757552dc5aed [term 1 FOLLOWER]: Leader election vote request: Granting yes vote for candidate 9b66cef868524132ab3351ed799fe64b in term 1.
I20260709 14:54:26.386737 22067 raft_consensus.cc:493] T 54cf91223aad41569502ccd6b1c7c285 P 9b66cef868524132ab3351ed799fe64b [term 0 FOLLOWER]: Starting pre-election (no leader contacted us within the election timeout)
I20260709 14:54:26.387341 22067 raft_consensus.cc:515] T 54cf91223aad41569502ccd6b1c7c285 P 9b66cef868524132ab3351ed799fe64b [term 0 FOLLOWER]: Starting pre-election with config: opid_index: -1 OBSOLETE_local: false peers { permanent_uuid: "9b66cef868524132ab3351ed799fe64b" member_type: VOTER last_known_addr { host: "127.20.176.129" port: 45183 } } peers { permanent_uuid: "8b7346843a2c4304b359e4d0523691b1" member_type: VOTER last_known_addr { host: "127.20.176.130" port: 43793 } } peers { permanent_uuid: "93c550a8906948c59bca757552dc5aed" member_type: VOTER last_known_addr { host: "127.20.176.131" port: 46273 } }
I20260709 14:54:26.390086 22067 leader_election.cc:290] T 54cf91223aad41569502ccd6b1c7c285 P 9b66cef868524132ab3351ed799fe64b [CANDIDATE]: Term 1 pre-election: Requested pre-vote from peers 8b7346843a2c4304b359e4d0523691b1 (127.20.176.130:43793), 93c550a8906948c59bca757552dc5aed (127.20.176.131:46273)
I20260709 14:54:26.392479 21988 tablet_service.cc:1917] Received RequestConsensusVote() RPC: tablet_id: "54cf91223aad41569502ccd6b1c7c285" candidate_uuid: "9b66cef868524132ab3351ed799fe64b" candidate_term: 1 candidate_status { last_received { term: 0 index: 0 } } ignore_live_leader: false dest_uuid: "93c550a8906948c59bca757552dc5aed" is_pre_election: true
I20260709 14:54:26.391464 21915 tablet_service.cc:1917] Received RequestConsensusVote() RPC: tablet_id: "54cf91223aad41569502ccd6b1c7c285" candidate_uuid: "9b66cef868524132ab3351ed799fe64b" candidate_term: 1 candidate_status { last_received { term: 0 index: 0 } } ignore_live_leader: false dest_uuid: "8b7346843a2c4304b359e4d0523691b1" is_pre_election: true
I20260709 14:54:26.396193 21915 raft_consensus.cc:2393] T 54cf91223aad41569502ccd6b1c7c285 P 8b7346843a2c4304b359e4d0523691b1 [term 1 FOLLOWER]: Leader pre-election vote request: Denying vote to candidate 9b66cef868524132ab3351ed799fe64b in current term 1: Already voted for candidate 93c550a8906948c59bca757552dc5aed in this term.
I20260709 14:54:26.397336 21807 leader_election.cc:304] T 54cf91223aad41569502ccd6b1c7c285 P 9b66cef868524132ab3351ed799fe64b [CANDIDATE]: Term 1 pre-election: Election decided. Result: candidate lost. Election summary: received 3 responses out of 3 voters: 1 yes votes; 2 no votes. yes voters: 9b66cef868524132ab3351ed799fe64b; no voters: 8b7346843a2c4304b359e4d0523691b1, 93c550a8906948c59bca757552dc5aed
I20260709 14:54:26.398272 22067 raft_consensus.cc:3060] T 54cf91223aad41569502ccd6b1c7c285 P 9b66cef868524132ab3351ed799fe64b [term 0 FOLLOWER]: Advancing to term 1
I20260709 14:54:26.400794 21738 catalog_manager.cc:5697] T 010bbcf4e39f4f05b3ef436835567f61 P 9b66cef868524132ab3351ed799fe64b reported cstate change: term changed from 0 to 1, leader changed from <none> to 9b66cef868524132ab3351ed799fe64b (127.20.176.129). New cstate: current_term: 1 leader_uuid: "9b66cef868524132ab3351ed799fe64b" committed_config { opid_index: -1 OBSOLETE_local: false peers { permanent_uuid: "9b66cef868524132ab3351ed799fe64b" member_type: VOTER last_known_addr { host: "127.20.176.129" port: 45183 } health_report { overall_health: HEALTHY } } peers { permanent_uuid: "8b7346843a2c4304b359e4d0523691b1" member_type: VOTER last_known_addr { host: "127.20.176.130" port: 43793 } health_report { overall_health: UNKNOWN } } peers { permanent_uuid: "93c550a8906948c59bca757552dc5aed" member_type: VOTER last_known_addr { host: "127.20.176.131" port: 46273 } health_report { overall_health: UNKNOWN } } }
I20260709 14:54:26.403575 22067 raft_consensus.cc:2749] T 54cf91223aad41569502ccd6b1c7c285 P 9b66cef868524132ab3351ed799fe64b [term 1 FOLLOWER]: Leader pre-election lost for term 1. Reason: could not achieve majority
I20260709 14:54:26.412828 21738 catalog_manager.cc:5697] T e0970933e6194e2fab02dc8844d82994 P 9b66cef868524132ab3351ed799fe64b reported cstate change: term changed from 0 to 1, leader changed from <none> to 9b66cef868524132ab3351ed799fe64b (127.20.176.129). New cstate: current_term: 1 leader_uuid: "9b66cef868524132ab3351ed799fe64b" committed_config { opid_index: -1 OBSOLETE_local: false peers { permanent_uuid: "9b66cef868524132ab3351ed799fe64b" member_type: VOTER last_known_addr { host: "127.20.176.129" port: 45183 } health_report { overall_health: HEALTHY } } peers { permanent_uuid: "8b7346843a2c4304b359e4d0523691b1" member_type: VOTER last_known_addr { host: "127.20.176.130" port: 43793 } health_report { overall_health: UNKNOWN } } peers { permanent_uuid: "93c550a8906948c59bca757552dc5aed" member_type: VOTER last_known_addr { host: "127.20.176.131" port: 46273 } health_report { overall_health: UNKNOWN } } }
I20260709 14:54:26.447512 22067 raft_consensus.cc:493] T 9d8dc51992d6429ea71a6170f32e6f05 P 9b66cef868524132ab3351ed799fe64b [term 0 FOLLOWER]: Starting pre-election (no leader contacted us within the election timeout)
I20260709 14:54:26.447957 22067 raft_consensus.cc:515] T 9d8dc51992d6429ea71a6170f32e6f05 P 9b66cef868524132ab3351ed799fe64b [term 0 FOLLOWER]: Starting pre-election with config: opid_index: -1 OBSOLETE_local: false peers { permanent_uuid: "9b66cef868524132ab3351ed799fe64b" member_type: VOTER last_known_addr { host: "127.20.176.129" port: 45183 } } peers { permanent_uuid: "8b7346843a2c4304b359e4d0523691b1" member_type: VOTER last_known_addr { host: "127.20.176.130" port: 43793 } } peers { permanent_uuid: "93c550a8906948c59bca757552dc5aed" member_type: VOTER last_known_addr { host: "127.20.176.131" port: 46273 } }
I20260709 14:54:26.449446 22067 leader_election.cc:290] T 9d8dc51992d6429ea71a6170f32e6f05 P 9b66cef868524132ab3351ed799fe64b [CANDIDATE]: Term 1 pre-election: Requested pre-vote from peers 8b7346843a2c4304b359e4d0523691b1 (127.20.176.130:43793), 93c550a8906948c59bca757552dc5aed (127.20.176.131:46273)
I20260709 14:54:26.450274 21915 tablet_service.cc:1917] Received RequestConsensusVote() RPC: tablet_id: "9d8dc51992d6429ea71a6170f32e6f05" candidate_uuid: "9b66cef868524132ab3351ed799fe64b" candidate_term: 1 candidate_status { last_received { term: 0 index: 0 } } ignore_live_leader: false dest_uuid: "8b7346843a2c4304b359e4d0523691b1" is_pre_election: true
I20260709 14:54:26.450438 21988 tablet_service.cc:1917] Received RequestConsensusVote() RPC: tablet_id: "9d8dc51992d6429ea71a6170f32e6f05" candidate_uuid: "9b66cef868524132ab3351ed799fe64b" candidate_term: 1 candidate_status { last_received { term: 0 index: 0 } } ignore_live_leader: false dest_uuid: "93c550a8906948c59bca757552dc5aed" is_pre_election: true
I20260709 14:54:26.450788 21915 raft_consensus.cc:2468] T 9d8dc51992d6429ea71a6170f32e6f05 P 8b7346843a2c4304b359e4d0523691b1 [term 0 FOLLOWER]: Leader pre-election vote request: Granting yes vote for candidate 9b66cef868524132ab3351ed799fe64b in term 0.
I20260709 14:54:26.450971 21988 raft_consensus.cc:2468] T 9d8dc51992d6429ea71a6170f32e6f05 P 93c550a8906948c59bca757552dc5aed [term 0 FOLLOWER]: Leader pre-election vote request: Granting yes vote for candidate 9b66cef868524132ab3351ed799fe64b in term 0.
I20260709 14:54:26.451761 21807 leader_election.cc:304] T 9d8dc51992d6429ea71a6170f32e6f05 P 9b66cef868524132ab3351ed799fe64b [CANDIDATE]: Term 1 pre-election: Election decided. Result: candidate won. Election summary: received 2 responses out of 3 voters: 2 yes votes; 0 no votes. yes voters: 8b7346843a2c4304b359e4d0523691b1, 9b66cef868524132ab3351ed799fe64b; no voters: 
I20260709 14:54:26.452457 22067 raft_consensus.cc:2804] T 9d8dc51992d6429ea71a6170f32e6f05 P 9b66cef868524132ab3351ed799fe64b [term 0 FOLLOWER]: Leader pre-election won for term 1
I20260709 14:54:26.452737 22067 raft_consensus.cc:493] T 9d8dc51992d6429ea71a6170f32e6f05 P 9b66cef868524132ab3351ed799fe64b [term 0 FOLLOWER]: Starting leader election (no leader contacted us within the election timeout)
I20260709 14:54:26.452993 22067 raft_consensus.cc:3060] T 9d8dc51992d6429ea71a6170f32e6f05 P 9b66cef868524132ab3351ed799fe64b [term 0 FOLLOWER]: Advancing to term 1
I20260709 14:54:26.457213 22067 raft_consensus.cc:515] T 9d8dc51992d6429ea71a6170f32e6f05 P 9b66cef868524132ab3351ed799fe64b [term 1 FOLLOWER]: Starting leader election with config: opid_index: -1 OBSOLETE_local: false peers { permanent_uuid: "9b66cef868524132ab3351ed799fe64b" member_type: VOTER last_known_addr { host: "127.20.176.129" port: 45183 } } peers { permanent_uuid: "8b7346843a2c4304b359e4d0523691b1" member_type: VOTER last_known_addr { host: "127.20.176.130" port: 43793 } } peers { permanent_uuid: "93c550a8906948c59bca757552dc5aed" member_type: VOTER last_known_addr { host: "127.20.176.131" port: 46273 } }
I20260709 14:54:26.458920 22067 leader_election.cc:290] T 9d8dc51992d6429ea71a6170f32e6f05 P 9b66cef868524132ab3351ed799fe64b [CANDIDATE]: Term 1 election: Requested vote from peers 8b7346843a2c4304b359e4d0523691b1 (127.20.176.130:43793), 93c550a8906948c59bca757552dc5aed (127.20.176.131:46273)
I20260709 14:54:26.459460 21915 tablet_service.cc:1917] Received RequestConsensusVote() RPC: tablet_id: "9d8dc51992d6429ea71a6170f32e6f05" candidate_uuid: "9b66cef868524132ab3351ed799fe64b" candidate_term: 1 candidate_status { last_received { term: 0 index: 0 } } ignore_live_leader: false dest_uuid: "8b7346843a2c4304b359e4d0523691b1"
I20260709 14:54:26.459789 21988 tablet_service.cc:1917] Received RequestConsensusVote() RPC: tablet_id: "9d8dc51992d6429ea71a6170f32e6f05" candidate_uuid: "9b66cef868524132ab3351ed799fe64b" candidate_term: 1 candidate_status { last_received { term: 0 index: 0 } } ignore_live_leader: false dest_uuid: "93c550a8906948c59bca757552dc5aed"
I20260709 14:54:26.459986 21915 raft_consensus.cc:3060] T 9d8dc51992d6429ea71a6170f32e6f05 P 8b7346843a2c4304b359e4d0523691b1 [term 0 FOLLOWER]: Advancing to term 1
I20260709 14:54:26.460318 21988 raft_consensus.cc:3060] T 9d8dc51992d6429ea71a6170f32e6f05 P 93c550a8906948c59bca757552dc5aed [term 0 FOLLOWER]: Advancing to term 1
I20260709 14:54:26.460958 22050 consensus_queue.cc:1048] T 54cf91223aad41569502ccd6b1c7c285 P 93c550a8906948c59bca757552dc5aed [LEADER]: Connected to new peer: Peer: permanent_uuid: "9b66cef868524132ab3351ed799fe64b" member_type: VOTER last_known_addr { host: "127.20.176.129" port: 45183 }, Status: LMP_MISMATCH, Last received: 0.0, Next index: 1, Last known committed idx: 0, Time since last communication: 0.000s
I20260709 14:54:26.465848 21988 raft_consensus.cc:2468] T 9d8dc51992d6429ea71a6170f32e6f05 P 93c550a8906948c59bca757552dc5aed [term 1 FOLLOWER]: Leader election vote request: Granting yes vote for candidate 9b66cef868524132ab3351ed799fe64b in term 1.
I20260709 14:54:26.466576 21915 raft_consensus.cc:2468] T 9d8dc51992d6429ea71a6170f32e6f05 P 8b7346843a2c4304b359e4d0523691b1 [term 1 FOLLOWER]: Leader election vote request: Granting yes vote for candidate 9b66cef868524132ab3351ed799fe64b in term 1.
I20260709 14:54:26.466885 21806 leader_election.cc:304] T 9d8dc51992d6429ea71a6170f32e6f05 P 9b66cef868524132ab3351ed799fe64b [CANDIDATE]: Term 1 election: Election decided. Result: candidate won. Election summary: received 2 responses out of 3 voters: 2 yes votes; 0 no votes. yes voters: 93c550a8906948c59bca757552dc5aed, 9b66cef868524132ab3351ed799fe64b; no voters: 
I20260709 14:54:26.467720 22067 raft_consensus.cc:2804] T 9d8dc51992d6429ea71a6170f32e6f05 P 9b66cef868524132ab3351ed799fe64b [term 1 FOLLOWER]: Leader election won for term 1
I20260709 14:54:26.468152 22067 raft_consensus.cc:697] T 9d8dc51992d6429ea71a6170f32e6f05 P 9b66cef868524132ab3351ed799fe64b [term 1 LEADER]: Becoming Leader. State: Replica: 9b66cef868524132ab3351ed799fe64b, State: Running, Role: LEADER
I20260709 14:54:26.468878 22067 consensus_queue.cc:237] T 9d8dc51992d6429ea71a6170f32e6f05 P 9b66cef868524132ab3351ed799fe64b [LEADER]: Queue going to LEADER mode. State: All replicated index: 0, Majority replicated index: 0, Committed index: 0, Last appended: 0.0, Last appended by leader: 0, Current term: 1, Majority size: 2, State: 0, Mode: LEADER, active raft config: opid_index: -1 OBSOLETE_local: false peers { permanent_uuid: "9b66cef868524132ab3351ed799fe64b" member_type: VOTER last_known_addr { host: "127.20.176.129" port: 45183 } } peers { permanent_uuid: "8b7346843a2c4304b359e4d0523691b1" member_type: VOTER last_known_addr { host: "127.20.176.130" port: 43793 } } peers { permanent_uuid: "93c550a8906948c59bca757552dc5aed" member_type: VOTER last_known_addr { host: "127.20.176.131" port: 46273 } }
I20260709 14:54:26.477761 22040 consensus_queue.cc:1048] T 54cf91223aad41569502ccd6b1c7c285 P 93c550a8906948c59bca757552dc5aed [LEADER]: Connected to new peer: Peer: permanent_uuid: "8b7346843a2c4304b359e4d0523691b1" member_type: VOTER last_known_addr { host: "127.20.176.130" port: 43793 }, Status: LMP_MISMATCH, Last received: 0.0, Next index: 1, Last known committed idx: 0, Time since last communication: 0.000s
I20260709 14:54:26.480026 21737 catalog_manager.cc:5697] T 9d8dc51992d6429ea71a6170f32e6f05 P 9b66cef868524132ab3351ed799fe64b reported cstate change: term changed from 0 to 1, leader changed from <none> to 9b66cef868524132ab3351ed799fe64b (127.20.176.129). New cstate: current_term: 1 leader_uuid: "9b66cef868524132ab3351ed799fe64b" committed_config { opid_index: -1 OBSOLETE_local: false peers { permanent_uuid: "9b66cef868524132ab3351ed799fe64b" member_type: VOTER last_known_addr { host: "127.20.176.129" port: 45183 } health_report { overall_health: HEALTHY } } peers { permanent_uuid: "8b7346843a2c4304b359e4d0523691b1" member_type: VOTER last_known_addr { host: "127.20.176.130" port: 43793 } health_report { overall_health: UNKNOWN } } peers { permanent_uuid: "93c550a8906948c59bca757552dc5aed" member_type: VOTER last_known_addr { host: "127.20.176.131" port: 46273 } health_report { overall_health: UNKNOWN } } }
I20260709 14:54:26.569329 22068 raft_consensus.cc:493] T 5ab204bf57774ad5bd262d41e904d1da P 8b7346843a2c4304b359e4d0523691b1 [term 0 FOLLOWER]: Starting pre-election (no leader contacted us within the election timeout)
I20260709 14:54:26.569870 22068 raft_consensus.cc:515] T 5ab204bf57774ad5bd262d41e904d1da P 8b7346843a2c4304b359e4d0523691b1 [term 0 FOLLOWER]: Starting pre-election with config: opid_index: -1 OBSOLETE_local: false peers { permanent_uuid: "9b66cef868524132ab3351ed799fe64b" member_type: VOTER last_known_addr { host: "127.20.176.129" port: 45183 } } peers { permanent_uuid: "8b7346843a2c4304b359e4d0523691b1" member_type: VOTER last_known_addr { host: "127.20.176.130" port: 43793 } } peers { permanent_uuid: "93c550a8906948c59bca757552dc5aed" member_type: VOTER last_known_addr { host: "127.20.176.131" port: 46273 } }
I20260709 14:54:26.571487 22068 leader_election.cc:290] T 5ab204bf57774ad5bd262d41e904d1da P 8b7346843a2c4304b359e4d0523691b1 [CANDIDATE]: Term 1 pre-election: Requested pre-vote from peers 9b66cef868524132ab3351ed799fe64b (127.20.176.129:45183), 93c550a8906948c59bca757552dc5aed (127.20.176.131:46273)
I20260709 14:54:26.572261 21841 tablet_service.cc:1917] Received RequestConsensusVote() RPC: tablet_id: "5ab204bf57774ad5bd262d41e904d1da" candidate_uuid: "8b7346843a2c4304b359e4d0523691b1" candidate_term: 1 candidate_status { last_received { term: 0 index: 0 } } ignore_live_leader: false dest_uuid: "9b66cef868524132ab3351ed799fe64b" is_pre_election: true
I20260709 14:54:26.572435 21988 tablet_service.cc:1917] Received RequestConsensusVote() RPC: tablet_id: "5ab204bf57774ad5bd262d41e904d1da" candidate_uuid: "8b7346843a2c4304b359e4d0523691b1" candidate_term: 1 candidate_status { last_received { term: 0 index: 0 } } ignore_live_leader: false dest_uuid: "93c550a8906948c59bca757552dc5aed" is_pre_election: true
I20260709 14:54:26.572912 21841 raft_consensus.cc:2468] T 5ab204bf57774ad5bd262d41e904d1da P 9b66cef868524132ab3351ed799fe64b [term 0 FOLLOWER]: Leader pre-election vote request: Granting yes vote for candidate 8b7346843a2c4304b359e4d0523691b1 in term 0.
I20260709 14:54:26.572938 21988 raft_consensus.cc:2468] T 5ab204bf57774ad5bd262d41e904d1da P 93c550a8906948c59bca757552dc5aed [term 0 FOLLOWER]: Leader pre-election vote request: Granting yes vote for candidate 8b7346843a2c4304b359e4d0523691b1 in term 0.
I20260709 14:54:26.574079 21880 leader_election.cc:304] T 5ab204bf57774ad5bd262d41e904d1da P 8b7346843a2c4304b359e4d0523691b1 [CANDIDATE]: Term 1 pre-election: Election decided. Result: candidate won. Election summary: received 2 responses out of 3 voters: 2 yes votes; 0 no votes. yes voters: 8b7346843a2c4304b359e4d0523691b1, 9b66cef868524132ab3351ed799fe64b; no voters: 
I20260709 14:54:26.574697 22068 raft_consensus.cc:2804] T 5ab204bf57774ad5bd262d41e904d1da P 8b7346843a2c4304b359e4d0523691b1 [term 0 FOLLOWER]: Leader pre-election won for term 1
I20260709 14:54:26.574966 22068 raft_consensus.cc:493] T 5ab204bf57774ad5bd262d41e904d1da P 8b7346843a2c4304b359e4d0523691b1 [term 0 FOLLOWER]: Starting leader election (no leader contacted us within the election timeout)
I20260709 14:54:26.575290 22068 raft_consensus.cc:3060] T 5ab204bf57774ad5bd262d41e904d1da P 8b7346843a2c4304b359e4d0523691b1 [term 0 FOLLOWER]: Advancing to term 1
I20260709 14:54:26.579738 22068 raft_consensus.cc:515] T 5ab204bf57774ad5bd262d41e904d1da P 8b7346843a2c4304b359e4d0523691b1 [term 1 FOLLOWER]: Starting leader election with config: opid_index: -1 OBSOLETE_local: false peers { permanent_uuid: "9b66cef868524132ab3351ed799fe64b" member_type: VOTER last_known_addr { host: "127.20.176.129" port: 45183 } } peers { permanent_uuid: "8b7346843a2c4304b359e4d0523691b1" member_type: VOTER last_known_addr { host: "127.20.176.130" port: 43793 } } peers { permanent_uuid: "93c550a8906948c59bca757552dc5aed" member_type: VOTER last_known_addr { host: "127.20.176.131" port: 46273 } }
I20260709 14:54:26.581220 22068 leader_election.cc:290] T 5ab204bf57774ad5bd262d41e904d1da P 8b7346843a2c4304b359e4d0523691b1 [CANDIDATE]: Term 1 election: Requested vote from peers 9b66cef868524132ab3351ed799fe64b (127.20.176.129:45183), 93c550a8906948c59bca757552dc5aed (127.20.176.131:46273)
I20260709 14:54:26.581830 21841 tablet_service.cc:1917] Received RequestConsensusVote() RPC: tablet_id: "5ab204bf57774ad5bd262d41e904d1da" candidate_uuid: "8b7346843a2c4304b359e4d0523691b1" candidate_term: 1 candidate_status { last_received { term: 0 index: 0 } } ignore_live_leader: false dest_uuid: "9b66cef868524132ab3351ed799fe64b"
I20260709 14:54:26.582039 21988 tablet_service.cc:1917] Received RequestConsensusVote() RPC: tablet_id: "5ab204bf57774ad5bd262d41e904d1da" candidate_uuid: "8b7346843a2c4304b359e4d0523691b1" candidate_term: 1 candidate_status { last_received { term: 0 index: 0 } } ignore_live_leader: false dest_uuid: "93c550a8906948c59bca757552dc5aed"
I20260709 14:54:26.582312 21841 raft_consensus.cc:3060] T 5ab204bf57774ad5bd262d41e904d1da P 9b66cef868524132ab3351ed799fe64b [term 0 FOLLOWER]: Advancing to term 1
I20260709 14:54:26.582634 21988 raft_consensus.cc:3060] T 5ab204bf57774ad5bd262d41e904d1da P 93c550a8906948c59bca757552dc5aed [term 0 FOLLOWER]: Advancing to term 1
I20260709 14:54:26.586645 21841 raft_consensus.cc:2468] T 5ab204bf57774ad5bd262d41e904d1da P 9b66cef868524132ab3351ed799fe64b [term 1 FOLLOWER]: Leader election vote request: Granting yes vote for candidate 8b7346843a2c4304b359e4d0523691b1 in term 1.
