I20260709 14:54:41.148010 22474 raft_consensus.cc:3060] T d2efdb2e18654d07a8cd0247cd235fc6 P d84673799c8e4b979216608a46638142 [term 0 FOLLOWER]: Advancing to term 1
I20260709 14:54:41.149648 22517 tablet_bootstrap.cc:654] T 0fb53bf8df7d4c72a82ef7cb2893d613 P d84673799c8e4b979216608a46638142: Neither blocks nor log segments found. Creating new log.
I20260709 14:54:41.150482 22759 leader_election.cc:290] T d2efdb2e18654d07a8cd0247cd235fc6 P 214fdc27a21147059a9e345b4ae337c0 [CANDIDATE]: Term 1 election: Requested vote from peers 010fea57644d45cdbebe2003a188bb96 (127.20.176.130:34261), d84673799c8e4b979216608a46638142 (127.20.176.131:44051)
I20260709 14:54:41.155119 22403 raft_consensus.cc:2468] T d2efdb2e18654d07a8cd0247cd235fc6 P 010fea57644d45cdbebe2003a188bb96 [term 1 FOLLOWER]: Leader election vote request: Granting yes vote for candidate 214fdc27a21147059a9e345b4ae337c0 in term 1.
I20260709 14:54:41.156117 22474 raft_consensus.cc:2468] T d2efdb2e18654d07a8cd0247cd235fc6 P d84673799c8e4b979216608a46638142 [term 1 FOLLOWER]: Leader election vote request: Granting yes vote for candidate 214fdc27a21147059a9e345b4ae337c0 in term 1.
I20260709 14:54:41.156503 22293 leader_election.cc:304] T d2efdb2e18654d07a8cd0247cd235fc6 P 214fdc27a21147059a9e345b4ae337c0 [CANDIDATE]: Term 1 election: Election decided. Result: candidate won. Election summary: received 2 responses out of 3 voters: 2 yes votes; 0 no votes. yes voters: 010fea57644d45cdbebe2003a188bb96, 214fdc27a21147059a9e345b4ae337c0; no voters: 
I20260709 14:54:41.157222 22759 raft_consensus.cc:2804] T d2efdb2e18654d07a8cd0247cd235fc6 P 214fdc27a21147059a9e345b4ae337c0 [term 1 FOLLOWER]: Leader election won for term 1
I20260709 14:54:41.157850 22759 raft_consensus.cc:697] T d2efdb2e18654d07a8cd0247cd235fc6 P 214fdc27a21147059a9e345b4ae337c0 [term 1 LEADER]: Becoming Leader. State: Replica: 214fdc27a21147059a9e345b4ae337c0, State: Running, Role: LEADER
I20260709 14:54:41.158658 22759 consensus_queue.cc:237] T d2efdb2e18654d07a8cd0247cd235fc6 P 214fdc27a21147059a9e345b4ae337c0 [LEADER]: Queue going to LEADER mode. State: All replicated index: 0, Majority replicated index: 0, Committed index: 0, Last appended: 0.0, Last appended by leader: 0, Current term: 1, Majority size: 2, State: 0, Mode: LEADER, active raft config: opid_index: -1 OBSOLETE_local: false peers { permanent_uuid: "214fdc27a21147059a9e345b4ae337c0" member_type: VOTER last_known_addr { host: "127.20.176.129" port: 43455 } } peers { permanent_uuid: "010fea57644d45cdbebe2003a188bb96" member_type: VOTER last_known_addr { host: "127.20.176.130" port: 34261 } } peers { permanent_uuid: "d84673799c8e4b979216608a46638142" member_type: VOTER last_known_addr { host: "127.20.176.131" port: 44051 } }
I20260709 14:54:41.162457 22518 tablet_bootstrap.cc:654] T 7012333ac17b4d2da822eb486a96120f P 214fdc27a21147059a9e345b4ae337c0: Neither blocks nor log segments found. Creating new log.
I20260709 14:54:41.173362 22519 tablet_bootstrap.cc:492] T 7012333ac17b4d2da822eb486a96120f P 010fea57644d45cdbebe2003a188bb96: No bootstrap required, opened a new log
I20260709 14:54:41.174134 22519 ts_tablet_manager.cc:1403] T 7012333ac17b4d2da822eb486a96120f P 010fea57644d45cdbebe2003a188bb96: Time spent bootstrapping tablet: real 0.100s	user 0.015s	sys 0.002s
I20260709 14:54:41.179267 22519 raft_consensus.cc:359] T 7012333ac17b4d2da822eb486a96120f P 010fea57644d45cdbebe2003a188bb96 [term 0 FOLLOWER]: Replica starting. Triggering 0 pending ops. Active config: opid_index: -1 OBSOLETE_local: false peers { permanent_uuid: "214fdc27a21147059a9e345b4ae337c0" member_type: VOTER last_known_addr { host: "127.20.176.129" port: 43455 } } peers { permanent_uuid: "010fea57644d45cdbebe2003a188bb96" member_type: VOTER last_known_addr { host: "127.20.176.130" port: 34261 } } peers { permanent_uuid: "d84673799c8e4b979216608a46638142" member_type: VOTER last_known_addr { host: "127.20.176.131" port: 44051 } }
I20260709 14:54:41.179998 22519 raft_consensus.cc:385] T 7012333ac17b4d2da822eb486a96120f P 010fea57644d45cdbebe2003a188bb96 [term 0 FOLLOWER]: Consensus starting up: Expiring failure detector timer to make a prompt election more likely
I20260709 14:54:41.180285 22519 raft_consensus.cc:740] T 7012333ac17b4d2da822eb486a96120f P 010fea57644d45cdbebe2003a188bb96 [term 0 FOLLOWER]: Becoming Follower/Learner. State: Replica: 010fea57644d45cdbebe2003a188bb96, State: Initialized, Role: FOLLOWER
I20260709 14:54:41.181131 22576 raft_consensus.cc:493] T 4441e6cce8f44d629ed0f19b6137dab1 P 010fea57644d45cdbebe2003a188bb96 [term 0 FOLLOWER]: Starting pre-election (no leader contacted us within the election timeout)
I20260709 14:54:41.180984 22519 consensus_queue.cc:260] T 7012333ac17b4d2da822eb486a96120f P 010fea57644d45cdbebe2003a188bb96 [NON_LEADER]: Queue going to NON_LEADER mode. State: All replicated index: 0, Majority replicated index: 0, Committed index: 0, Last appended: 0.0, Last appended by leader: 0, Current term: 0, Majority size: -1, State: 0, Mode: NON_LEADER, active raft config: opid_index: -1 OBSOLETE_local: false peers { permanent_uuid: "214fdc27a21147059a9e345b4ae337c0" member_type: VOTER last_known_addr { host: "127.20.176.129" port: 43455 } } peers { permanent_uuid: "010fea57644d45cdbebe2003a188bb96" member_type: VOTER last_known_addr { host: "127.20.176.130" port: 34261 } } peers { permanent_uuid: "d84673799c8e4b979216608a46638142" member_type: VOTER last_known_addr { host: "127.20.176.131" port: 44051 } }
I20260709 14:54:41.181569 22576 raft_consensus.cc:515] T 4441e6cce8f44d629ed0f19b6137dab1 P 010fea57644d45cdbebe2003a188bb96 [term 0 FOLLOWER]: Starting pre-election with config: opid_index: -1 OBSOLETE_local: false peers { permanent_uuid: "214fdc27a21147059a9e345b4ae337c0" member_type: VOTER last_known_addr { host: "127.20.176.129" port: 43455 } } peers { permanent_uuid: "010fea57644d45cdbebe2003a188bb96" member_type: VOTER last_known_addr { host: "127.20.176.130" port: 34261 } } peers { permanent_uuid: "d84673799c8e4b979216608a46638142" member_type: VOTER last_known_addr { host: "127.20.176.131" port: 44051 } }
I20260709 14:54:41.183542 22576 leader_election.cc:290] T 4441e6cce8f44d629ed0f19b6137dab1 P 010fea57644d45cdbebe2003a188bb96 [CANDIDATE]: Term 1 pre-election: Requested pre-vote from peers 214fdc27a21147059a9e345b4ae337c0 (127.20.176.129:43455), d84673799c8e4b979216608a46638142 (127.20.176.131:44051)
I20260709 14:54:41.184185 22326 tablet_service.cc:1917] Received RequestConsensusVote() RPC: tablet_id: "4441e6cce8f44d629ed0f19b6137dab1" candidate_uuid: "010fea57644d45cdbebe2003a188bb96" candidate_term: 1 candidate_status { last_received { term: 0 index: 0 } } ignore_live_leader: false dest_uuid: "214fdc27a21147059a9e345b4ae337c0" is_pre_election: true
I20260709 14:54:41.187764 22518 tablet_bootstrap.cc:492] T 7012333ac17b4d2da822eb486a96120f P 214fdc27a21147059a9e345b4ae337c0: No bootstrap required, opened a new log
I20260709 14:54:41.188190 22518 ts_tablet_manager.cc:1403] T 7012333ac17b4d2da822eb486a96120f P 214fdc27a21147059a9e345b4ae337c0: Time spent bootstrapping tablet: real 0.047s	user 0.010s	sys 0.013s
I20260709 14:54:41.186686 22326 raft_consensus.cc:2468] T 4441e6cce8f44d629ed0f19b6137dab1 P 214fdc27a21147059a9e345b4ae337c0 [term 0 FOLLOWER]: Leader pre-election vote request: Granting yes vote for candidate 010fea57644d45cdbebe2003a188bb96 in term 0.
I20260709 14:54:41.190999 22366 leader_election.cc:304] T 4441e6cce8f44d629ed0f19b6137dab1 P 010fea57644d45cdbebe2003a188bb96 [CANDIDATE]: Term 1 pre-election: Election decided. Result: candidate won. Election summary: received 2 responses out of 3 voters: 2 yes votes; 0 no votes. yes voters: 010fea57644d45cdbebe2003a188bb96, 214fdc27a21147059a9e345b4ae337c0; no voters: 
I20260709 14:54:41.191781 22576 raft_consensus.cc:2804] T 4441e6cce8f44d629ed0f19b6137dab1 P 010fea57644d45cdbebe2003a188bb96 [term 0 FOLLOWER]: Leader pre-election won for term 1
I20260709 14:54:41.192126 22576 raft_consensus.cc:493] T 4441e6cce8f44d629ed0f19b6137dab1 P 010fea57644d45cdbebe2003a188bb96 [term 0 FOLLOWER]: Starting leader election (no leader contacted us within the election timeout)
I20260709 14:54:41.192463 22576 raft_consensus.cc:3060] T 4441e6cce8f44d629ed0f19b6137dab1 P 010fea57644d45cdbebe2003a188bb96 [term 0 FOLLOWER]: Advancing to term 1
I20260709 14:54:41.194273 22222 catalog_manager.cc:5697] T d2efdb2e18654d07a8cd0247cd235fc6 P 214fdc27a21147059a9e345b4ae337c0 reported cstate change: term changed from 0 to 1, leader changed from <none> to 214fdc27a21147059a9e345b4ae337c0 (127.20.176.129). New cstate: current_term: 1 leader_uuid: "214fdc27a21147059a9e345b4ae337c0" committed_config { opid_index: -1 OBSOLETE_local: false peers { permanent_uuid: "214fdc27a21147059a9e345b4ae337c0" member_type: VOTER last_known_addr { host: "127.20.176.129" port: 43455 } health_report { overall_health: HEALTHY } } peers { permanent_uuid: "010fea57644d45cdbebe2003a188bb96" member_type: VOTER last_known_addr { host: "127.20.176.130" port: 34261 } health_report { overall_health: UNKNOWN } } peers { permanent_uuid: "d84673799c8e4b979216608a46638142" member_type: VOTER last_known_addr { host: "127.20.176.131" port: 44051 } health_report { overall_health: UNKNOWN } } }
I20260709 14:54:41.199083 22519 ts_tablet_manager.cc:1434] T 7012333ac17b4d2da822eb486a96120f P 010fea57644d45cdbebe2003a188bb96: Time spent starting tablet: real 0.025s	user 0.006s	sys 0.001s
I20260709 14:54:41.200109 22519 tablet_bootstrap.cc:492] T 9e8e41d879d34420a0849dce40d56e64 P 010fea57644d45cdbebe2003a188bb96: Bootstrap starting.
I20260709 14:54:41.203953 22472 tablet_service.cc:1917] Received RequestConsensusVote() RPC: tablet_id: "4441e6cce8f44d629ed0f19b6137dab1" candidate_uuid: "010fea57644d45cdbebe2003a188bb96" candidate_term: 1 candidate_status { last_received { term: 0 index: 0 } } ignore_live_leader: false dest_uuid: "d84673799c8e4b979216608a46638142" is_pre_election: true
I20260709 14:54:41.205029 22472 raft_consensus.cc:2468] T 4441e6cce8f44d629ed0f19b6137dab1 P d84673799c8e4b979216608a46638142 [term 0 FOLLOWER]: Leader pre-election vote request: Granting yes vote for candidate 010fea57644d45cdbebe2003a188bb96 in term 0.
I20260709 14:54:41.206732 22519 tablet_bootstrap.cc:654] T 9e8e41d879d34420a0849dce40d56e64 P 010fea57644d45cdbebe2003a188bb96: Neither blocks nor log segments found. Creating new log.
I20260709 14:54:41.206362 22576 raft_consensus.cc:515] T 4441e6cce8f44d629ed0f19b6137dab1 P 010fea57644d45cdbebe2003a188bb96 [term 1 FOLLOWER]: Starting leader election with config: opid_index: -1 OBSOLETE_local: false peers { permanent_uuid: "214fdc27a21147059a9e345b4ae337c0" member_type: VOTER last_known_addr { host: "127.20.176.129" port: 43455 } } peers { permanent_uuid: "010fea57644d45cdbebe2003a188bb96" member_type: VOTER last_known_addr { host: "127.20.176.130" port: 34261 } } peers { permanent_uuid: "d84673799c8e4b979216608a46638142" member_type: VOTER last_known_addr { host: "127.20.176.131" port: 44051 } }
I20260709 14:54:41.209126 22326 tablet_service.cc:1917] Received RequestConsensusVote() RPC: tablet_id: "4441e6cce8f44d629ed0f19b6137dab1" candidate_uuid: "010fea57644d45cdbebe2003a188bb96" candidate_term: 1 candidate_status { last_received { term: 0 index: 0 } } ignore_live_leader: false dest_uuid: "214fdc27a21147059a9e345b4ae337c0"
I20260709 14:54:41.209815 22326 raft_consensus.cc:3060] T 4441e6cce8f44d629ed0f19b6137dab1 P 214fdc27a21147059a9e345b4ae337c0 [term 0 FOLLOWER]: Advancing to term 1
I20260709 14:54:41.209903 22518 raft_consensus.cc:359] T 7012333ac17b4d2da822eb486a96120f P 214fdc27a21147059a9e345b4ae337c0 [term 0 FOLLOWER]: Replica starting. Triggering 0 pending ops. Active config: opid_index: -1 OBSOLETE_local: false peers { permanent_uuid: "214fdc27a21147059a9e345b4ae337c0" member_type: VOTER last_known_addr { host: "127.20.176.129" port: 43455 } } peers { permanent_uuid: "010fea57644d45cdbebe2003a188bb96" member_type: VOTER last_known_addr { host: "127.20.176.130" port: 34261 } } peers { permanent_uuid: "d84673799c8e4b979216608a46638142" member_type: VOTER last_known_addr { host: "127.20.176.131" port: 44051 } }
I20260709 14:54:41.210636 22518 raft_consensus.cc:385] T 7012333ac17b4d2da822eb486a96120f P 214fdc27a21147059a9e345b4ae337c0 [term 0 FOLLOWER]: Consensus starting up: Expiring failure detector timer to make a prompt election more likely
I20260709 14:54:41.210922 22518 raft_consensus.cc:740] T 7012333ac17b4d2da822eb486a96120f P 214fdc27a21147059a9e345b4ae337c0 [term 0 FOLLOWER]: Becoming Follower/Learner. State: Replica: 214fdc27a21147059a9e345b4ae337c0, State: Initialized, Role: FOLLOWER
I20260709 14:54:41.211552 22518 consensus_queue.cc:260] T 7012333ac17b4d2da822eb486a96120f P 214fdc27a21147059a9e345b4ae337c0 [NON_LEADER]: Queue going to NON_LEADER mode. State: All replicated index: 0, Majority replicated index: 0, Committed index: 0, Last appended: 0.0, Last appended by leader: 0, Current term: 0, Majority size: -1, State: 0, Mode: NON_LEADER, active raft config: opid_index: -1 OBSOLETE_local: false peers { permanent_uuid: "214fdc27a21147059a9e345b4ae337c0" member_type: VOTER last_known_addr { host: "127.20.176.129" port: 43455 } } peers { permanent_uuid: "010fea57644d45cdbebe2003a188bb96" member_type: VOTER last_known_addr { host: "127.20.176.130" port: 34261 } } peers { permanent_uuid: "d84673799c8e4b979216608a46638142" member_type: VOTER last_known_addr { host: "127.20.176.131" port: 44051 } }
I20260709 14:54:41.213747 22518 ts_tablet_manager.cc:1434] T 7012333ac17b4d2da822eb486a96120f P 214fdc27a21147059a9e345b4ae337c0: Time spent starting tablet: real 0.025s	user 0.006s	sys 0.000s
I20260709 14:54:41.214665 22518 tablet_bootstrap.cc:492] T b07fb44d246c40b3b4df1817ac33eba5 P 214fdc27a21147059a9e345b4ae337c0: Bootstrap starting.
I20260709 14:54:41.217386 22326 raft_consensus.cc:2468] T 4441e6cce8f44d629ed0f19b6137dab1 P 214fdc27a21147059a9e345b4ae337c0 [term 1 FOLLOWER]: Leader election vote request: Granting yes vote for candidate 010fea57644d45cdbebe2003a188bb96 in term 1.
I20260709 14:54:41.218763 22366 leader_election.cc:304] T 4441e6cce8f44d629ed0f19b6137dab1 P 010fea57644d45cdbebe2003a188bb96 [CANDIDATE]: Term 1 election: Election decided. Result: candidate won. Election summary: received 2 responses out of 3 voters: 2 yes votes; 0 no votes. yes voters: 010fea57644d45cdbebe2003a188bb96, 214fdc27a21147059a9e345b4ae337c0; no voters: 
I20260709 14:54:41.220080 22711 raft_consensus.cc:2804] T 4441e6cce8f44d629ed0f19b6137dab1 P 010fea57644d45cdbebe2003a188bb96 [term 1 FOLLOWER]: Leader election won for term 1
I20260709 14:54:41.220363 22518 tablet_bootstrap.cc:654] T b07fb44d246c40b3b4df1817ac33eba5 P 214fdc27a21147059a9e345b4ae337c0: Neither blocks nor log segments found. Creating new log.
I20260709 14:54:41.220549 22711 raft_consensus.cc:697] T 4441e6cce8f44d629ed0f19b6137dab1 P 010fea57644d45cdbebe2003a188bb96 [term 1 LEADER]: Becoming Leader. State: Replica: 010fea57644d45cdbebe2003a188bb96, State: Running, Role: LEADER
I20260709 14:54:41.221614 22517 tablet_bootstrap.cc:492] T 0fb53bf8df7d4c72a82ef7cb2893d613 P d84673799c8e4b979216608a46638142: No bootstrap required, opened a new log
I20260709 14:54:41.221391 22711 consensus_queue.cc:237] T 4441e6cce8f44d629ed0f19b6137dab1 P 010fea57644d45cdbebe2003a188bb96 [LEADER]: Queue going to LEADER mode. State: All replicated index: 0, Majority replicated index: 0, Committed index: 0, Last appended: 0.0, Last appended by leader: 0, Current term: 1, Majority size: 2, State: 0, Mode: LEADER, active raft config: opid_index: -1 OBSOLETE_local: false peers { permanent_uuid: "214fdc27a21147059a9e345b4ae337c0" member_type: VOTER last_known_addr { host: "127.20.176.129" port: 43455 } } peers { permanent_uuid: "010fea57644d45cdbebe2003a188bb96" member_type: VOTER last_known_addr { host: "127.20.176.130" port: 34261 } } peers { permanent_uuid: "d84673799c8e4b979216608a46638142" member_type: VOTER last_known_addr { host: "127.20.176.131" port: 44051 } }
I20260709 14:54:41.222045 22517 ts_tablet_manager.cc:1403] T 0fb53bf8df7d4c72a82ef7cb2893d613 P d84673799c8e4b979216608a46638142: Time spent bootstrapping tablet: real 0.088s	user 0.014s	sys 0.009s
I20260709 14:54:41.225301 22517 raft_consensus.cc:359] T 0fb53bf8df7d4c72a82ef7cb2893d613 P d84673799c8e4b979216608a46638142 [term 0 FOLLOWER]: Replica starting. Triggering 0 pending ops. Active config: opid_index: -1 OBSOLETE_local: false peers { permanent_uuid: "214fdc27a21147059a9e345b4ae337c0" member_type: VOTER last_known_addr { host: "127.20.176.129" port: 43455 } } peers { permanent_uuid: "010fea57644d45cdbebe2003a188bb96" member_type: VOTER last_known_addr { host: "127.20.176.130" port: 34261 } } peers { permanent_uuid: "d84673799c8e4b979216608a46638142" member_type: VOTER last_known_addr { host: "127.20.176.131" port: 44051 } }
I20260709 14:54:41.226112 22517 raft_consensus.cc:385] T 0fb53bf8df7d4c72a82ef7cb2893d613 P d84673799c8e4b979216608a46638142 [term 0 FOLLOWER]: Consensus starting up: Expiring failure detector timer to make a prompt election more likely
I20260709 14:54:41.226487 22517 raft_consensus.cc:740] T 0fb53bf8df7d4c72a82ef7cb2893d613 P d84673799c8e4b979216608a46638142 [term 0 FOLLOWER]: Becoming Follower/Learner. State: Replica: d84673799c8e4b979216608a46638142, State: Initialized, Role: FOLLOWER
I20260709 14:54:41.227540 22517 consensus_queue.cc:260] T 0fb53bf8df7d4c72a82ef7cb2893d613 P d84673799c8e4b979216608a46638142 [NON_LEADER]: Queue going to NON_LEADER mode. State: All replicated index: 0, Majority replicated index: 0, Committed index: 0, Last appended: 0.0, Last appended by leader: 0, Current term: 0, Majority size: -1, State: 0, Mode: NON_LEADER, active raft config: opid_index: -1 OBSOLETE_local: false peers { permanent_uuid: "214fdc27a21147059a9e345b4ae337c0" member_type: VOTER last_known_addr { host: "127.20.176.129" port: 43455 } } peers { permanent_uuid: "010fea57644d45cdbebe2003a188bb96" member_type: VOTER last_known_addr { host: "127.20.176.130" port: 34261 } } peers { permanent_uuid: "d84673799c8e4b979216608a46638142" member_type: VOTER last_known_addr { host: "127.20.176.131" port: 44051 } }
I20260709 14:54:41.231163 22595 raft_consensus.cc:493] T 9e8e41d879d34420a0849dce40d56e64 P 214fdc27a21147059a9e345b4ae337c0 [term 0 FOLLOWER]: Starting pre-election (no leader contacted us within the election timeout)
I20260709 14:54:41.231626 22595 raft_consensus.cc:515] T 9e8e41d879d34420a0849dce40d56e64 P 214fdc27a21147059a9e345b4ae337c0 [term 0 FOLLOWER]: Starting pre-election with config: opid_index: -1 OBSOLETE_local: false peers { permanent_uuid: "214fdc27a21147059a9e345b4ae337c0" member_type: VOTER last_known_addr { host: "127.20.176.129" port: 43455 } } peers { permanent_uuid: "010fea57644d45cdbebe2003a188bb96" member_type: VOTER last_known_addr { host: "127.20.176.130" port: 34261 } } peers { permanent_uuid: "d84673799c8e4b979216608a46638142" member_type: VOTER last_known_addr { host: "127.20.176.131" port: 44051 } }
I20260709 14:54:41.233506 22595 leader_election.cc:290] T 9e8e41d879d34420a0849dce40d56e64 P 214fdc27a21147059a9e345b4ae337c0 [CANDIDATE]: Term 1 pre-election: Requested pre-vote from peers 010fea57644d45cdbebe2003a188bb96 (127.20.176.130:34261), d84673799c8e4b979216608a46638142 (127.20.176.131:44051)
I20260709 14:54:41.235741 22472 tablet_service.cc:1917] Received RequestConsensusVote() RPC: tablet_id: "9e8e41d879d34420a0849dce40d56e64" candidate_uuid: "214fdc27a21147059a9e345b4ae337c0" candidate_term: 1 candidate_status { last_received { term: 0 index: 0 } } ignore_live_leader: false dest_uuid: "d84673799c8e4b979216608a46638142" is_pre_election: true
I20260709 14:54:41.235981 22399 tablet_service.cc:1917] Received RequestConsensusVote() RPC: tablet_id: "9e8e41d879d34420a0849dce40d56e64" candidate_uuid: "214fdc27a21147059a9e345b4ae337c0" candidate_term: 1 candidate_status { last_received { term: 0 index: 0 } } ignore_live_leader: false dest_uuid: "010fea57644d45cdbebe2003a188bb96" is_pre_election: true
I20260709 14:54:41.237123 22542 raft_consensus.cc:493] T c28b1be80dd049b4a2c59c5cf325f31d P d84673799c8e4b979216608a46638142 [term 0 FOLLOWER]: Starting pre-election (no leader contacted us within the election timeout)
I20260709 14:54:41.237505 22542 raft_consensus.cc:515] T c28b1be80dd049b4a2c59c5cf325f31d P d84673799c8e4b979216608a46638142 [term 0 FOLLOWER]: Starting pre-election with config: opid_index: -1 OBSOLETE_local: false peers { permanent_uuid: "214fdc27a21147059a9e345b4ae337c0" member_type: VOTER last_known_addr { host: "127.20.176.129" port: 43455 } } peers { permanent_uuid: "010fea57644d45cdbebe2003a188bb96" member_type: VOTER last_known_addr { host: "127.20.176.130" port: 34261 } } peers { permanent_uuid: "d84673799c8e4b979216608a46638142" member_type: VOTER last_known_addr { host: "127.20.176.131" port: 44051 } }
W20260709 14:54:41.237833 22293 leader_election.cc:343] T 9e8e41d879d34420a0849dce40d56e64 P 214fdc27a21147059a9e345b4ae337c0 [CANDIDATE]: Term 1 pre-election: Tablet error from VoteRequest() call to peer 010fea57644d45cdbebe2003a188bb96 (127.20.176.130:34261): Illegal state: must be running to vote when last-logged opid is not known
I20260709 14:54:41.238947 22517 ts_tablet_manager.cc:1434] T 0fb53bf8df7d4c72a82ef7cb2893d613 P d84673799c8e4b979216608a46638142: Time spent starting tablet: real 0.017s	user 0.008s	sys 0.000s
I20260709 14:54:41.239355 22542 leader_election.cc:290] T c28b1be80dd049b4a2c59c5cf325f31d P d84673799c8e4b979216608a46638142 [CANDIDATE]: Term 1 pre-election: Requested pre-vote from peers 214fdc27a21147059a9e345b4ae337c0 (127.20.176.129:43455), 010fea57644d45cdbebe2003a188bb96 (127.20.176.130:34261)
W20260709 14:54:41.240756 22292 leader_election.cc:343] T 9e8e41d879d34420a0849dce40d56e64 P 214fdc27a21147059a9e345b4ae337c0 [CANDIDATE]: Term 1 pre-election: Tablet error from VoteRequest() call to peer d84673799c8e4b979216608a46638142 (127.20.176.131:44051): Illegal state: must be running to vote when last-logged opid is not known
I20260709 14:54:41.249334 22292 leader_election.cc:304] T 9e8e41d879d34420a0849dce40d56e64 P 214fdc27a21147059a9e345b4ae337c0 [CANDIDATE]: Term 1 pre-election: Election decided. Result: candidate lost. Election summary: received 3 responses out of 3 voters: 1 yes votes; 2 no votes. yes voters: 214fdc27a21147059a9e345b4ae337c0; no voters: 010fea57644d45cdbebe2003a188bb96, d84673799c8e4b979216608a46638142
I20260709 14:54:41.250007 22399 tablet_service.cc:1917] Received RequestConsensusVote() RPC: tablet_id: "c28b1be80dd049b4a2c59c5cf325f31d" candidate_uuid: "d84673799c8e4b979216608a46638142" candidate_term: 1 candidate_status { last_received { term: 0 index: 0 } } ignore_live_leader: false dest_uuid: "010fea57644d45cdbebe2003a188bb96" is_pre_election: true
I20260709 14:54:41.242494 22472 tablet_service.cc:1917] Received RequestConsensusVote() RPC: tablet_id: "4441e6cce8f44d629ed0f19b6137dab1" candidate_uuid: "010fea57644d45cdbebe2003a188bb96" candidate_term: 1 candidate_status { last_received { term: 0 index: 0 } } ignore_live_leader: false dest_uuid: "d84673799c8e4b979216608a46638142"
I20260709 14:54:41.252012 22472 raft_consensus.cc:3060] T 4441e6cce8f44d629ed0f19b6137dab1 P d84673799c8e4b979216608a46638142 [term 0 FOLLOWER]: Advancing to term 1
I20260709 14:54:41.242183 22327 tablet_service.cc:1917] Received RequestConsensusVote() RPC: tablet_id: "c28b1be80dd049b4a2c59c5cf325f31d" candidate_uuid: "d84673799c8e4b979216608a46638142" candidate_term: 1 candidate_status { last_received { term: 0 index: 0 } } ignore_live_leader: false dest_uuid: "214fdc27a21147059a9e345b4ae337c0" is_pre_election: true
I20260709 14:54:41.253782 22327 raft_consensus.cc:2393] T c28b1be80dd049b4a2c59c5cf325f31d P 214fdc27a21147059a9e345b4ae337c0 [term 1 FOLLOWER]: Leader pre-election vote request: Denying vote to candidate d84673799c8e4b979216608a46638142 in current term 1: Already voted for candidate 010fea57644d45cdbebe2003a188bb96 in this term.
I20260709 14:54:41.254756 22595 raft_consensus.cc:2749] T 9e8e41d879d34420a0849dce40d56e64 P 214fdc27a21147059a9e345b4ae337c0 [term 0 FOLLOWER]: Leader pre-election lost for term 1. Reason: could not achieve majority
W20260709 14:54:41.256220 22292 consensus_peers.cc:597] T c74c030b6b9341dba608a4dfd23a4abb P 214fdc27a21147059a9e345b4ae337c0 -> Peer d84673799c8e4b979216608a46638142 (127.20.176.131:44051): Couldn't send request to peer d84673799c8e4b979216608a46638142. Error code: TABLET_NOT_RUNNING (12). Status: Illegal state: Tablet not RUNNING: INITIALIZED. This is attempt 1: this message will repeat every 5th retry.
I20260709 14:54:41.257464 22440 leader_election.cc:304] T c28b1be80dd049b4a2c59c5cf325f31d P d84673799c8e4b979216608a46638142 [CANDIDATE]: Term 1 pre-election: Election decided. Result: candidate lost. Election summary: received 3 responses out of 3 voters: 1 yes votes; 2 no votes. yes voters: d84673799c8e4b979216608a46638142; no voters: 010fea57644d45cdbebe2003a188bb96, 214fdc27a21147059a9e345b4ae337c0
I20260709 14:54:41.258790 22519 tablet_bootstrap.cc:492] T 9e8e41d879d34420a0849dce40d56e64 P 010fea57644d45cdbebe2003a188bb96: No bootstrap required, opened a new log
I20260709 14:54:41.258481 22222 catalog_manager.cc:5697] T 4441e6cce8f44d629ed0f19b6137dab1 P 010fea57644d45cdbebe2003a188bb96 reported cstate change: term changed from 0 to 1, leader changed from <none> to 010fea57644d45cdbebe2003a188bb96 (127.20.176.130). New cstate: current_term: 1 leader_uuid: "010fea57644d45cdbebe2003a188bb96" committed_config { opid_index: -1 OBSOLETE_local: false peers { permanent_uuid: "214fdc27a21147059a9e345b4ae337c0" member_type: VOTER last_known_addr { host: "127.20.176.129" port: 43455 } health_report { overall_health: UNKNOWN } } peers { permanent_uuid: "010fea57644d45cdbebe2003a188bb96" member_type: VOTER last_known_addr { host: "127.20.176.130" port: 34261 } health_report { overall_health: HEALTHY } } peers { permanent_uuid: "d84673799c8e4b979216608a46638142" member_type: VOTER last_known_addr { host: "127.20.176.131" port: 44051 } health_report { overall_health: UNKNOWN } } }
I20260709 14:54:41.259272 22542 raft_consensus.cc:3060] T c28b1be80dd049b4a2c59c5cf325f31d P d84673799c8e4b979216608a46638142 [term 0 FOLLOWER]: Advancing to term 1
I20260709 14:54:41.259711 22519 ts_tablet_manager.cc:1403] T 9e8e41d879d34420a0849dce40d56e64 P 010fea57644d45cdbebe2003a188bb96: Time spent bootstrapping tablet: real 0.060s	user 0.011s	sys 0.035s
I20260709 14:54:41.262045 22519 raft_consensus.cc:359] T 9e8e41d879d34420a0849dce40d56e64 P 010fea57644d45cdbebe2003a188bb96 [term 0 FOLLOWER]: Replica starting. Triggering 0 pending ops. Active config: opid_index: -1 OBSOLETE_local: false peers { permanent_uuid: "214fdc27a21147059a9e345b4ae337c0" member_type: VOTER last_known_addr { host: "127.20.176.129" port: 43455 } } peers { permanent_uuid: "010fea57644d45cdbebe2003a188bb96" member_type: VOTER last_known_addr { host: "127.20.176.130" port: 34261 } } peers { permanent_uuid: "d84673799c8e4b979216608a46638142" member_type: VOTER last_known_addr { host: "127.20.176.131" port: 44051 } }
I20260709 14:54:41.262578 22519 raft_consensus.cc:385] T 9e8e41d879d34420a0849dce40d56e64 P 010fea57644d45cdbebe2003a188bb96 [term 0 FOLLOWER]: Consensus starting up: Expiring failure detector timer to make a prompt election more likely
I20260709 14:54:41.262792 22519 raft_consensus.cc:740] T 9e8e41d879d34420a0849dce40d56e64 P 010fea57644d45cdbebe2003a188bb96 [term 0 FOLLOWER]: Becoming Follower/Learner. State: Replica: 010fea57644d45cdbebe2003a188bb96, State: Initialized, Role: FOLLOWER
I20260709 14:54:41.243109 22517 tablet_bootstrap.cc:492] T 9e8e41d879d34420a0849dce40d56e64 P d84673799c8e4b979216608a46638142: Bootstrap starting.
I20260709 14:54:41.263368 22519 consensus_queue.cc:260] T 9e8e41d879d34420a0849dce40d56e64 P 010fea57644d45cdbebe2003a188bb96 [NON_LEADER]: Queue going to NON_LEADER mode. State: All replicated index: 0, Majority replicated index: 0, Committed index: 0, Last appended: 0.0, Last appended by leader: 0, Current term: 0, Majority size: -1, State: 0, Mode: NON_LEADER, active raft config: opid_index: -1 OBSOLETE_local: false peers { permanent_uuid: "214fdc27a21147059a9e345b4ae337c0" member_type: VOTER last_known_addr { host: "127.20.176.129" port: 43455 } } peers { permanent_uuid: "010fea57644d45cdbebe2003a188bb96" member_type: VOTER last_known_addr { host: "127.20.176.130" port: 34261 } } peers { permanent_uuid: "d84673799c8e4b979216608a46638142" member_type: VOTER last_known_addr { host: "127.20.176.131" port: 44051 } }
I20260709 14:54:41.264719 22711 raft_consensus.cc:493] T dd6389d4c81e45f3a079f6599f21c4e2 P 010fea57644d45cdbebe2003a188bb96 [term 0 FOLLOWER]: Starting pre-election (no leader contacted us within the election timeout)
I20260709 14:54:41.265141 22711 raft_consensus.cc:515] T dd6389d4c81e45f3a079f6599f21c4e2 P 010fea57644d45cdbebe2003a188bb96 [term 0 FOLLOWER]: Starting pre-election with config: opid_index: -1 OBSOLETE_local: false peers { permanent_uuid: "214fdc27a21147059a9e345b4ae337c0" member_type: VOTER last_known_addr { host: "127.20.176.129" port: 43455 } } peers { permanent_uuid: "010fea57644d45cdbebe2003a188bb96" member_type: VOTER last_known_addr { host: "127.20.176.130" port: 34261 } } peers { permanent_uuid: "d84673799c8e4b979216608a46638142" member_type: VOTER last_known_addr { host: "127.20.176.131" port: 44051 } }
I20260709 14:54:41.240691 22576 leader_election.cc:290] T 4441e6cce8f44d629ed0f19b6137dab1 P 010fea57644d45cdbebe2003a188bb96 [CANDIDATE]: Term 1 election: Requested vote from peers 214fdc27a21147059a9e345b4ae337c0 (127.20.176.129:43455), d84673799c8e4b979216608a46638142 (127.20.176.131:44051)
I20260709 14:54:41.265869 22519 ts_tablet_manager.cc:1434] T 9e8e41d879d34420a0849dce40d56e64 P 010fea57644d45cdbebe2003a188bb96: Time spent starting tablet: real 0.006s	user 0.003s	sys 0.002s
I20260709 14:54:41.266826 22519 tablet_bootstrap.cc:492] T 29b8f95ec1f340139a33abf8fd3b602a P 010fea57644d45cdbebe2003a188bb96: Bootstrap starting.
I20260709 14:54:41.267144 22711 leader_election.cc:290] T dd6389d4c81e45f3a079f6599f21c4e2 P 010fea57644d45cdbebe2003a188bb96 [CANDIDATE]: Term 1 pre-election: Requested pre-vote from peers 214fdc27a21147059a9e345b4ae337c0 (127.20.176.129:43455), d84673799c8e4b979216608a46638142 (127.20.176.131:44051)
I20260709 14:54:41.269917 22472 raft_consensus.cc:2468] T 4441e6cce8f44d629ed0f19b6137dab1 P d84673799c8e4b979216608a46638142 [term 1 FOLLOWER]: Leader election vote request: Granting yes vote for candidate 010fea57644d45cdbebe2003a188bb96 in term 1.
I20260709 14:54:41.272610 22519 tablet_bootstrap.cc:654] T 29b8f95ec1f340139a33abf8fd3b602a P 010fea57644d45cdbebe2003a188bb96: Neither blocks nor log segments found. Creating new log.
I20260709 14:54:41.273557 22517 tablet_bootstrap.cc:654] T 9e8e41d879d34420a0849dce40d56e64 P d84673799c8e4b979216608a46638142: Neither blocks nor log segments found. Creating new log.
I20260709 14:54:41.275923 22542 raft_consensus.cc:2749] T c28b1be80dd049b4a2c59c5cf325f31d P d84673799c8e4b979216608a46638142 [term 1 FOLLOWER]: Leader pre-election lost for term 1. Reason: could not achieve majority
I20260709 14:54:41.277765 22326 tablet_service.cc:1917] Received RequestConsensusVote() RPC: tablet_id: "dd6389d4c81e45f3a079f6599f21c4e2" candidate_uuid: "010fea57644d45cdbebe2003a188bb96" candidate_term: 1 candidate_status { last_received { term: 0 index: 0 } } ignore_live_leader: false dest_uuid: "214fdc27a21147059a9e345b4ae337c0" is_pre_election: true
I20260709 14:54:41.278570 22326 raft_consensus.cc:2468] T dd6389d4c81e45f3a079f6599f21c4e2 P 214fdc27a21147059a9e345b4ae337c0 [term 0 FOLLOWER]: Leader pre-election vote request: Granting yes vote for candidate 010fea57644d45cdbebe2003a188bb96 in term 0.
I20260709 14:54:41.279654 22518 tablet_bootstrap.cc:492] T b07fb44d246c40b3b4df1817ac33eba5 P 214fdc27a21147059a9e345b4ae337c0: No bootstrap required, opened a new log
I20260709 14:54:41.280102 22518 ts_tablet_manager.cc:1403] T b07fb44d246c40b3b4df1817ac33eba5 P 214fdc27a21147059a9e345b4ae337c0: Time spent bootstrapping tablet: real 0.066s	user 0.014s	sys 0.009s
I20260709 14:54:41.280198 22366 leader_election.cc:304] T dd6389d4c81e45f3a079f6599f21c4e2 P 010fea57644d45cdbebe2003a188bb96 [CANDIDATE]: Term 1 pre-election: Election decided. Result: candidate won. Election summary: received 2 responses out of 3 voters: 2 yes votes; 0 no votes. yes voters: 010fea57644d45cdbebe2003a188bb96, 214fdc27a21147059a9e345b4ae337c0; no voters: 
I20260709 14:54:41.281174 22576 raft_consensus.cc:493] T 7012333ac17b4d2da822eb486a96120f P 010fea57644d45cdbebe2003a188bb96 [term 0 FOLLOWER]: Starting pre-election (no leader contacted us within the election timeout)
I20260709 14:54:41.281536 22517 tablet_bootstrap.cc:492] T 9e8e41d879d34420a0849dce40d56e64 P d84673799c8e4b979216608a46638142: No bootstrap required, opened a new log
I20260709 14:54:41.281996 22517 ts_tablet_manager.cc:1403] T 9e8e41d879d34420a0849dce40d56e64 P d84673799c8e4b979216608a46638142: Time spent bootstrapping tablet: real 0.039s	user 0.008s	sys 0.004s
I20260709 14:54:41.281862 22711 raft_consensus.cc:2804] T dd6389d4c81e45f3a079f6599f21c4e2 P 010fea57644d45cdbebe2003a188bb96 [term 0 FOLLOWER]: Leader pre-election won for term 1
I20260709 14:54:41.282402 22711 raft_consensus.cc:493] T dd6389d4c81e45f3a079f6599f21c4e2 P 010fea57644d45cdbebe2003a188bb96 [term 0 FOLLOWER]: Starting leader election (no leader contacted us within the election timeout)
I20260709 14:54:41.282812 22711 raft_consensus.cc:3060] T dd6389d4c81e45f3a079f6599f21c4e2 P 010fea57644d45cdbebe2003a188bb96 [term 0 FOLLOWER]: Advancing to term 1
I20260709 14:54:41.284564 22517 raft_consensus.cc:359] T 9e8e41d879d34420a0849dce40d56e64 P d84673799c8e4b979216608a46638142 [term 0 FOLLOWER]: Replica starting. Triggering 0 pending ops. Active config: opid_index: -1 OBSOLETE_local: false peers { permanent_uuid: "214fdc27a21147059a9e345b4ae337c0" member_type: VOTER last_known_addr { host: "127.20.176.129" port: 43455 } } peers { permanent_uuid: "010fea57644d45cdbebe2003a188bb96" member_type: VOTER last_known_addr { host: "127.20.176.130" port: 34261 } } peers { permanent_uuid: "d84673799c8e4b979216608a46638142" member_type: VOTER last_known_addr { host: "127.20.176.131" port: 44051 } }
I20260709 14:54:41.285209 22517 raft_consensus.cc:385] T 9e8e41d879d34420a0849dce40d56e64 P d84673799c8e4b979216608a46638142 [term 0 FOLLOWER]: Consensus starting up: Expiring failure detector timer to make a prompt election more likely
I20260709 14:54:41.285491 22517 raft_consensus.cc:740] T 9e8e41d879d34420a0849dce40d56e64 P d84673799c8e4b979216608a46638142 [term 0 FOLLOWER]: Becoming Follower/Learner. State: Replica: d84673799c8e4b979216608a46638142, State: Initialized, Role: FOLLOWER
I20260709 14:54:41.281605 22576 raft_consensus.cc:515] T 7012333ac17b4d2da822eb486a96120f P 010fea57644d45cdbebe2003a188bb96 [term 0 FOLLOWER]: Starting pre-election with config: opid_index: -1 OBSOLETE_local: false peers { permanent_uuid: "214fdc27a21147059a9e345b4ae337c0" member_type: VOTER last_known_addr { host: "127.20.176.129" port: 43455 } } peers { permanent_uuid: "010fea57644d45cdbebe2003a188bb96" member_type: VOTER last_known_addr { host: "127.20.176.130" port: 34261 } } peers { permanent_uuid: "d84673799c8e4b979216608a46638142" member_type: VOTER last_known_addr { host: "127.20.176.131" port: 44051 } }
I20260709 14:54:41.289227 22576 leader_election.cc:290] T 7012333ac17b4d2da822eb486a96120f P 010fea57644d45cdbebe2003a188bb96 [CANDIDATE]: Term 1 pre-election: Requested pre-vote from peers 214fdc27a21147059a9e345b4ae337c0 (127.20.176.129:43455), d84673799c8e4b979216608a46638142 (127.20.176.131:44051)
I20260709 14:54:41.289155 22517 consensus_queue.cc:260] T 9e8e41d879d34420a0849dce40d56e64 P d84673799c8e4b979216608a46638142 [NON_LEADER]: Queue going to NON_LEADER mode. State: All replicated index: 0, Majority replicated index: 0, Committed index: 0, Last appended: 0.0, Last appended by leader: 0, Current term: 0, Majority size: -1, State: 0, Mode: NON_LEADER, active raft config: opid_index: -1 OBSOLETE_local: false peers { permanent_uuid: "214fdc27a21147059a9e345b4ae337c0" member_type: VOTER last_known_addr { host: "127.20.176.129" port: 43455 } } peers { permanent_uuid: "010fea57644d45cdbebe2003a188bb96" member_type: VOTER last_known_addr { host: "127.20.176.130" port: 34261 } } peers { permanent_uuid: "d84673799c8e4b979216608a46638142" member_type: VOTER last_known_addr { host: "127.20.176.131" port: 44051 } }
I20260709 14:54:41.289917 22326 tablet_service.cc:1917] Received RequestConsensusVote() RPC: tablet_id: "7012333ac17b4d2da822eb486a96120f" candidate_uuid: "010fea57644d45cdbebe2003a188bb96" candidate_term: 1 candidate_status { last_received { term: 0 index: 0 } } ignore_live_leader: false dest_uuid: "214fdc27a21147059a9e345b4ae337c0" is_pre_election: true
I20260709 14:54:41.290470 22326 raft_consensus.cc:2468] T 7012333ac17b4d2da822eb486a96120f P 214fdc27a21147059a9e345b4ae337c0 [term 0 FOLLOWER]: Leader pre-election vote request: Granting yes vote for candidate 010fea57644d45cdbebe2003a188bb96 in term 0.
I20260709 14:54:41.290812 22519 tablet_bootstrap.cc:492] T 29b8f95ec1f340139a33abf8fd3b602a P 010fea57644d45cdbebe2003a188bb96: No bootstrap required, opened a new log
I20260709 14:54:41.291213 22517 ts_tablet_manager.cc:1434] T 9e8e41d879d34420a0849dce40d56e64 P d84673799c8e4b979216608a46638142: Time spent starting tablet: real 0.009s	user 0.005s	sys 0.001s
I20260709 14:54:41.291189 22519 ts_tablet_manager.cc:1403] T 29b8f95ec1f340139a33abf8fd3b602a P 010fea57644d45cdbebe2003a188bb96: Time spent bootstrapping tablet: real 0.025s	user 0.019s	sys 0.003s
I20260709 14:54:41.292012 22474 tablet_service.cc:1917] Received RequestConsensusVote() RPC: tablet_id: "7012333ac17b4d2da822eb486a96120f" candidate_uuid: "010fea57644d45cdbebe2003a188bb96" candidate_term: 1 candidate_status { last_received { term: 0 index: 0 } } ignore_live_leader: false dest_uuid: "d84673799c8e4b979216608a46638142" is_pre_election: true
I20260709 14:54:41.292366 22517 tablet_bootstrap.cc:492] T c74c030b6b9341dba608a4dfd23a4abb P d84673799c8e4b979216608a46638142: Bootstrap starting.
W20260709 14:54:41.293406 22367 leader_election.cc:343] T 7012333ac17b4d2da822eb486a96120f P 010fea57644d45cdbebe2003a188bb96 [CANDIDATE]: Term 1 pre-election: Tablet error from VoteRequest() call to peer d84673799c8e4b979216608a46638142 (127.20.176.131:44051): Illegal state: must be running to vote when last-logged opid is not known
I20260709 14:54:41.293994 22519 raft_consensus.cc:359] T 29b8f95ec1f340139a33abf8fd3b602a P 010fea57644d45cdbebe2003a188bb96 [term 0 FOLLOWER]: Replica starting. Triggering 0 pending ops. Active config: opid_index: -1 OBSOLETE_local: false peers { permanent_uuid: "214fdc27a21147059a9e345b4ae337c0" member_type: VOTER last_known_addr { host: "127.20.176.129" port: 43455 } } peers { permanent_uuid: "010fea57644d45cdbebe2003a188bb96" member_type: VOTER last_known_addr { host: "127.20.176.130" port: 34261 } } peers { permanent_uuid: "d84673799c8e4b979216608a46638142" member_type: VOTER last_known_addr { host: "127.20.176.131" port: 44051 } }
I20260709 14:54:41.294183 22366 leader_election.cc:304] T 7012333ac17b4d2da822eb486a96120f P 010fea57644d45cdbebe2003a188bb96 [CANDIDATE]: Term 1 pre-election: Election decided. Result: candidate won. Election summary: received 3 responses out of 3 voters: 2 yes votes; 1 no votes. yes voters: 010fea57644d45cdbebe2003a188bb96, 214fdc27a21147059a9e345b4ae337c0; no voters: d84673799c8e4b979216608a46638142
I20260709 14:54:41.294636 22519 raft_consensus.cc:385] T 29b8f95ec1f340139a33abf8fd3b602a P 010fea57644d45cdbebe2003a188bb96 [term 0 FOLLOWER]: Consensus starting up: Expiring failure detector timer to make a prompt election more likely
I20260709 14:54:41.294900 22519 raft_consensus.cc:740] T 29b8f95ec1f340139a33abf8fd3b602a P 010fea57644d45cdbebe2003a188bb96 [term 0 FOLLOWER]: Becoming Follower/Learner. State: Replica: 010fea57644d45cdbebe2003a188bb96, State: Initialized, Role: FOLLOWER
I20260709 14:54:41.294950 22576 raft_consensus.cc:2804] T 7012333ac17b4d2da822eb486a96120f P 010fea57644d45cdbebe2003a188bb96 [term 0 FOLLOWER]: Leader pre-election won for term 1
I20260709 14:54:41.295460 22576 raft_consensus.cc:493] T 7012333ac17b4d2da822eb486a96120f P 010fea57644d45cdbebe2003a188bb96 [term 0 FOLLOWER]: Starting leader election (no leader contacted us within the election timeout)
I20260709 14:54:41.295854 22576 raft_consensus.cc:3060] T 7012333ac17b4d2da822eb486a96120f P 010fea57644d45cdbebe2003a188bb96 [term 0 FOLLOWER]: Advancing to term 1
I20260709 14:54:41.295677 22519 consensus_queue.cc:260] T 29b8f95ec1f340139a33abf8fd3b602a P 010fea57644d45cdbebe2003a188bb96 [NON_LEADER]: Queue going to NON_LEADER mode. State: All replicated index: 0, Majority replicated index: 0, Committed index: 0, Last appended: 0.0, Last appended by leader: 0, Current term: 0, Majority size: -1, State: 0, Mode: NON_LEADER, active raft config: opid_index: -1 OBSOLETE_local: false peers { permanent_uuid: "214fdc27a21147059a9e345b4ae337c0" member_type: VOTER last_known_addr { host: "127.20.176.129" port: 43455 } } peers { permanent_uuid: "010fea57644d45cdbebe2003a188bb96" member_type: VOTER last_known_addr { host: "127.20.176.130" port: 34261 } } peers { permanent_uuid: "d84673799c8e4b979216608a46638142" member_type: VOTER last_known_addr { host: "127.20.176.131" port: 44051 } }
I20260709 14:54:41.298178 22519 ts_tablet_manager.cc:1434] T 29b8f95ec1f340139a33abf8fd3b602a P 010fea57644d45cdbebe2003a188bb96: Time spent starting tablet: real 0.006s	user 0.005s	sys 0.000s
I20260709 14:54:41.299113 22519 tablet_bootstrap.cc:492] T 92246186ebd2416a838f81d354fc4c49 P 010fea57644d45cdbebe2003a188bb96: Bootstrap starting.
I20260709 14:54:41.303224 22711 raft_consensus.cc:515] T dd6389d4c81e45f3a079f6599f21c4e2 P 010fea57644d45cdbebe2003a188bb96 [term 1 FOLLOWER]: Starting leader election with config: opid_index: -1 OBSOLETE_local: false peers { permanent_uuid: "214fdc27a21147059a9e345b4ae337c0" member_type: VOTER last_known_addr { host: "127.20.176.129" port: 43455 } } peers { permanent_uuid: "010fea57644d45cdbebe2003a188bb96" member_type: VOTER last_known_addr { host: "127.20.176.130" port: 34261 } } peers { permanent_uuid: "d84673799c8e4b979216608a46638142" member_type: VOTER last_known_addr { host: "127.20.176.131" port: 44051 } }
I20260709 14:54:41.305222 22711 leader_election.cc:290] T dd6389d4c81e45f3a079f6599f21c4e2 P 010fea57644d45cdbebe2003a188bb96 [CANDIDATE]: Term 1 election: Requested vote from peers 214fdc27a21147059a9e345b4ae337c0 (127.20.176.129:43455), d84673799c8e4b979216608a46638142 (127.20.176.131:44051)
I20260709 14:54:41.305908 22326 tablet_service.cc:1917] Received RequestConsensusVote() RPC: tablet_id: "dd6389d4c81e45f3a079f6599f21c4e2" candidate_uuid: "010fea57644d45cdbebe2003a188bb96" candidate_term: 1 candidate_status { last_received { term: 0 index: 0 } } ignore_live_leader: false dest_uuid: "214fdc27a21147059a9e345b4ae337c0"
I20260709 14:54:41.306174 22474 tablet_service.cc:1917] Received RequestConsensusVote() RPC: tablet_id: "dd6389d4c81e45f3a079f6599f21c4e2" candidate_uuid: "010fea57644d45cdbebe2003a188bb96" candidate_term: 1 candidate_status { last_received { term: 0 index: 0 } } ignore_live_leader: false dest_uuid: "d84673799c8e4b979216608a46638142"
I20260709 14:54:41.306476 22326 raft_consensus.cc:3060] T dd6389d4c81e45f3a079f6599f21c4e2 P 214fdc27a21147059a9e345b4ae337c0 [term 0 FOLLOWER]: Advancing to term 1
W20260709 14:54:41.307680 22367 leader_election.cc:343] T dd6389d4c81e45f3a079f6599f21c4e2 P 010fea57644d45cdbebe2003a188bb96 [CANDIDATE]: Term 1 election: Tablet error from VoteRequest() call to peer d84673799c8e4b979216608a46638142 (127.20.176.131:44051): Illegal state: must be running to vote when last-logged opid is not known
I20260709 14:54:41.307821 22517 tablet_bootstrap.cc:654] T c74c030b6b9341dba608a4dfd23a4abb P d84673799c8e4b979216608a46638142: Neither blocks nor log segments found. Creating new log.
I20260709 14:54:41.310427 22518 raft_consensus.cc:359] T b07fb44d246c40b3b4df1817ac33eba5 P 214fdc27a21147059a9e345b4ae337c0 [term 0 FOLLOWER]: Replica starting. Triggering 0 pending ops. Active config: opid_index: -1 OBSOLETE_local: false peers { permanent_uuid: "214fdc27a21147059a9e345b4ae337c0" member_type: VOTER last_known_addr { host: "127.20.176.129" port: 43455 } } peers { permanent_uuid: "010fea57644d45cdbebe2003a188bb96" member_type: VOTER last_known_addr { host: "127.20.176.130" port: 34261 } } peers { permanent_uuid: "d84673799c8e4b979216608a46638142" member_type: VOTER last_known_addr { host: "127.20.176.131" port: 44051 } }
I20260709 14:54:41.311290 22518 raft_consensus.cc:385] T b07fb44d246c40b3b4df1817ac33eba5 P 214fdc27a21147059a9e345b4ae337c0 [term 0 FOLLOWER]: Consensus starting up: Expiring failure detector timer to make a prompt election more likely
I20260709 14:54:41.311645 22518 raft_consensus.cc:740] T b07fb44d246c40b3b4df1817ac33eba5 P 214fdc27a21147059a9e345b4ae337c0 [term 0 FOLLOWER]: Becoming Follower/Learner. State: Replica: 214fdc27a21147059a9e345b4ae337c0, State: Initialized, Role: FOLLOWER
I20260709 14:54:41.312947 22326 raft_consensus.cc:2468] T dd6389d4c81e45f3a079f6599f21c4e2 P 214fdc27a21147059a9e345b4ae337c0 [term 1 FOLLOWER]: Leader election vote request: Granting yes vote for candidate 010fea57644d45cdbebe2003a188bb96 in term 1.
I20260709 14:54:41.305941 22472 tablet_service.cc:1917] Received RequestConsensusVote() RPC: tablet_id: "dd6389d4c81e45f3a079f6599f21c4e2" candidate_uuid: "010fea57644d45cdbebe2003a188bb96" candidate_term: 1 candidate_status { last_received { term: 0 index: 0 } } ignore_live_leader: false dest_uuid: "d84673799c8e4b979216608a46638142" is_pre_election: true
I20260709 14:54:41.314277 22366 leader_election.cc:304] T dd6389d4c81e45f3a079f6599f21c4e2 P 010fea57644d45cdbebe2003a188bb96 [CANDIDATE]: Term 1 election: Election decided. Result: candidate won. Election summary: received 3 responses out of 3 voters: 2 yes votes; 1 no votes. yes voters: 010fea57644d45cdbebe2003a188bb96, 214fdc27a21147059a9e345b4ae337c0; no voters: d84673799c8e4b979216608a46638142
W20260709 14:54:41.315371 22367 leader_election.cc:343] T dd6389d4c81e45f3a079f6599f21c4e2 P 010fea57644d45cdbebe2003a188bb96 [CANDIDATE]: Term 1 pre-election: Tablet error from VoteRequest() call to peer d84673799c8e4b979216608a46638142 (127.20.176.131:44051): Illegal state: must be running to vote when last-logged opid is not known
I20260709 14:54:41.315742 22711 raft_consensus.cc:2804] T dd6389d4c81e45f3a079f6599f21c4e2 P 010fea57644d45cdbebe2003a188bb96 [term 1 FOLLOWER]: Leader election won for term 1
I20260709 14:54:41.317811 22711 raft_consensus.cc:697] T dd6389d4c81e45f3a079f6599f21c4e2 P 010fea57644d45cdbebe2003a188bb96 [term 1 LEADER]: Becoming Leader. State: Replica: 010fea57644d45cdbebe2003a188bb96, State: Running, Role: LEADER
I20260709 14:54:41.318728 22519 tablet_bootstrap.cc:654] T 92246186ebd2416a838f81d354fc4c49 P 010fea57644d45cdbebe2003a188bb96: Neither blocks nor log segments found. Creating new log.
I20260709 14:54:41.312973 22576 raft_consensus.cc:515] T 7012333ac17b4d2da822eb486a96120f P 010fea57644d45cdbebe2003a188bb96 [term 1 FOLLOWER]: Starting leader election with config: opid_index: -1 OBSOLETE_local: false peers { permanent_uuid: "214fdc27a21147059a9e345b4ae337c0" member_type: VOTER last_known_addr { host: "127.20.176.129" port: 43455 } } peers { permanent_uuid: "010fea57644d45cdbebe2003a188bb96" member_type: VOTER last_known_addr { host: "127.20.176.130" port: 34261 } } peers { permanent_uuid: "d84673799c8e4b979216608a46638142" member_type: VOTER last_known_addr { host: "127.20.176.131" port: 44051 } }
I20260709 14:54:41.325153 22326 tablet_service.cc:1917] Received RequestConsensusVote() RPC: tablet_id: "7012333ac17b4d2da822eb486a96120f" candidate_uuid: "010fea57644d45cdbebe2003a188bb96" candidate_term: 1 candidate_status { last_received { term: 0 index: 0 } } ignore_live_leader: false dest_uuid: "214fdc27a21147059a9e345b4ae337c0"
I20260709 14:54:41.325727 22326 raft_consensus.cc:3060] T 7012333ac17b4d2da822eb486a96120f P 214fdc27a21147059a9e345b4ae337c0 [term 0 FOLLOWER]: Advancing to term 1
I20260709 14:54:41.326654 22576 leader_election.cc:290] T 7012333ac17b4d2da822eb486a96120f P 010fea57644d45cdbebe2003a188bb96 [CANDIDATE]: Term 1 election: Requested vote from peers 214fdc27a21147059a9e345b4ae337c0 (127.20.176.129:43455), d84673799c8e4b979216608a46638142 (127.20.176.131:44051)
I20260709 14:54:41.319321 22711 consensus_queue.cc:237] T dd6389d4c81e45f3a079f6599f21c4e2 P 010fea57644d45cdbebe2003a188bb96 [LEADER]: Queue going to LEADER mode. State: All replicated index: 0, Majority replicated index: 0, Committed index: 0, Last appended: 0.0, Last appended by leader: 0, Current term: 1, Majority size: 2, State: 0, Mode: LEADER, active raft config: opid_index: -1 OBSOLETE_local: false peers { permanent_uuid: "214fdc27a21147059a9e345b4ae337c0" member_type: VOTER last_known_addr { host: "127.20.176.129" port: 43455 } } peers { permanent_uuid: "010fea57644d45cdbebe2003a188bb96" member_type: VOTER last_known_addr { host: "127.20.176.130" port: 34261 } } peers { permanent_uuid: "d84673799c8e4b979216608a46638142" member_type: VOTER last_known_addr { host: "127.20.176.131" port: 44051 } }
I20260709 14:54:41.330727 22472 tablet_service.cc:1917] Received RequestConsensusVote() RPC: tablet_id: "7012333ac17b4d2da822eb486a96120f" candidate_uuid: "010fea57644d45cdbebe2003a188bb96" candidate_term: 1 candidate_status { last_received { term: 0 index: 0 } } ignore_live_leader: false dest_uuid: "d84673799c8e4b979216608a46638142"
