I20260709 14:54:38.651562 22518 tablet_bootstrap.cc:654] T 7f1dc4d7a7764fd0a052016a60b990ae P 214fdc27a21147059a9e345b4ae337c0: Neither blocks nor log segments found. Creating new log.
I20260709 14:54:38.651760 22328 tablet_service.cc:1917] Received RequestConsensusVote() RPC: tablet_id: "d45714e2079b4ec7ab340a38a1459127" candidate_uuid: "d84673799c8e4b979216608a46638142" candidate_term: 1 candidate_status { last_received { term: 0 index: 0 } } ignore_live_leader: false dest_uuid: "214fdc27a21147059a9e345b4ae337c0" is_pre_election: true
I20260709 14:54:38.652357 22328 raft_consensus.cc:2468] T d45714e2079b4ec7ab340a38a1459127 P 214fdc27a21147059a9e345b4ae337c0 [term 0 FOLLOWER]: Leader pre-election vote request: Granting yes vote for candidate d84673799c8e4b979216608a46638142 in term 0.
I20260709 14:54:38.652530 22542 leader_election.cc:290] T d45714e2079b4ec7ab340a38a1459127 P d84673799c8e4b979216608a46638142 [CANDIDATE]: Term 1 pre-election: Requested pre-vote from peers 214fdc27a21147059a9e345b4ae337c0 (127.20.176.129:43455), 010fea57644d45cdbebe2003a188bb96 (127.20.176.130:34261)
I20260709 14:54:38.641616 22540 consensus_queue.cc:1048] T c0a0e355fa284e99a9ee41423145c95b P 214fdc27a21147059a9e345b4ae337c0 [LEADER]: Connected to new peer: Peer: permanent_uuid: "d84673799c8e4b979216608a46638142" member_type: VOTER last_known_addr { host: "127.20.176.131" port: 44051 }, Status: LMP_MISMATCH, Last received: 0.0, Next index: 1, Last known committed idx: 0, Time since last communication: 0.001s
I20260709 14:54:38.653678 22440 leader_election.cc:304] T d45714e2079b4ec7ab340a38a1459127 P d84673799c8e4b979216608a46638142 [CANDIDATE]: Term 1 pre-election: Election decided. Result: candidate won. Election summary: received 2 responses out of 3 voters: 2 yes votes; 0 no votes. yes voters: 214fdc27a21147059a9e345b4ae337c0, d84673799c8e4b979216608a46638142; no voters: 
I20260709 14:54:38.652568 22326 tablet_service.cc:1917] Received RequestConsensusVote() RPC: tablet_id: "4af0a92e46f042849c7467d6010324ed" candidate_uuid: "d84673799c8e4b979216608a46638142" candidate_term: 1 candidate_status { last_received { term: 0 index: 0 } } ignore_live_leader: false dest_uuid: "214fdc27a21147059a9e345b4ae337c0"
I20260709 14:54:38.654645 22542 raft_consensus.cc:2804] T d45714e2079b4ec7ab340a38a1459127 P d84673799c8e4b979216608a46638142 [term 0 FOLLOWER]: Leader pre-election won for term 1
I20260709 14:54:38.654729 22400 tablet_service.cc:1917] Received RequestConsensusVote() RPC: tablet_id: "4af0a92e46f042849c7467d6010324ed" candidate_uuid: "d84673799c8e4b979216608a46638142" candidate_term: 1 candidate_status { last_received { term: 0 index: 0 } } ignore_live_leader: false dest_uuid: "010fea57644d45cdbebe2003a188bb96"
I20260709 14:54:38.655230 22542 raft_consensus.cc:493] T d45714e2079b4ec7ab340a38a1459127 P d84673799c8e4b979216608a46638142 [term 0 FOLLOWER]: Starting leader election (no leader contacted us within the election timeout)
I20260709 14:54:38.655514 22400 raft_consensus.cc:3060] T 4af0a92e46f042849c7467d6010324ed P 010fea57644d45cdbebe2003a188bb96 [term 0 FOLLOWER]: Advancing to term 1
I20260709 14:54:38.656086 22542 raft_consensus.cc:3060] T d45714e2079b4ec7ab340a38a1459127 P d84673799c8e4b979216608a46638142 [term 0 FOLLOWER]: Advancing to term 1
W20260709 14:54:38.655443 22440 leader_election.cc:343] T 4af0a92e46f042849c7467d6010324ed P d84673799c8e4b979216608a46638142 [CANDIDATE]: Term 1 election: Tablet error from VoteRequest() call to peer 214fdc27a21147059a9e345b4ae337c0 (127.20.176.129:43455): Illegal state: must be running to vote when last-logged opid is not known
I20260709 14:54:38.662792 22517 tablet_bootstrap.cc:492] T 829c86b51cec4da289bc6050d5f3186c P d84673799c8e4b979216608a46638142: No bootstrap required, opened a new log
I20260709 14:54:38.663339 22517 ts_tablet_manager.cc:1403] T 829c86b51cec4da289bc6050d5f3186c P d84673799c8e4b979216608a46638142: Time spent bootstrapping tablet: real 0.213s	user 0.022s	sys 0.006s
W20260709 14:54:38.663511 22366 consensus_peers.cc:597] T 7f1dc4d7a7764fd0a052016a60b990ae P 010fea57644d45cdbebe2003a188bb96 -> Peer 214fdc27a21147059a9e345b4ae337c0 (127.20.176.129:43455): Couldn't send request to peer 214fdc27a21147059a9e345b4ae337c0. Error code: TABLET_NOT_RUNNING (12). Status: Illegal state: Tablet not RUNNING: BOOTSTRAPPING. This is attempt 1: this message will repeat every 5th retry.
I20260709 14:54:38.662847 22402 tablet_service.cc:1917] Received RequestConsensusVote() RPC: tablet_id: "d45714e2079b4ec7ab340a38a1459127" candidate_uuid: "d84673799c8e4b979216608a46638142" candidate_term: 1 candidate_status { last_received { term: 0 index: 0 } } ignore_live_leader: false dest_uuid: "010fea57644d45cdbebe2003a188bb96" is_pre_election: true
I20260709 14:54:38.624522 22536 leader_election.cc:290] T 1c24588bc0424b84b31895ec016f8762 P 214fdc27a21147059a9e345b4ae337c0 [CANDIDATE]: Term 1 election: Requested vote from peers 010fea57644d45cdbebe2003a188bb96 (127.20.176.130:34261), d84673799c8e4b979216608a46638142 (127.20.176.131:44051)
I20260709 14:54:38.666579 22400 raft_consensus.cc:2468] T 4af0a92e46f042849c7467d6010324ed P 010fea57644d45cdbebe2003a188bb96 [term 1 FOLLOWER]: Leader election vote request: Granting yes vote for candidate d84673799c8e4b979216608a46638142 in term 1.
I20260709 14:54:38.667034 22541 leader_election.cc:290] T 4af0a92e46f042849c7467d6010324ed P d84673799c8e4b979216608a46638142 [CANDIDATE]: Term 1 election: Requested vote from peers 214fdc27a21147059a9e345b4ae337c0 (127.20.176.129:43455), 010fea57644d45cdbebe2003a188bb96 (127.20.176.130:34261)
I20260709 14:54:38.671738 22518 tablet_bootstrap.cc:492] T 7f1dc4d7a7764fd0a052016a60b990ae P 214fdc27a21147059a9e345b4ae337c0: No bootstrap required, opened a new log
I20260709 14:54:38.672176 22518 ts_tablet_manager.cc:1403] T 7f1dc4d7a7764fd0a052016a60b990ae P 214fdc27a21147059a9e345b4ae337c0: Time spent bootstrapping tablet: real 0.026s	user 0.008s	sys 0.008s
I20260709 14:54:38.639021 22633 raft_consensus.cc:515] T d45714e2079b4ec7ab340a38a1459127 P 010fea57644d45cdbebe2003a188bb96 [term 0 FOLLOWER]: Starting pre-election with config: opid_index: -1 OBSOLETE_local: false peers { permanent_uuid: "214fdc27a21147059a9e345b4ae337c0" member_type: VOTER last_known_addr { host: "127.20.176.129" port: 43455 } } peers { permanent_uuid: "010fea57644d45cdbebe2003a188bb96" member_type: VOTER last_known_addr { host: "127.20.176.130" port: 34261 } } peers { permanent_uuid: "d84673799c8e4b979216608a46638142" member_type: VOTER last_known_addr { host: "127.20.176.131" port: 44051 } }
I20260709 14:54:38.673413 22442 leader_election.cc:304] T 4af0a92e46f042849c7467d6010324ed P d84673799c8e4b979216608a46638142 [CANDIDATE]: Term 1 election: Election decided. Result: candidate won. Election summary: received 3 responses out of 3 voters: 2 yes votes; 1 no votes. yes voters: 010fea57644d45cdbebe2003a188bb96, d84673799c8e4b979216608a46638142; no voters: 214fdc27a21147059a9e345b4ae337c0
I20260709 14:54:38.674041 22402 raft_consensus.cc:2468] T d45714e2079b4ec7ab340a38a1459127 P 010fea57644d45cdbebe2003a188bb96 [term 0 FOLLOWER]: Leader pre-election vote request: Granting yes vote for candidate d84673799c8e4b979216608a46638142 in term 0.
I20260709 14:54:38.674640 22570 raft_consensus.cc:2804] T 4af0a92e46f042849c7467d6010324ed P d84673799c8e4b979216608a46638142 [term 1 FOLLOWER]: Leader election won for term 1
I20260709 14:54:38.674810 22630 raft_consensus.cc:493] T a77f6bdfdc7341d3935b79c56eb68c7a P 010fea57644d45cdbebe2003a188bb96 [term 0 FOLLOWER]: Starting pre-election (no leader contacted us within the election timeout)
I20260709 14:54:38.674741 22518 raft_consensus.cc:359] T 7f1dc4d7a7764fd0a052016a60b990ae P 214fdc27a21147059a9e345b4ae337c0 [term 0 FOLLOWER]: Replica starting. Triggering 0 pending ops. Active config: opid_index: -1 OBSOLETE_local: false peers { permanent_uuid: "214fdc27a21147059a9e345b4ae337c0" member_type: VOTER last_known_addr { host: "127.20.176.129" port: 43455 } } peers { permanent_uuid: "010fea57644d45cdbebe2003a188bb96" member_type: VOTER last_known_addr { host: "127.20.176.130" port: 34261 } } peers { permanent_uuid: "d84673799c8e4b979216608a46638142" member_type: VOTER last_known_addr { host: "127.20.176.131" port: 44051 } }
I20260709 14:54:38.675173 22570 raft_consensus.cc:697] T 4af0a92e46f042849c7467d6010324ed P d84673799c8e4b979216608a46638142 [term 1 LEADER]: Becoming Leader. State: Replica: d84673799c8e4b979216608a46638142, State: Running, Role: LEADER
I20260709 14:54:38.675513 22630 raft_consensus.cc:515] T a77f6bdfdc7341d3935b79c56eb68c7a P 010fea57644d45cdbebe2003a188bb96 [term 0 FOLLOWER]: Starting pre-election with config: opid_index: -1 OBSOLETE_local: false peers { permanent_uuid: "214fdc27a21147059a9e345b4ae337c0" member_type: VOTER last_known_addr { host: "127.20.176.129" port: 43455 } } peers { permanent_uuid: "010fea57644d45cdbebe2003a188bb96" member_type: VOTER last_known_addr { host: "127.20.176.130" port: 34261 } } peers { permanent_uuid: "d84673799c8e4b979216608a46638142" member_type: VOTER last_known_addr { host: "127.20.176.131" port: 44051 } }
I20260709 14:54:38.676088 22570 consensus_queue.cc:237] T 4af0a92e46f042849c7467d6010324ed P d84673799c8e4b979216608a46638142 [LEADER]: Queue going to LEADER mode. State: All replicated index: 0, Majority replicated index: 0, Committed index: 0, Last appended: 0.0, Last appended by leader: 0, Current term: 1, Majority size: 2, State: 0, Mode: LEADER, active raft config: opid_index: -1 OBSOLETE_local: false peers { permanent_uuid: "214fdc27a21147059a9e345b4ae337c0" member_type: VOTER last_known_addr { host: "127.20.176.129" port: 43455 } } peers { permanent_uuid: "010fea57644d45cdbebe2003a188bb96" member_type: VOTER last_known_addr { host: "127.20.176.130" port: 34261 } } peers { permanent_uuid: "d84673799c8e4b979216608a46638142" member_type: VOTER last_known_addr { host: "127.20.176.131" port: 44051 } }
I20260709 14:54:38.678359 22326 tablet_service.cc:1917] Received RequestConsensusVote() RPC: tablet_id: "a77f6bdfdc7341d3935b79c56eb68c7a" candidate_uuid: "010fea57644d45cdbebe2003a188bb96" candidate_term: 1 candidate_status { last_received { term: 0 index: 0 } } ignore_live_leader: false dest_uuid: "214fdc27a21147059a9e345b4ae337c0" is_pre_election: true
I20260709 14:54:38.679857 22517 raft_consensus.cc:359] T 829c86b51cec4da289bc6050d5f3186c P d84673799c8e4b979216608a46638142 [term 0 FOLLOWER]: Replica starting. Triggering 0 pending ops. Active config: opid_index: -1 OBSOLETE_local: false peers { permanent_uuid: "214fdc27a21147059a9e345b4ae337c0" member_type: VOTER last_known_addr { host: "127.20.176.129" port: 43455 } } peers { permanent_uuid: "010fea57644d45cdbebe2003a188bb96" member_type: VOTER last_known_addr { host: "127.20.176.130" port: 34261 } } peers { permanent_uuid: "d84673799c8e4b979216608a46638142" member_type: VOTER last_known_addr { host: "127.20.176.131" port: 44051 } }
W20260709 14:54:38.680476 22366 leader_election.cc:343] T a77f6bdfdc7341d3935b79c56eb68c7a P 010fea57644d45cdbebe2003a188bb96 [CANDIDATE]: Term 1 pre-election: Tablet error from VoteRequest() call to peer 214fdc27a21147059a9e345b4ae337c0 (127.20.176.129:43455): Illegal state: must be running to vote when last-logged opid is not known
I20260709 14:54:38.681277 22326 tablet_service.cc:1917] Received RequestConsensusVote() RPC: tablet_id: "d45714e2079b4ec7ab340a38a1459127" candidate_uuid: "010fea57644d45cdbebe2003a188bb96" candidate_term: 1 candidate_status { last_received { term: 0 index: 0 } } ignore_live_leader: false dest_uuid: "214fdc27a21147059a9e345b4ae337c0" is_pre_election: true
I20260709 14:54:38.681846 22326 raft_consensus.cc:2468] T d45714e2079b4ec7ab340a38a1459127 P 214fdc27a21147059a9e345b4ae337c0 [term 0 FOLLOWER]: Leader pre-election vote request: Granting yes vote for candidate 010fea57644d45cdbebe2003a188bb96 in term 0.
I20260709 14:54:38.682927 22366 leader_election.cc:304] T d45714e2079b4ec7ab340a38a1459127 P 010fea57644d45cdbebe2003a188bb96 [CANDIDATE]: Term 1 pre-election: Election decided. Result: candidate won. Election summary: received 2 responses out of 3 voters: 2 yes votes; 0 no votes. yes voters: 010fea57644d45cdbebe2003a188bb96, 214fdc27a21147059a9e345b4ae337c0; no voters: 
I20260709 14:54:38.683682 22477 tablet_service.cc:1917] Received RequestConsensusVote() RPC: tablet_id: "d45714e2079b4ec7ab340a38a1459127" candidate_uuid: "010fea57644d45cdbebe2003a188bb96" candidate_term: 1 candidate_status { last_received { term: 0 index: 0 } } ignore_live_leader: false dest_uuid: "d84673799c8e4b979216608a46638142" is_pre_election: true
I20260709 14:54:38.684092 22630 leader_election.cc:290] T a77f6bdfdc7341d3935b79c56eb68c7a P 010fea57644d45cdbebe2003a188bb96 [CANDIDATE]: Term 1 pre-election: Requested pre-vote from peers 214fdc27a21147059a9e345b4ae337c0 (127.20.176.129:43455), d84673799c8e4b979216608a46638142 (127.20.176.131:44051)
I20260709 14:54:38.684600 22630 raft_consensus.cc:2804] T d45714e2079b4ec7ab340a38a1459127 P 010fea57644d45cdbebe2003a188bb96 [term 0 FOLLOWER]: Leader pre-election won for term 1
I20260709 14:54:38.684952 22630 raft_consensus.cc:493] T d45714e2079b4ec7ab340a38a1459127 P 010fea57644d45cdbebe2003a188bb96 [term 0 FOLLOWER]: Starting leader election (no leader contacted us within the election timeout)
I20260709 14:54:38.685286 22630 raft_consensus.cc:3060] T d45714e2079b4ec7ab340a38a1459127 P 010fea57644d45cdbebe2003a188bb96 [term 0 FOLLOWER]: Advancing to term 1
I20260709 14:54:38.685427 22633 leader_election.cc:290] T d45714e2079b4ec7ab340a38a1459127 P 010fea57644d45cdbebe2003a188bb96 [CANDIDATE]: Term 1 pre-election: Requested pre-vote from peers 214fdc27a21147059a9e345b4ae337c0 (127.20.176.129:43455), d84673799c8e4b979216608a46638142 (127.20.176.131:44051)
I20260709 14:54:38.687206 22519 tablet_bootstrap.cc:492] T 564df3ea47b14ab5a81f105f5614c19c P 010fea57644d45cdbebe2003a188bb96: No bootstrap required, opened a new log
I20260709 14:54:38.687690 22519 ts_tablet_manager.cc:1403] T 564df3ea47b14ab5a81f105f5614c19c P 010fea57644d45cdbebe2003a188bb96: Time spent bootstrapping tablet: real 0.205s	user 0.035s	sys 0.062s
I20260709 14:54:38.688934 22625 raft_consensus.cc:493] T 9eb62dd3b1984598b2ce94abce3f28f3 P 010fea57644d45cdbebe2003a188bb96 [term 0 FOLLOWER]: Starting pre-election (no leader contacted us within the election timeout)
I20260709 14:54:38.689785 22625 raft_consensus.cc:515] T 9eb62dd3b1984598b2ce94abce3f28f3 P 010fea57644d45cdbebe2003a188bb96 [term 0 FOLLOWER]: Starting pre-election with config: opid_index: -1 OBSOLETE_local: false peers { permanent_uuid: "214fdc27a21147059a9e345b4ae337c0" member_type: VOTER last_known_addr { host: "127.20.176.129" port: 43455 } } peers { permanent_uuid: "010fea57644d45cdbebe2003a188bb96" member_type: VOTER last_known_addr { host: "127.20.176.130" port: 34261 } } peers { permanent_uuid: "d84673799c8e4b979216608a46638142" member_type: VOTER last_known_addr { host: "127.20.176.131" port: 44051 } }
I20260709 14:54:38.675498 22518 raft_consensus.cc:385] T 7f1dc4d7a7764fd0a052016a60b990ae P 214fdc27a21147059a9e345b4ae337c0 [term 0 FOLLOWER]: Consensus starting up: Expiring failure detector timer to make a prompt election more likely
I20260709 14:54:38.691913 22518 raft_consensus.cc:740] T 7f1dc4d7a7764fd0a052016a60b990ae P 214fdc27a21147059a9e345b4ae337c0 [term 0 FOLLOWER]: Becoming Follower/Learner. State: Replica: 214fdc27a21147059a9e345b4ae337c0, State: Initialized, Role: FOLLOWER
I20260709 14:54:38.680589 22517 raft_consensus.cc:385] T 829c86b51cec4da289bc6050d5f3186c P d84673799c8e4b979216608a46638142 [term 0 FOLLOWER]: Consensus starting up: Expiring failure detector timer to make a prompt election more likely
I20260709 14:54:38.669786 22542 raft_consensus.cc:515] T d45714e2079b4ec7ab340a38a1459127 P d84673799c8e4b979216608a46638142 [term 1 FOLLOWER]: Starting leader election with config: opid_index: -1 OBSOLETE_local: false peers { permanent_uuid: "214fdc27a21147059a9e345b4ae337c0" member_type: VOTER last_known_addr { host: "127.20.176.129" port: 43455 } } peers { permanent_uuid: "010fea57644d45cdbebe2003a188bb96" member_type: VOTER last_known_addr { host: "127.20.176.130" port: 34261 } } peers { permanent_uuid: "d84673799c8e4b979216608a46638142" member_type: VOTER last_known_addr { host: "127.20.176.131" port: 44051 } }
I20260709 14:54:38.693584 22625 leader_election.cc:290] T 9eb62dd3b1984598b2ce94abce3f28f3 P 010fea57644d45cdbebe2003a188bb96 [CANDIDATE]: Term 1 pre-election: Requested pre-vote from peers 214fdc27a21147059a9e345b4ae337c0 (127.20.176.129:43455), d84673799c8e4b979216608a46638142 (127.20.176.131:44051)
I20260709 14:54:38.693704 22326 tablet_service.cc:1917] Received RequestConsensusVote() RPC: tablet_id: "9eb62dd3b1984598b2ce94abce3f28f3" candidate_uuid: "010fea57644d45cdbebe2003a188bb96" candidate_term: 1 candidate_status { last_received { term: 0 index: 0 } } ignore_live_leader: false dest_uuid: "214fdc27a21147059a9e345b4ae337c0" is_pre_election: true
I20260709 14:54:38.694506 22518 consensus_queue.cc:260] T 7f1dc4d7a7764fd0a052016a60b990ae P 214fdc27a21147059a9e345b4ae337c0 [NON_LEADER]: Queue going to NON_LEADER mode. State: All replicated index: 0, Majority replicated index: 0, Committed index: 0, Last appended: 0.0, Last appended by leader: 0, Current term: 0, Majority size: -1, State: 0, Mode: NON_LEADER, active raft config: opid_index: -1 OBSOLETE_local: false peers { permanent_uuid: "214fdc27a21147059a9e345b4ae337c0" member_type: VOTER last_known_addr { host: "127.20.176.129" port: 43455 } } peers { permanent_uuid: "010fea57644d45cdbebe2003a188bb96" member_type: VOTER last_known_addr { host: "127.20.176.130" port: 34261 } } peers { permanent_uuid: "d84673799c8e4b979216608a46638142" member_type: VOTER last_known_addr { host: "127.20.176.131" port: 44051 } }
I20260709 14:54:38.692953 22517 raft_consensus.cc:740] T 829c86b51cec4da289bc6050d5f3186c P d84673799c8e4b979216608a46638142 [term 0 FOLLOWER]: Becoming Follower/Learner. State: Replica: d84673799c8e4b979216608a46638142, State: Initialized, Role: FOLLOWER
I20260709 14:54:38.695250 22519 raft_consensus.cc:359] T 564df3ea47b14ab5a81f105f5614c19c P 010fea57644d45cdbebe2003a188bb96 [term 0 FOLLOWER]: Replica starting. Triggering 0 pending ops. Active config: opid_index: -1 OBSOLETE_local: false peers { permanent_uuid: "214fdc27a21147059a9e345b4ae337c0" member_type: VOTER last_known_addr { host: "127.20.176.129" port: 43455 } } peers { permanent_uuid: "010fea57644d45cdbebe2003a188bb96" member_type: VOTER last_known_addr { host: "127.20.176.130" port: 34261 } } peers { permanent_uuid: "d84673799c8e4b979216608a46638142" member_type: VOTER last_known_addr { host: "127.20.176.131" port: 44051 } }
I20260709 14:54:38.699914 22474 tablet_service.cc:1917] Received RequestConsensusVote() RPC: tablet_id: "9eb62dd3b1984598b2ce94abce3f28f3" candidate_uuid: "010fea57644d45cdbebe2003a188bb96" candidate_term: 1 candidate_status { last_received { term: 0 index: 0 } } ignore_live_leader: false dest_uuid: "d84673799c8e4b979216608a46638142" is_pre_election: true
I20260709 14:54:38.700726 22517 consensus_queue.cc:260] T 829c86b51cec4da289bc6050d5f3186c P d84673799c8e4b979216608a46638142 [NON_LEADER]: Queue going to NON_LEADER mode. State: All replicated index: 0, Majority replicated index: 0, Committed index: 0, Last appended: 0.0, Last appended by leader: 0, Current term: 0, Majority size: -1, State: 0, Mode: NON_LEADER, active raft config: opid_index: -1 OBSOLETE_local: false peers { permanent_uuid: "214fdc27a21147059a9e345b4ae337c0" member_type: VOTER last_known_addr { host: "127.20.176.129" port: 43455 } } peers { permanent_uuid: "010fea57644d45cdbebe2003a188bb96" member_type: VOTER last_known_addr { host: "127.20.176.130" port: 34261 } } peers { permanent_uuid: "d84673799c8e4b979216608a46638142" member_type: VOTER last_known_addr { host: "127.20.176.131" port: 44051 } }
I20260709 14:54:38.700726 22326 raft_consensus.cc:2468] T 9eb62dd3b1984598b2ce94abce3f28f3 P 214fdc27a21147059a9e345b4ae337c0 [term 0 FOLLOWER]: Leader pre-election vote request: Granting yes vote for candidate 010fea57644d45cdbebe2003a188bb96 in term 0.
I20260709 14:54:38.700122 22477 raft_consensus.cc:2393] T d45714e2079b4ec7ab340a38a1459127 P d84673799c8e4b979216608a46638142 [term 1 FOLLOWER]: Leader pre-election vote request: Denying vote to candidate 010fea57644d45cdbebe2003a188bb96 in current term 1: Already voted for candidate d84673799c8e4b979216608a46638142 in this term.
I20260709 14:54:38.702765 22517 ts_tablet_manager.cc:1434] T 829c86b51cec4da289bc6050d5f3186c P d84673799c8e4b979216608a46638142: Time spent starting tablet: real 0.039s	user 0.004s	sys 0.000s
I20260709 14:54:38.688954 22476 tablet_service.cc:1917] Received RequestConsensusVote() RPC: tablet_id: "a77f6bdfdc7341d3935b79c56eb68c7a" candidate_uuid: "010fea57644d45cdbebe2003a188bb96" candidate_term: 1 candidate_status { last_received { term: 0 index: 0 } } ignore_live_leader: false dest_uuid: "d84673799c8e4b979216608a46638142" is_pre_election: true
I20260709 14:54:38.704224 22366 leader_election.cc:304] T 9eb62dd3b1984598b2ce94abce3f28f3 P 010fea57644d45cdbebe2003a188bb96 [CANDIDATE]: Term 1 pre-election: Election decided. Result: candidate won. Election summary: received 2 responses out of 3 voters: 2 yes votes; 0 no votes. yes voters: 010fea57644d45cdbebe2003a188bb96, 214fdc27a21147059a9e345b4ae337c0; no voters: 
W20260709 14:54:38.705188 22367 leader_election.cc:343] T 9eb62dd3b1984598b2ce94abce3f28f3 P 010fea57644d45cdbebe2003a188bb96 [CANDIDATE]: Term 1 pre-election: Tablet error from VoteRequest() call to peer d84673799c8e4b979216608a46638142 (127.20.176.131:44051): Illegal state: must be running to vote when last-logged opid is not known
I20260709 14:54:38.705278 22327 tablet_service.cc:1917] Received RequestConsensusVote() RPC: tablet_id: "d45714e2079b4ec7ab340a38a1459127" candidate_uuid: "d84673799c8e4b979216608a46638142" candidate_term: 1 candidate_status { last_received { term: 0 index: 0 } } ignore_live_leader: false dest_uuid: "214fdc27a21147059a9e345b4ae337c0"
I20260709 14:54:38.705840 22327 raft_consensus.cc:3060] T d45714e2079b4ec7ab340a38a1459127 P 214fdc27a21147059a9e345b4ae337c0 [term 0 FOLLOWER]: Advancing to term 1
I20260709 14:54:38.705864 22630 raft_consensus.cc:515] T d45714e2079b4ec7ab340a38a1459127 P 010fea57644d45cdbebe2003a188bb96 [term 1 FOLLOWER]: Starting leader election with config: opid_index: -1 OBSOLETE_local: false peers { permanent_uuid: "214fdc27a21147059a9e345b4ae337c0" member_type: VOTER last_known_addr { host: "127.20.176.129" port: 43455 } } peers { permanent_uuid: "010fea57644d45cdbebe2003a188bb96" member_type: VOTER last_known_addr { host: "127.20.176.130" port: 34261 } } peers { permanent_uuid: "d84673799c8e4b979216608a46638142" member_type: VOTER last_known_addr { host: "127.20.176.131" port: 44051 } }
W20260709 14:54:38.706959 22367 leader_election.cc:343] T a77f6bdfdc7341d3935b79c56eb68c7a P 010fea57644d45cdbebe2003a188bb96 [CANDIDATE]: Term 1 pre-election: Tablet error from VoteRequest() call to peer d84673799c8e4b979216608a46638142 (127.20.176.131:44051): Illegal state: must be running to vote when last-logged opid is not known
I20260709 14:54:38.703125 22519 raft_consensus.cc:385] T 564df3ea47b14ab5a81f105f5614c19c P 010fea57644d45cdbebe2003a188bb96 [term 0 FOLLOWER]: Consensus starting up: Expiring failure detector timer to make a prompt election more likely
I20260709 14:54:38.707365 22367 leader_election.cc:304] T a77f6bdfdc7341d3935b79c56eb68c7a P 010fea57644d45cdbebe2003a188bb96 [CANDIDATE]: Term 1 pre-election: Election decided. Result: candidate lost. Election summary: received 3 responses out of 3 voters: 1 yes votes; 2 no votes. yes voters: 010fea57644d45cdbebe2003a188bb96; no voters: 214fdc27a21147059a9e345b4ae337c0, d84673799c8e4b979216608a46638142
I20260709 14:54:38.707756 22576 raft_consensus.cc:2804] T 9eb62dd3b1984598b2ce94abce3f28f3 P 010fea57644d45cdbebe2003a188bb96 [term 0 FOLLOWER]: Leader pre-election won for term 1
I20260709 14:54:38.707881 22519 raft_consensus.cc:740] T 564df3ea47b14ab5a81f105f5614c19c P 010fea57644d45cdbebe2003a188bb96 [term 0 FOLLOWER]: Becoming Follower/Learner. State: Replica: 010fea57644d45cdbebe2003a188bb96, State: Initialized, Role: FOLLOWER
I20260709 14:54:38.708140 22576 raft_consensus.cc:493] T 9eb62dd3b1984598b2ce94abce3f28f3 P 010fea57644d45cdbebe2003a188bb96 [term 0 FOLLOWER]: Starting leader election (no leader contacted us within the election timeout)
I20260709 14:54:38.708472 22576 raft_consensus.cc:3060] T 9eb62dd3b1984598b2ce94abce3f28f3 P 010fea57644d45cdbebe2003a188bb96 [term 0 FOLLOWER]: Advancing to term 1
I20260709 14:54:38.708849 22528 raft_consensus.cc:2749] T a77f6bdfdc7341d3935b79c56eb68c7a P 010fea57644d45cdbebe2003a188bb96 [term 0 FOLLOWER]: Leader pre-election lost for term 1. Reason: could not achieve majority
I20260709 14:54:38.709486 22519 consensus_queue.cc:260] T 564df3ea47b14ab5a81f105f5614c19c P 010fea57644d45cdbebe2003a188bb96 [NON_LEADER]: Queue going to NON_LEADER mode. State: All replicated index: 0, Majority replicated index: 0, Committed index: 0, Last appended: 0.0, Last appended by leader: 0, Current term: 0, Majority size: -1, State: 0, Mode: NON_LEADER, active raft config: opid_index: -1 OBSOLETE_local: false peers { permanent_uuid: "214fdc27a21147059a9e345b4ae337c0" member_type: VOTER last_known_addr { host: "127.20.176.129" port: 43455 } } peers { permanent_uuid: "010fea57644d45cdbebe2003a188bb96" member_type: VOTER last_known_addr { host: "127.20.176.130" port: 34261 } } peers { permanent_uuid: "d84673799c8e4b979216608a46638142" member_type: VOTER last_known_addr { host: "127.20.176.131" port: 44051 } }
I20260709 14:54:38.711357 22518 ts_tablet_manager.cc:1434] T 7f1dc4d7a7764fd0a052016a60b990ae P 214fdc27a21147059a9e345b4ae337c0: Time spent starting tablet: real 0.039s	user 0.002s	sys 0.004s
I20260709 14:54:38.711539 22519 ts_tablet_manager.cc:1434] T 564df3ea47b14ab5a81f105f5614c19c P 010fea57644d45cdbebe2003a188bb96: Time spent starting tablet: real 0.024s	user 0.006s	sys 0.001s
I20260709 14:54:38.712368 22518 tablet_bootstrap.cc:492] T 4af0a92e46f042849c7467d6010324ed P 214fdc27a21147059a9e345b4ae337c0: Bootstrap starting.
I20260709 14:54:38.712410 22519 tablet_bootstrap.cc:492] T 829c86b51cec4da289bc6050d5f3186c P 010fea57644d45cdbebe2003a188bb96: Bootstrap starting.
I20260709 14:54:38.716353 22477 tablet_service.cc:1917] Received RequestConsensusVote() RPC: tablet_id: "d45714e2079b4ec7ab340a38a1459127" candidate_uuid: "010fea57644d45cdbebe2003a188bb96" candidate_term: 1 candidate_status { last_received { term: 0 index: 0 } } ignore_live_leader: false dest_uuid: "d84673799c8e4b979216608a46638142"
I20260709 14:54:38.717072 22477 raft_consensus.cc:2393] T d45714e2079b4ec7ab340a38a1459127 P d84673799c8e4b979216608a46638142 [term 1 FOLLOWER]: Leader election vote request: Denying vote to candidate 010fea57644d45cdbebe2003a188bb96 in current term 1: Already voted for candidate d84673799c8e4b979216608a46638142 in this term.
I20260709 14:54:38.720088 22328 tablet_service.cc:1917] Received RequestConsensusVote() RPC: tablet_id: "d45714e2079b4ec7ab340a38a1459127" candidate_uuid: "010fea57644d45cdbebe2003a188bb96" candidate_term: 1 candidate_status { last_received { term: 0 index: 0 } } ignore_live_leader: false dest_uuid: "214fdc27a21147059a9e345b4ae337c0"
I20260709 14:54:38.720408 22327 raft_consensus.cc:2468] T d45714e2079b4ec7ab340a38a1459127 P 214fdc27a21147059a9e345b4ae337c0 [term 1 FOLLOWER]: Leader election vote request: Granting yes vote for candidate d84673799c8e4b979216608a46638142 in term 1.
I20260709 14:54:38.723083 22633 raft_consensus.cc:493] T 564df3ea47b14ab5a81f105f5614c19c P 010fea57644d45cdbebe2003a188bb96 [term 0 FOLLOWER]: Starting pre-election (no leader contacted us within the election timeout)
I20260709 14:54:38.724434 22633 raft_consensus.cc:515] T 564df3ea47b14ab5a81f105f5614c19c P 010fea57644d45cdbebe2003a188bb96 [term 0 FOLLOWER]: Starting pre-election with config: opid_index: -1 OBSOLETE_local: false peers { permanent_uuid: "214fdc27a21147059a9e345b4ae337c0" member_type: VOTER last_known_addr { host: "127.20.176.129" port: 43455 } } peers { permanent_uuid: "010fea57644d45cdbebe2003a188bb96" member_type: VOTER last_known_addr { host: "127.20.176.130" port: 34261 } } peers { permanent_uuid: "d84673799c8e4b979216608a46638142" member_type: VOTER last_known_addr { host: "127.20.176.131" port: 44051 } }
I20260709 14:54:38.714920 22630 leader_election.cc:290] T d45714e2079b4ec7ab340a38a1459127 P 010fea57644d45cdbebe2003a188bb96 [CANDIDATE]: Term 1 election: Requested vote from peers 214fdc27a21147059a9e345b4ae337c0 (127.20.176.129:43455), d84673799c8e4b979216608a46638142 (127.20.176.131:44051)
I20260709 14:54:38.726200 22367 leader_election.cc:304] T d45714e2079b4ec7ab340a38a1459127 P 010fea57644d45cdbebe2003a188bb96 [CANDIDATE]: Term 1 election: Election decided. Result: candidate lost. Election summary: received 3 responses out of 3 voters: 1 yes votes; 2 no votes. yes voters: 010fea57644d45cdbebe2003a188bb96; no voters: 214fdc27a21147059a9e345b4ae337c0, d84673799c8e4b979216608a46638142
I20260709 14:54:38.725822 22224 catalog_manager.cc:5697] T 40bf4e7ccf5a4aae862f37a6fd0007fe P 010fea57644d45cdbebe2003a188bb96 reported cstate change: term changed from 0 to 1, leader changed from <none> to 010fea57644d45cdbebe2003a188bb96 (127.20.176.130). New cstate: current_term: 1 leader_uuid: "010fea57644d45cdbebe2003a188bb96" committed_config { opid_index: -1 OBSOLETE_local: false peers { permanent_uuid: "214fdc27a21147059a9e345b4ae337c0" member_type: VOTER last_known_addr { host: "127.20.176.129" port: 43455 } health_report { overall_health: UNKNOWN } } peers { permanent_uuid: "010fea57644d45cdbebe2003a188bb96" member_type: VOTER last_known_addr { host: "127.20.176.130" port: 34261 } health_report { overall_health: HEALTHY } } peers { permanent_uuid: "d84673799c8e4b979216608a46638142" member_type: VOTER last_known_addr { host: "127.20.176.131" port: 44051 } health_report { overall_health: UNKNOWN } } }
I20260709 14:54:38.726994 22633 leader_election.cc:290] T 564df3ea47b14ab5a81f105f5614c19c P 010fea57644d45cdbebe2003a188bb96 [CANDIDATE]: Term 1 pre-election: Requested pre-vote from peers 214fdc27a21147059a9e345b4ae337c0 (127.20.176.129:43455), d84673799c8e4b979216608a46638142 (127.20.176.131:44051)
I20260709 14:54:38.727770 22630 raft_consensus.cc:2749] T d45714e2079b4ec7ab340a38a1459127 P 010fea57644d45cdbebe2003a188bb96 [term 1 FOLLOWER]: Leader election lost for term 1. Reason: could not achieve majority
I20260709 14:54:38.728951 22328 tablet_service.cc:1917] Received RequestConsensusVote() RPC: tablet_id: "564df3ea47b14ab5a81f105f5614c19c" candidate_uuid: "010fea57644d45cdbebe2003a188bb96" candidate_term: 1 candidate_status { last_received { term: 0 index: 0 } } ignore_live_leader: false dest_uuid: "214fdc27a21147059a9e345b4ae337c0" is_pre_election: true
W20260709 14:54:38.730237 22366 leader_election.cc:343] T 564df3ea47b14ab5a81f105f5614c19c P 010fea57644d45cdbebe2003a188bb96 [CANDIDATE]: Term 1 pre-election: Tablet error from VoteRequest() call to peer 214fdc27a21147059a9e345b4ae337c0 (127.20.176.129:43455): Illegal state: must be running to vote when last-logged opid is not known
I20260709 14:54:38.732012 22477 tablet_service.cc:1917] Received RequestConsensusVote() RPC: tablet_id: "564df3ea47b14ab5a81f105f5614c19c" candidate_uuid: "010fea57644d45cdbebe2003a188bb96" candidate_term: 1 candidate_status { last_received { term: 0 index: 0 } } ignore_live_leader: false dest_uuid: "d84673799c8e4b979216608a46638142" is_pre_election: true
I20260709 14:54:38.732491 22542 leader_election.cc:290] T d45714e2079b4ec7ab340a38a1459127 P d84673799c8e4b979216608a46638142 [CANDIDATE]: Term 1 election: Requested vote from peers 214fdc27a21147059a9e345b4ae337c0 (127.20.176.129:43455), 010fea57644d45cdbebe2003a188bb96 (127.20.176.130:34261)
I20260709 14:54:38.732841 22440 leader_election.cc:304] T d45714e2079b4ec7ab340a38a1459127 P d84673799c8e4b979216608a46638142 [CANDIDATE]: Term 1 election: Election decided. Result: candidate won. Election summary: received 2 responses out of 3 voters: 2 yes votes; 0 no votes. yes voters: 214fdc27a21147059a9e345b4ae337c0, d84673799c8e4b979216608a46638142; no voters: 
I20260709 14:54:38.735685 22403 raft_consensus.cc:3060] T d28c725baf364b72876205c1449546fe P 010fea57644d45cdbebe2003a188bb96 [term 0 FOLLOWER]: Advancing to term 1
I20260709 14:54:38.737975 22625 consensus_queue.cc:1048] T 7f1dc4d7a7764fd0a052016a60b990ae P 010fea57644d45cdbebe2003a188bb96 [LEADER]: Connected to new peer: Peer: permanent_uuid: "d84673799c8e4b979216608a46638142" member_type: VOTER last_known_addr { host: "127.20.176.131" port: 44051 }, Status: LMP_MISMATCH, Last received: 0.0, Next index: 1, Last known committed idx: 0, Time since last communication: 0.001s
I20260709 14:54:38.737356 22542 raft_consensus.cc:2804] T d45714e2079b4ec7ab340a38a1459127 P d84673799c8e4b979216608a46638142 [term 1 FOLLOWER]: Leader election won for term 1
I20260709 14:54:38.740581 22402 tablet_service.cc:1917] Received RequestConsensusVote() RPC: tablet_id: "d45714e2079b4ec7ab340a38a1459127" candidate_uuid: "d84673799c8e4b979216608a46638142" candidate_term: 1 candidate_status { last_received { term: 0 index: 0 } } ignore_live_leader: false dest_uuid: "010fea57644d45cdbebe2003a188bb96"
I20260709 14:54:38.736790 22576 raft_consensus.cc:515] T 9eb62dd3b1984598b2ce94abce3f28f3 P 010fea57644d45cdbebe2003a188bb96 [term 1 FOLLOWER]: Starting leader election with config: opid_index: -1 OBSOLETE_local: false peers { permanent_uuid: "214fdc27a21147059a9e345b4ae337c0" member_type: VOTER last_known_addr { host: "127.20.176.129" port: 43455 } } peers { permanent_uuid: "010fea57644d45cdbebe2003a188bb96" member_type: VOTER last_known_addr { host: "127.20.176.130" port: 34261 } } peers { permanent_uuid: "d84673799c8e4b979216608a46638142" member_type: VOTER last_known_addr { host: "127.20.176.131" port: 44051 } }
I20260709 14:54:38.745668 22402 raft_consensus.cc:2393] T d45714e2079b4ec7ab340a38a1459127 P 010fea57644d45cdbebe2003a188bb96 [term 1 FOLLOWER]: Leader election vote request: Denying vote to candidate d84673799c8e4b979216608a46638142 in current term 1: Already voted for candidate 010fea57644d45cdbebe2003a188bb96 in this term.
W20260709 14:54:38.746625 22367 leader_election.cc:343] T 564df3ea47b14ab5a81f105f5614c19c P 010fea57644d45cdbebe2003a188bb96 [CANDIDATE]: Term 1 pre-election: Tablet error from VoteRequest() call to peer d84673799c8e4b979216608a46638142 (127.20.176.131:44051): Illegal state: must be running to vote when last-logged opid is not known
I20260709 14:54:38.747045 22367 leader_election.cc:304] T 564df3ea47b14ab5a81f105f5614c19c P 010fea57644d45cdbebe2003a188bb96 [CANDIDATE]: Term 1 pre-election: Election decided. Result: candidate lost. Election summary: received 3 responses out of 3 voters: 1 yes votes; 2 no votes. yes voters: 010fea57644d45cdbebe2003a188bb96; no voters: 214fdc27a21147059a9e345b4ae337c0, d84673799c8e4b979216608a46638142
I20260709 14:54:38.747489 22326 tablet_service.cc:1917] Received RequestConsensusVote() RPC: tablet_id: "9eb62dd3b1984598b2ce94abce3f28f3" candidate_uuid: "010fea57644d45cdbebe2003a188bb96" candidate_term: 1 candidate_status { last_received { term: 0 index: 0 } } ignore_live_leader: false dest_uuid: "214fdc27a21147059a9e345b4ae337c0"
I20260709 14:54:38.748015 22326 raft_consensus.cc:3060] T 9eb62dd3b1984598b2ce94abce3f28f3 P 214fdc27a21147059a9e345b4ae337c0 [term 0 FOLLOWER]: Advancing to term 1
I20260709 14:54:38.751715 22226 catalog_manager.cc:5697] T 1c24588bc0424b84b31895ec016f8762 P 214fdc27a21147059a9e345b4ae337c0 reported cstate change: term changed from 0 to 1, leader changed from <none> to 214fdc27a21147059a9e345b4ae337c0 (127.20.176.129). New cstate: current_term: 1 leader_uuid: "214fdc27a21147059a9e345b4ae337c0" committed_config { opid_index: -1 OBSOLETE_local: false peers { permanent_uuid: "214fdc27a21147059a9e345b4ae337c0" member_type: VOTER last_known_addr { host: "127.20.176.129" port: 43455 } health_report { overall_health: HEALTHY } } peers { permanent_uuid: "010fea57644d45cdbebe2003a188bb96" member_type: VOTER last_known_addr { host: "127.20.176.130" port: 34261 } health_report { overall_health: UNKNOWN } } peers { permanent_uuid: "d84673799c8e4b979216608a46638142" member_type: VOTER last_known_addr { host: "127.20.176.131" port: 44051 } health_report { overall_health: UNKNOWN } } }
I20260709 14:54:38.754058 22517 tablet_bootstrap.cc:492] T 784f04d3cb2f4072a91b6bad8a463d76 P d84673799c8e4b979216608a46638142: Bootstrap starting.
I20260709 14:54:38.741159 22542 raft_consensus.cc:697] T d45714e2079b4ec7ab340a38a1459127 P d84673799c8e4b979216608a46638142 [term 1 LEADER]: Becoming Leader. State: Replica: d84673799c8e4b979216608a46638142, State: Running, Role: LEADER
I20260709 14:54:38.756299 22542 consensus_queue.cc:237] T d45714e2079b4ec7ab340a38a1459127 P d84673799c8e4b979216608a46638142 [LEADER]: Queue going to LEADER mode. State: All replicated index: 0, Majority replicated index: 0, Committed index: 0, Last appended: 0.0, Last appended by leader: 0, Current term: 1, Majority size: 2, State: 0, Mode: LEADER, active raft config: opid_index: -1 OBSOLETE_local: false peers { permanent_uuid: "214fdc27a21147059a9e345b4ae337c0" member_type: VOTER last_known_addr { host: "127.20.176.129" port: 43455 } } peers { permanent_uuid: "010fea57644d45cdbebe2003a188bb96" member_type: VOTER last_known_addr { host: "127.20.176.130" port: 34261 } } peers { permanent_uuid: "d84673799c8e4b979216608a46638142" member_type: VOTER last_known_addr { host: "127.20.176.131" port: 44051 } }
I20260709 14:54:38.757125 22625 raft_consensus.cc:2749] T 564df3ea47b14ab5a81f105f5614c19c P 010fea57644d45cdbebe2003a188bb96 [term 0 FOLLOWER]: Leader pre-election lost for term 1. Reason: could not achieve majority
I20260709 14:54:38.763070 22519 tablet_bootstrap.cc:654] T 829c86b51cec4da289bc6050d5f3186c P 010fea57644d45cdbebe2003a188bb96: Neither blocks nor log segments found. Creating new log.
I20260709 14:54:38.766809 22518 tablet_bootstrap.cc:654] T 4af0a92e46f042849c7467d6010324ed P 214fdc27a21147059a9e345b4ae337c0: Neither blocks nor log segments found. Creating new log.
I20260709 14:54:38.768699 22576 leader_election.cc:290] T 9eb62dd3b1984598b2ce94abce3f28f3 P 010fea57644d45cdbebe2003a188bb96 [CANDIDATE]: Term 1 election: Requested vote from peers 214fdc27a21147059a9e345b4ae337c0 (127.20.176.129:43455), d84673799c8e4b979216608a46638142 (127.20.176.131:44051)
I20260709 14:54:38.770009 22536 consensus_queue.cc:1048] T d28c725baf364b72876205c1449546fe P 214fdc27a21147059a9e345b4ae337c0 [LEADER]: Connected to new peer: Peer: permanent_uuid: "010fea57644d45cdbebe2003a188bb96" member_type: VOTER last_known_addr { host: "127.20.176.130" port: 34261 }, Status: LMP_MISMATCH, Last received: 0.0, Next index: 1, Last known committed idx: 0, Time since last communication: 0.000s
I20260709 14:54:38.770275 22476 tablet_service.cc:1917] Received RequestConsensusVote() RPC: tablet_id: "9eb62dd3b1984598b2ce94abce3f28f3" candidate_uuid: "010fea57644d45cdbebe2003a188bb96" candidate_term: 1 candidate_status { last_received { term: 0 index: 0 } } ignore_live_leader: false dest_uuid: "d84673799c8e4b979216608a46638142"
W20260709 14:54:38.771734 22367 leader_election.cc:343] T 9eb62dd3b1984598b2ce94abce3f28f3 P 010fea57644d45cdbebe2003a188bb96 [CANDIDATE]: Term 1 election: Tablet error from VoteRequest() call to peer d84673799c8e4b979216608a46638142 (127.20.176.131:44051): Illegal state: must be running to vote when last-logged opid is not known
I20260709 14:54:38.773633 22326 raft_consensus.cc:2468] T 9eb62dd3b1984598b2ce94abce3f28f3 P 214fdc27a21147059a9e345b4ae337c0 [term 1 FOLLOWER]: Leader election vote request: Granting yes vote for candidate 010fea57644d45cdbebe2003a188bb96 in term 1.
I20260709 14:54:38.774746 22366 leader_election.cc:304] T 9eb62dd3b1984598b2ce94abce3f28f3 P 010fea57644d45cdbebe2003a188bb96 [CANDIDATE]: Term 1 election: Election decided. Result: candidate won. Election summary: received 3 responses out of 3 voters: 2 yes votes; 1 no votes. yes voters: 010fea57644d45cdbebe2003a188bb96, 214fdc27a21147059a9e345b4ae337c0; no voters: d84673799c8e4b979216608a46638142
I20260709 14:54:38.775998 22576 raft_consensus.cc:2804] T 9eb62dd3b1984598b2ce94abce3f28f3 P 010fea57644d45cdbebe2003a188bb96 [term 1 FOLLOWER]: Leader election won for term 1
I20260709 14:54:38.776625 22576 raft_consensus.cc:697] T 9eb62dd3b1984598b2ce94abce3f28f3 P 010fea57644d45cdbebe2003a188bb96 [term 1 LEADER]: Becoming Leader. State: Replica: 010fea57644d45cdbebe2003a188bb96, State: Running, Role: LEADER
I20260709 14:54:38.777420 22576 consensus_queue.cc:237] T 9eb62dd3b1984598b2ce94abce3f28f3 P 010fea57644d45cdbebe2003a188bb96 [LEADER]: Queue going to LEADER mode. State: All replicated index: 0, Majority replicated index: 0, Committed index: 0, Last appended: 0.0, Last appended by leader: 0, Current term: 1, Majority size: 2, State: 0, Mode: LEADER, active raft config: opid_index: -1 OBSOLETE_local: false peers { permanent_uuid: "214fdc27a21147059a9e345b4ae337c0" member_type: VOTER last_known_addr { host: "127.20.176.129" port: 43455 } } peers { permanent_uuid: "010fea57644d45cdbebe2003a188bb96" member_type: VOTER last_known_addr { host: "127.20.176.130" port: 34261 } } peers { permanent_uuid: "d84673799c8e4b979216608a46638142" member_type: VOTER last_known_addr { host: "127.20.176.131" port: 44051 } }
I20260709 14:54:38.779125 22517 tablet_bootstrap.cc:654] T 784f04d3cb2f4072a91b6bad8a463d76 P d84673799c8e4b979216608a46638142: Neither blocks nor log segments found. Creating new log.
I20260709 14:54:38.782971 22536 raft_consensus.cc:493] T ee0bfe7b1d2447c3914419285005f6b7 P 214fdc27a21147059a9e345b4ae337c0 [term 0 FOLLOWER]: Starting pre-election (no leader contacted us within the election timeout)
I20260709 14:54:38.783818 22536 raft_consensus.cc:515] T ee0bfe7b1d2447c3914419285005f6b7 P 214fdc27a21147059a9e345b4ae337c0 [term 0 FOLLOWER]: Starting pre-election with config: opid_index: -1 OBSOLETE_local: false peers { permanent_uuid: "214fdc27a21147059a9e345b4ae337c0" member_type: VOTER last_known_addr { host: "127.20.176.129" port: 43455 } } peers { permanent_uuid: "010fea57644d45cdbebe2003a188bb96" member_type: VOTER last_known_addr { host: "127.20.176.130" port: 34261 } } peers { permanent_uuid: "d84673799c8e4b979216608a46638142" member_type: VOTER last_known_addr { host: "127.20.176.131" port: 44051 } }
I20260709 14:54:38.791126 22536 leader_election.cc:290] T ee0bfe7b1d2447c3914419285005f6b7 P 214fdc27a21147059a9e345b4ae337c0 [CANDIDATE]: Term 1 pre-election: Requested pre-vote from peers 010fea57644d45cdbebe2003a188bb96 (127.20.176.130:34261), d84673799c8e4b979216608a46638142 (127.20.176.131:44051)
I20260709 14:54:38.791077 22476 tablet_service.cc:1917] Received RequestConsensusVote() RPC: tablet_id: "ee0bfe7b1d2447c3914419285005f6b7" candidate_uuid: "214fdc27a21147059a9e345b4ae337c0" candidate_term: 1 candidate_status { last_received { term: 0 index: 0 } } ignore_live_leader: false dest_uuid: "d84673799c8e4b979216608a46638142" is_pre_election: true
I20260709 14:54:38.791071 22640 consensus_queue.cc:1048] T d28c725baf364b72876205c1449546fe P 214fdc27a21147059a9e345b4ae337c0 [LEADER]: Connected to new peer: Peer: permanent_uuid: "d84673799c8e4b979216608a46638142" member_type: VOTER last_known_addr { host: "127.20.176.131" port: 44051 }, Status: LMP_MISMATCH, Last received: 0.0, Next index: 1, Last known committed idx: 0, Time since last communication: 0.006s
W20260709 14:54:38.797189 22292 leader_election.cc:343] T ee0bfe7b1d2447c3914419285005f6b7 P 214fdc27a21147059a9e345b4ae337c0 [CANDIDATE]: Term 1 pre-election: Tablet error from VoteRequest() call to peer d84673799c8e4b979216608a46638142 (127.20.176.131:44051): Illegal state: must be running to vote when last-logged opid is not known
I20260709 14:54:38.801318 22401 tablet_service.cc:1917] Received RequestConsensusVote() RPC: tablet_id: "ee0bfe7b1d2447c3914419285005f6b7" candidate_uuid: "214fdc27a21147059a9e345b4ae337c0" candidate_term: 1 candidate_status { last_received { term: 0 index: 0 } } ignore_live_leader: false dest_uuid: "010fea57644d45cdbebe2003a188bb96" is_pre_election: true
W20260709 14:54:38.802757 22293 leader_election.cc:343] T ee0bfe7b1d2447c3914419285005f6b7 P 214fdc27a21147059a9e345b4ae337c0 [CANDIDATE]: Term 1 pre-election: Tablet error from VoteRequest() call to peer 010fea57644d45cdbebe2003a188bb96 (127.20.176.130:34261): Illegal state: must be running to vote when last-logged opid is not known
I20260709 14:54:38.803184 22293 leader_election.cc:304] T ee0bfe7b1d2447c3914419285005f6b7 P 214fdc27a21147059a9e345b4ae337c0 [CANDIDATE]: Term 1 pre-election: Election decided. Result: candidate lost. Election summary: received 3 responses out of 3 voters: 1 yes votes; 2 no votes. yes voters: 214fdc27a21147059a9e345b4ae337c0; no voters: 010fea57644d45cdbebe2003a188bb96, d84673799c8e4b979216608a46638142
I20260709 14:54:38.802042 22226 catalog_manager.cc:5697] T 4af0a92e46f042849c7467d6010324ed P d84673799c8e4b979216608a46638142 reported cstate change: term changed from 0 to 1, leader changed from <none> to d84673799c8e4b979216608a46638142 (127.20.176.131). New cstate: current_term: 1 leader_uuid: "d84673799c8e4b979216608a46638142" committed_config { opid_index: -1 OBSOLETE_local: false peers { permanent_uuid: "214fdc27a21147059a9e345b4ae337c0" member_type: VOTER last_known_addr { host: "127.20.176.129" port: 43455 } health_report { overall_health: UNKNOWN } } peers { permanent_uuid: "010fea57644d45cdbebe2003a188bb96" member_type: VOTER last_known_addr { host: "127.20.176.130" port: 34261 } health_report { overall_health: UNKNOWN } } peers { permanent_uuid: "d84673799c8e4b979216608a46638142" member_type: VOTER last_known_addr { host: "127.20.176.131" port: 44051 } health_report { overall_health: HEALTHY } } }
I20260709 14:54:38.803983 22640 raft_consensus.cc:2749] T ee0bfe7b1d2447c3914419285005f6b7 P 214fdc27a21147059a9e345b4ae337c0 [term 0 FOLLOWER]: Leader pre-election lost for term 1. Reason: could not achieve majority
I20260709 14:54:38.805037 22226 catalog_manager.cc:5697] T d45714e2079b4ec7ab340a38a1459127 P d84673799c8e4b979216608a46638142 reported cstate change: term changed from 0 to 1, leader changed from <none> to d84673799c8e4b979216608a46638142 (127.20.176.131). New cstate: current_term: 1 leader_uuid: "d84673799c8e4b979216608a46638142" committed_config { opid_index: -1 OBSOLETE_local: false peers { permanent_uuid: "214fdc27a21147059a9e345b4ae337c0" member_type: VOTER last_known_addr { host: "127.20.176.129" port: 43455 } health_report { overall_health: UNKNOWN } } peers { permanent_uuid: "010fea57644d45cdbebe2003a188bb96" member_type: VOTER last_known_addr { host: "127.20.176.130" port: 34261 } health_report { overall_health: UNKNOWN } } peers { permanent_uuid: "d84673799c8e4b979216608a46638142" member_type: VOTER last_known_addr { host: "127.20.176.131" port: 44051 } health_report { overall_health: HEALTHY } } }
I20260709 14:54:38.847746 22542 consensus_queue.cc:1048] T fd1b188bb7cc4d2ebbf71e28b9ea0a84 P d84673799c8e4b979216608a46638142 [LEADER]: Connected to new peer: Peer: permanent_uuid: "010fea57644d45cdbebe2003a188bb96" member_type: VOTER last_known_addr { host: "127.20.176.130" port: 34261 }, Status: LMP_MISMATCH, Last received: 0.0, Next index: 1, Last known committed idx: 0, Time since last communication: 0.001s
I20260709 14:54:38.849833 22640 raft_consensus.cc:493] T 40bf4e7ccf5a4aae862f37a6fd0007fe P 214fdc27a21147059a9e345b4ae337c0 [term 0 FOLLOWER]: Starting pre-election (no leader contacted us within the election timeout)
I20260709 14:54:38.850389 22640 raft_consensus.cc:515] T 40bf4e7ccf5a4aae862f37a6fd0007fe P 214fdc27a21147059a9e345b4ae337c0 [term 0 FOLLOWER]: Starting pre-election with config: opid_index: -1 OBSOLETE_local: false peers { permanent_uuid: "214fdc27a21147059a9e345b4ae337c0" member_type: VOTER last_known_addr { host: "127.20.176.129" port: 43455 } } peers { permanent_uuid: "010fea57644d45cdbebe2003a188bb96" member_type: VOTER last_known_addr { host: "127.20.176.130" port: 34261 } } peers { permanent_uuid: "d84673799c8e4b979216608a46638142" member_type: VOTER last_known_addr { host: "127.20.176.131" port: 44051 } }
I20260709 14:54:38.853271 22403 tablet_service.cc:1917] Received RequestConsensusVote() RPC: tablet_id: "40bf4e7ccf5a4aae862f37a6fd0007fe" candidate_uuid: "214fdc27a21147059a9e345b4ae337c0" candidate_term: 1 candidate_status { last_received { term: 0 index: 0 } } ignore_live_leader: false dest_uuid: "010fea57644d45cdbebe2003a188bb96" is_pre_election: true
I20260709 14:54:38.853964 22518 tablet_bootstrap.cc:492] T 4af0a92e46f042849c7467d6010324ed P 214fdc27a21147059a9e345b4ae337c0: No bootstrap required, opened a new log
I20260709 14:54:38.854451 22518 ts_tablet_manager.cc:1403] T 4af0a92e46f042849c7467d6010324ed P 214fdc27a21147059a9e345b4ae337c0: Time spent bootstrapping tablet: real 0.142s	user 0.014s	sys 0.004s
I20260709 14:54:38.857460 22518 raft_consensus.cc:359] T 4af0a92e46f042849c7467d6010324ed P 214fdc27a21147059a9e345b4ae337c0 [term 0 FOLLOWER]: Replica starting. Triggering 0 pending ops. Active config: opid_index: -1 OBSOLETE_local: false peers { permanent_uuid: "214fdc27a21147059a9e345b4ae337c0" member_type: VOTER last_known_addr { host: "127.20.176.129" port: 43455 } } peers { permanent_uuid: "010fea57644d45cdbebe2003a188bb96" member_type: VOTER last_known_addr { host: "127.20.176.130" port: 34261 } } peers { permanent_uuid: "d84673799c8e4b979216608a46638142" member_type: VOTER last_known_addr { host: "127.20.176.131" port: 44051 } }
