I20260709 14:54:33.332908 17875 raft_consensus.cc:359] T fad81680d7684fe9ad9e299c1c7f1f85 P c7a51a4a65b24318a4426b3345d731b9 [term 0 FOLLOWER]: Replica starting. Triggering 0 pending ops. Active config: opid_index: -1 OBSOLETE_local: false peers { permanent_uuid: "33c7a88f5dd84bd7b6424fbb18d0ac22" member_type: VOTER last_known_addr { host: "127.16.48.65" port: 45825 } } peers { permanent_uuid: "c7a51a4a65b24318a4426b3345d731b9" member_type: VOTER last_known_addr { host: "127.16.48.66" port: 38029 } } peers { permanent_uuid: "b5489614fb624874ac194b72c6278260" member_type: VOTER last_known_addr { host: "127.16.48.67" port: 37951 } }
I20260709 14:54:33.352733 17875 raft_consensus.cc:385] T fad81680d7684fe9ad9e299c1c7f1f85 P c7a51a4a65b24318a4426b3345d731b9 [term 0 FOLLOWER]: Consensus starting up: Expiring failure detector timer to make a prompt election more likely
I20260709 14:54:33.353081 17875 raft_consensus.cc:740] T fad81680d7684fe9ad9e299c1c7f1f85 P c7a51a4a65b24318a4426b3345d731b9 [term 0 FOLLOWER]: Becoming Follower/Learner. State: Replica: c7a51a4a65b24318a4426b3345d731b9, State: Initialized, Role: FOLLOWER
I20260709 14:54:33.353936 17875 consensus_queue.cc:260] T fad81680d7684fe9ad9e299c1c7f1f85 P c7a51a4a65b24318a4426b3345d731b9 [NON_LEADER]: Queue going to NON_LEADER mode. State: All replicated index: 0, Majority replicated index: 0, Committed index: 0, Last appended: 0.0, Last appended by leader: 0, Current term: 0, Majority size: -1, State: 0, Mode: NON_LEADER, active raft config: opid_index: -1 OBSOLETE_local: false peers { permanent_uuid: "33c7a88f5dd84bd7b6424fbb18d0ac22" member_type: VOTER last_known_addr { host: "127.16.48.65" port: 45825 } } peers { permanent_uuid: "c7a51a4a65b24318a4426b3345d731b9" member_type: VOTER last_known_addr { host: "127.16.48.66" port: 38029 } } peers { permanent_uuid: "b5489614fb624874ac194b72c6278260" member_type: VOTER last_known_addr { host: "127.16.48.67" port: 37951 } }
I20260709 14:54:33.357738 17876 tablet_bootstrap.cc:492] T 11dab3c64bda4923af6c380b3b96b291 P 33c7a88f5dd84bd7b6424fbb18d0ac22: Bootstrap starting.
I20260709 14:54:33.358327 17877 tablet_bootstrap.cc:492] T 3ad26c80ceac4e479a877c80ae8a1b6f P b5489614fb624874ac194b72c6278260: No bootstrap required, opened a new log
I20260709 14:54:33.360960 17877 ts_tablet_manager.cc:1403] T 3ad26c80ceac4e479a877c80ae8a1b6f P b5489614fb624874ac194b72c6278260: Time spent bootstrapping tablet: real 0.133s	user 0.015s	sys 0.010s
I20260709 14:54:33.360778 17676 tablet_service.cc:1511] Processing CreateTablet for tablet e701b06403b54f699b08dcb312acb2e0 (DEFAULT_TABLE table=test-workload [id=924bd06dec764208b806a2da3b5f6213]), partition=RANGE (key) PARTITION 1601513188 <= VALUES < 1637911215
I20260709 14:54:33.364825 17743 tablet_service.cc:1511] Processing CreateTablet for tablet e701b06403b54f699b08dcb312acb2e0 (DEFAULT_TABLE table=test-workload [id=924bd06dec764208b806a2da3b5f6213]), partition=RANGE (key) PARTITION 1601513188 <= VALUES < 1637911215
I20260709 14:54:33.365411 17676 data_dirs.cc:400] Could only allocate 1 dirs of requested 3 for tablet e701b06403b54f699b08dcb312acb2e0. 1 dirs total, 0 dirs full, 0 dirs failed
I20260709 14:54:33.366101 17743 data_dirs.cc:400] Could only allocate 1 dirs of requested 3 for tablet e701b06403b54f699b08dcb312acb2e0. 1 dirs total, 0 dirs full, 0 dirs failed
I20260709 14:54:33.361392 17887 raft_consensus.cc:515] T fad81680d7684fe9ad9e299c1c7f1f85 P b5489614fb624874ac194b72c6278260 [term 1 FOLLOWER]: Starting leader election with config: opid_index: -1 OBSOLETE_local: false peers { permanent_uuid: "33c7a88f5dd84bd7b6424fbb18d0ac22" member_type: VOTER last_known_addr { host: "127.16.48.65" port: 45825 } } peers { permanent_uuid: "c7a51a4a65b24318a4426b3345d731b9" member_type: VOTER last_known_addr { host: "127.16.48.66" port: 38029 } } peers { permanent_uuid: "b5489614fb624874ac194b72c6278260" member_type: VOTER last_known_addr { host: "127.16.48.67" port: 37951 } }
I20260709 14:54:33.362803 17875 ts_tablet_manager.cc:1434] T fad81680d7684fe9ad9e299c1c7f1f85 P c7a51a4a65b24318a4426b3345d731b9: Time spent starting tablet: real 0.037s	user 0.006s	sys 0.000s
I20260709 14:54:33.357227 17798 leader_election.cc:304] T 11dab3c64bda4923af6c380b3b96b291 P b5489614fb624874ac194b72c6278260 [CANDIDATE]: Term 1 pre-election: Election decided. Result: candidate won. Election summary: received 3 responses out of 3 voters: 2 yes votes; 1 no votes. yes voters: b5489614fb624874ac194b72c6278260, c7a51a4a65b24318a4426b3345d731b9; no voters: 33c7a88f5dd84bd7b6424fbb18d0ac22
I20260709 14:54:33.370498 17887 leader_election.cc:290] T fad81680d7684fe9ad9e299c1c7f1f85 P b5489614fb624874ac194b72c6278260 [CANDIDATE]: Term 1 election: Requested vote from peers 33c7a88f5dd84bd7b6424fbb18d0ac22 (127.16.48.65:45825), c7a51a4a65b24318a4426b3345d731b9 (127.16.48.66:38029)
I20260709 14:54:33.371658 17686 tablet_service.cc:1917] Received RequestConsensusVote() RPC: tablet_id: "fad81680d7684fe9ad9e299c1c7f1f85" candidate_uuid: "b5489614fb624874ac194b72c6278260" candidate_term: 1 candidate_status { last_received { term: 0 index: 0 } } ignore_live_leader: false dest_uuid: "33c7a88f5dd84bd7b6424fbb18d0ac22"
I20260709 14:54:33.372047 17875 tablet_bootstrap.cc:492] T c52575b2543f45d784f03fd46c4f2728 P c7a51a4a65b24318a4426b3345d731b9: Bootstrap starting.
I20260709 14:54:33.372268 17686 raft_consensus.cc:3060] T fad81680d7684fe9ad9e299c1c7f1f85 P 33c7a88f5dd84bd7b6424fbb18d0ac22 [term 0 FOLLOWER]: Advancing to term 1
I20260709 14:54:33.374972 17747 tablet_service.cc:1511] Processing CreateTablet for tablet 7d105e5796ae4c099c94a05f86d3e1d7 (DEFAULT_TABLE table=test-workload [id=924bd06dec764208b806a2da3b5f6213]), partition=RANGE (key) PARTITION 1637911215 <= VALUES < 1674309242
I20260709 14:54:33.376950 17747 data_dirs.cc:400] Could only allocate 1 dirs of requested 3 for tablet 7d105e5796ae4c099c94a05f86d3e1d7. 1 dirs total, 0 dirs full, 0 dirs failed
I20260709 14:54:33.378568 17877 raft_consensus.cc:359] T 3ad26c80ceac4e479a877c80ae8a1b6f P b5489614fb624874ac194b72c6278260 [term 0 FOLLOWER]: Replica starting. Triggering 0 pending ops. Active config: opid_index: -1 OBSOLETE_local: false peers { permanent_uuid: "c7a51a4a65b24318a4426b3345d731b9" member_type: VOTER last_known_addr { host: "127.16.48.66" port: 38029 } } peers { permanent_uuid: "b5489614fb624874ac194b72c6278260" member_type: VOTER last_known_addr { host: "127.16.48.67" port: 37951 } } peers { permanent_uuid: "33c7a88f5dd84bd7b6424fbb18d0ac22" member_type: VOTER last_known_addr { host: "127.16.48.65" port: 45825 } }
I20260709 14:54:33.379187 17875 tablet_bootstrap.cc:654] T c52575b2543f45d784f03fd46c4f2728 P c7a51a4a65b24318a4426b3345d731b9: Neither blocks nor log segments found. Creating new log.
I20260709 14:54:33.379305 17877 raft_consensus.cc:385] T 3ad26c80ceac4e479a877c80ae8a1b6f P b5489614fb624874ac194b72c6278260 [term 0 FOLLOWER]: Consensus starting up: Expiring failure detector timer to make a prompt election more likely
I20260709 14:54:33.379623 17877 raft_consensus.cc:740] T 3ad26c80ceac4e479a877c80ae8a1b6f P b5489614fb624874ac194b72c6278260 [term 0 FOLLOWER]: Becoming Follower/Learner. State: Replica: b5489614fb624874ac194b72c6278260, State: Initialized, Role: FOLLOWER
I20260709 14:54:33.380396 17877 consensus_queue.cc:260] T 3ad26c80ceac4e479a877c80ae8a1b6f P b5489614fb624874ac194b72c6278260 [NON_LEADER]: Queue going to NON_LEADER mode. State: All replicated index: 0, Majority replicated index: 0, Committed index: 0, Last appended: 0.0, Last appended by leader: 0, Current term: 0, Majority size: -1, State: 0, Mode: NON_LEADER, active raft config: opid_index: -1 OBSOLETE_local: false peers { permanent_uuid: "c7a51a4a65b24318a4426b3345d731b9" member_type: VOTER last_known_addr { host: "127.16.48.66" port: 38029 } } peers { permanent_uuid: "b5489614fb624874ac194b72c6278260" member_type: VOTER last_known_addr { host: "127.16.48.67" port: 37951 } } peers { permanent_uuid: "33c7a88f5dd84bd7b6424fbb18d0ac22" member_type: VOTER last_known_addr { host: "127.16.48.65" port: 45825 } }
I20260709 14:54:33.381311 17670 tablet_service.cc:1511] Processing CreateTablet for tablet 7d105e5796ae4c099c94a05f86d3e1d7 (DEFAULT_TABLE table=test-workload [id=924bd06dec764208b806a2da3b5f6213]), partition=RANGE (key) PARTITION 1637911215 <= VALUES < 1674309242
I20260709 14:54:33.382985 17670 data_dirs.cc:400] Could only allocate 1 dirs of requested 3 for tablet 7d105e5796ae4c099c94a05f86d3e1d7. 1 dirs total, 0 dirs full, 0 dirs failed
I20260709 14:54:33.383024 17877 ts_tablet_manager.cc:1434] T 3ad26c80ceac4e479a877c80ae8a1b6f P b5489614fb624874ac194b72c6278260: Time spent starting tablet: real 0.017s	user 0.005s	sys 0.000s
I20260709 14:54:33.384418 17673 tablet_service.cc:1511] Processing CreateTablet for tablet 55cde7dca9b049f8b32b9c5a952e5603 (DEFAULT_TABLE table=test-workload [id=924bd06dec764208b806a2da3b5f6213]), partition=RANGE (key) PARTITION 1565115161 <= VALUES < 1601513188
I20260709 14:54:33.386253 17876 tablet_bootstrap.cc:654] T 11dab3c64bda4923af6c380b3b96b291 P 33c7a88f5dd84bd7b6424fbb18d0ac22: Neither blocks nor log segments found. Creating new log.
I20260709 14:54:33.385985 17748 tablet_service.cc:1511] Processing CreateTablet for tablet ad57e7978795469c9e37e6994aefb99a (DEFAULT_TABLE table=test-workload [id=924bd06dec764208b806a2da3b5f6213]), partition=RANGE (key) PARTITION 1528717134 <= VALUES < 1565115161
I20260709 14:54:33.387204 17748 data_dirs.cc:400] Could only allocate 1 dirs of requested 3 for tablet ad57e7978795469c9e37e6994aefb99a. 1 dirs total, 0 dirs full, 0 dirs failed
I20260709 14:54:33.391085 17887 raft_consensus.cc:2804] T 11dab3c64bda4923af6c380b3b96b291 P b5489614fb624874ac194b72c6278260 [term 0 FOLLOWER]: Leader pre-election won for term 1
I20260709 14:54:33.391479 17887 raft_consensus.cc:493] T 11dab3c64bda4923af6c380b3b96b291 P b5489614fb624874ac194b72c6278260 [term 0 FOLLOWER]: Starting leader election (no leader contacted us within the election timeout)
I20260709 14:54:33.391798 17887 raft_consensus.cc:3060] T 11dab3c64bda4923af6c380b3b96b291 P b5489614fb624874ac194b72c6278260 [term 0 FOLLOWER]: Advancing to term 1
I20260709 14:54:33.393071 17877 tablet_bootstrap.cc:492] T e6ac1d84f32943119cc145f9c70f498c P b5489614fb624874ac194b72c6278260: Bootstrap starting.
I20260709 14:54:33.395272 17673 data_dirs.cc:400] Could only allocate 1 dirs of requested 3 for tablet 55cde7dca9b049f8b32b9c5a952e5603. 1 dirs total, 0 dirs full, 0 dirs failed
I20260709 14:54:33.398195 17584 catalog_manager.cc:5697] T 3ad26c80ceac4e479a877c80ae8a1b6f P 33c7a88f5dd84bd7b6424fbb18d0ac22 reported cstate change: term changed from 0 to 1, leader changed from <none> to 33c7a88f5dd84bd7b6424fbb18d0ac22 (127.16.48.65). New cstate: current_term: 1 leader_uuid: "33c7a88f5dd84bd7b6424fbb18d0ac22" committed_config { opid_index: -1 OBSOLETE_local: false peers { permanent_uuid: "c7a51a4a65b24318a4426b3345d731b9" member_type: VOTER last_known_addr { host: "127.16.48.66" port: 38029 } health_report { overall_health: UNKNOWN } } peers { permanent_uuid: "b5489614fb624874ac194b72c6278260" member_type: VOTER last_known_addr { host: "127.16.48.67" port: 37951 } health_report { overall_health: UNKNOWN } } peers { permanent_uuid: "33c7a88f5dd84bd7b6424fbb18d0ac22" member_type: VOTER last_known_addr { host: "127.16.48.65" port: 45825 } health_report { overall_health: HEALTHY } } }
I20260709 14:54:33.422102 17686 raft_consensus.cc:2468] T fad81680d7684fe9ad9e299c1c7f1f85 P 33c7a88f5dd84bd7b6424fbb18d0ac22 [term 1 FOLLOWER]: Leader election vote request: Granting yes vote for candidate b5489614fb624874ac194b72c6278260 in term 1.
I20260709 14:54:33.425096 17799 leader_election.cc:304] T fad81680d7684fe9ad9e299c1c7f1f85 P b5489614fb624874ac194b72c6278260 [CANDIDATE]: Term 1 election: Election decided. Result: candidate won. Election summary: received 2 responses out of 3 voters: 2 yes votes; 0 no votes. yes voters: 33c7a88f5dd84bd7b6424fbb18d0ac22, b5489614fb624874ac194b72c6278260; no voters: 
I20260709 14:54:33.435354 17876 tablet_bootstrap.cc:492] T 11dab3c64bda4923af6c380b3b96b291 P 33c7a88f5dd84bd7b6424fbb18d0ac22: No bootstrap required, opened a new log
I20260709 14:54:33.435894 17876 ts_tablet_manager.cc:1403] T 11dab3c64bda4923af6c380b3b96b291 P 33c7a88f5dd84bd7b6424fbb18d0ac22: Time spent bootstrapping tablet: real 0.078s	user 0.024s	sys 0.019s
I20260709 14:54:33.438787 17876 raft_consensus.cc:359] T 11dab3c64bda4923af6c380b3b96b291 P 33c7a88f5dd84bd7b6424fbb18d0ac22 [term 0 FOLLOWER]: Replica starting. Triggering 0 pending ops. Active config: opid_index: -1 OBSOLETE_local: false peers { permanent_uuid: "33c7a88f5dd84bd7b6424fbb18d0ac22" member_type: VOTER last_known_addr { host: "127.16.48.65" port: 45825 } } peers { permanent_uuid: "c7a51a4a65b24318a4426b3345d731b9" member_type: VOTER last_known_addr { host: "127.16.48.66" port: 38029 } } peers { permanent_uuid: "b5489614fb624874ac194b72c6278260" member_type: VOTER last_known_addr { host: "127.16.48.67" port: 37951 } }
I20260709 14:54:33.439520 17876 raft_consensus.cc:385] T 11dab3c64bda4923af6c380b3b96b291 P 33c7a88f5dd84bd7b6424fbb18d0ac22 [term 0 FOLLOWER]: Consensus starting up: Expiring failure detector timer to make a prompt election more likely
I20260709 14:54:33.439813 17876 raft_consensus.cc:740] T 11dab3c64bda4923af6c380b3b96b291 P 33c7a88f5dd84bd7b6424fbb18d0ac22 [term 0 FOLLOWER]: Becoming Follower/Learner. State: Replica: 33c7a88f5dd84bd7b6424fbb18d0ac22, State: Initialized, Role: FOLLOWER
I20260709 14:54:33.440634 17876 consensus_queue.cc:260] T 11dab3c64bda4923af6c380b3b96b291 P 33c7a88f5dd84bd7b6424fbb18d0ac22 [NON_LEADER]: Queue going to NON_LEADER mode. State: All replicated index: 0, Majority replicated index: 0, Committed index: 0, Last appended: 0.0, Last appended by leader: 0, Current term: 0, Majority size: -1, State: 0, Mode: NON_LEADER, active raft config: opid_index: -1 OBSOLETE_local: false peers { permanent_uuid: "33c7a88f5dd84bd7b6424fbb18d0ac22" member_type: VOTER last_known_addr { host: "127.16.48.65" port: 45825 } } peers { permanent_uuid: "c7a51a4a65b24318a4426b3345d731b9" member_type: VOTER last_known_addr { host: "127.16.48.66" port: 38029 } } peers { permanent_uuid: "b5489614fb624874ac194b72c6278260" member_type: VOTER last_known_addr { host: "127.16.48.67" port: 37951 } }
I20260709 14:54:33.441823 17902 raft_consensus.cc:2804] T fad81680d7684fe9ad9e299c1c7f1f85 P b5489614fb624874ac194b72c6278260 [term 1 FOLLOWER]: Leader election won for term 1
W20260709 14:54:33.441723 17798 outbound_call.cc:321] RPC callback for RPC call kudu.consensus.ConsensusService.RequestConsensusVote -> {remote=127.16.48.66:38029, user_credentials={real_user=slave}} blocked reactor thread for 84580.3us
I20260709 14:54:33.445204 17760 tablet_service.cc:1917] Received RequestConsensusVote() RPC: tablet_id: "fad81680d7684fe9ad9e299c1c7f1f85" candidate_uuid: "b5489614fb624874ac194b72c6278260" candidate_term: 1 candidate_status { last_received { term: 0 index: 0 } } ignore_live_leader: false dest_uuid: "c7a51a4a65b24318a4426b3345d731b9"
I20260709 14:54:33.445788 17894 raft_consensus.cc:493] T fad81680d7684fe9ad9e299c1c7f1f85 P c7a51a4a65b24318a4426b3345d731b9 [term 0 FOLLOWER]: Starting pre-election (no leader contacted us within the election timeout)
I20260709 14:54:33.446282 17894 raft_consensus.cc:515] T fad81680d7684fe9ad9e299c1c7f1f85 P c7a51a4a65b24318a4426b3345d731b9 [term 0 FOLLOWER]: Starting pre-election with config: opid_index: -1 OBSOLETE_local: false peers { permanent_uuid: "33c7a88f5dd84bd7b6424fbb18d0ac22" member_type: VOTER last_known_addr { host: "127.16.48.65" port: 45825 } } peers { permanent_uuid: "c7a51a4a65b24318a4426b3345d731b9" member_type: VOTER last_known_addr { host: "127.16.48.66" port: 38029 } } peers { permanent_uuid: "b5489614fb624874ac194b72c6278260" member_type: VOTER last_known_addr { host: "127.16.48.67" port: 37951 } }
I20260709 14:54:33.447208 17760 raft_consensus.cc:3060] T fad81680d7684fe9ad9e299c1c7f1f85 P c7a51a4a65b24318a4426b3345d731b9 [term 0 FOLLOWER]: Advancing to term 1
I20260709 14:54:33.448441 17894 leader_election.cc:290] T fad81680d7684fe9ad9e299c1c7f1f85 P c7a51a4a65b24318a4426b3345d731b9 [CANDIDATE]: Term 1 pre-election: Requested pre-vote from peers 33c7a88f5dd84bd7b6424fbb18d0ac22 (127.16.48.65:45825), b5489614fb624874ac194b72c6278260 (127.16.48.67:37951)
I20260709 14:54:33.451462 17835 tablet_service.cc:1917] Received RequestConsensusVote() RPC: tablet_id: "fad81680d7684fe9ad9e299c1c7f1f85" candidate_uuid: "c7a51a4a65b24318a4426b3345d731b9" candidate_term: 1 candidate_status { last_received { term: 0 index: 0 } } ignore_live_leader: false dest_uuid: "b5489614fb624874ac194b72c6278260" is_pre_election: true
I20260709 14:54:33.453564 17875 tablet_bootstrap.cc:492] T c52575b2543f45d784f03fd46c4f2728 P c7a51a4a65b24318a4426b3345d731b9: No bootstrap required, opened a new log
I20260709 14:54:33.453478 17686 tablet_service.cc:1917] Received RequestConsensusVote() RPC: tablet_id: "fad81680d7684fe9ad9e299c1c7f1f85" candidate_uuid: "c7a51a4a65b24318a4426b3345d731b9" candidate_term: 1 candidate_status { last_received { term: 0 index: 0 } } ignore_live_leader: false dest_uuid: "33c7a88f5dd84bd7b6424fbb18d0ac22" is_pre_election: true
I20260709 14:54:33.454124 17875 ts_tablet_manager.cc:1403] T c52575b2543f45d784f03fd46c4f2728 P c7a51a4a65b24318a4426b3345d731b9: Time spent bootstrapping tablet: real 0.082s	user 0.009s	sys 0.019s
I20260709 14:54:33.455488 17686 raft_consensus.cc:2393] T fad81680d7684fe9ad9e299c1c7f1f85 P 33c7a88f5dd84bd7b6424fbb18d0ac22 [term 1 FOLLOWER]: Leader pre-election vote request: Denying vote to candidate c7a51a4a65b24318a4426b3345d731b9 in current term 1: Already voted for candidate b5489614fb624874ac194b72c6278260 in this term.
I20260709 14:54:33.455752 17877 tablet_bootstrap.cc:654] T e6ac1d84f32943119cc145f9c70f498c P b5489614fb624874ac194b72c6278260: Neither blocks nor log segments found. Creating new log.
I20260709 14:54:33.456636 17887 raft_consensus.cc:515] T 11dab3c64bda4923af6c380b3b96b291 P b5489614fb624874ac194b72c6278260 [term 1 FOLLOWER]: Starting leader election with config: opid_index: -1 OBSOLETE_local: false peers { permanent_uuid: "33c7a88f5dd84bd7b6424fbb18d0ac22" member_type: VOTER last_known_addr { host: "127.16.48.65" port: 45825 } } peers { permanent_uuid: "c7a51a4a65b24318a4426b3345d731b9" member_type: VOTER last_known_addr { host: "127.16.48.66" port: 38029 } } peers { permanent_uuid: "b5489614fb624874ac194b72c6278260" member_type: VOTER last_known_addr { host: "127.16.48.67" port: 37951 } }
I20260709 14:54:33.459419 17760 raft_consensus.cc:2468] T fad81680d7684fe9ad9e299c1c7f1f85 P c7a51a4a65b24318a4426b3345d731b9 [term 1 FOLLOWER]: Leader election vote request: Granting yes vote for candidate b5489614fb624874ac194b72c6278260 in term 1.
I20260709 14:54:33.465910 17676 tablet_service.cc:1511] Processing CreateTablet for tablet e2c85ff04fe3444bab986865f02e4c28 (DEFAULT_TABLE table=test-workload [id=924bd06dec764208b806a2da3b5f6213]), partition=RANGE (key) PARTITION 1710707269 <= VALUES < 1747105296
I20260709 14:54:33.466588 17902 raft_consensus.cc:697] T fad81680d7684fe9ad9e299c1c7f1f85 P b5489614fb624874ac194b72c6278260 [term 1 LEADER]: Becoming Leader. State: Replica: b5489614fb624874ac194b72c6278260, State: Running, Role: LEADER
I20260709 14:54:33.467175 17676 data_dirs.cc:400] Could only allocate 1 dirs of requested 3 for tablet e2c85ff04fe3444bab986865f02e4c28. 1 dirs total, 0 dirs full, 0 dirs failed
I20260709 14:54:33.467351 17744 tablet_service.cc:1511] Processing CreateTablet for tablet d991fb8285ba44e29a4e874083521c55 (DEFAULT_TABLE table=test-workload [id=924bd06dec764208b806a2da3b5f6213]), partition=RANGE (key) PARTITION 1674309242 <= VALUES < 1710707269
I20260709 14:54:33.467470 17902 consensus_queue.cc:237] T fad81680d7684fe9ad9e299c1c7f1f85 P b5489614fb624874ac194b72c6278260 [LEADER]: Queue going to LEADER mode. State: All replicated index: 0, Majority replicated index: 0, Committed index: 0, Last appended: 0.0, Last appended by leader: 0, Current term: 1, Majority size: 2, State: 0, Mode: LEADER, active raft config: opid_index: -1 OBSOLETE_local: false peers { permanent_uuid: "33c7a88f5dd84bd7b6424fbb18d0ac22" member_type: VOTER last_known_addr { host: "127.16.48.65" port: 45825 } } peers { permanent_uuid: "c7a51a4a65b24318a4426b3345d731b9" member_type: VOTER last_known_addr { host: "127.16.48.66" port: 38029 } } peers { permanent_uuid: "b5489614fb624874ac194b72c6278260" member_type: VOTER last_known_addr { host: "127.16.48.67" port: 37951 } }
I20260709 14:54:33.468780 17744 data_dirs.cc:400] Could only allocate 1 dirs of requested 3 for tablet d991fb8285ba44e29a4e874083521c55. 1 dirs total, 0 dirs full, 0 dirs failed
I20260709 14:54:33.468691 17877 tablet_bootstrap.cc:492] T e6ac1d84f32943119cc145f9c70f498c P b5489614fb624874ac194b72c6278260: No bootstrap required, opened a new log
I20260709 14:54:33.469393 17877 ts_tablet_manager.cc:1403] T e6ac1d84f32943119cc145f9c70f498c P b5489614fb624874ac194b72c6278260: Time spent bootstrapping tablet: real 0.077s	user 0.015s	sys 0.004s
I20260709 14:54:33.467178 17672 tablet_service.cc:1511] Processing CreateTablet for tablet d991fb8285ba44e29a4e874083521c55 (DEFAULT_TABLE table=test-workload [id=924bd06dec764208b806a2da3b5f6213]), partition=RANGE (key) PARTITION 1674309242 <= VALUES < 1710707269
I20260709 14:54:33.475381 17747 tablet_service.cc:1511] Processing CreateTablet for tablet e2c85ff04fe3444bab986865f02e4c28 (DEFAULT_TABLE table=test-workload [id=924bd06dec764208b806a2da3b5f6213]), partition=RANGE (key) PARTITION 1710707269 <= VALUES < 1747105296
I20260709 14:54:33.475500 17875 raft_consensus.cc:359] T c52575b2543f45d784f03fd46c4f2728 P c7a51a4a65b24318a4426b3345d731b9 [term 0 FOLLOWER]: Replica starting. Triggering 0 pending ops. Active config: opid_index: -1 OBSOLETE_local: false peers { permanent_uuid: "33c7a88f5dd84bd7b6424fbb18d0ac22" member_type: VOTER last_known_addr { host: "127.16.48.65" port: 45825 } } peers { permanent_uuid: "c7a51a4a65b24318a4426b3345d731b9" member_type: VOTER last_known_addr { host: "127.16.48.66" port: 38029 } } peers { permanent_uuid: "b5489614fb624874ac194b72c6278260" member_type: VOTER last_known_addr { host: "127.16.48.67" port: 37951 } }
I20260709 14:54:33.476758 17747 data_dirs.cc:400] Could only allocate 1 dirs of requested 3 for tablet e2c85ff04fe3444bab986865f02e4c28. 1 dirs total, 0 dirs full, 0 dirs failed
I20260709 14:54:33.480861 17672 data_dirs.cc:400] Could only allocate 1 dirs of requested 3 for tablet d991fb8285ba44e29a4e874083521c55. 1 dirs total, 0 dirs full, 0 dirs failed
I20260709 14:54:33.483045 17819 tablet_service.cc:1511] Processing CreateTablet for tablet 7d105e5796ae4c099c94a05f86d3e1d7 (DEFAULT_TABLE table=test-workload [id=924bd06dec764208b806a2da3b5f6213]), partition=RANGE (key) PARTITION 1637911215 <= VALUES < 1674309242
I20260709 14:54:33.483282 17823 tablet_service.cc:1511] Processing CreateTablet for tablet d991fb8285ba44e29a4e874083521c55 (DEFAULT_TABLE table=test-workload [id=924bd06dec764208b806a2da3b5f6213]), partition=RANGE (key) PARTITION 1674309242 <= VALUES < 1710707269
I20260709 14:54:33.484277 17825 tablet_service.cc:1511] Processing CreateTablet for tablet 55cde7dca9b049f8b32b9c5a952e5603 (DEFAULT_TABLE table=test-workload [id=924bd06dec764208b806a2da3b5f6213]), partition=RANGE (key) PARTITION 1565115161 <= VALUES < 1601513188
I20260709 14:54:33.484623 17821 tablet_service.cc:1511] Processing CreateTablet for tablet e701b06403b54f699b08dcb312acb2e0 (DEFAULT_TABLE table=test-workload [id=924bd06dec764208b806a2da3b5f6213]), partition=RANGE (key) PARTITION 1601513188 <= VALUES < 1637911215
I20260709 14:54:33.485857 17819 data_dirs.cc:400] Could only allocate 1 dirs of requested 3 for tablet 7d105e5796ae4c099c94a05f86d3e1d7. 1 dirs total, 0 dirs full, 0 dirs failed
I20260709 14:54:33.486404 17887 leader_election.cc:290] T 11dab3c64bda4923af6c380b3b96b291 P b5489614fb624874ac194b72c6278260 [CANDIDATE]: Term 1 election: Requested vote from peers 33c7a88f5dd84bd7b6424fbb18d0ac22 (127.16.48.65:45825), c7a51a4a65b24318a4426b3345d731b9 (127.16.48.66:38029)
I20260709 14:54:33.487730 17876 ts_tablet_manager.cc:1434] T 11dab3c64bda4923af6c380b3b96b291 P 33c7a88f5dd84bd7b6424fbb18d0ac22: Time spent starting tablet: real 0.052s	user 0.004s	sys 0.004s
I20260709 14:54:33.472337 17877 raft_consensus.cc:359] T e6ac1d84f32943119cc145f9c70f498c P b5489614fb624874ac194b72c6278260 [term 0 FOLLOWER]: Replica starting. Triggering 0 pending ops. Active config: opid_index: -1 OBSOLETE_local: false peers { permanent_uuid: "33c7a88f5dd84bd7b6424fbb18d0ac22" member_type: VOTER last_known_addr { host: "127.16.48.65" port: 45825 } } peers { permanent_uuid: "c7a51a4a65b24318a4426b3345d731b9" member_type: VOTER last_known_addr { host: "127.16.48.66" port: 38029 } } peers { permanent_uuid: "b5489614fb624874ac194b72c6278260" member_type: VOTER last_known_addr { host: "127.16.48.67" port: 37951 } }
I20260709 14:54:33.484803 17822 tablet_service.cc:1511] Processing CreateTablet for tablet e2c85ff04fe3444bab986865f02e4c28 (DEFAULT_TABLE table=test-workload [id=924bd06dec764208b806a2da3b5f6213]), partition=RANGE (key) PARTITION 1710707269 <= VALUES < 1747105296
I20260709 14:54:33.472437 17686 tablet_service.cc:1917] Received RequestConsensusVote() RPC: tablet_id: "11dab3c64bda4923af6c380b3b96b291" candidate_uuid: "b5489614fb624874ac194b72c6278260" candidate_term: 1 candidate_status { last_received { term: 0 index: 0 } } ignore_live_leader: false dest_uuid: "33c7a88f5dd84bd7b6424fbb18d0ac22"
I20260709 14:54:33.489171 17686 raft_consensus.cc:3060] T 11dab3c64bda4923af6c380b3b96b291 P 33c7a88f5dd84bd7b6424fbb18d0ac22 [term 0 FOLLOWER]: Advancing to term 1
I20260709 14:54:33.493146 17823 data_dirs.cc:400] Could only allocate 1 dirs of requested 3 for tablet d991fb8285ba44e29a4e874083521c55. 1 dirs total, 0 dirs full, 0 dirs failed
I20260709 14:54:33.495434 17760 tablet_service.cc:1917] Received RequestConsensusVote() RPC: tablet_id: "11dab3c64bda4923af6c380b3b96b291" candidate_uuid: "b5489614fb624874ac194b72c6278260" candidate_term: 1 candidate_status { last_received { term: 0 index: 0 } } ignore_live_leader: false dest_uuid: "c7a51a4a65b24318a4426b3345d731b9"
I20260709 14:54:33.495630 17686 raft_consensus.cc:2468] T 11dab3c64bda4923af6c380b3b96b291 P 33c7a88f5dd84bd7b6424fbb18d0ac22 [term 1 FOLLOWER]: Leader election vote request: Granting yes vote for candidate b5489614fb624874ac194b72c6278260 in term 1.
I20260709 14:54:33.488762 17876 tablet_bootstrap.cc:492] T 85d4ab833d4545dfb225a73d7f71ace1 P 33c7a88f5dd84bd7b6424fbb18d0ac22: Bootstrap starting.
I20260709 14:54:33.496037 17760 raft_consensus.cc:3060] T 11dab3c64bda4923af6c380b3b96b291 P c7a51a4a65b24318a4426b3345d731b9 [term 0 FOLLOWER]: Advancing to term 1
I20260709 14:54:33.496806 17799 leader_election.cc:304] T 11dab3c64bda4923af6c380b3b96b291 P b5489614fb624874ac194b72c6278260 [CANDIDATE]: Term 1 election: Election decided. Result: candidate won. Election summary: received 2 responses out of 3 voters: 2 yes votes; 0 no votes. yes voters: 33c7a88f5dd84bd7b6424fbb18d0ac22, b5489614fb624874ac194b72c6278260; no voters: 
I20260709 14:54:33.497093 17821 data_dirs.cc:400] Could only allocate 1 dirs of requested 3 for tablet e701b06403b54f699b08dcb312acb2e0. 1 dirs total, 0 dirs full, 0 dirs failed
I20260709 14:54:33.497570 17877 raft_consensus.cc:385] T e6ac1d84f32943119cc145f9c70f498c P b5489614fb624874ac194b72c6278260 [term 0 FOLLOWER]: Consensus starting up: Expiring failure detector timer to make a prompt election more likely
I20260709 14:54:33.497912 17877 raft_consensus.cc:740] T e6ac1d84f32943119cc145f9c70f498c P b5489614fb624874ac194b72c6278260 [term 0 FOLLOWER]: Becoming Follower/Learner. State: Replica: b5489614fb624874ac194b72c6278260, State: Initialized, Role: FOLLOWER
I20260709 14:54:33.498724 17877 consensus_queue.cc:260] T e6ac1d84f32943119cc145f9c70f498c P b5489614fb624874ac194b72c6278260 [NON_LEADER]: Queue going to NON_LEADER mode. State: All replicated index: 0, Majority replicated index: 0, Committed index: 0, Last appended: 0.0, Last appended by leader: 0, Current term: 0, Majority size: -1, State: 0, Mode: NON_LEADER, active raft config: opid_index: -1 OBSOLETE_local: false peers { permanent_uuid: "33c7a88f5dd84bd7b6424fbb18d0ac22" member_type: VOTER last_known_addr { host: "127.16.48.65" port: 45825 } } peers { permanent_uuid: "c7a51a4a65b24318a4426b3345d731b9" member_type: VOTER last_known_addr { host: "127.16.48.66" port: 38029 } } peers { permanent_uuid: "b5489614fb624874ac194b72c6278260" member_type: VOTER last_known_addr { host: "127.16.48.67" port: 37951 } }
I20260709 14:54:33.499867 17906 raft_consensus.cc:2804] T 11dab3c64bda4923af6c380b3b96b291 P b5489614fb624874ac194b72c6278260 [term 1 FOLLOWER]: Leader election won for term 1
I20260709 14:54:33.503944 17760 raft_consensus.cc:2468] T 11dab3c64bda4923af6c380b3b96b291 P c7a51a4a65b24318a4426b3345d731b9 [term 1 FOLLOWER]: Leader election vote request: Granting yes vote for candidate b5489614fb624874ac194b72c6278260 in term 1.
I20260709 14:54:33.505141 17822 data_dirs.cc:400] Could only allocate 1 dirs of requested 3 for tablet e2c85ff04fe3444bab986865f02e4c28. 1 dirs total, 0 dirs full, 0 dirs failed
I20260709 14:54:33.506033 17877 ts_tablet_manager.cc:1434] T e6ac1d84f32943119cc145f9c70f498c P b5489614fb624874ac194b72c6278260: Time spent starting tablet: real 0.036s	user 0.006s	sys 0.000s
I20260709 14:54:33.508863 17825 data_dirs.cc:400] Could only allocate 1 dirs of requested 3 for tablet 55cde7dca9b049f8b32b9c5a952e5603. 1 dirs total, 0 dirs full, 0 dirs failed
I20260709 14:54:33.509480 17877 tablet_bootstrap.cc:492] T 85d4ab833d4545dfb225a73d7f71ace1 P b5489614fb624874ac194b72c6278260: Bootstrap starting.
I20260709 14:54:33.476307 17875 raft_consensus.cc:385] T c52575b2543f45d784f03fd46c4f2728 P c7a51a4a65b24318a4426b3345d731b9 [term 0 FOLLOWER]: Consensus starting up: Expiring failure detector timer to make a prompt election more likely
I20260709 14:54:33.512739 17875 raft_consensus.cc:740] T c52575b2543f45d784f03fd46c4f2728 P c7a51a4a65b24318a4426b3345d731b9 [term 0 FOLLOWER]: Becoming Follower/Learner. State: Replica: c7a51a4a65b24318a4426b3345d731b9, State: Initialized, Role: FOLLOWER
I20260709 14:54:33.513180 17906 raft_consensus.cc:697] T 11dab3c64bda4923af6c380b3b96b291 P b5489614fb624874ac194b72c6278260 [term 1 LEADER]: Becoming Leader. State: Replica: b5489614fb624874ac194b72c6278260, State: Running, Role: LEADER
I20260709 14:54:33.516791 17669 tablet_service.cc:1511] Processing CreateTablet for tablet d23562989f3b459883f7329bbf95ddb8 (DEFAULT_TABLE table=test-workload [id=924bd06dec764208b806a2da3b5f6213]), partition=RANGE (key) PARTITION 1747105296 <= VALUES < 1783503323
I20260709 14:54:33.518589 17749 tablet_service.cc:1511] Processing CreateTablet for tablet d23562989f3b459883f7329bbf95ddb8 (DEFAULT_TABLE table=test-workload [id=924bd06dec764208b806a2da3b5f6213]), partition=RANGE (key) PARTITION 1747105296 <= VALUES < 1783503323
I20260709 14:54:33.520862 17902 raft_consensus.cc:493] T 3ad26c80ceac4e479a877c80ae8a1b6f P b5489614fb624874ac194b72c6278260 [term 0 FOLLOWER]: Starting pre-election (no leader contacted us within the election timeout)
I20260709 14:54:33.521241 17749 data_dirs.cc:400] Could only allocate 1 dirs of requested 3 for tablet d23562989f3b459883f7329bbf95ddb8. 1 dirs total, 0 dirs full, 0 dirs failed
I20260709 14:54:33.521343 17902 raft_consensus.cc:515] T 3ad26c80ceac4e479a877c80ae8a1b6f P b5489614fb624874ac194b72c6278260 [term 0 FOLLOWER]: Starting pre-election with config: opid_index: -1 OBSOLETE_local: false peers { permanent_uuid: "c7a51a4a65b24318a4426b3345d731b9" member_type: VOTER last_known_addr { host: "127.16.48.66" port: 38029 } } peers { permanent_uuid: "b5489614fb624874ac194b72c6278260" member_type: VOTER last_known_addr { host: "127.16.48.67" port: 37951 } } peers { permanent_uuid: "33c7a88f5dd84bd7b6424fbb18d0ac22" member_type: VOTER last_known_addr { host: "127.16.48.65" port: 45825 } }
I20260709 14:54:33.513648 17875 consensus_queue.cc:260] T c52575b2543f45d784f03fd46c4f2728 P c7a51a4a65b24318a4426b3345d731b9 [NON_LEADER]: Queue going to NON_LEADER mode. State: All replicated index: 0, Majority replicated index: 0, Committed index: 0, Last appended: 0.0, Last appended by leader: 0, Current term: 0, Majority size: -1, State: 0, Mode: NON_LEADER, active raft config: opid_index: -1 OBSOLETE_local: false peers { permanent_uuid: "33c7a88f5dd84bd7b6424fbb18d0ac22" member_type: VOTER last_known_addr { host: "127.16.48.65" port: 45825 } } peers { permanent_uuid: "c7a51a4a65b24318a4426b3345d731b9" member_type: VOTER last_known_addr { host: "127.16.48.66" port: 38029 } } peers { permanent_uuid: "b5489614fb624874ac194b72c6278260" member_type: VOTER last_known_addr { host: "127.16.48.67" port: 37951 } }
I20260709 14:54:33.524138 17724 leader_election.cc:304] T fad81680d7684fe9ad9e299c1c7f1f85 P c7a51a4a65b24318a4426b3345d731b9 [CANDIDATE]: Term 1 pre-election: Election decided. Result: candidate lost. Election summary: received 3 responses out of 3 voters: 1 yes votes; 2 no votes. yes voters: c7a51a4a65b24318a4426b3345d731b9; no voters: 33c7a88f5dd84bd7b6424fbb18d0ac22, b5489614fb624874ac194b72c6278260
I20260709 14:54:33.524698 17669 data_dirs.cc:400] Could only allocate 1 dirs of requested 3 for tablet d23562989f3b459883f7329bbf95ddb8. 1 dirs total, 0 dirs full, 0 dirs failed
I20260709 14:54:33.514014 17906 consensus_queue.cc:237] T 11dab3c64bda4923af6c380b3b96b291 P b5489614fb624874ac194b72c6278260 [LEADER]: Queue going to LEADER mode. State: All replicated index: 0, Majority replicated index: 0, Committed index: 0, Last appended: 0.0, Last appended by leader: 0, Current term: 1, Majority size: 2, State: 0, Mode: LEADER, active raft config: opid_index: -1 OBSOLETE_local: false peers { permanent_uuid: "33c7a88f5dd84bd7b6424fbb18d0ac22" member_type: VOTER last_known_addr { host: "127.16.48.65" port: 45825 } } peers { permanent_uuid: "c7a51a4a65b24318a4426b3345d731b9" member_type: VOTER last_known_addr { host: "127.16.48.66" port: 38029 } } peers { permanent_uuid: "b5489614fb624874ac194b72c6278260" member_type: VOTER last_known_addr { host: "127.16.48.67" port: 37951 } }
I20260709 14:54:33.526554 17894 raft_consensus.cc:2749] T fad81680d7684fe9ad9e299c1c7f1f85 P c7a51a4a65b24318a4426b3345d731b9 [term 1 FOLLOWER]: Leader pre-election lost for term 1. Reason: could not achieve majority
I20260709 14:54:33.529282 17760 tablet_service.cc:1917] Received RequestConsensusVote() RPC: tablet_id: "3ad26c80ceac4e479a877c80ae8a1b6f" candidate_uuid: "b5489614fb624874ac194b72c6278260" candidate_term: 1 candidate_status { last_received { term: 0 index: 0 } } ignore_live_leader: false dest_uuid: "c7a51a4a65b24318a4426b3345d731b9" is_pre_election: true
I20260709 14:54:33.530103 17760 raft_consensus.cc:2393] T 3ad26c80ceac4e479a877c80ae8a1b6f P c7a51a4a65b24318a4426b3345d731b9 [term 1 FOLLOWER]: Leader pre-election vote request: Denying vote to candidate b5489614fb624874ac194b72c6278260 in current term 1: Already voted for candidate 33c7a88f5dd84bd7b6424fbb18d0ac22 in this term.
I20260709 14:54:33.531111 17902 leader_election.cc:290] T 3ad26c80ceac4e479a877c80ae8a1b6f P b5489614fb624874ac194b72c6278260 [CANDIDATE]: Term 1 pre-election: Requested pre-vote from peers c7a51a4a65b24318a4426b3345d731b9 (127.16.48.66:38029), 33c7a88f5dd84bd7b6424fbb18d0ac22 (127.16.48.65:45825)
I20260709 14:54:33.539170 17876 tablet_bootstrap.cc:654] T 85d4ab833d4545dfb225a73d7f71ace1 P 33c7a88f5dd84bd7b6424fbb18d0ac22: Neither blocks nor log segments found. Creating new log.
I20260709 14:54:33.540288 17817 tablet_service.cc:1511] Processing CreateTablet for tablet d23562989f3b459883f7329bbf95ddb8 (DEFAULT_TABLE table=test-workload [id=924bd06dec764208b806a2da3b5f6213]), partition=RANGE (key) PARTITION 1747105296 <= VALUES < 1783503323
I20260709 14:54:33.541594 17817 data_dirs.cc:400] Could only allocate 1 dirs of requested 3 for tablet d23562989f3b459883f7329bbf95ddb8. 1 dirs total, 0 dirs full, 0 dirs failed
I20260709 14:54:33.544010 17875 ts_tablet_manager.cc:1434] T c52575b2543f45d784f03fd46c4f2728 P c7a51a4a65b24318a4426b3345d731b9: Time spent starting tablet: real 0.090s	user 0.002s	sys 0.006s
I20260709 14:54:33.533126 17686 tablet_service.cc:1917] Received RequestConsensusVote() RPC: tablet_id: "3ad26c80ceac4e479a877c80ae8a1b6f" candidate_uuid: "b5489614fb624874ac194b72c6278260" candidate_term: 1 candidate_status { last_received { term: 0 index: 0 } } ignore_live_leader: false dest_uuid: "33c7a88f5dd84bd7b6424fbb18d0ac22" is_pre_election: true
I20260709 14:54:33.553988 17875 tablet_bootstrap.cc:492] T 1e97a6fe18e94576b0279cf0250a4521 P c7a51a4a65b24318a4426b3345d731b9: Bootstrap starting.
I20260709 14:54:33.559691 17670 tablet_service.cc:1511] Processing CreateTablet for tablet a9bb3b98b0404c958705c7de74eda281 (DEFAULT_TABLE table=test-workload [id=924bd06dec764208b806a2da3b5f6213]), partition=RANGE (key) PARTITION 1819901350 <= VALUES < 1856299377
I20260709 14:54:33.560581 17673 tablet_service.cc:1511] Processing CreateTablet for tablet 37ef4c7240cc4ee1ba4087961e7cae1d (DEFAULT_TABLE table=test-workload [id=924bd06dec764208b806a2da3b5f6213]), partition=RANGE (key) PARTITION 1856299377 <= VALUES < 1892697404
I20260709 14:54:33.560824 17799 leader_election.cc:304] T 3ad26c80ceac4e479a877c80ae8a1b6f P b5489614fb624874ac194b72c6278260 [CANDIDATE]: Term 1 pre-election: Election decided. Result: candidate lost. Election summary: received 3 responses out of 3 voters: 1 yes votes; 2 no votes. yes voters: b5489614fb624874ac194b72c6278260; no voters: 33c7a88f5dd84bd7b6424fbb18d0ac22, c7a51a4a65b24318a4426b3345d731b9
I20260709 14:54:33.561156 17670 data_dirs.cc:400] Could only allocate 1 dirs of requested 3 for tablet a9bb3b98b0404c958705c7de74eda281. 1 dirs total, 0 dirs full, 0 dirs failed
I20260709 14:54:33.562543 17673 data_dirs.cc:400] Could only allocate 1 dirs of requested 3 for tablet 37ef4c7240cc4ee1ba4087961e7cae1d. 1 dirs total, 0 dirs full, 0 dirs failed
I20260709 14:54:33.566795 17902 raft_consensus.cc:3060] T 3ad26c80ceac4e479a877c80ae8a1b6f P b5489614fb624874ac194b72c6278260 [term 0 FOLLOWER]: Advancing to term 1
I20260709 14:54:33.567565 17819 tablet_service.cc:1511] Processing CreateTablet for tablet a9bb3b98b0404c958705c7de74eda281 (DEFAULT_TABLE table=test-workload [id=924bd06dec764208b806a2da3b5f6213]), partition=RANGE (key) PARTITION 1819901350 <= VALUES < 1856299377
I20260709 14:54:33.569252 17819 data_dirs.cc:400] Could only allocate 1 dirs of requested 3 for tablet a9bb3b98b0404c958705c7de74eda281. 1 dirs total, 0 dirs full, 0 dirs failed
I20260709 14:54:33.570413 17743 tablet_service.cc:1511] Processing CreateTablet for tablet a9bb3b98b0404c958705c7de74eda281 (DEFAULT_TABLE table=test-workload [id=924bd06dec764208b806a2da3b5f6213]), partition=RANGE (key) PARTITION 1819901350 <= VALUES < 1856299377
I20260709 14:54:33.571749 17743 data_dirs.cc:400] Could only allocate 1 dirs of requested 3 for tablet a9bb3b98b0404c958705c7de74eda281. 1 dirs total, 0 dirs full, 0 dirs failed
I20260709 14:54:33.559762 17672 tablet_service.cc:1511] Processing CreateTablet for tablet 10c2d6966e044e5dad8ef04bd3208f4c (DEFAULT_TABLE table=test-workload [id=924bd06dec764208b806a2da3b5f6213]), partition=RANGE (key) PARTITION 1783503323 <= VALUES < 1819901350
I20260709 14:54:33.574985 17672 data_dirs.cc:400] Could only allocate 1 dirs of requested 3 for tablet 10c2d6966e044e5dad8ef04bd3208f4c. 1 dirs total, 0 dirs full, 0 dirs failed
I20260709 14:54:33.576817 17747 tablet_service.cc:1511] Processing CreateTablet for tablet 10c2d6966e044e5dad8ef04bd3208f4c (DEFAULT_TABLE table=test-workload [id=924bd06dec764208b806a2da3b5f6213]), partition=RANGE (key) PARTITION 1783503323 <= VALUES < 1819901350
I20260709 14:54:33.577605 17823 tablet_service.cc:1511] Processing CreateTablet for tablet 10c2d6966e044e5dad8ef04bd3208f4c (DEFAULT_TABLE table=test-workload [id=924bd06dec764208b806a2da3b5f6213]), partition=RANGE (key) PARTITION 1783503323 <= VALUES < 1819901350
I20260709 14:54:33.578137 17747 data_dirs.cc:400] Could only allocate 1 dirs of requested 3 for tablet 10c2d6966e044e5dad8ef04bd3208f4c. 1 dirs total, 0 dirs full, 0 dirs failed
I20260709 14:54:33.579074 17823 data_dirs.cc:400] Could only allocate 1 dirs of requested 3 for tablet 10c2d6966e044e5dad8ef04bd3208f4c. 1 dirs total, 0 dirs full, 0 dirs failed
I20260709 14:54:33.588953 17745 tablet_service.cc:1511] Processing CreateTablet for tablet 37ef4c7240cc4ee1ba4087961e7cae1d (DEFAULT_TABLE table=test-workload [id=924bd06dec764208b806a2da3b5f6213]), partition=RANGE (key) PARTITION 1856299377 <= VALUES < 1892697404
I20260709 14:54:33.594347 17902 raft_consensus.cc:2749] T 3ad26c80ceac4e479a877c80ae8a1b6f P b5489614fb624874ac194b72c6278260 [term 1 FOLLOWER]: Leader pre-election lost for term 1. Reason: could not achieve majority
I20260709 14:54:33.595417 17877 tablet_bootstrap.cc:654] T 85d4ab833d4545dfb225a73d7f71ace1 P b5489614fb624874ac194b72c6278260: Neither blocks nor log segments found. Creating new log.
I20260709 14:54:33.612444 17818 tablet_service.cc:1511] Processing CreateTablet for tablet 01659153ce67434693c7c7b9fdf035bc (DEFAULT_TABLE table=test-workload [id=924bd06dec764208b806a2da3b5f6213]), partition=RANGE (key) PARTITION 1892697404 <= VALUES < 1929095431
I20260709 14:54:33.614316 17822 tablet_service.cc:1511] Processing CreateTablet for tablet 37ef4c7240cc4ee1ba4087961e7cae1d (DEFAULT_TABLE table=test-workload [id=924bd06dec764208b806a2da3b5f6213]), partition=RANGE (key) PARTITION 1856299377 <= VALUES < 1892697404
I20260709 14:54:33.616904 17747 tablet_service.cc:1511] Processing CreateTablet for tablet 01659153ce67434693c7c7b9fdf035bc (DEFAULT_TABLE table=test-workload [id=924bd06dec764208b806a2da3b5f6213]), partition=RANGE (key) PARTITION 1892697404 <= VALUES < 1929095431
I20260709 14:54:33.618814 17822 data_dirs.cc:400] Could only allocate 1 dirs of requested 3 for tablet 37ef4c7240cc4ee1ba4087961e7cae1d. 1 dirs total, 0 dirs full, 0 dirs failed
I20260709 14:54:33.622772 17745 data_dirs.cc:400] Could only allocate 1 dirs of requested 3 for tablet 37ef4c7240cc4ee1ba4087961e7cae1d. 1 dirs total, 0 dirs full, 0 dirs failed
I20260709 14:54:33.626309 17747 data_dirs.cc:400] Could only allocate 1 dirs of requested 3 for tablet 01659153ce67434693c7c7b9fdf035bc. 1 dirs total, 0 dirs full, 0 dirs failed
I20260709 14:54:33.617041 17894 raft_consensus.cc:493] T c52575b2543f45d784f03fd46c4f2728 P c7a51a4a65b24318a4426b3345d731b9 [term 0 FOLLOWER]: Starting pre-election (no leader contacted us within the election timeout)
I20260709 14:54:33.627776 17875 tablet_bootstrap.cc:654] T 1e97a6fe18e94576b0279cf0250a4521 P c7a51a4a65b24318a4426b3345d731b9: Neither blocks nor log segments found. Creating new log.
I20260709 14:54:33.708802 17818 data_dirs.cc:400] Could only allocate 1 dirs of requested 3 for tablet 01659153ce67434693c7c7b9fdf035bc. 1 dirs total, 0 dirs full, 0 dirs failed
I20260709 14:54:33.678169 17894 raft_consensus.cc:515] T c52575b2543f45d784f03fd46c4f2728 P c7a51a4a65b24318a4426b3345d731b9 [term 0 FOLLOWER]: Starting pre-election with config: opid_index: -1 OBSOLETE_local: false peers { permanent_uuid: "33c7a88f5dd84bd7b6424fbb18d0ac22" member_type: VOTER last_known_addr { host: "127.16.48.65" port: 45825 } } peers { permanent_uuid: "c7a51a4a65b24318a4426b3345d731b9" member_type: VOTER last_known_addr { host: "127.16.48.66" port: 38029 } } peers { permanent_uuid: "b5489614fb624874ac194b72c6278260" member_type: VOTER last_known_addr { host: "127.16.48.67" port: 37951 } }
I20260709 14:54:33.729434 17894 leader_election.cc:290] T c52575b2543f45d784f03fd46c4f2728 P c7a51a4a65b24318a4426b3345d731b9 [CANDIDATE]: Term 1 pre-election: Requested pre-vote from peers 33c7a88f5dd84bd7b6424fbb18d0ac22 (127.16.48.65:45825), b5489614fb624874ac194b72c6278260 (127.16.48.67:37951)
I20260709 14:54:33.732139 17876 tablet_bootstrap.cc:492] T 85d4ab833d4545dfb225a73d7f71ace1 P 33c7a88f5dd84bd7b6424fbb18d0ac22: No bootstrap required, opened a new log
I20260709 14:54:33.732724 17876 ts_tablet_manager.cc:1403] T 85d4ab833d4545dfb225a73d7f71ace1 P 33c7a88f5dd84bd7b6424fbb18d0ac22: Time spent bootstrapping tablet: real 0.244s	user 0.014s	sys 0.023s
I20260709 14:54:33.749758 17877 tablet_bootstrap.cc:492] T 85d4ab833d4545dfb225a73d7f71ace1 P b5489614fb624874ac194b72c6278260: No bootstrap required, opened a new log
I20260709 14:54:33.750257 17877 ts_tablet_manager.cc:1403] T 85d4ab833d4545dfb225a73d7f71ace1 P b5489614fb624874ac194b72c6278260: Time spent bootstrapping tablet: real 0.241s	user 0.029s	sys 0.021s
I20260709 14:54:33.754793 17877 raft_consensus.cc:359] T 85d4ab833d4545dfb225a73d7f71ace1 P b5489614fb624874ac194b72c6278260 [term 0 FOLLOWER]: Replica starting. Triggering 0 pending ops. Active config: opid_index: -1 OBSOLETE_local: false peers { permanent_uuid: "33c7a88f5dd84bd7b6424fbb18d0ac22" member_type: VOTER last_known_addr { host: "127.16.48.65" port: 45825 } } peers { permanent_uuid: "c7a51a4a65b24318a4426b3345d731b9" member_type: VOTER last_known_addr { host: "127.16.48.66" port: 38029 } } peers { permanent_uuid: "b5489614fb624874ac194b72c6278260" member_type: VOTER last_known_addr { host: "127.16.48.67" port: 37951 } }
I20260709 14:54:33.755606 17877 raft_consensus.cc:385] T 85d4ab833d4545dfb225a73d7f71ace1 P b5489614fb624874ac194b72c6278260 [term 0 FOLLOWER]: Consensus starting up: Expiring failure detector timer to make a prompt election more likely
I20260709 14:54:33.755959 17877 raft_consensus.cc:740] T 85d4ab833d4545dfb225a73d7f71ace1 P b5489614fb624874ac194b72c6278260 [term 0 FOLLOWER]: Becoming Follower/Learner. State: Replica: b5489614fb624874ac194b72c6278260, State: Initialized, Role: FOLLOWER
I20260709 14:54:33.754912 17876 raft_consensus.cc:359] T 85d4ab833d4545dfb225a73d7f71ace1 P 33c7a88f5dd84bd7b6424fbb18d0ac22 [term 0 FOLLOWER]: Replica starting. Triggering 0 pending ops. Active config: opid_index: -1 OBSOLETE_local: false peers { permanent_uuid: "33c7a88f5dd84bd7b6424fbb18d0ac22" member_type: VOTER last_known_addr { host: "127.16.48.65" port: 45825 } } peers { permanent_uuid: "c7a51a4a65b24318a4426b3345d731b9" member_type: VOTER last_known_addr { host: "127.16.48.66" port: 38029 } } peers { permanent_uuid: "b5489614fb624874ac194b72c6278260" member_type: VOTER last_known_addr { host: "127.16.48.67" port: 37951 } }
I20260709 14:54:33.757177 17877 consensus_queue.cc:260] T 85d4ab833d4545dfb225a73d7f71ace1 P b5489614fb624874ac194b72c6278260 [NON_LEADER]: Queue going to NON_LEADER mode. State: All replicated index: 0, Majority replicated index: 0, Committed index: 0, Last appended: 0.0, Last appended by leader: 0, Current term: 0, Majority size: -1, State: 0, Mode: NON_LEADER, active raft config: opid_index: -1 OBSOLETE_local: false peers { permanent_uuid: "33c7a88f5dd84bd7b6424fbb18d0ac22" member_type: VOTER last_known_addr { host: "127.16.48.65" port: 45825 } } peers { permanent_uuid: "c7a51a4a65b24318a4426b3345d731b9" member_type: VOTER last_known_addr { host: "127.16.48.66" port: 38029 } } peers { permanent_uuid: "b5489614fb624874ac194b72c6278260" member_type: VOTER last_known_addr { host: "127.16.48.67" port: 37951 } }
I20260709 14:54:33.757800 17876 raft_consensus.cc:385] T 85d4ab833d4545dfb225a73d7f71ace1 P 33c7a88f5dd84bd7b6424fbb18d0ac22 [term 0 FOLLOWER]: Consensus starting up: Expiring failure detector timer to make a prompt election more likely
I20260709 14:54:33.758126 17876 raft_consensus.cc:740] T 85d4ab833d4545dfb225a73d7f71ace1 P 33c7a88f5dd84bd7b6424fbb18d0ac22 [term 0 FOLLOWER]: Becoming Follower/Learner. State: Replica: 33c7a88f5dd84bd7b6424fbb18d0ac22, State: Initialized, Role: FOLLOWER
I20260709 14:54:33.759585 17877 ts_tablet_manager.cc:1434] T 85d4ab833d4545dfb225a73d7f71ace1 P b5489614fb624874ac194b72c6278260: Time spent starting tablet: real 0.009s	user 0.008s	sys 0.000s
I20260709 14:54:33.763411 17877 tablet_bootstrap.cc:492] T 2dbbe8203e34418baeb33727acc76a61 P b5489614fb624874ac194b72c6278260: Bootstrap starting.
I20260709 14:54:33.758827 17876 consensus_queue.cc:260] T 85d4ab833d4545dfb225a73d7f71ace1 P 33c7a88f5dd84bd7b6424fbb18d0ac22 [NON_LEADER]: Queue going to NON_LEADER mode. State: All replicated index: 0, Majority replicated index: 0, Committed index: 0, Last appended: 0.0, Last appended by leader: 0, Current term: 0, Majority size: -1, State: 0, Mode: NON_LEADER, active raft config: opid_index: -1 OBSOLETE_local: false peers { permanent_uuid: "33c7a88f5dd84bd7b6424fbb18d0ac22" member_type: VOTER last_known_addr { host: "127.16.48.65" port: 45825 } } peers { permanent_uuid: "c7a51a4a65b24318a4426b3345d731b9" member_type: VOTER last_known_addr { host: "127.16.48.66" port: 38029 } } peers { permanent_uuid: "b5489614fb624874ac194b72c6278260" member_type: VOTER last_known_addr { host: "127.16.48.67" port: 37951 } }
I20260709 14:54:33.769831 17876 ts_tablet_manager.cc:1434] T 85d4ab833d4545dfb225a73d7f71ace1 P 33c7a88f5dd84bd7b6424fbb18d0ac22: Time spent starting tablet: real 0.029s	user 0.004s	sys 0.002s
I20260709 14:54:33.773365 17876 tablet_bootstrap.cc:492] T b9d388c3a4854e04b8687f6ad784e2ce P 33c7a88f5dd84bd7b6424fbb18d0ac22: Bootstrap starting.
I20260709 14:54:33.774509 17875 tablet_bootstrap.cc:492] T 1e97a6fe18e94576b0279cf0250a4521 P c7a51a4a65b24318a4426b3345d731b9: No bootstrap required, opened a new log
I20260709 14:54:33.775043 17875 ts_tablet_manager.cc:1403] T 1e97a6fe18e94576b0279cf0250a4521 P c7a51a4a65b24318a4426b3345d731b9: Time spent bootstrapping tablet: real 0.230s	user 0.013s	sys 0.010s
