I20260709 14:54:33.546622 16372 leader_election.cc:304] T 1d8fb923b4a64e92b8010201a0a74571 P dca949afbf534a1c997c15a446864f6f [CANDIDATE]: Term 1 pre-election: Election decided. Result: candidate lost. Election summary: received 3 responses out of 3 voters: 1 yes votes; 2 no votes. yes voters: dca949afbf534a1c997c15a446864f6f; no voters: 71699db73012499e8ebee425d3de0746, b7ff087b4d3f41c9b717fafd36dcde60
I20260709 14:54:33.552279 16525 raft_consensus.cc:2749] T 1d8fb923b4a64e92b8010201a0a74571 P dca949afbf534a1c997c15a446864f6f [term 0 FOLLOWER]: Leader pre-election lost for term 1. Reason: could not achieve majority
I20260709 14:54:33.556424 16448 tablet_bootstrap.cc:492] T 1178e000603f4a37b2f662db9df51208 P b7ff087b4d3f41c9b717fafd36dcde60: No bootstrap required, opened a new log
I20260709 14:54:33.556959 16448 ts_tablet_manager.cc:1403] T 1178e000603f4a37b2f662db9df51208 P b7ff087b4d3f41c9b717fafd36dcde60: Time spent bootstrapping tablet: real 0.115s	user 0.019s	sys 0.010s
I20260709 14:54:33.560220 16456 consensus_queue.cc:1048] T 953ffa5d693c452086cdfa2fb7183025 P b7ff087b4d3f41c9b717fafd36dcde60 [LEADER]: Connected to new peer: Peer: permanent_uuid: "71699db73012499e8ebee425d3de0746" member_type: VOTER last_known_addr { host: "127.14.200.129" port: 38575 }, Status: LMP_MISMATCH, Last received: 0.0, Next index: 1, Last known committed idx: 0, Time since last communication: 0.000s
I20260709 14:54:33.560434 16449 raft_consensus.cc:359] T c7b418a6ddd248a0962e76955e4afe80 P 71699db73012499e8ebee425d3de0746 [term 0 FOLLOWER]: Replica starting. Triggering 0 pending ops. Active config: opid_index: -1 OBSOLETE_local: false peers { permanent_uuid: "71699db73012499e8ebee425d3de0746" member_type: VOTER last_known_addr { host: "127.14.200.129" port: 38575 } } peers { permanent_uuid: "b7ff087b4d3f41c9b717fafd36dcde60" member_type: VOTER last_known_addr { host: "127.14.200.130" port: 38045 } } peers { permanent_uuid: "dca949afbf534a1c997c15a446864f6f" member_type: VOTER last_known_addr { host: "127.14.200.131" port: 42055 } }
I20260709 14:54:33.561051 16449 raft_consensus.cc:385] T c7b418a6ddd248a0962e76955e4afe80 P 71699db73012499e8ebee425d3de0746 [term 0 FOLLOWER]: Consensus starting up: Expiring failure detector timer to make a prompt election more likely
I20260709 14:54:33.561324 16449 raft_consensus.cc:740] T c7b418a6ddd248a0962e76955e4afe80 P 71699db73012499e8ebee425d3de0746 [term 0 FOLLOWER]: Becoming Follower/Learner. State: Replica: 71699db73012499e8ebee425d3de0746, State: Initialized, Role: FOLLOWER
I20260709 14:54:33.573160 16507 consensus_queue.cc:1048] T a9e903e7693d48f7975eb11ebc847712 P b7ff087b4d3f41c9b717fafd36dcde60 [LEADER]: Connected to new peer: Peer: permanent_uuid: "71699db73012499e8ebee425d3de0746" member_type: VOTER last_known_addr { host: "127.14.200.129" port: 38575 }, Status: LMP_MISMATCH, Last received: 0.0, Next index: 1, Last known committed idx: 0, Time since last communication: 0.000s
I20260709 14:54:33.576433 16448 raft_consensus.cc:359] T 1178e000603f4a37b2f662db9df51208 P b7ff087b4d3f41c9b717fafd36dcde60 [term 0 FOLLOWER]: Replica starting. Triggering 0 pending ops. Active config: opid_index: -1 OBSOLETE_local: false peers { permanent_uuid: "71699db73012499e8ebee425d3de0746" member_type: VOTER last_known_addr { host: "127.14.200.129" port: 38575 } } peers { permanent_uuid: "b7ff087b4d3f41c9b717fafd36dcde60" member_type: VOTER last_known_addr { host: "127.14.200.130" port: 38045 } } peers { permanent_uuid: "dca949afbf534a1c997c15a446864f6f" member_type: VOTER last_known_addr { host: "127.14.200.131" port: 42055 } }
I20260709 14:54:33.577190 16448 raft_consensus.cc:385] T 1178e000603f4a37b2f662db9df51208 P b7ff087b4d3f41c9b717fafd36dcde60 [term 0 FOLLOWER]: Consensus starting up: Expiring failure detector timer to make a prompt election more likely
I20260709 14:54:33.577497 16448 raft_consensus.cc:740] T 1178e000603f4a37b2f662db9df51208 P b7ff087b4d3f41c9b717fafd36dcde60 [term 0 FOLLOWER]: Becoming Follower/Learner. State: Replica: b7ff087b4d3f41c9b717fafd36dcde60, State: Initialized, Role: FOLLOWER
I20260709 14:54:33.578200 16448 consensus_queue.cc:260] T 1178e000603f4a37b2f662db9df51208 P b7ff087b4d3f41c9b717fafd36dcde60 [NON_LEADER]: Queue going to NON_LEADER mode. State: All replicated index: 0, Majority replicated index: 0, Committed index: 0, Last appended: 0.0, Last appended by leader: 0, Current term: 0, Majority size: -1, State: 0, Mode: NON_LEADER, active raft config: opid_index: -1 OBSOLETE_local: false peers { permanent_uuid: "71699db73012499e8ebee425d3de0746" member_type: VOTER last_known_addr { host: "127.14.200.129" port: 38575 } } peers { permanent_uuid: "b7ff087b4d3f41c9b717fafd36dcde60" member_type: VOTER last_known_addr { host: "127.14.200.130" port: 38045 } } peers { permanent_uuid: "dca949afbf534a1c997c15a446864f6f" member_type: VOTER last_known_addr { host: "127.14.200.131" port: 42055 } }
I20260709 14:54:33.561970 16449 consensus_queue.cc:260] T c7b418a6ddd248a0962e76955e4afe80 P 71699db73012499e8ebee425d3de0746 [NON_LEADER]: Queue going to NON_LEADER mode. State: All replicated index: 0, Majority replicated index: 0, Committed index: 0, Last appended: 0.0, Last appended by leader: 0, Current term: 0, Majority size: -1, State: 0, Mode: NON_LEADER, active raft config: opid_index: -1 OBSOLETE_local: false peers { permanent_uuid: "71699db73012499e8ebee425d3de0746" member_type: VOTER last_known_addr { host: "127.14.200.129" port: 38575 } } peers { permanent_uuid: "b7ff087b4d3f41c9b717fafd36dcde60" member_type: VOTER last_known_addr { host: "127.14.200.130" port: 38045 } } peers { permanent_uuid: "dca949afbf534a1c997c15a446864f6f" member_type: VOTER last_known_addr { host: "127.14.200.131" port: 42055 } }
I20260709 14:54:33.583036 16333 raft_consensus.cc:3060] T 6bc481c9ffdd4060a0210260634d0281 P b7ff087b4d3f41c9b717fafd36dcde60 [term 0 FOLLOWER]: Advancing to term 1
I20260709 14:54:33.583650 16449 ts_tablet_manager.cc:1434] T c7b418a6ddd248a0962e76955e4afe80 P 71699db73012499e8ebee425d3de0746: Time spent starting tablet: real 0.045s	user 0.006s	sys 0.000s
I20260709 14:54:33.584595 16449 tablet_bootstrap.cc:492] T 32bf7e7945fa4b68ba3fcbf40ac3d9f1 P 71699db73012499e8ebee425d3de0746: Bootstrap starting.
I20260709 14:54:33.589228 16450 tablet_bootstrap.cc:492] T 2db0dd5f6f78486786d59f714e623128 P dca949afbf534a1c997c15a446864f6f: No bootstrap required, opened a new log
I20260709 14:54:33.589766 16450 ts_tablet_manager.cc:1403] T 2db0dd5f6f78486786d59f714e623128 P dca949afbf534a1c997c15a446864f6f: Time spent bootstrapping tablet: real 0.114s	user 0.021s	sys 0.002s
I20260709 14:54:33.592511 16450 raft_consensus.cc:359] T 2db0dd5f6f78486786d59f714e623128 P dca949afbf534a1c997c15a446864f6f [term 0 FOLLOWER]: Replica starting. Triggering 0 pending ops. Active config: opid_index: -1 OBSOLETE_local: false peers { permanent_uuid: "71699db73012499e8ebee425d3de0746" member_type: VOTER last_known_addr { host: "127.14.200.129" port: 38575 } } peers { permanent_uuid: "b7ff087b4d3f41c9b717fafd36dcde60" member_type: VOTER last_known_addr { host: "127.14.200.130" port: 38045 } } peers { permanent_uuid: "dca949afbf534a1c997c15a446864f6f" member_type: VOTER last_known_addr { host: "127.14.200.131" port: 42055 } }
I20260709 14:54:33.593447 16450 raft_consensus.cc:385] T 2db0dd5f6f78486786d59f714e623128 P dca949afbf534a1c997c15a446864f6f [term 0 FOLLOWER]: Consensus starting up: Expiring failure detector timer to make a prompt election more likely
I20260709 14:54:33.593726 16450 raft_consensus.cc:740] T 2db0dd5f6f78486786d59f714e623128 P dca949afbf534a1c997c15a446864f6f [term 0 FOLLOWER]: Becoming Follower/Learner. State: Replica: dca949afbf534a1c997c15a446864f6f, State: Initialized, Role: FOLLOWER
I20260709 14:54:33.584610 16448 ts_tablet_manager.cc:1434] T 1178e000603f4a37b2f662db9df51208 P b7ff087b4d3f41c9b717fafd36dcde60: Time spent starting tablet: real 0.027s	user 0.002s	sys 0.006s
I20260709 14:54:33.594591 16450 consensus_queue.cc:260] T 2db0dd5f6f78486786d59f714e623128 P dca949afbf534a1c997c15a446864f6f [NON_LEADER]: Queue going to NON_LEADER mode. State: All replicated index: 0, Majority replicated index: 0, Committed index: 0, Last appended: 0.0, Last appended by leader: 0, Current term: 0, Majority size: -1, State: 0, Mode: NON_LEADER, active raft config: opid_index: -1 OBSOLETE_local: false peers { permanent_uuid: "71699db73012499e8ebee425d3de0746" member_type: VOTER last_known_addr { host: "127.14.200.129" port: 38575 } } peers { permanent_uuid: "b7ff087b4d3f41c9b717fafd36dcde60" member_type: VOTER last_known_addr { host: "127.14.200.130" port: 38045 } } peers { permanent_uuid: "dca949afbf534a1c997c15a446864f6f" member_type: VOTER last_known_addr { host: "127.14.200.131" port: 42055 } }
I20260709 14:54:33.595595 16448 tablet_bootstrap.cc:492] T 005307d7ec4f4ea78bc7612387b03969 P b7ff087b4d3f41c9b717fafd36dcde60: Bootstrap starting.
I20260709 14:54:33.597071 16450 ts_tablet_manager.cc:1434] T 2db0dd5f6f78486786d59f714e623128 P dca949afbf534a1c997c15a446864f6f: Time spent starting tablet: real 0.007s	user 0.008s	sys 0.000s
I20260709 14:54:33.598029 16450 tablet_bootstrap.cc:492] T ab7f3208abce460792570536b7b39ad0 P dca949afbf534a1c997c15a446864f6f: Bootstrap starting.
I20260709 14:54:33.598531 16525 consensus_queue.cc:1048] T c9a244f5844c4e08850ab0b9e6ccac07 P dca949afbf534a1c997c15a446864f6f [LEADER]: Connected to new peer: Peer: permanent_uuid: "71699db73012499e8ebee425d3de0746" member_type: VOTER last_known_addr { host: "127.14.200.129" port: 38575 }, Status: LMP_MISMATCH, Last received: 0.0, Next index: 1, Last known committed idx: 0, Time since last communication: 0.000s
I20260709 14:54:33.607390 16448 tablet_bootstrap.cc:654] T 005307d7ec4f4ea78bc7612387b03969 P b7ff087b4d3f41c9b717fafd36dcde60: Neither blocks nor log segments found. Creating new log.
I20260709 14:54:33.609047 16507 consensus_queue.cc:1048] T 953ffa5d693c452086cdfa2fb7183025 P b7ff087b4d3f41c9b717fafd36dcde60 [LEADER]: Connected to new peer: Peer: permanent_uuid: "dca949afbf534a1c997c15a446864f6f" member_type: VOTER last_known_addr { host: "127.14.200.131" port: 42055 }, Status: LMP_MISMATCH, Last received: 0.0, Next index: 1, Last known committed idx: 0, Time since last communication: 0.000s
I20260709 14:54:33.616271 16525 raft_consensus.cc:493] T 005307d7ec4f4ea78bc7612387b03969 P dca949afbf534a1c997c15a446864f6f [term 0 FOLLOWER]: Starting pre-election (no leader contacted us within the election timeout)
I20260709 14:54:33.616791 16525 raft_consensus.cc:515] T 005307d7ec4f4ea78bc7612387b03969 P dca949afbf534a1c997c15a446864f6f [term 0 FOLLOWER]: Starting pre-election with config: opid_index: -1 OBSOLETE_local: false peers { permanent_uuid: "71699db73012499e8ebee425d3de0746" member_type: VOTER last_known_addr { host: "127.14.200.129" port: 38575 } } peers { permanent_uuid: "b7ff087b4d3f41c9b717fafd36dcde60" member_type: VOTER last_known_addr { host: "127.14.200.130" port: 38045 } } peers { permanent_uuid: "dca949afbf534a1c997c15a446864f6f" member_type: VOTER last_known_addr { host: "127.14.200.131" port: 42055 } }
I20260709 14:54:33.619359 16525 leader_election.cc:290] T 005307d7ec4f4ea78bc7612387b03969 P dca949afbf534a1c997c15a446864f6f [CANDIDATE]: Term 1 pre-election: Requested pre-vote from peers 71699db73012499e8ebee425d3de0746 (127.14.200.129:38575), b7ff087b4d3f41c9b717fafd36dcde60 (127.14.200.130:38045)
I20260709 14:54:33.621919 16334 tablet_service.cc:1917] Received RequestConsensusVote() RPC: tablet_id: "005307d7ec4f4ea78bc7612387b03969" candidate_uuid: "dca949afbf534a1c997c15a446864f6f" candidate_term: 1 candidate_status { last_received { term: 0 index: 0 } } ignore_live_leader: false dest_uuid: "b7ff087b4d3f41c9b717fafd36dcde60" is_pre_election: true
I20260709 14:54:33.608753 16449 tablet_bootstrap.cc:654] T 32bf7e7945fa4b68ba3fcbf40ac3d9f1 P 71699db73012499e8ebee425d3de0746: Neither blocks nor log segments found. Creating new log.
W20260709 14:54:33.624049 16372 leader_election.cc:343] T 005307d7ec4f4ea78bc7612387b03969 P dca949afbf534a1c997c15a446864f6f [CANDIDATE]: Term 1 pre-election: Tablet error from VoteRequest() call to peer b7ff087b4d3f41c9b717fafd36dcde60 (127.14.200.130:38045): Illegal state: must be running to vote when last-logged opid is not known
I20260709 14:54:33.624802 16525 consensus_queue.cc:1048] T c9a244f5844c4e08850ab0b9e6ccac07 P dca949afbf534a1c997c15a446864f6f [LEADER]: Connected to new peer: Peer: permanent_uuid: "b7ff087b4d3f41c9b717fafd36dcde60" member_type: VOTER last_known_addr { host: "127.14.200.130" port: 38045 }, Status: LMP_MISMATCH, Last received: 0.0, Next index: 1, Last known committed idx: 0, Time since last communication: 0.000s
I20260709 14:54:33.634421 16450 tablet_bootstrap.cc:654] T ab7f3208abce460792570536b7b39ad0 P dca949afbf534a1c997c15a446864f6f: Neither blocks nor log segments found. Creating new log.
I20260709 14:54:33.636547 16259 tablet_service.cc:1917] Received RequestConsensusVote() RPC: tablet_id: "005307d7ec4f4ea78bc7612387b03969" candidate_uuid: "dca949afbf534a1c997c15a446864f6f" candidate_term: 1 candidate_status { last_received { term: 0 index: 0 } } ignore_live_leader: false dest_uuid: "71699db73012499e8ebee425d3de0746" is_pre_election: true
I20260709 14:54:33.646579 16448 tablet_bootstrap.cc:492] T 005307d7ec4f4ea78bc7612387b03969 P b7ff087b4d3f41c9b717fafd36dcde60: No bootstrap required, opened a new log
I20260709 14:54:33.647161 16448 ts_tablet_manager.cc:1403] T 005307d7ec4f4ea78bc7612387b03969 P b7ff087b4d3f41c9b717fafd36dcde60: Time spent bootstrapping tablet: real 0.052s	user 0.013s	sys 0.011s
W20260709 14:54:33.643595 16371 leader_election.cc:343] T 005307d7ec4f4ea78bc7612387b03969 P dca949afbf534a1c997c15a446864f6f [CANDIDATE]: Term 1 pre-election: Tablet error from VoteRequest() call to peer 71699db73012499e8ebee425d3de0746 (127.14.200.129:38575): Illegal state: must be running to vote when last-logged opid is not known
I20260709 14:54:33.651299 16371 leader_election.cc:304] T 005307d7ec4f4ea78bc7612387b03969 P dca949afbf534a1c997c15a446864f6f [CANDIDATE]: Term 1 pre-election: Election decided. Result: candidate lost. Election summary: received 3 responses out of 3 voters: 1 yes votes; 2 no votes. yes voters: dca949afbf534a1c997c15a446864f6f; no voters: 71699db73012499e8ebee425d3de0746, b7ff087b4d3f41c9b717fafd36dcde60
I20260709 14:54:33.652978 16462 raft_consensus.cc:2749] T 005307d7ec4f4ea78bc7612387b03969 P dca949afbf534a1c997c15a446864f6f [term 0 FOLLOWER]: Leader pre-election lost for term 1. Reason: could not achieve majority
I20260709 14:54:33.650028 16448 raft_consensus.cc:359] T 005307d7ec4f4ea78bc7612387b03969 P b7ff087b4d3f41c9b717fafd36dcde60 [term 0 FOLLOWER]: Replica starting. Triggering 0 pending ops. Active config: opid_index: -1 OBSOLETE_local: false peers { permanent_uuid: "71699db73012499e8ebee425d3de0746" member_type: VOTER last_known_addr { host: "127.14.200.129" port: 38575 } } peers { permanent_uuid: "b7ff087b4d3f41c9b717fafd36dcde60" member_type: VOTER last_known_addr { host: "127.14.200.130" port: 38045 } } peers { permanent_uuid: "dca949afbf534a1c997c15a446864f6f" member_type: VOTER last_known_addr { host: "127.14.200.131" port: 42055 } }
I20260709 14:54:33.661044 16448 raft_consensus.cc:385] T 005307d7ec4f4ea78bc7612387b03969 P b7ff087b4d3f41c9b717fafd36dcde60 [term 0 FOLLOWER]: Consensus starting up: Expiring failure detector timer to make a prompt election more likely
I20260709 14:54:33.661372 16448 raft_consensus.cc:740] T 005307d7ec4f4ea78bc7612387b03969 P b7ff087b4d3f41c9b717fafd36dcde60 [term 0 FOLLOWER]: Becoming Follower/Learner. State: Replica: b7ff087b4d3f41c9b717fafd36dcde60, State: Initialized, Role: FOLLOWER
I20260709 14:54:33.662089 16448 consensus_queue.cc:260] T 005307d7ec4f4ea78bc7612387b03969 P b7ff087b4d3f41c9b717fafd36dcde60 [NON_LEADER]: Queue going to NON_LEADER mode. State: All replicated index: 0, Majority replicated index: 0, Committed index: 0, Last appended: 0.0, Last appended by leader: 0, Current term: 0, Majority size: -1, State: 0, Mode: NON_LEADER, active raft config: opid_index: -1 OBSOLETE_local: false peers { permanent_uuid: "71699db73012499e8ebee425d3de0746" member_type: VOTER last_known_addr { host: "127.14.200.129" port: 38575 } } peers { permanent_uuid: "b7ff087b4d3f41c9b717fafd36dcde60" member_type: VOTER last_known_addr { host: "127.14.200.130" port: 38045 } } peers { permanent_uuid: "dca949afbf534a1c997c15a446864f6f" member_type: VOTER last_known_addr { host: "127.14.200.131" port: 42055 } }
I20260709 14:54:33.664991 16448 ts_tablet_manager.cc:1434] T 005307d7ec4f4ea78bc7612387b03969 P b7ff087b4d3f41c9b717fafd36dcde60: Time spent starting tablet: real 0.018s	user 0.006s	sys 0.000s
I20260709 14:54:33.668166 16449 tablet_bootstrap.cc:492] T 32bf7e7945fa4b68ba3fcbf40ac3d9f1 P 71699db73012499e8ebee425d3de0746: No bootstrap required, opened a new log
I20260709 14:54:33.668659 16449 ts_tablet_manager.cc:1403] T 32bf7e7945fa4b68ba3fcbf40ac3d9f1 P 71699db73012499e8ebee425d3de0746: Time spent bootstrapping tablet: real 0.084s	user 0.013s	sys 0.008s
I20260709 14:54:33.669561 16448 tablet_bootstrap.cc:492] T 32bf7e7945fa4b68ba3fcbf40ac3d9f1 P b7ff087b4d3f41c9b717fafd36dcde60: Bootstrap starting.
I20260709 14:54:33.671623 16449 raft_consensus.cc:359] T 32bf7e7945fa4b68ba3fcbf40ac3d9f1 P 71699db73012499e8ebee425d3de0746 [term 0 FOLLOWER]: Replica starting. Triggering 0 pending ops. Active config: opid_index: -1 OBSOLETE_local: false peers { permanent_uuid: "71699db73012499e8ebee425d3de0746" member_type: VOTER last_known_addr { host: "127.14.200.129" port: 38575 } } peers { permanent_uuid: "b7ff087b4d3f41c9b717fafd36dcde60" member_type: VOTER last_known_addr { host: "127.14.200.130" port: 38045 } } peers { permanent_uuid: "dca949afbf534a1c997c15a446864f6f" member_type: VOTER last_known_addr { host: "127.14.200.131" port: 42055 } }
I20260709 14:54:33.672334 16449 raft_consensus.cc:385] T 32bf7e7945fa4b68ba3fcbf40ac3d9f1 P 71699db73012499e8ebee425d3de0746 [term 0 FOLLOWER]: Consensus starting up: Expiring failure detector timer to make a prompt election more likely
I20260709 14:54:33.672675 16449 raft_consensus.cc:740] T 32bf7e7945fa4b68ba3fcbf40ac3d9f1 P 71699db73012499e8ebee425d3de0746 [term 0 FOLLOWER]: Becoming Follower/Learner. State: Replica: 71699db73012499e8ebee425d3de0746, State: Initialized, Role: FOLLOWER
I20260709 14:54:33.673374 16449 consensus_queue.cc:260] T 32bf7e7945fa4b68ba3fcbf40ac3d9f1 P 71699db73012499e8ebee425d3de0746 [NON_LEADER]: Queue going to NON_LEADER mode. State: All replicated index: 0, Majority replicated index: 0, Committed index: 0, Last appended: 0.0, Last appended by leader: 0, Current term: 0, Majority size: -1, State: 0, Mode: NON_LEADER, active raft config: opid_index: -1 OBSOLETE_local: false peers { permanent_uuid: "71699db73012499e8ebee425d3de0746" member_type: VOTER last_known_addr { host: "127.14.200.129" port: 38575 } } peers { permanent_uuid: "b7ff087b4d3f41c9b717fafd36dcde60" member_type: VOTER last_known_addr { host: "127.14.200.130" port: 38045 } } peers { permanent_uuid: "dca949afbf534a1c997c15a446864f6f" member_type: VOTER last_known_addr { host: "127.14.200.131" port: 42055 } }
I20260709 14:54:33.676227 16450 tablet_bootstrap.cc:492] T ab7f3208abce460792570536b7b39ad0 P dca949afbf534a1c997c15a446864f6f: No bootstrap required, opened a new log
I20260709 14:54:33.676683 16450 ts_tablet_manager.cc:1403] T ab7f3208abce460792570536b7b39ad0 P dca949afbf534a1c997c15a446864f6f: Time spent bootstrapping tablet: real 0.079s	user 0.010s	sys 0.011s
I20260709 14:54:33.677259 16448 tablet_bootstrap.cc:654] T 32bf7e7945fa4b68ba3fcbf40ac3d9f1 P b7ff087b4d3f41c9b717fafd36dcde60: Neither blocks nor log segments found. Creating new log.
I20260709 14:54:33.679041 16525 raft_consensus.cc:493] T 3045b14b774446a6839073d1cb218ab2 P dca949afbf534a1c997c15a446864f6f [term 0 FOLLOWER]: Starting pre-election (no leader contacted us within the election timeout)
I20260709 14:54:33.679391 16450 raft_consensus.cc:359] T ab7f3208abce460792570536b7b39ad0 P dca949afbf534a1c997c15a446864f6f [term 0 FOLLOWER]: Replica starting. Triggering 0 pending ops. Active config: opid_index: -1 OBSOLETE_local: false peers { permanent_uuid: "71699db73012499e8ebee425d3de0746" member_type: VOTER last_known_addr { host: "127.14.200.129" port: 38575 } } peers { permanent_uuid: "b7ff087b4d3f41c9b717fafd36dcde60" member_type: VOTER last_known_addr { host: "127.14.200.130" port: 38045 } } peers { permanent_uuid: "dca949afbf534a1c997c15a446864f6f" member_type: VOTER last_known_addr { host: "127.14.200.131" port: 42055 } }
I20260709 14:54:33.679520 16525 raft_consensus.cc:515] T 3045b14b774446a6839073d1cb218ab2 P dca949afbf534a1c997c15a446864f6f [term 0 FOLLOWER]: Starting pre-election with config: opid_index: -1 OBSOLETE_local: false peers { permanent_uuid: "71699db73012499e8ebee425d3de0746" member_type: VOTER last_known_addr { host: "127.14.200.129" port: 38575 } } peers { permanent_uuid: "b7ff087b4d3f41c9b717fafd36dcde60" member_type: VOTER last_known_addr { host: "127.14.200.130" port: 38045 } } peers { permanent_uuid: "dca949afbf534a1c997c15a446864f6f" member_type: VOTER last_known_addr { host: "127.14.200.131" port: 42055 } }
I20260709 14:54:33.680145 16450 raft_consensus.cc:385] T ab7f3208abce460792570536b7b39ad0 P dca949afbf534a1c997c15a446864f6f [term 0 FOLLOWER]: Consensus starting up: Expiring failure detector timer to make a prompt election more likely
I20260709 14:54:33.682682 16450 raft_consensus.cc:740] T ab7f3208abce460792570536b7b39ad0 P dca949afbf534a1c997c15a446864f6f [term 0 FOLLOWER]: Becoming Follower/Learner. State: Replica: dca949afbf534a1c997c15a446864f6f, State: Initialized, Role: FOLLOWER
I20260709 14:54:33.683841 16334 tablet_service.cc:1917] Received RequestConsensusVote() RPC: tablet_id: "3045b14b774446a6839073d1cb218ab2" candidate_uuid: "dca949afbf534a1c997c15a446864f6f" candidate_term: 1 candidate_status { last_received { term: 0 index: 0 } } ignore_live_leader: false dest_uuid: "b7ff087b4d3f41c9b717fafd36dcde60" is_pre_election: true
I20260709 14:54:33.683758 16450 consensus_queue.cc:260] T ab7f3208abce460792570536b7b39ad0 P dca949afbf534a1c997c15a446864f6f [NON_LEADER]: Queue going to NON_LEADER mode. State: All replicated index: 0, Majority replicated index: 0, Committed index: 0, Last appended: 0.0, Last appended by leader: 0, Current term: 0, Majority size: -1, State: 0, Mode: NON_LEADER, active raft config: opid_index: -1 OBSOLETE_local: false peers { permanent_uuid: "71699db73012499e8ebee425d3de0746" member_type: VOTER last_known_addr { host: "127.14.200.129" port: 38575 } } peers { permanent_uuid: "b7ff087b4d3f41c9b717fafd36dcde60" member_type: VOTER last_known_addr { host: "127.14.200.130" port: 38045 } } peers { permanent_uuid: "dca949afbf534a1c997c15a446864f6f" member_type: VOTER last_known_addr { host: "127.14.200.131" port: 42055 } }
I20260709 14:54:33.682006 16449 ts_tablet_manager.cc:1434] T 32bf7e7945fa4b68ba3fcbf40ac3d9f1 P 71699db73012499e8ebee425d3de0746: Time spent starting tablet: real 0.013s	user 0.007s	sys 0.000s
W20260709 14:54:33.685412 16372 leader_election.cc:343] T 3045b14b774446a6839073d1cb218ab2 P dca949afbf534a1c997c15a446864f6f [CANDIDATE]: Term 1 pre-election: Tablet error from VoteRequest() call to peer b7ff087b4d3f41c9b717fafd36dcde60 (127.14.200.130:38045): Illegal state: must be running to vote when last-logged opid is not known
I20260709 14:54:33.685998 16525 leader_election.cc:290] T 3045b14b774446a6839073d1cb218ab2 P dca949afbf534a1c997c15a446864f6f [CANDIDATE]: Term 1 pre-election: Requested pre-vote from peers 71699db73012499e8ebee425d3de0746 (127.14.200.129:38575), b7ff087b4d3f41c9b717fafd36dcde60 (127.14.200.130:38045)
I20260709 14:54:33.688546 16450 ts_tablet_manager.cc:1434] T ab7f3208abce460792570536b7b39ad0 P dca949afbf534a1c997c15a446864f6f: Time spent starting tablet: real 0.012s	user 0.006s	sys 0.002s
I20260709 14:54:33.686059 16449 tablet_bootstrap.cc:492] T 35e75d587c86433bb7d06b8b80a83d48 P 71699db73012499e8ebee425d3de0746: Bootstrap starting.
I20260709 14:54:33.692000 16450 tablet_bootstrap.cc:492] T 35e75d587c86433bb7d06b8b80a83d48 P dca949afbf534a1c997c15a446864f6f: Bootstrap starting.
I20260709 14:54:33.694052 16257 tablet_service.cc:1917] Received RequestConsensusVote() RPC: tablet_id: "3045b14b774446a6839073d1cb218ab2" candidate_uuid: "dca949afbf534a1c997c15a446864f6f" candidate_term: 1 candidate_status { last_received { term: 0 index: 0 } } ignore_live_leader: false dest_uuid: "71699db73012499e8ebee425d3de0746" is_pre_election: true
I20260709 14:54:33.694891 16257 raft_consensus.cc:2468] T 3045b14b774446a6839073d1cb218ab2 P 71699db73012499e8ebee425d3de0746 [term 0 FOLLOWER]: Leader pre-election vote request: Granting yes vote for candidate dca949afbf534a1c997c15a446864f6f in term 0.
I20260709 14:54:33.696599 16371 leader_election.cc:304] T 3045b14b774446a6839073d1cb218ab2 P dca949afbf534a1c997c15a446864f6f [CANDIDATE]: Term 1 pre-election: Election decided. Result: candidate won. Election summary: received 3 responses out of 3 voters: 2 yes votes; 1 no votes. yes voters: 71699db73012499e8ebee425d3de0746, dca949afbf534a1c997c15a446864f6f; no voters: b7ff087b4d3f41c9b717fafd36dcde60
I20260709 14:54:33.697546 16476 raft_consensus.cc:2804] T 3045b14b774446a6839073d1cb218ab2 P dca949afbf534a1c997c15a446864f6f [term 0 FOLLOWER]: Leader pre-election won for term 1
I20260709 14:54:33.698064 16476 raft_consensus.cc:493] T 3045b14b774446a6839073d1cb218ab2 P dca949afbf534a1c997c15a446864f6f [term 0 FOLLOWER]: Starting leader election (no leader contacted us within the election timeout)
I20260709 14:54:33.698526 16476 raft_consensus.cc:3060] T 3045b14b774446a6839073d1cb218ab2 P dca949afbf534a1c997c15a446864f6f [term 0 FOLLOWER]: Advancing to term 1
I20260709 14:54:33.703126 16449 tablet_bootstrap.cc:654] T 35e75d587c86433bb7d06b8b80a83d48 P 71699db73012499e8ebee425d3de0746: Neither blocks nor log segments found. Creating new log.
I20260709 14:54:33.706100 16525 raft_consensus.cc:493] T 105f438249d944779f1be3289891225a P dca949afbf534a1c997c15a446864f6f [term 0 FOLLOWER]: Starting pre-election (no leader contacted us within the election timeout)
I20260709 14:54:33.706367 16448 tablet_bootstrap.cc:492] T 32bf7e7945fa4b68ba3fcbf40ac3d9f1 P b7ff087b4d3f41c9b717fafd36dcde60: No bootstrap required, opened a new log
I20260709 14:54:33.706933 16448 ts_tablet_manager.cc:1403] T 32bf7e7945fa4b68ba3fcbf40ac3d9f1 P b7ff087b4d3f41c9b717fafd36dcde60: Time spent bootstrapping tablet: real 0.038s	user 0.017s	sys 0.018s
I20260709 14:54:33.706761 16525 raft_consensus.cc:515] T 105f438249d944779f1be3289891225a P dca949afbf534a1c997c15a446864f6f [term 0 FOLLOWER]: Starting pre-election with config: opid_index: -1 OBSOLETE_local: false peers { permanent_uuid: "71699db73012499e8ebee425d3de0746" member_type: VOTER last_known_addr { host: "127.14.200.129" port: 38575 } } peers { permanent_uuid: "b7ff087b4d3f41c9b717fafd36dcde60" member_type: VOTER last_known_addr { host: "127.14.200.130" port: 38045 } } peers { permanent_uuid: "dca949afbf534a1c997c15a446864f6f" member_type: VOTER last_known_addr { host: "127.14.200.131" port: 42055 } }
I20260709 14:54:33.707347 16476 raft_consensus.cc:515] T 3045b14b774446a6839073d1cb218ab2 P dca949afbf534a1c997c15a446864f6f [term 1 FOLLOWER]: Starting leader election with config: opid_index: -1 OBSOLETE_local: false peers { permanent_uuid: "71699db73012499e8ebee425d3de0746" member_type: VOTER last_known_addr { host: "127.14.200.129" port: 38575 } } peers { permanent_uuid: "b7ff087b4d3f41c9b717fafd36dcde60" member_type: VOTER last_known_addr { host: "127.14.200.130" port: 38045 } } peers { permanent_uuid: "dca949afbf534a1c997c15a446864f6f" member_type: VOTER last_known_addr { host: "127.14.200.131" port: 42055 } }
I20260709 14:54:33.709781 16448 raft_consensus.cc:359] T 32bf7e7945fa4b68ba3fcbf40ac3d9f1 P b7ff087b4d3f41c9b717fafd36dcde60 [term 0 FOLLOWER]: Replica starting. Triggering 0 pending ops. Active config: opid_index: -1 OBSOLETE_local: false peers { permanent_uuid: "71699db73012499e8ebee425d3de0746" member_type: VOTER last_known_addr { host: "127.14.200.129" port: 38575 } } peers { permanent_uuid: "b7ff087b4d3f41c9b717fafd36dcde60" member_type: VOTER last_known_addr { host: "127.14.200.130" port: 38045 } } peers { permanent_uuid: "dca949afbf534a1c997c15a446864f6f" member_type: VOTER last_known_addr { host: "127.14.200.131" port: 42055 } }
I20260709 14:54:33.710199 16525 leader_election.cc:290] T 105f438249d944779f1be3289891225a P dca949afbf534a1c997c15a446864f6f [CANDIDATE]: Term 1 pre-election: Requested pre-vote from peers 71699db73012499e8ebee425d3de0746 (127.14.200.129:38575), b7ff087b4d3f41c9b717fafd36dcde60 (127.14.200.130:38045)
I20260709 14:54:33.710529 16448 raft_consensus.cc:385] T 32bf7e7945fa4b68ba3fcbf40ac3d9f1 P b7ff087b4d3f41c9b717fafd36dcde60 [term 0 FOLLOWER]: Consensus starting up: Expiring failure detector timer to make a prompt election more likely
I20260709 14:54:33.710671 16334 tablet_service.cc:1917] Received RequestConsensusVote() RPC: tablet_id: "3045b14b774446a6839073d1cb218ab2" candidate_uuid: "dca949afbf534a1c997c15a446864f6f" candidate_term: 1 candidate_status { last_received { term: 0 index: 0 } } ignore_live_leader: false dest_uuid: "b7ff087b4d3f41c9b717fafd36dcde60"
I20260709 14:54:33.710875 16448 raft_consensus.cc:740] T 32bf7e7945fa4b68ba3fcbf40ac3d9f1 P b7ff087b4d3f41c9b717fafd36dcde60 [term 0 FOLLOWER]: Becoming Follower/Learner. State: Replica: b7ff087b4d3f41c9b717fafd36dcde60, State: Initialized, Role: FOLLOWER
I20260709 14:54:33.711261 16450 tablet_bootstrap.cc:654] T 35e75d587c86433bb7d06b8b80a83d48 P dca949afbf534a1c997c15a446864f6f: Neither blocks nor log segments found. Creating new log.
I20260709 14:54:33.711609 16448 consensus_queue.cc:260] T 32bf7e7945fa4b68ba3fcbf40ac3d9f1 P b7ff087b4d3f41c9b717fafd36dcde60 [NON_LEADER]: Queue going to NON_LEADER mode. State: All replicated index: 0, Majority replicated index: 0, Committed index: 0, Last appended: 0.0, Last appended by leader: 0, Current term: 0, Majority size: -1, State: 0, Mode: NON_LEADER, active raft config: opid_index: -1 OBSOLETE_local: false peers { permanent_uuid: "71699db73012499e8ebee425d3de0746" member_type: VOTER last_known_addr { host: "127.14.200.129" port: 38575 } } peers { permanent_uuid: "b7ff087b4d3f41c9b717fafd36dcde60" member_type: VOTER last_known_addr { host: "127.14.200.130" port: 38045 } } peers { permanent_uuid: "dca949afbf534a1c997c15a446864f6f" member_type: VOTER last_known_addr { host: "127.14.200.131" port: 42055 } }
W20260709 14:54:33.712523 16372 leader_election.cc:343] T 3045b14b774446a6839073d1cb218ab2 P dca949afbf534a1c997c15a446864f6f [CANDIDATE]: Term 1 election: Tablet error from VoteRequest() call to peer b7ff087b4d3f41c9b717fafd36dcde60 (127.14.200.130:38045): Illegal state: must be running to vote when last-logged opid is not known
I20260709 14:54:33.713841 16334 tablet_service.cc:1917] Received RequestConsensusVote() RPC: tablet_id: "105f438249d944779f1be3289891225a" candidate_uuid: "dca949afbf534a1c997c15a446864f6f" candidate_term: 1 candidate_status { last_received { term: 0 index: 0 } } ignore_live_leader: false dest_uuid: "b7ff087b4d3f41c9b717fafd36dcde60" is_pre_election: true
I20260709 14:54:33.714075 16448 ts_tablet_manager.cc:1434] T 32bf7e7945fa4b68ba3fcbf40ac3d9f1 P b7ff087b4d3f41c9b717fafd36dcde60: Time spent starting tablet: real 0.007s	user 0.006s	sys 0.000s
I20260709 14:54:33.714198 16257 tablet_service.cc:1917] Received RequestConsensusVote() RPC: tablet_id: "105f438249d944779f1be3289891225a" candidate_uuid: "dca949afbf534a1c997c15a446864f6f" candidate_term: 1 candidate_status { last_received { term: 0 index: 0 } } ignore_live_leader: false dest_uuid: "71699db73012499e8ebee425d3de0746" is_pre_election: true
I20260709 14:54:33.715090 16448 tablet_bootstrap.cc:492] T 35e75d587c86433bb7d06b8b80a83d48 P b7ff087b4d3f41c9b717fafd36dcde60: Bootstrap starting.
W20260709 14:54:33.715255 16372 leader_election.cc:343] T 105f438249d944779f1be3289891225a P dca949afbf534a1c997c15a446864f6f [CANDIDATE]: Term 1 pre-election: Tablet error from VoteRequest() call to peer b7ff087b4d3f41c9b717fafd36dcde60 (127.14.200.130:38045): Illegal state: must be running to vote when last-logged opid is not known
I20260709 14:54:33.715794 16476 leader_election.cc:290] T 3045b14b774446a6839073d1cb218ab2 P dca949afbf534a1c997c15a446864f6f [CANDIDATE]: Term 1 election: Requested vote from peers 71699db73012499e8ebee425d3de0746 (127.14.200.129:38575), b7ff087b4d3f41c9b717fafd36dcde60 (127.14.200.130:38045)
I20260709 14:54:33.718779 16257 tablet_service.cc:1917] Received RequestConsensusVote() RPC: tablet_id: "3045b14b774446a6839073d1cb218ab2" candidate_uuid: "dca949afbf534a1c997c15a446864f6f" candidate_term: 1 candidate_status { last_received { term: 0 index: 0 } } ignore_live_leader: false dest_uuid: "71699db73012499e8ebee425d3de0746"
I20260709 14:54:33.719615 16257 raft_consensus.cc:3060] T 3045b14b774446a6839073d1cb218ab2 P 71699db73012499e8ebee425d3de0746 [term 0 FOLLOWER]: Advancing to term 1
I20260709 14:54:33.720976 16450 tablet_bootstrap.cc:492] T 35e75d587c86433bb7d06b8b80a83d48 P dca949afbf534a1c997c15a446864f6f: No bootstrap required, opened a new log
I20260709 14:54:33.721073 16448 tablet_bootstrap.cc:654] T 35e75d587c86433bb7d06b8b80a83d48 P b7ff087b4d3f41c9b717fafd36dcde60: Neither blocks nor log segments found. Creating new log.
I20260709 14:54:33.721539 16450 ts_tablet_manager.cc:1403] T 35e75d587c86433bb7d06b8b80a83d48 P dca949afbf534a1c997c15a446864f6f: Time spent bootstrapping tablet: real 0.030s	user 0.012s	sys 0.004s
I20260709 14:54:33.724486 16449 tablet_bootstrap.cc:492] T 35e75d587c86433bb7d06b8b80a83d48 P 71699db73012499e8ebee425d3de0746: No bootstrap required, opened a new log
I20260709 14:54:33.729530 16449 ts_tablet_manager.cc:1403] T 35e75d587c86433bb7d06b8b80a83d48 P 71699db73012499e8ebee425d3de0746: Time spent bootstrapping tablet: real 0.044s	user 0.012s	sys 0.000s
I20260709 14:54:33.732280 16448 tablet_bootstrap.cc:492] T 35e75d587c86433bb7d06b8b80a83d48 P b7ff087b4d3f41c9b717fafd36dcde60: No bootstrap required, opened a new log
I20260709 14:54:33.732759 16448 ts_tablet_manager.cc:1403] T 35e75d587c86433bb7d06b8b80a83d48 P b7ff087b4d3f41c9b717fafd36dcde60: Time spent bootstrapping tablet: real 0.018s	user 0.007s	sys 0.008s
I20260709 14:54:33.732767 16449 raft_consensus.cc:359] T 35e75d587c86433bb7d06b8b80a83d48 P 71699db73012499e8ebee425d3de0746 [term 0 FOLLOWER]: Replica starting. Triggering 0 pending ops. Active config: opid_index: -1 OBSOLETE_local: false peers { permanent_uuid: "71699db73012499e8ebee425d3de0746" member_type: VOTER last_known_addr { host: "127.14.200.129" port: 38575 } } peers { permanent_uuid: "b7ff087b4d3f41c9b717fafd36dcde60" member_type: VOTER last_known_addr { host: "127.14.200.130" port: 38045 } } peers { permanent_uuid: "dca949afbf534a1c997c15a446864f6f" member_type: VOTER last_known_addr { host: "127.14.200.131" port: 42055 } }
I20260709 14:54:33.733783 16449 raft_consensus.cc:385] T 35e75d587c86433bb7d06b8b80a83d48 P 71699db73012499e8ebee425d3de0746 [term 0 FOLLOWER]: Consensus starting up: Expiring failure detector timer to make a prompt election more likely
W20260709 14:54:33.725523 16371 leader_election.cc:343] T 105f438249d944779f1be3289891225a P dca949afbf534a1c997c15a446864f6f [CANDIDATE]: Term 1 pre-election: Tablet error from VoteRequest() call to peer 71699db73012499e8ebee425d3de0746 (127.14.200.129:38575): Illegal state: must be running to vote when last-logged opid is not known
I20260709 14:54:33.734143 16449 raft_consensus.cc:740] T 35e75d587c86433bb7d06b8b80a83d48 P 71699db73012499e8ebee425d3de0746 [term 0 FOLLOWER]: Becoming Follower/Learner. State: Replica: 71699db73012499e8ebee425d3de0746, State: Initialized, Role: FOLLOWER
I20260709 14:54:33.734345 16371 leader_election.cc:304] T 105f438249d944779f1be3289891225a P dca949afbf534a1c997c15a446864f6f [CANDIDATE]: Term 1 pre-election: Election decided. Result: candidate lost. Election summary: received 3 responses out of 3 voters: 1 yes votes; 2 no votes. yes voters: dca949afbf534a1c997c15a446864f6f; no voters: 71699db73012499e8ebee425d3de0746, b7ff087b4d3f41c9b717fafd36dcde60
I20260709 14:54:33.727970 16257 raft_consensus.cc:2468] T 3045b14b774446a6839073d1cb218ab2 P 71699db73012499e8ebee425d3de0746 [term 1 FOLLOWER]: Leader election vote request: Granting yes vote for candidate dca949afbf534a1c997c15a446864f6f in term 1.
I20260709 14:54:33.735225 16476 raft_consensus.cc:2749] T 105f438249d944779f1be3289891225a P dca949afbf534a1c997c15a446864f6f [term 0 FOLLOWER]: Leader pre-election lost for term 1. Reason: could not achieve majority
I20260709 14:54:33.735392 16448 raft_consensus.cc:359] T 35e75d587c86433bb7d06b8b80a83d48 P b7ff087b4d3f41c9b717fafd36dcde60 [term 0 FOLLOWER]: Replica starting. Triggering 0 pending ops. Active config: opid_index: -1 OBSOLETE_local: false peers { permanent_uuid: "71699db73012499e8ebee425d3de0746" member_type: VOTER last_known_addr { host: "127.14.200.129" port: 38575 } } peers { permanent_uuid: "b7ff087b4d3f41c9b717fafd36dcde60" member_type: VOTER last_known_addr { host: "127.14.200.130" port: 38045 } } peers { permanent_uuid: "dca949afbf534a1c997c15a446864f6f" member_type: VOTER last_known_addr { host: "127.14.200.131" port: 42055 } }
I20260709 14:54:33.724408 16450 raft_consensus.cc:359] T 35e75d587c86433bb7d06b8b80a83d48 P dca949afbf534a1c997c15a446864f6f [term 0 FOLLOWER]: Replica starting. Triggering 0 pending ops. Active config: opid_index: -1 OBSOLETE_local: false peers { permanent_uuid: "71699db73012499e8ebee425d3de0746" member_type: VOTER last_known_addr { host: "127.14.200.129" port: 38575 } } peers { permanent_uuid: "b7ff087b4d3f41c9b717fafd36dcde60" member_type: VOTER last_known_addr { host: "127.14.200.130" port: 38045 } } peers { permanent_uuid: "dca949afbf534a1c997c15a446864f6f" member_type: VOTER last_known_addr { host: "127.14.200.131" port: 42055 } }
I20260709 14:54:33.736320 16448 raft_consensus.cc:385] T 35e75d587c86433bb7d06b8b80a83d48 P b7ff087b4d3f41c9b717fafd36dcde60 [term 0 FOLLOWER]: Consensus starting up: Expiring failure detector timer to make a prompt election more likely
I20260709 14:54:33.736413 16450 raft_consensus.cc:385] T 35e75d587c86433bb7d06b8b80a83d48 P dca949afbf534a1c997c15a446864f6f [term 0 FOLLOWER]: Consensus starting up: Expiring failure detector timer to make a prompt election more likely
I20260709 14:54:33.736627 16448 raft_consensus.cc:740] T 35e75d587c86433bb7d06b8b80a83d48 P b7ff087b4d3f41c9b717fafd36dcde60 [term 0 FOLLOWER]: Becoming Follower/Learner. State: Replica: b7ff087b4d3f41c9b717fafd36dcde60, State: Initialized, Role: FOLLOWER
I20260709 14:54:33.736827 16450 raft_consensus.cc:740] T 35e75d587c86433bb7d06b8b80a83d48 P dca949afbf534a1c997c15a446864f6f [term 0 FOLLOWER]: Becoming Follower/Learner. State: Replica: dca949afbf534a1c997c15a446864f6f, State: Initialized, Role: FOLLOWER
I20260709 14:54:33.736795 16371 leader_election.cc:304] T 3045b14b774446a6839073d1cb218ab2 P dca949afbf534a1c997c15a446864f6f [CANDIDATE]: Term 1 election: Election decided. Result: candidate won. Election summary: received 3 responses out of 3 voters: 2 yes votes; 1 no votes. yes voters: 71699db73012499e8ebee425d3de0746, dca949afbf534a1c997c15a446864f6f; no voters: b7ff087b4d3f41c9b717fafd36dcde60
I20260709 14:54:33.738451 16476 raft_consensus.cc:2804] T 3045b14b774446a6839073d1cb218ab2 P dca949afbf534a1c997c15a446864f6f [term 1 FOLLOWER]: Leader election won for term 1
I20260709 14:54:33.738323 16450 consensus_queue.cc:260] T 35e75d587c86433bb7d06b8b80a83d48 P dca949afbf534a1c997c15a446864f6f [NON_LEADER]: Queue going to NON_LEADER mode. State: All replicated index: 0, Majority replicated index: 0, Committed index: 0, Last appended: 0.0, Last appended by leader: 0, Current term: 0, Majority size: -1, State: 0, Mode: NON_LEADER, active raft config: opid_index: -1 OBSOLETE_local: false peers { permanent_uuid: "71699db73012499e8ebee425d3de0746" member_type: VOTER last_known_addr { host: "127.14.200.129" port: 38575 } } peers { permanent_uuid: "b7ff087b4d3f41c9b717fafd36dcde60" member_type: VOTER last_known_addr { host: "127.14.200.130" port: 38045 } } peers { permanent_uuid: "dca949afbf534a1c997c15a446864f6f" member_type: VOTER last_known_addr { host: "127.14.200.131" port: 42055 } }
I20260709 14:54:33.738394 16448 consensus_queue.cc:260] T 35e75d587c86433bb7d06b8b80a83d48 P b7ff087b4d3f41c9b717fafd36dcde60 [NON_LEADER]: Queue going to NON_LEADER mode. State: All replicated index: 0, Majority replicated index: 0, Committed index: 0, Last appended: 0.0, Last appended by leader: 0, Current term: 0, Majority size: -1, State: 0, Mode: NON_LEADER, active raft config: opid_index: -1 OBSOLETE_local: false peers { permanent_uuid: "71699db73012499e8ebee425d3de0746" member_type: VOTER last_known_addr { host: "127.14.200.129" port: 38575 } } peers { permanent_uuid: "b7ff087b4d3f41c9b717fafd36dcde60" member_type: VOTER last_known_addr { host: "127.14.200.130" port: 38045 } } peers { permanent_uuid: "dca949afbf534a1c997c15a446864f6f" member_type: VOTER last_known_addr { host: "127.14.200.131" port: 42055 } }
I20260709 14:54:33.739091 16476 raft_consensus.cc:697] T 3045b14b774446a6839073d1cb218ab2 P dca949afbf534a1c997c15a446864f6f [term 1 LEADER]: Becoming Leader. State: Replica: dca949afbf534a1c997c15a446864f6f, State: Running, Role: LEADER
I20260709 14:54:33.740139 16476 consensus_queue.cc:237] T 3045b14b774446a6839073d1cb218ab2 P dca949afbf534a1c997c15a446864f6f [LEADER]: Queue going to LEADER mode. State: All replicated index: 0, Majority replicated index: 0, Committed index: 0, Last appended: 0.0, Last appended by leader: 0, Current term: 1, Majority size: 2, State: 0, Mode: LEADER, active raft config: opid_index: -1 OBSOLETE_local: false peers { permanent_uuid: "71699db73012499e8ebee425d3de0746" member_type: VOTER last_known_addr { host: "127.14.200.129" port: 38575 } } peers { permanent_uuid: "b7ff087b4d3f41c9b717fafd36dcde60" member_type: VOTER last_known_addr { host: "127.14.200.130" port: 38045 } } peers { permanent_uuid: "dca949afbf534a1c997c15a446864f6f" member_type: VOTER last_known_addr { host: "127.14.200.131" port: 42055 } }
I20260709 14:54:33.740842 16450 ts_tablet_manager.cc:1434] T 35e75d587c86433bb7d06b8b80a83d48 P dca949afbf534a1c997c15a446864f6f: Time spent starting tablet: real 0.019s	user 0.008s	sys 0.000s
I20260709 14:54:33.740991 16448 ts_tablet_manager.cc:1434] T 35e75d587c86433bb7d06b8b80a83d48 P b7ff087b4d3f41c9b717fafd36dcde60: Time spent starting tablet: real 0.008s	user 0.006s	sys 0.002s
I20260709 14:54:33.741858 16450 tablet_bootstrap.cc:492] T f6f91f3624ed466e8fa51ab4581ba0f8 P dca949afbf534a1c997c15a446864f6f: Bootstrap starting.
I20260709 14:54:33.741959 16448 tablet_bootstrap.cc:492] T 105f438249d944779f1be3289891225a P b7ff087b4d3f41c9b717fafd36dcde60: Bootstrap starting.
I20260709 14:54:33.751080 16450 tablet_bootstrap.cc:654] T f6f91f3624ed466e8fa51ab4581ba0f8 P dca949afbf534a1c997c15a446864f6f: Neither blocks nor log segments found. Creating new log.
I20260709 14:54:33.751211 16448 tablet_bootstrap.cc:654] T 105f438249d944779f1be3289891225a P b7ff087b4d3f41c9b717fafd36dcde60: Neither blocks nor log segments found. Creating new log.
I20260709 14:54:33.752097 16525 raft_consensus.cc:493] T 2db0dd5f6f78486786d59f714e623128 P dca949afbf534a1c997c15a446864f6f [term 0 FOLLOWER]: Starting pre-election (no leader contacted us within the election timeout)
I20260709 14:54:33.752671 16525 raft_consensus.cc:515] T 2db0dd5f6f78486786d59f714e623128 P dca949afbf534a1c997c15a446864f6f [term 0 FOLLOWER]: Starting pre-election with config: opid_index: -1 OBSOLETE_local: false peers { permanent_uuid: "71699db73012499e8ebee425d3de0746" member_type: VOTER last_known_addr { host: "127.14.200.129" port: 38575 } } peers { permanent_uuid: "b7ff087b4d3f41c9b717fafd36dcde60" member_type: VOTER last_known_addr { host: "127.14.200.130" port: 38045 } } peers { permanent_uuid: "dca949afbf534a1c997c15a446864f6f" member_type: VOTER last_known_addr { host: "127.14.200.131" port: 42055 } }
I20260709 14:54:33.757007 16525 leader_election.cc:290] T 2db0dd5f6f78486786d59f714e623128 P dca949afbf534a1c997c15a446864f6f [CANDIDATE]: Term 1 pre-election: Requested pre-vote from peers 71699db73012499e8ebee425d3de0746 (127.14.200.129:38575), b7ff087b4d3f41c9b717fafd36dcde60 (127.14.200.130:38045)
I20260709 14:54:33.758118 16334 tablet_service.cc:1917] Received RequestConsensusVote() RPC: tablet_id: "2db0dd5f6f78486786d59f714e623128" candidate_uuid: "dca949afbf534a1c997c15a446864f6f" candidate_term: 1 candidate_status { last_received { term: 0 index: 0 } } ignore_live_leader: false dest_uuid: "b7ff087b4d3f41c9b717fafd36dcde60" is_pre_election: true
W20260709 14:54:33.760682 16372 leader_election.cc:343] T 2db0dd5f6f78486786d59f714e623128 P dca949afbf534a1c997c15a446864f6f [CANDIDATE]: Term 1 pre-election: Tablet error from VoteRequest() call to peer b7ff087b4d3f41c9b717fafd36dcde60 (127.14.200.130:38045): Illegal state: must be running to vote when last-logged opid is not known
I20260709 14:54:33.761749 16450 tablet_bootstrap.cc:492] T f6f91f3624ed466e8fa51ab4581ba0f8 P dca949afbf534a1c997c15a446864f6f: No bootstrap required, opened a new log
I20260709 14:54:33.762253 16450 ts_tablet_manager.cc:1403] T f6f91f3624ed466e8fa51ab4581ba0f8 P dca949afbf534a1c997c15a446864f6f: Time spent bootstrapping tablet: real 0.021s	user 0.007s	sys 0.007s
I20260709 14:54:33.765048 16257 tablet_service.cc:1917] Received RequestConsensusVote() RPC: tablet_id: "2db0dd5f6f78486786d59f714e623128" candidate_uuid: "dca949afbf534a1c997c15a446864f6f" candidate_term: 1 candidate_status { last_received { term: 0 index: 0 } } ignore_live_leader: false dest_uuid: "71699db73012499e8ebee425d3de0746" is_pre_election: true
I20260709 14:54:33.765442 16450 raft_consensus.cc:359] T f6f91f3624ed466e8fa51ab4581ba0f8 P dca949afbf534a1c997c15a446864f6f [term 0 FOLLOWER]: Replica starting. Triggering 0 pending ops. Active config: opid_index: -1 OBSOLETE_local: false peers { permanent_uuid: "71699db73012499e8ebee425d3de0746" member_type: VOTER last_known_addr { host: "127.14.200.129" port: 38575 } } peers { permanent_uuid: "b7ff087b4d3f41c9b717fafd36dcde60" member_type: VOTER last_known_addr { host: "127.14.200.130" port: 38045 } } peers { permanent_uuid: "dca949afbf534a1c997c15a446864f6f" member_type: VOTER last_known_addr { host: "127.14.200.131" port: 42055 } }
I20260709 14:54:33.766130 16450 raft_consensus.cc:385] T f6f91f3624ed466e8fa51ab4581ba0f8 P dca949afbf534a1c997c15a446864f6f [term 0 FOLLOWER]: Consensus starting up: Expiring failure detector timer to make a prompt election more likely
I20260709 14:54:33.765861 16454 consensus_queue.cc:1048] T 11ecb860c314447ab34fa9dc6434e018 P 71699db73012499e8ebee425d3de0746 [LEADER]: Connected to new peer: Peer: permanent_uuid: "dca949afbf534a1c997c15a446864f6f" member_type: VOTER last_known_addr { host: "127.14.200.131" port: 42055 }, Status: LMP_MISMATCH, Last received: 0.0, Next index: 1, Last known committed idx: 0, Time since last communication: 0.001s
I20260709 14:54:33.766460 16450 raft_consensus.cc:740] T f6f91f3624ed466e8fa51ab4581ba0f8 P dca949afbf534a1c997c15a446864f6f [term 0 FOLLOWER]: Becoming Follower/Learner. State: Replica: dca949afbf534a1c997c15a446864f6f, State: Initialized, Role: FOLLOWER
W20260709 14:54:33.766798 16371 leader_election.cc:343] T 2db0dd5f6f78486786d59f714e623128 P dca949afbf534a1c997c15a446864f6f [CANDIDATE]: Term 1 pre-election: Tablet error from VoteRequest() call to peer 71699db73012499e8ebee425d3de0746 (127.14.200.129:38575): Illegal state: must be running to vote when last-logged opid is not known
I20260709 14:54:33.767279 16371 leader_election.cc:304] T 2db0dd5f6f78486786d59f714e623128 P dca949afbf534a1c997c15a446864f6f [CANDIDATE]: Term 1 pre-election: Election decided. Result: candidate lost. Election summary: received 3 responses out of 3 voters: 1 yes votes; 2 no votes. yes voters: dca949afbf534a1c997c15a446864f6f; no voters: 71699db73012499e8ebee425d3de0746, b7ff087b4d3f41c9b717fafd36dcde60
I20260709 14:54:33.768158 16478 raft_consensus.cc:2749] T 2db0dd5f6f78486786d59f714e623128 P dca949afbf534a1c997c15a446864f6f [term 0 FOLLOWER]: Leader pre-election lost for term 1. Reason: could not achieve majority
I20260709 14:54:33.735255 16449 consensus_queue.cc:260] T 35e75d587c86433bb7d06b8b80a83d48 P 71699db73012499e8ebee425d3de0746 [NON_LEADER]: Queue going to NON_LEADER mode. State: All replicated index: 0, Majority replicated index: 0, Committed index: 0, Last appended: 0.0, Last appended by leader: 0, Current term: 0, Majority size: -1, State: 0, Mode: NON_LEADER, active raft config: opid_index: -1 OBSOLETE_local: false peers { permanent_uuid: "71699db73012499e8ebee425d3de0746" member_type: VOTER last_known_addr { host: "127.14.200.129" port: 38575 } } peers { permanent_uuid: "b7ff087b4d3f41c9b717fafd36dcde60" member_type: VOTER last_known_addr { host: "127.14.200.130" port: 38045 } } peers { permanent_uuid: "dca949afbf534a1c997c15a446864f6f" member_type: VOTER last_known_addr { host: "127.14.200.131" port: 42055 } }
