W20260709 14:54:32.507764 16225 leader_election.cc:343] T a9e903e7693d48f7975eb11ebc847712 P 71699db73012499e8ebee425d3de0746 [CANDIDATE]: Term 1 pre-election: Tablet error from VoteRequest() call to peer dca949afbf534a1c997c15a446864f6f (127.14.200.131:42055): Illegal state: must be running to vote when last-logged opid is not known
I20260709 14:54:32.508211 16225 leader_election.cc:304] T a9e903e7693d48f7975eb11ebc847712 P 71699db73012499e8ebee425d3de0746 [CANDIDATE]: Term 1 pre-election: Election decided. Result: candidate lost. Election summary: received 3 responses out of 3 voters: 1 yes votes; 2 no votes. yes voters: 71699db73012499e8ebee425d3de0746; no voters: b7ff087b4d3f41c9b717fafd36dcde60, dca949afbf534a1c997c15a446864f6f
I20260709 14:54:32.509332 16454 raft_consensus.cc:2749] T a9e903e7693d48f7975eb11ebc847712 P 71699db73012499e8ebee425d3de0746 [term 0 FOLLOWER]: Leader pre-election lost for term 1. Reason: could not achieve majority
I20260709 14:54:32.441248 16462 raft_consensus.cc:515] T 6bc481c9ffdd4060a0210260634d0281 P dca949afbf534a1c997c15a446864f6f [term 1 FOLLOWER]: Starting leader election with config: opid_index: -1 OBSOLETE_local: false peers { permanent_uuid: "71699db73012499e8ebee425d3de0746" member_type: VOTER last_known_addr { host: "127.14.200.129" port: 38575 } } peers { permanent_uuid: "b7ff087b4d3f41c9b717fafd36dcde60" member_type: VOTER last_known_addr { host: "127.14.200.130" port: 38045 } } peers { permanent_uuid: "dca949afbf534a1c997c15a446864f6f" member_type: VOTER last_known_addr { host: "127.14.200.131" port: 42055 } }
I20260709 14:54:32.514387 16333 tablet_service.cc:1917] Received RequestConsensusVote() RPC: tablet_id: "6bc481c9ffdd4060a0210260634d0281" candidate_uuid: "dca949afbf534a1c997c15a446864f6f" candidate_term: 1 candidate_status { last_received { term: 0 index: 0 } } ignore_live_leader: false dest_uuid: "b7ff087b4d3f41c9b717fafd36dcde60"
W20260709 14:54:32.516448 16372 leader_election.cc:343] T 6bc481c9ffdd4060a0210260634d0281 P dca949afbf534a1c997c15a446864f6f [CANDIDATE]: Term 1 election: Tablet error from VoteRequest() call to peer b7ff087b4d3f41c9b717fafd36dcde60 (127.14.200.130:38045): Illegal state: must be running to vote when last-logged opid is not known
I20260709 14:54:32.517326 16462 leader_election.cc:290] T 6bc481c9ffdd4060a0210260634d0281 P dca949afbf534a1c997c15a446864f6f [CANDIDATE]: Term 1 election: Requested vote from peers 71699db73012499e8ebee425d3de0746 (127.14.200.129:38575), b7ff087b4d3f41c9b717fafd36dcde60 (127.14.200.130:38045)
I20260709 14:54:32.523357 16462 raft_consensus.cc:2749] T 11ecb860c314447ab34fa9dc6434e018 P dca949afbf534a1c997c15a446864f6f [term 0 FOLLOWER]: Leader pre-election lost for term 1. Reason: could not achieve majority
I20260709 14:54:32.492765 16448 raft_consensus.cc:385] T d6008e1dd0234d18b46d8f6a1481c423 P b7ff087b4d3f41c9b717fafd36dcde60 [term 0 FOLLOWER]: Consensus starting up: Expiring failure detector timer to make a prompt election more likely
I20260709 14:54:32.526394 16392 data_dirs.cc:400] Could only allocate 1 dirs of requested 3 for tablet 3af12563e01b423aa32bf292856bcdd6. 1 dirs total, 0 dirs full, 0 dirs failed
I20260709 14:54:32.530632 16245 tablet_service.cc:1511] Processing CreateTablet for tablet 80d2ae0db3ce464ab44cda63b30ef935 (DEFAULT_TABLE table=test-workload [id=5db8b73cc2224ae9912148bbeb3e0aa6]), partition=RANGE (key) PARTITION 2111085566 <= VALUES
I20260709 14:54:32.526531 16448 raft_consensus.cc:740] T d6008e1dd0234d18b46d8f6a1481c423 P b7ff087b4d3f41c9b717fafd36dcde60 [term 0 FOLLOWER]: Becoming Follower/Learner. State: Replica: b7ff087b4d3f41c9b717fafd36dcde60, State: Initialized, Role: FOLLOWER
I20260709 14:54:32.531497 16450 ts_tablet_manager.cc:1434] T c9a244f5844c4e08850ab0b9e6ccac07 P dca949afbf534a1c997c15a446864f6f: Time spent starting tablet: real 0.090s	user 0.010s	sys 0.033s
I20260709 14:54:32.533604 16448 consensus_queue.cc:260] T d6008e1dd0234d18b46d8f6a1481c423 P b7ff087b4d3f41c9b717fafd36dcde60 [NON_LEADER]: Queue going to NON_LEADER mode. State: All replicated index: 0, Majority replicated index: 0, Committed index: 0, Last appended: 0.0, Last appended by leader: 0, Current term: 0, Majority size: -1, State: 0, Mode: NON_LEADER, active raft config: opid_index: -1 OBSOLETE_local: false peers { permanent_uuid: "71699db73012499e8ebee425d3de0746" member_type: VOTER last_known_addr { host: "127.14.200.129" port: 38575 } } peers { permanent_uuid: "b7ff087b4d3f41c9b717fafd36dcde60" member_type: VOTER last_known_addr { host: "127.14.200.130" port: 38045 } } peers { permanent_uuid: "dca949afbf534a1c997c15a446864f6f" member_type: VOTER last_known_addr { host: "127.14.200.131" port: 42055 } }
I20260709 14:54:32.534895 16245 data_dirs.cc:400] Could only allocate 1 dirs of requested 3 for tablet 80d2ae0db3ce464ab44cda63b30ef935. 1 dirs total, 0 dirs full, 0 dirs failed
I20260709 14:54:32.534135 16450 tablet_bootstrap.cc:492] T d6008e1dd0234d18b46d8f6a1481c423 P dca949afbf534a1c997c15a446864f6f: Bootstrap starting.
I20260709 14:54:32.535821 16448 ts_tablet_manager.cc:1434] T d6008e1dd0234d18b46d8f6a1481c423 P b7ff087b4d3f41c9b717fafd36dcde60: Time spent starting tablet: real 0.132s	user 0.007s	sys 0.000s
I20260709 14:54:32.537592 16449 tablet_bootstrap.cc:654] T d6008e1dd0234d18b46d8f6a1481c423 P 71699db73012499e8ebee425d3de0746: Neither blocks nor log segments found. Creating new log.
I20260709 14:54:32.543973 16259 tablet_service.cc:1917] Received RequestConsensusVote() RPC: tablet_id: "6bc481c9ffdd4060a0210260634d0281" candidate_uuid: "dca949afbf534a1c997c15a446864f6f" candidate_term: 1 candidate_status { last_received { term: 0 index: 0 } } ignore_live_leader: false dest_uuid: "71699db73012499e8ebee425d3de0746"
I20260709 14:54:32.544620 16259 raft_consensus.cc:3060] T 6bc481c9ffdd4060a0210260634d0281 P 71699db73012499e8ebee425d3de0746 [term 0 FOLLOWER]: Advancing to term 1
I20260709 14:54:32.549314 16448 tablet_bootstrap.cc:492] T c9a244f5844c4e08850ab0b9e6ccac07 P b7ff087b4d3f41c9b717fafd36dcde60: Bootstrap starting.
I20260709 14:54:32.523576 16478 raft_consensus.cc:493] T d3882bd7f0b246e5a34b89dd3d54cc40 P dca949afbf534a1c997c15a446864f6f [term 0 FOLLOWER]: Starting pre-election (no leader contacted us within the election timeout)
I20260709 14:54:32.562408 16478 raft_consensus.cc:515] T d3882bd7f0b246e5a34b89dd3d54cc40 P dca949afbf534a1c997c15a446864f6f [term 0 FOLLOWER]: Starting pre-election with config: opid_index: -1 OBSOLETE_local: false peers { permanent_uuid: "71699db73012499e8ebee425d3de0746" member_type: VOTER last_known_addr { host: "127.14.200.129" port: 38575 } } peers { permanent_uuid: "b7ff087b4d3f41c9b717fafd36dcde60" member_type: VOTER last_known_addr { host: "127.14.200.130" port: 38045 } } peers { permanent_uuid: "dca949afbf534a1c997c15a446864f6f" member_type: VOTER last_known_addr { host: "127.14.200.131" port: 42055 } }
I20260709 14:54:32.563555 16450 tablet_bootstrap.cc:654] T d6008e1dd0234d18b46d8f6a1481c423 P dca949afbf534a1c997c15a446864f6f: Neither blocks nor log segments found. Creating new log.
I20260709 14:54:32.566036 16478 leader_election.cc:290] T d3882bd7f0b246e5a34b89dd3d54cc40 P dca949afbf534a1c997c15a446864f6f [CANDIDATE]: Term 1 pre-election: Requested pre-vote from peers 71699db73012499e8ebee425d3de0746 (127.14.200.129:38575), b7ff087b4d3f41c9b717fafd36dcde60 (127.14.200.130:38045)
I20260709 14:54:32.567525 16258 tablet_service.cc:1917] Received RequestConsensusVote() RPC: tablet_id: "d3882bd7f0b246e5a34b89dd3d54cc40" candidate_uuid: "dca949afbf534a1c997c15a446864f6f" candidate_term: 1 candidate_status { last_received { term: 0 index: 0 } } ignore_live_leader: false dest_uuid: "71699db73012499e8ebee425d3de0746" is_pre_election: true
W20260709 14:54:32.569106 16371 leader_election.cc:343] T d3882bd7f0b246e5a34b89dd3d54cc40 P dca949afbf534a1c997c15a446864f6f [CANDIDATE]: Term 1 pre-election: Tablet error from VoteRequest() call to peer 71699db73012499e8ebee425d3de0746 (127.14.200.129:38575): Illegal state: must be running to vote when last-logged opid is not known
I20260709 14:54:32.567927 16259 raft_consensus.cc:2468] T 6bc481c9ffdd4060a0210260634d0281 P 71699db73012499e8ebee425d3de0746 [term 1 FOLLOWER]: Leader election vote request: Granting yes vote for candidate dca949afbf534a1c997c15a446864f6f in term 1.
I20260709 14:54:32.579679 16371 leader_election.cc:304] T 6bc481c9ffdd4060a0210260634d0281 P dca949afbf534a1c997c15a446864f6f [CANDIDATE]: Term 1 election: Election decided. Result: candidate won. Election summary: received 3 responses out of 3 voters: 2 yes votes; 1 no votes. yes voters: 71699db73012499e8ebee425d3de0746, dca949afbf534a1c997c15a446864f6f; no voters: b7ff087b4d3f41c9b717fafd36dcde60
I20260709 14:54:32.580971 16478 raft_consensus.cc:2804] T 6bc481c9ffdd4060a0210260634d0281 P dca949afbf534a1c997c15a446864f6f [term 1 FOLLOWER]: Leader election won for term 1
I20260709 14:54:32.581480 16449 tablet_bootstrap.cc:492] T d6008e1dd0234d18b46d8f6a1481c423 P 71699db73012499e8ebee425d3de0746: No bootstrap required, opened a new log
I20260709 14:54:32.581687 16478 raft_consensus.cc:697] T 6bc481c9ffdd4060a0210260634d0281 P dca949afbf534a1c997c15a446864f6f [term 1 LEADER]: Becoming Leader. State: Replica: dca949afbf534a1c997c15a446864f6f, State: Running, Role: LEADER
I20260709 14:54:32.581954 16333 tablet_service.cc:1917] Received RequestConsensusVote() RPC: tablet_id: "d3882bd7f0b246e5a34b89dd3d54cc40" candidate_uuid: "dca949afbf534a1c997c15a446864f6f" candidate_term: 1 candidate_status { last_received { term: 0 index: 0 } } ignore_live_leader: false dest_uuid: "b7ff087b4d3f41c9b717fafd36dcde60" is_pre_election: true
I20260709 14:54:32.582070 16449 ts_tablet_manager.cc:1403] T d6008e1dd0234d18b46d8f6a1481c423 P 71699db73012499e8ebee425d3de0746: Time spent bootstrapping tablet: real 0.122s	user 0.009s	sys 0.009s
I20260709 14:54:32.582674 16478 consensus_queue.cc:237] T 6bc481c9ffdd4060a0210260634d0281 P dca949afbf534a1c997c15a446864f6f [LEADER]: Queue going to LEADER mode. State: All replicated index: 0, Majority replicated index: 0, Committed index: 0, Last appended: 0.0, Last appended by leader: 0, Current term: 1, Majority size: 2, State: 0, Mode: LEADER, active raft config: opid_index: -1 OBSOLETE_local: false peers { permanent_uuid: "71699db73012499e8ebee425d3de0746" member_type: VOTER last_known_addr { host: "127.14.200.129" port: 38575 } } peers { permanent_uuid: "b7ff087b4d3f41c9b717fafd36dcde60" member_type: VOTER last_known_addr { host: "127.14.200.130" port: 38045 } } peers { permanent_uuid: "dca949afbf534a1c997c15a446864f6f" member_type: VOTER last_known_addr { host: "127.14.200.131" port: 42055 } }
W20260709 14:54:32.583425 16372 leader_election.cc:343] T d3882bd7f0b246e5a34b89dd3d54cc40 P dca949afbf534a1c997c15a446864f6f [CANDIDATE]: Term 1 pre-election: Tablet error from VoteRequest() call to peer b7ff087b4d3f41c9b717fafd36dcde60 (127.14.200.130:38045): Illegal state: must be running to vote when last-logged opid is not known
I20260709 14:54:32.583879 16372 leader_election.cc:304] T d3882bd7f0b246e5a34b89dd3d54cc40 P dca949afbf534a1c997c15a446864f6f [CANDIDATE]: Term 1 pre-election: Election decided. Result: candidate lost. Election summary: received 3 responses out of 3 voters: 1 yes votes; 2 no votes. yes voters: dca949afbf534a1c997c15a446864f6f; no voters: 71699db73012499e8ebee425d3de0746, b7ff087b4d3f41c9b717fafd36dcde60
I20260709 14:54:32.584950 16476 raft_consensus.cc:2749] T d3882bd7f0b246e5a34b89dd3d54cc40 P dca949afbf534a1c997c15a446864f6f [term 0 FOLLOWER]: Leader pre-election lost for term 1. Reason: could not achieve majority
I20260709 14:54:32.585240 16448 tablet_bootstrap.cc:654] T c9a244f5844c4e08850ab0b9e6ccac07 P b7ff087b4d3f41c9b717fafd36dcde60: Neither blocks nor log segments found. Creating new log.
I20260709 14:54:32.591223 16450 tablet_bootstrap.cc:492] T d6008e1dd0234d18b46d8f6a1481c423 P dca949afbf534a1c997c15a446864f6f: No bootstrap required, opened a new log
I20260709 14:54:32.586061 16449 raft_consensus.cc:359] T d6008e1dd0234d18b46d8f6a1481c423 P 71699db73012499e8ebee425d3de0746 [term 0 FOLLOWER]: Replica starting. Triggering 0 pending ops. Active config: opid_index: -1 OBSOLETE_local: false peers { permanent_uuid: "71699db73012499e8ebee425d3de0746" member_type: VOTER last_known_addr { host: "127.14.200.129" port: 38575 } } peers { permanent_uuid: "b7ff087b4d3f41c9b717fafd36dcde60" member_type: VOTER last_known_addr { host: "127.14.200.130" port: 38045 } } peers { permanent_uuid: "dca949afbf534a1c997c15a446864f6f" member_type: VOTER last_known_addr { host: "127.14.200.131" port: 42055 } }
I20260709 14:54:32.591812 16450 ts_tablet_manager.cc:1403] T d6008e1dd0234d18b46d8f6a1481c423 P dca949afbf534a1c997c15a446864f6f: Time spent bootstrapping tablet: real 0.058s	user 0.015s	sys 0.000s
I20260709 14:54:32.592083 16449 raft_consensus.cc:385] T d6008e1dd0234d18b46d8f6a1481c423 P 71699db73012499e8ebee425d3de0746 [term 0 FOLLOWER]: Consensus starting up: Expiring failure detector timer to make a prompt election more likely
I20260709 14:54:32.592454 16449 raft_consensus.cc:740] T d6008e1dd0234d18b46d8f6a1481c423 P 71699db73012499e8ebee425d3de0746 [term 0 FOLLOWER]: Becoming Follower/Learner. State: Replica: 71699db73012499e8ebee425d3de0746, State: Initialized, Role: FOLLOWER
I20260709 14:54:32.594261 16449 consensus_queue.cc:260] T d6008e1dd0234d18b46d8f6a1481c423 P 71699db73012499e8ebee425d3de0746 [NON_LEADER]: Queue going to NON_LEADER mode. State: All replicated index: 0, Majority replicated index: 0, Committed index: 0, Last appended: 0.0, Last appended by leader: 0, Current term: 0, Majority size: -1, State: 0, Mode: NON_LEADER, active raft config: opid_index: -1 OBSOLETE_local: false peers { permanent_uuid: "71699db73012499e8ebee425d3de0746" member_type: VOTER last_known_addr { host: "127.14.200.129" port: 38575 } } peers { permanent_uuid: "b7ff087b4d3f41c9b717fafd36dcde60" member_type: VOTER last_known_addr { host: "127.14.200.130" port: 38045 } } peers { permanent_uuid: "dca949afbf534a1c997c15a446864f6f" member_type: VOTER last_known_addr { host: "127.14.200.131" port: 42055 } }
I20260709 14:54:32.595185 16450 raft_consensus.cc:359] T d6008e1dd0234d18b46d8f6a1481c423 P dca949afbf534a1c997c15a446864f6f [term 0 FOLLOWER]: Replica starting. Triggering 0 pending ops. Active config: opid_index: -1 OBSOLETE_local: false peers { permanent_uuid: "71699db73012499e8ebee425d3de0746" member_type: VOTER last_known_addr { host: "127.14.200.129" port: 38575 } } peers { permanent_uuid: "b7ff087b4d3f41c9b717fafd36dcde60" member_type: VOTER last_known_addr { host: "127.14.200.130" port: 38045 } } peers { permanent_uuid: "dca949afbf534a1c997c15a446864f6f" member_type: VOTER last_known_addr { host: "127.14.200.131" port: 42055 } }
I20260709 14:54:32.596048 16450 raft_consensus.cc:385] T d6008e1dd0234d18b46d8f6a1481c423 P dca949afbf534a1c997c15a446864f6f [term 0 FOLLOWER]: Consensus starting up: Expiring failure detector timer to make a prompt election more likely
I20260709 14:54:32.596381 16450 raft_consensus.cc:740] T d6008e1dd0234d18b46d8f6a1481c423 P dca949afbf534a1c997c15a446864f6f [term 0 FOLLOWER]: Becoming Follower/Learner. State: Replica: dca949afbf534a1c997c15a446864f6f, State: Initialized, Role: FOLLOWER
I20260709 14:54:32.597272 16450 consensus_queue.cc:260] T d6008e1dd0234d18b46d8f6a1481c423 P dca949afbf534a1c997c15a446864f6f [NON_LEADER]: Queue going to NON_LEADER mode. State: All replicated index: 0, Majority replicated index: 0, Committed index: 0, Last appended: 0.0, Last appended by leader: 0, Current term: 0, Majority size: -1, State: 0, Mode: NON_LEADER, active raft config: opid_index: -1 OBSOLETE_local: false peers { permanent_uuid: "71699db73012499e8ebee425d3de0746" member_type: VOTER last_known_addr { host: "127.14.200.129" port: 38575 } } peers { permanent_uuid: "b7ff087b4d3f41c9b717fafd36dcde60" member_type: VOTER last_known_addr { host: "127.14.200.130" port: 38045 } } peers { permanent_uuid: "dca949afbf534a1c997c15a446864f6f" member_type: VOTER last_known_addr { host: "127.14.200.131" port: 42055 } }
I20260709 14:54:32.599956 16450 ts_tablet_manager.cc:1434] T d6008e1dd0234d18b46d8f6a1481c423 P dca949afbf534a1c997c15a446864f6f: Time spent starting tablet: real 0.008s	user 0.008s	sys 0.000s
I20260709 14:54:32.601312 16450 tablet_bootstrap.cc:492] T 953ffa5d693c452086cdfa2fb7183025 P dca949afbf534a1c997c15a446864f6f: Bootstrap starting.
I20260709 14:54:32.603641 16449 ts_tablet_manager.cc:1434] T d6008e1dd0234d18b46d8f6a1481c423 P 71699db73012499e8ebee425d3de0746: Time spent starting tablet: real 0.021s	user 0.006s	sys 0.000s
I20260709 14:54:32.604979 16449 tablet_bootstrap.cc:492] T 11ecb860c314447ab34fa9dc6434e018 P 71699db73012499e8ebee425d3de0746: Bootstrap starting.
I20260709 14:54:32.607820 16156 catalog_manager.cc:5697] T 6bc481c9ffdd4060a0210260634d0281 P dca949afbf534a1c997c15a446864f6f reported cstate change: term changed from 0 to 1, leader changed from <none> to dca949afbf534a1c997c15a446864f6f (127.14.200.131). New cstate: current_term: 1 leader_uuid: "dca949afbf534a1c997c15a446864f6f" committed_config { opid_index: -1 OBSOLETE_local: false peers { permanent_uuid: "71699db73012499e8ebee425d3de0746" member_type: VOTER last_known_addr { host: "127.14.200.129" port: 38575 } health_report { overall_health: UNKNOWN } } peers { permanent_uuid: "b7ff087b4d3f41c9b717fafd36dcde60" member_type: VOTER last_known_addr { host: "127.14.200.130" port: 38045 } health_report { overall_health: UNKNOWN } } peers { permanent_uuid: "dca949afbf534a1c997c15a446864f6f" member_type: VOTER last_known_addr { host: "127.14.200.131" port: 42055 } health_report { overall_health: HEALTHY } } }
I20260709 14:54:32.608994 16450 tablet_bootstrap.cc:654] T 953ffa5d693c452086cdfa2fb7183025 P dca949afbf534a1c997c15a446864f6f: Neither blocks nor log segments found. Creating new log.
I20260709 14:54:32.611285 16448 tablet_bootstrap.cc:492] T c9a244f5844c4e08850ab0b9e6ccac07 P b7ff087b4d3f41c9b717fafd36dcde60: No bootstrap required, opened a new log
I20260709 14:54:32.611866 16448 ts_tablet_manager.cc:1403] T c9a244f5844c4e08850ab0b9e6ccac07 P b7ff087b4d3f41c9b717fafd36dcde60: Time spent bootstrapping tablet: real 0.063s	user 0.006s	sys 0.005s
I20260709 14:54:32.616367 16448 raft_consensus.cc:359] T c9a244f5844c4e08850ab0b9e6ccac07 P b7ff087b4d3f41c9b717fafd36dcde60 [term 0 FOLLOWER]: Replica starting. Triggering 0 pending ops. Active config: opid_index: -1 OBSOLETE_local: false peers { permanent_uuid: "71699db73012499e8ebee425d3de0746" member_type: VOTER last_known_addr { host: "127.14.200.129" port: 38575 } } peers { permanent_uuid: "b7ff087b4d3f41c9b717fafd36dcde60" member_type: VOTER last_known_addr { host: "127.14.200.130" port: 38045 } } peers { permanent_uuid: "dca949afbf534a1c997c15a446864f6f" member_type: VOTER last_known_addr { host: "127.14.200.131" port: 42055 } }
I20260709 14:54:32.617563 16448 raft_consensus.cc:385] T c9a244f5844c4e08850ab0b9e6ccac07 P b7ff087b4d3f41c9b717fafd36dcde60 [term 0 FOLLOWER]: Consensus starting up: Expiring failure detector timer to make a prompt election more likely
I20260709 14:54:32.618036 16448 raft_consensus.cc:740] T c9a244f5844c4e08850ab0b9e6ccac07 P b7ff087b4d3f41c9b717fafd36dcde60 [term 0 FOLLOWER]: Becoming Follower/Learner. State: Replica: b7ff087b4d3f41c9b717fafd36dcde60, State: Initialized, Role: FOLLOWER
I20260709 14:54:32.619259 16448 consensus_queue.cc:260] T c9a244f5844c4e08850ab0b9e6ccac07 P b7ff087b4d3f41c9b717fafd36dcde60 [NON_LEADER]: Queue going to NON_LEADER mode. State: All replicated index: 0, Majority replicated index: 0, Committed index: 0, Last appended: 0.0, Last appended by leader: 0, Current term: 0, Majority size: -1, State: 0, Mode: NON_LEADER, active raft config: opid_index: -1 OBSOLETE_local: false peers { permanent_uuid: "71699db73012499e8ebee425d3de0746" member_type: VOTER last_known_addr { host: "127.14.200.129" port: 38575 } } peers { permanent_uuid: "b7ff087b4d3f41c9b717fafd36dcde60" member_type: VOTER last_known_addr { host: "127.14.200.130" port: 38045 } } peers { permanent_uuid: "dca949afbf534a1c997c15a446864f6f" member_type: VOTER last_known_addr { host: "127.14.200.131" port: 42055 } }
I20260709 14:54:32.632067 16448 ts_tablet_manager.cc:1434] T c9a244f5844c4e08850ab0b9e6ccac07 P b7ff087b4d3f41c9b717fafd36dcde60: Time spent starting tablet: real 0.020s	user 0.011s	sys 0.000s
I20260709 14:54:32.632867 16449 tablet_bootstrap.cc:654] T 11ecb860c314447ab34fa9dc6434e018 P 71699db73012499e8ebee425d3de0746: Neither blocks nor log segments found. Creating new log.
I20260709 14:54:32.635279 16448 tablet_bootstrap.cc:492] T a9e903e7693d48f7975eb11ebc847712 P b7ff087b4d3f41c9b717fafd36dcde60: Bootstrap starting.
I20260709 14:54:32.636191 16450 tablet_bootstrap.cc:492] T 953ffa5d693c452086cdfa2fb7183025 P dca949afbf534a1c997c15a446864f6f: No bootstrap required, opened a new log
I20260709 14:54:32.636704 16450 ts_tablet_manager.cc:1403] T 953ffa5d693c452086cdfa2fb7183025 P dca949afbf534a1c997c15a446864f6f: Time spent bootstrapping tablet: real 0.036s	user 0.018s	sys 0.015s
I20260709 14:54:32.639990 16450 raft_consensus.cc:359] T 953ffa5d693c452086cdfa2fb7183025 P dca949afbf534a1c997c15a446864f6f [term 0 FOLLOWER]: Replica starting. Triggering 0 pending ops. Active config: opid_index: -1 OBSOLETE_local: false peers { permanent_uuid: "71699db73012499e8ebee425d3de0746" member_type: VOTER last_known_addr { host: "127.14.200.129" port: 38575 } } peers { permanent_uuid: "b7ff087b4d3f41c9b717fafd36dcde60" member_type: VOTER last_known_addr { host: "127.14.200.130" port: 38045 } } peers { permanent_uuid: "dca949afbf534a1c997c15a446864f6f" member_type: VOTER last_known_addr { host: "127.14.200.131" port: 42055 } }
I20260709 14:54:32.640815 16450 raft_consensus.cc:385] T 953ffa5d693c452086cdfa2fb7183025 P dca949afbf534a1c997c15a446864f6f [term 0 FOLLOWER]: Consensus starting up: Expiring failure detector timer to make a prompt election more likely
I20260709 14:54:32.641155 16450 raft_consensus.cc:740] T 953ffa5d693c452086cdfa2fb7183025 P dca949afbf534a1c997c15a446864f6f [term 0 FOLLOWER]: Becoming Follower/Learner. State: Replica: dca949afbf534a1c997c15a446864f6f, State: Initialized, Role: FOLLOWER
I20260709 14:54:32.642035 16450 consensus_queue.cc:260] T 953ffa5d693c452086cdfa2fb7183025 P dca949afbf534a1c997c15a446864f6f [NON_LEADER]: Queue going to NON_LEADER mode. State: All replicated index: 0, Majority replicated index: 0, Committed index: 0, Last appended: 0.0, Last appended by leader: 0, Current term: 0, Majority size: -1, State: 0, Mode: NON_LEADER, active raft config: opid_index: -1 OBSOLETE_local: false peers { permanent_uuid: "71699db73012499e8ebee425d3de0746" member_type: VOTER last_known_addr { host: "127.14.200.129" port: 38575 } } peers { permanent_uuid: "b7ff087b4d3f41c9b717fafd36dcde60" member_type: VOTER last_known_addr { host: "127.14.200.130" port: 38045 } } peers { permanent_uuid: "dca949afbf534a1c997c15a446864f6f" member_type: VOTER last_known_addr { host: "127.14.200.131" port: 42055 } }
I20260709 14:54:32.643366 16448 tablet_bootstrap.cc:654] T a9e903e7693d48f7975eb11ebc847712 P b7ff087b4d3f41c9b717fafd36dcde60: Neither blocks nor log segments found. Creating new log.
I20260709 14:54:32.644410 16450 ts_tablet_manager.cc:1434] T 953ffa5d693c452086cdfa2fb7183025 P dca949afbf534a1c997c15a446864f6f: Time spent starting tablet: real 0.007s	user 0.008s	sys 0.000s
I20260709 14:54:32.645560 16450 tablet_bootstrap.cc:492] T 3af48aa0ba774c4db729d9a2eeeccf4f P dca949afbf534a1c997c15a446864f6f: Bootstrap starting.
I20260709 14:54:32.653791 16450 tablet_bootstrap.cc:654] T 3af48aa0ba774c4db729d9a2eeeccf4f P dca949afbf534a1c997c15a446864f6f: Neither blocks nor log segments found. Creating new log.
I20260709 14:54:32.655587 16448 tablet_bootstrap.cc:492] T a9e903e7693d48f7975eb11ebc847712 P b7ff087b4d3f41c9b717fafd36dcde60: No bootstrap required, opened a new log
I20260709 14:54:32.656288 16448 ts_tablet_manager.cc:1403] T a9e903e7693d48f7975eb11ebc847712 P b7ff087b4d3f41c9b717fafd36dcde60: Time spent bootstrapping tablet: real 0.021s	user 0.013s	sys 0.006s
I20260709 14:54:32.659597 16450 tablet_bootstrap.cc:492] T 3af48aa0ba774c4db729d9a2eeeccf4f P dca949afbf534a1c997c15a446864f6f: No bootstrap required, opened a new log
I20260709 14:54:32.660106 16450 ts_tablet_manager.cc:1403] T 3af48aa0ba774c4db729d9a2eeeccf4f P dca949afbf534a1c997c15a446864f6f: Time spent bootstrapping tablet: real 0.015s	user 0.004s	sys 0.008s
I20260709 14:54:32.660606 16449 tablet_bootstrap.cc:492] T 11ecb860c314447ab34fa9dc6434e018 P 71699db73012499e8ebee425d3de0746: No bootstrap required, opened a new log
I20260709 14:54:32.660983 16449 ts_tablet_manager.cc:1403] T 11ecb860c314447ab34fa9dc6434e018 P 71699db73012499e8ebee425d3de0746: Time spent bootstrapping tablet: real 0.056s	user 0.026s	sys 0.005s
I20260709 14:54:32.662580 16478 raft_consensus.cc:493] T d6008e1dd0234d18b46d8f6a1481c423 P dca949afbf534a1c997c15a446864f6f [term 0 FOLLOWER]: Starting pre-election (no leader contacted us within the election timeout)
I20260709 14:54:32.663075 16478 raft_consensus.cc:515] T d6008e1dd0234d18b46d8f6a1481c423 P dca949afbf534a1c997c15a446864f6f [term 0 FOLLOWER]: Starting pre-election with config: opid_index: -1 OBSOLETE_local: false peers { permanent_uuid: "71699db73012499e8ebee425d3de0746" member_type: VOTER last_known_addr { host: "127.14.200.129" port: 38575 } } peers { permanent_uuid: "b7ff087b4d3f41c9b717fafd36dcde60" member_type: VOTER last_known_addr { host: "127.14.200.130" port: 38045 } } peers { permanent_uuid: "dca949afbf534a1c997c15a446864f6f" member_type: VOTER last_known_addr { host: "127.14.200.131" port: 42055 } }
I20260709 14:54:32.663235 16450 raft_consensus.cc:359] T 3af48aa0ba774c4db729d9a2eeeccf4f P dca949afbf534a1c997c15a446864f6f [term 0 FOLLOWER]: Replica starting. Triggering 0 pending ops. Active config: opid_index: -1 OBSOLETE_local: false peers { permanent_uuid: "71699db73012499e8ebee425d3de0746" member_type: VOTER last_known_addr { host: "127.14.200.129" port: 38575 } } peers { permanent_uuid: "b7ff087b4d3f41c9b717fafd36dcde60" member_type: VOTER last_known_addr { host: "127.14.200.130" port: 38045 } } peers { permanent_uuid: "dca949afbf534a1c997c15a446864f6f" member_type: VOTER last_known_addr { host: "127.14.200.131" port: 42055 } }
I20260709 14:54:32.663908 16450 raft_consensus.cc:385] T 3af48aa0ba774c4db729d9a2eeeccf4f P dca949afbf534a1c997c15a446864f6f [term 0 FOLLOWER]: Consensus starting up: Expiring failure detector timer to make a prompt election more likely
I20260709 14:54:32.664189 16450 raft_consensus.cc:740] T 3af48aa0ba774c4db729d9a2eeeccf4f P dca949afbf534a1c997c15a446864f6f [term 0 FOLLOWER]: Becoming Follower/Learner. State: Replica: dca949afbf534a1c997c15a446864f6f, State: Initialized, Role: FOLLOWER
I20260709 14:54:32.664110 16449 raft_consensus.cc:359] T 11ecb860c314447ab34fa9dc6434e018 P 71699db73012499e8ebee425d3de0746 [term 0 FOLLOWER]: Replica starting. Triggering 0 pending ops. Active config: opid_index: -1 OBSOLETE_local: false peers { permanent_uuid: "71699db73012499e8ebee425d3de0746" member_type: VOTER last_known_addr { host: "127.14.200.129" port: 38575 } } peers { permanent_uuid: "b7ff087b4d3f41c9b717fafd36dcde60" member_type: VOTER last_known_addr { host: "127.14.200.130" port: 38045 } } peers { permanent_uuid: "dca949afbf534a1c997c15a446864f6f" member_type: VOTER last_known_addr { host: "127.14.200.131" port: 42055 } }
I20260709 14:54:32.664840 16449 raft_consensus.cc:385] T 11ecb860c314447ab34fa9dc6434e018 P 71699db73012499e8ebee425d3de0746 [term 0 FOLLOWER]: Consensus starting up: Expiring failure detector timer to make a prompt election more likely
I20260709 14:54:32.665259 16478 leader_election.cc:290] T d6008e1dd0234d18b46d8f6a1481c423 P dca949afbf534a1c997c15a446864f6f [CANDIDATE]: Term 1 pre-election: Requested pre-vote from peers 71699db73012499e8ebee425d3de0746 (127.14.200.129:38575), b7ff087b4d3f41c9b717fafd36dcde60 (127.14.200.130:38045)
I20260709 14:54:32.665164 16450 consensus_queue.cc:260] T 3af48aa0ba774c4db729d9a2eeeccf4f P dca949afbf534a1c997c15a446864f6f [NON_LEADER]: Queue going to NON_LEADER mode. State: All replicated index: 0, Majority replicated index: 0, Committed index: 0, Last appended: 0.0, Last appended by leader: 0, Current term: 0, Majority size: -1, State: 0, Mode: NON_LEADER, active raft config: opid_index: -1 OBSOLETE_local: false peers { permanent_uuid: "71699db73012499e8ebee425d3de0746" member_type: VOTER last_known_addr { host: "127.14.200.129" port: 38575 } } peers { permanent_uuid: "b7ff087b4d3f41c9b717fafd36dcde60" member_type: VOTER last_known_addr { host: "127.14.200.130" port: 38045 } } peers { permanent_uuid: "dca949afbf534a1c997c15a446864f6f" member_type: VOTER last_known_addr { host: "127.14.200.131" port: 42055 } }
I20260709 14:54:32.665165 16449 raft_consensus.cc:740] T 11ecb860c314447ab34fa9dc6434e018 P 71699db73012499e8ebee425d3de0746 [term 0 FOLLOWER]: Becoming Follower/Learner. State: Replica: 71699db73012499e8ebee425d3de0746, State: Initialized, Role: FOLLOWER
I20260709 14:54:32.666041 16259 tablet_service.cc:1917] Received RequestConsensusVote() RPC: tablet_id: "d6008e1dd0234d18b46d8f6a1481c423" candidate_uuid: "dca949afbf534a1c997c15a446864f6f" candidate_term: 1 candidate_status { last_received { term: 0 index: 0 } } ignore_live_leader: false dest_uuid: "71699db73012499e8ebee425d3de0746" is_pre_election: true
I20260709 14:54:32.666767 16259 raft_consensus.cc:2468] T d6008e1dd0234d18b46d8f6a1481c423 P 71699db73012499e8ebee425d3de0746 [term 0 FOLLOWER]: Leader pre-election vote request: Granting yes vote for candidate dca949afbf534a1c997c15a446864f6f in term 0.
I20260709 14:54:32.667675 16450 ts_tablet_manager.cc:1434] T 3af48aa0ba774c4db729d9a2eeeccf4f P dca949afbf534a1c997c15a446864f6f: Time spent starting tablet: real 0.007s	user 0.008s	sys 0.000s
I20260709 14:54:32.666787 16449 consensus_queue.cc:260] T 11ecb860c314447ab34fa9dc6434e018 P 71699db73012499e8ebee425d3de0746 [NON_LEADER]: Queue going to NON_LEADER mode. State: All replicated index: 0, Majority replicated index: 0, Committed index: 0, Last appended: 0.0, Last appended by leader: 0, Current term: 0, Majority size: -1, State: 0, Mode: NON_LEADER, active raft config: opid_index: -1 OBSOLETE_local: false peers { permanent_uuid: "71699db73012499e8ebee425d3de0746" member_type: VOTER last_known_addr { host: "127.14.200.129" port: 38575 } } peers { permanent_uuid: "b7ff087b4d3f41c9b717fafd36dcde60" member_type: VOTER last_known_addr { host: "127.14.200.130" port: 38045 } } peers { permanent_uuid: "dca949afbf534a1c997c15a446864f6f" member_type: VOTER last_known_addr { host: "127.14.200.131" port: 42055 } }
I20260709 14:54:32.668030 16371 leader_election.cc:304] T d6008e1dd0234d18b46d8f6a1481c423 P dca949afbf534a1c997c15a446864f6f [CANDIDATE]: Term 1 pre-election: Election decided. Result: candidate won. Election summary: received 2 responses out of 3 voters: 2 yes votes; 0 no votes. yes voters: 71699db73012499e8ebee425d3de0746, dca949afbf534a1c997c15a446864f6f; no voters: 
I20260709 14:54:32.668664 16450 tablet_bootstrap.cc:492] T a9e903e7693d48f7975eb11ebc847712 P dca949afbf534a1c997c15a446864f6f: Bootstrap starting.
I20260709 14:54:32.669374 16477 raft_consensus.cc:2804] T d6008e1dd0234d18b46d8f6a1481c423 P dca949afbf534a1c997c15a446864f6f [term 0 FOLLOWER]: Leader pre-election won for term 1
I20260709 14:54:32.669624 16333 tablet_service.cc:1917] Received RequestConsensusVote() RPC: tablet_id: "d6008e1dd0234d18b46d8f6a1481c423" candidate_uuid: "dca949afbf534a1c997c15a446864f6f" candidate_term: 1 candidate_status { last_received { term: 0 index: 0 } } ignore_live_leader: false dest_uuid: "b7ff087b4d3f41c9b717fafd36dcde60" is_pre_election: true
I20260709 14:54:32.669798 16477 raft_consensus.cc:493] T d6008e1dd0234d18b46d8f6a1481c423 P dca949afbf534a1c997c15a446864f6f [term 0 FOLLOWER]: Starting leader election (no leader contacted us within the election timeout)
I20260709 14:54:32.670250 16477 raft_consensus.cc:3060] T d6008e1dd0234d18b46d8f6a1481c423 P dca949afbf534a1c997c15a446864f6f [term 0 FOLLOWER]: Advancing to term 1
I20260709 14:54:32.670408 16333 raft_consensus.cc:2468] T d6008e1dd0234d18b46d8f6a1481c423 P b7ff087b4d3f41c9b717fafd36dcde60 [term 0 FOLLOWER]: Leader pre-election vote request: Granting yes vote for candidate dca949afbf534a1c997c15a446864f6f in term 0.
I20260709 14:54:32.675657 16449 ts_tablet_manager.cc:1434] T 11ecb860c314447ab34fa9dc6434e018 P 71699db73012499e8ebee425d3de0746: Time spent starting tablet: real 0.014s	user 0.008s	sys 0.000s
I20260709 14:54:32.675868 16450 tablet_bootstrap.cc:654] T a9e903e7693d48f7975eb11ebc847712 P dca949afbf534a1c997c15a446864f6f: Neither blocks nor log segments found. Creating new log.
I20260709 14:54:32.676846 16449 tablet_bootstrap.cc:492] T d3882bd7f0b246e5a34b89dd3d54cc40 P 71699db73012499e8ebee425d3de0746: Bootstrap starting.
I20260709 14:54:32.678754 16477 raft_consensus.cc:515] T d6008e1dd0234d18b46d8f6a1481c423 P dca949afbf534a1c997c15a446864f6f [term 1 FOLLOWER]: Starting leader election with config: opid_index: -1 OBSOLETE_local: false peers { permanent_uuid: "71699db73012499e8ebee425d3de0746" member_type: VOTER last_known_addr { host: "127.14.200.129" port: 38575 } } peers { permanent_uuid: "b7ff087b4d3f41c9b717fafd36dcde60" member_type: VOTER last_known_addr { host: "127.14.200.130" port: 38045 } } peers { permanent_uuid: "dca949afbf534a1c997c15a446864f6f" member_type: VOTER last_known_addr { host: "127.14.200.131" port: 42055 } }
I20260709 14:54:32.683210 16333 tablet_service.cc:1917] Received RequestConsensusVote() RPC: tablet_id: "d6008e1dd0234d18b46d8f6a1481c423" candidate_uuid: "dca949afbf534a1c997c15a446864f6f" candidate_term: 1 candidate_status { last_received { term: 0 index: 0 } } ignore_live_leader: false dest_uuid: "b7ff087b4d3f41c9b717fafd36dcde60"
I20260709 14:54:32.683916 16333 raft_consensus.cc:3060] T d6008e1dd0234d18b46d8f6a1481c423 P b7ff087b4d3f41c9b717fafd36dcde60 [term 0 FOLLOWER]: Advancing to term 1
I20260709 14:54:32.684115 16259 tablet_service.cc:1917] Received RequestConsensusVote() RPC: tablet_id: "d6008e1dd0234d18b46d8f6a1481c423" candidate_uuid: "dca949afbf534a1c997c15a446864f6f" candidate_term: 1 candidate_status { last_received { term: 0 index: 0 } } ignore_live_leader: false dest_uuid: "71699db73012499e8ebee425d3de0746"
I20260709 14:54:32.684855 16259 raft_consensus.cc:3060] T d6008e1dd0234d18b46d8f6a1481c423 P 71699db73012499e8ebee425d3de0746 [term 0 FOLLOWER]: Advancing to term 1
I20260709 14:54:32.684430 16448 raft_consensus.cc:359] T a9e903e7693d48f7975eb11ebc847712 P b7ff087b4d3f41c9b717fafd36dcde60 [term 0 FOLLOWER]: Replica starting. Triggering 0 pending ops. Active config: opid_index: -1 OBSOLETE_local: false peers { permanent_uuid: "71699db73012499e8ebee425d3de0746" member_type: VOTER last_known_addr { host: "127.14.200.129" port: 38575 } } peers { permanent_uuid: "b7ff087b4d3f41c9b717fafd36dcde60" member_type: VOTER last_known_addr { host: "127.14.200.130" port: 38045 } } peers { permanent_uuid: "dca949afbf534a1c997c15a446864f6f" member_type: VOTER last_known_addr { host: "127.14.200.131" port: 42055 } }
I20260709 14:54:32.685707 16448 raft_consensus.cc:385] T a9e903e7693d48f7975eb11ebc847712 P b7ff087b4d3f41c9b717fafd36dcde60 [term 0 FOLLOWER]: Consensus starting up: Expiring failure detector timer to make a prompt election more likely
I20260709 14:54:32.686239 16448 raft_consensus.cc:740] T a9e903e7693d48f7975eb11ebc847712 P b7ff087b4d3f41c9b717fafd36dcde60 [term 0 FOLLOWER]: Becoming Follower/Learner. State: Replica: b7ff087b4d3f41c9b717fafd36dcde60, State: Initialized, Role: FOLLOWER
I20260709 14:54:32.695668 16448 consensus_queue.cc:260] T a9e903e7693d48f7975eb11ebc847712 P b7ff087b4d3f41c9b717fafd36dcde60 [NON_LEADER]: Queue going to NON_LEADER mode. State: All replicated index: 0, Majority replicated index: 0, Committed index: 0, Last appended: 0.0, Last appended by leader: 0, Current term: 0, Majority size: -1, State: 0, Mode: NON_LEADER, active raft config: opid_index: -1 OBSOLETE_local: false peers { permanent_uuid: "71699db73012499e8ebee425d3de0746" member_type: VOTER last_known_addr { host: "127.14.200.129" port: 38575 } } peers { permanent_uuid: "b7ff087b4d3f41c9b717fafd36dcde60" member_type: VOTER last_known_addr { host: "127.14.200.130" port: 38045 } } peers { permanent_uuid: "dca949afbf534a1c997c15a446864f6f" member_type: VOTER last_known_addr { host: "127.14.200.131" port: 42055 } }
I20260709 14:54:32.702296 16259 raft_consensus.cc:2468] T d6008e1dd0234d18b46d8f6a1481c423 P 71699db73012499e8ebee425d3de0746 [term 1 FOLLOWER]: Leader election vote request: Granting yes vote for candidate dca949afbf534a1c997c15a446864f6f in term 1.
I20260709 14:54:32.704669 16371 leader_election.cc:304] T d6008e1dd0234d18b46d8f6a1481c423 P dca949afbf534a1c997c15a446864f6f [CANDIDATE]: Term 1 election: Election decided. Result: candidate won. Election summary: received 2 responses out of 3 voters: 2 yes votes; 0 no votes. yes voters: 71699db73012499e8ebee425d3de0746, dca949afbf534a1c997c15a446864f6f; no voters: 
I20260709 14:54:32.705687 16478 raft_consensus.cc:2804] T d6008e1dd0234d18b46d8f6a1481c423 P dca949afbf534a1c997c15a446864f6f [term 1 FOLLOWER]: Leader election won for term 1
I20260709 14:54:32.706213 16478 raft_consensus.cc:697] T d6008e1dd0234d18b46d8f6a1481c423 P dca949afbf534a1c997c15a446864f6f [term 1 LEADER]: Becoming Leader. State: Replica: dca949afbf534a1c997c15a446864f6f, State: Running, Role: LEADER
I20260709 14:54:32.707139 16478 consensus_queue.cc:237] T d6008e1dd0234d18b46d8f6a1481c423 P dca949afbf534a1c997c15a446864f6f [LEADER]: Queue going to LEADER mode. State: All replicated index: 0, Majority replicated index: 0, Committed index: 0, Last appended: 0.0, Last appended by leader: 0, Current term: 1, Majority size: 2, State: 0, Mode: LEADER, active raft config: opid_index: -1 OBSOLETE_local: false peers { permanent_uuid: "71699db73012499e8ebee425d3de0746" member_type: VOTER last_known_addr { host: "127.14.200.129" port: 38575 } } peers { permanent_uuid: "b7ff087b4d3f41c9b717fafd36dcde60" member_type: VOTER last_known_addr { host: "127.14.200.130" port: 38045 } } peers { permanent_uuid: "dca949afbf534a1c997c15a446864f6f" member_type: VOTER last_known_addr { host: "127.14.200.131" port: 42055 } }
I20260709 14:54:32.708112 16333 raft_consensus.cc:2468] T d6008e1dd0234d18b46d8f6a1481c423 P b7ff087b4d3f41c9b717fafd36dcde60 [term 1 FOLLOWER]: Leader election vote request: Granting yes vote for candidate dca949afbf534a1c997c15a446864f6f in term 1.
I20260709 14:54:32.709507 16477 leader_election.cc:290] T d6008e1dd0234d18b46d8f6a1481c423 P dca949afbf534a1c997c15a446864f6f [CANDIDATE]: Term 1 election: Requested vote from peers 71699db73012499e8ebee425d3de0746 (127.14.200.129:38575), b7ff087b4d3f41c9b717fafd36dcde60 (127.14.200.130:38045)
I20260709 14:54:32.710937 16448 ts_tablet_manager.cc:1434] T a9e903e7693d48f7975eb11ebc847712 P b7ff087b4d3f41c9b717fafd36dcde60: Time spent starting tablet: real 0.054s	user 0.011s	sys 0.006s
I20260709 14:54:32.713526 16477 raft_consensus.cc:493] T 953ffa5d693c452086cdfa2fb7183025 P dca949afbf534a1c997c15a446864f6f [term 0 FOLLOWER]: Starting pre-election (no leader contacted us within the election timeout)
I20260709 14:54:32.714375 16449 tablet_bootstrap.cc:654] T d3882bd7f0b246e5a34b89dd3d54cc40 P 71699db73012499e8ebee425d3de0746: Neither blocks nor log segments found. Creating new log.
I20260709 14:54:32.714095 16477 raft_consensus.cc:515] T 953ffa5d693c452086cdfa2fb7183025 P dca949afbf534a1c997c15a446864f6f [term 0 FOLLOWER]: Starting pre-election with config: opid_index: -1 OBSOLETE_local: false peers { permanent_uuid: "71699db73012499e8ebee425d3de0746" member_type: VOTER last_known_addr { host: "127.14.200.129" port: 38575 } } peers { permanent_uuid: "b7ff087b4d3f41c9b717fafd36dcde60" member_type: VOTER last_known_addr { host: "127.14.200.130" port: 38045 } } peers { permanent_uuid: "dca949afbf534a1c997c15a446864f6f" member_type: VOTER last_known_addr { host: "127.14.200.131" port: 42055 } }
I20260709 14:54:32.717514 16259 tablet_service.cc:1917] Received RequestConsensusVote() RPC: tablet_id: "953ffa5d693c452086cdfa2fb7183025" candidate_uuid: "dca949afbf534a1c997c15a446864f6f" candidate_term: 1 candidate_status { last_received { term: 0 index: 0 } } ignore_live_leader: false dest_uuid: "71699db73012499e8ebee425d3de0746" is_pre_election: true
W20260709 14:54:32.719504 16371 leader_election.cc:343] T 953ffa5d693c452086cdfa2fb7183025 P dca949afbf534a1c997c15a446864f6f [CANDIDATE]: Term 1 pre-election: Tablet error from VoteRequest() call to peer 71699db73012499e8ebee425d3de0746 (127.14.200.129:38575): Illegal state: must be running to vote when last-logged opid is not known
I20260709 14:54:32.721572 16450 tablet_bootstrap.cc:492] T a9e903e7693d48f7975eb11ebc847712 P dca949afbf534a1c997c15a446864f6f: No bootstrap required, opened a new log
I20260709 14:54:32.722055 16450 ts_tablet_manager.cc:1403] T a9e903e7693d48f7975eb11ebc847712 P dca949afbf534a1c997c15a446864f6f: Time spent bootstrapping tablet: real 0.054s	user 0.040s	sys 0.010s
I20260709 14:54:32.721946 16333 tablet_service.cc:1917] Received RequestConsensusVote() RPC: tablet_id: "953ffa5d693c452086cdfa2fb7183025" candidate_uuid: "dca949afbf534a1c997c15a446864f6f" candidate_term: 1 candidate_status { last_received { term: 0 index: 0 } } ignore_live_leader: false dest_uuid: "b7ff087b4d3f41c9b717fafd36dcde60" is_pre_election: true
I20260709 14:54:32.719924 16448 tablet_bootstrap.cc:492] T 953ffa5d693c452086cdfa2fb7183025 P b7ff087b4d3f41c9b717fafd36dcde60: Bootstrap starting.
W20260709 14:54:32.723609 16372 leader_election.cc:343] T 953ffa5d693c452086cdfa2fb7183025 P dca949afbf534a1c997c15a446864f6f [CANDIDATE]: Term 1 pre-election: Tablet error from VoteRequest() call to peer b7ff087b4d3f41c9b717fafd36dcde60 (127.14.200.130:38045): Illegal state: must be running to vote when last-logged opid is not known
I20260709 14:54:32.724206 16372 leader_election.cc:304] T 953ffa5d693c452086cdfa2fb7183025 P dca949afbf534a1c997c15a446864f6f [CANDIDATE]: Term 1 pre-election: Election decided. Result: candidate lost. Election summary: received 3 responses out of 3 voters: 1 yes votes; 2 no votes. yes voters: dca949afbf534a1c997c15a446864f6f; no voters: 71699db73012499e8ebee425d3de0746, b7ff087b4d3f41c9b717fafd36dcde60
I20260709 14:54:32.724831 16450 raft_consensus.cc:359] T a9e903e7693d48f7975eb11ebc847712 P dca949afbf534a1c997c15a446864f6f [term 0 FOLLOWER]: Replica starting. Triggering 0 pending ops. Active config: opid_index: -1 OBSOLETE_local: false peers { permanent_uuid: "71699db73012499e8ebee425d3de0746" member_type: VOTER last_known_addr { host: "127.14.200.129" port: 38575 } } peers { permanent_uuid: "b7ff087b4d3f41c9b717fafd36dcde60" member_type: VOTER last_known_addr { host: "127.14.200.130" port: 38045 } } peers { permanent_uuid: "dca949afbf534a1c997c15a446864f6f" member_type: VOTER last_known_addr { host: "127.14.200.131" port: 42055 } }
I20260709 14:54:32.725258 16476 raft_consensus.cc:2749] T 953ffa5d693c452086cdfa2fb7183025 P dca949afbf534a1c997c15a446864f6f [term 0 FOLLOWER]: Leader pre-election lost for term 1. Reason: could not achieve majority
I20260709 14:54:32.725548 16450 raft_consensus.cc:385] T a9e903e7693d48f7975eb11ebc847712 P dca949afbf534a1c997c15a446864f6f [term 0 FOLLOWER]: Consensus starting up: Expiring failure detector timer to make a prompt election more likely
I20260709 14:54:32.725909 16450 raft_consensus.cc:740] T a9e903e7693d48f7975eb11ebc847712 P dca949afbf534a1c997c15a446864f6f [term 0 FOLLOWER]: Becoming Follower/Learner. State: Replica: dca949afbf534a1c997c15a446864f6f, State: Initialized, Role: FOLLOWER
I20260709 14:54:32.726365 16477 leader_election.cc:290] T 953ffa5d693c452086cdfa2fb7183025 P dca949afbf534a1c997c15a446864f6f [CANDIDATE]: Term 1 pre-election: Requested pre-vote from peers 71699db73012499e8ebee425d3de0746 (127.14.200.129:38575), b7ff087b4d3f41c9b717fafd36dcde60 (127.14.200.130:38045)
I20260709 14:54:32.726933 16450 consensus_queue.cc:260] T a9e903e7693d48f7975eb11ebc847712 P dca949afbf534a1c997c15a446864f6f [NON_LEADER]: Queue going to NON_LEADER mode. State: All replicated index: 0, Majority replicated index: 0, Committed index: 0, Last appended: 0.0, Last appended by leader: 0, Current term: 0, Majority size: -1, State: 0, Mode: NON_LEADER, active raft config: opid_index: -1 OBSOLETE_local: false peers { permanent_uuid: "71699db73012499e8ebee425d3de0746" member_type: VOTER last_known_addr { host: "127.14.200.129" port: 38575 } } peers { permanent_uuid: "b7ff087b4d3f41c9b717fafd36dcde60" member_type: VOTER last_known_addr { host: "127.14.200.130" port: 38045 } } peers { permanent_uuid: "dca949afbf534a1c997c15a446864f6f" member_type: VOTER last_known_addr { host: "127.14.200.131" port: 42055 } }
I20260709 14:54:32.729091 16448 tablet_bootstrap.cc:654] T 953ffa5d693c452086cdfa2fb7183025 P b7ff087b4d3f41c9b717fafd36dcde60: Neither blocks nor log segments found. Creating new log.
I20260709 14:54:32.729876 16449 tablet_bootstrap.cc:492] T d3882bd7f0b246e5a34b89dd3d54cc40 P 71699db73012499e8ebee425d3de0746: No bootstrap required, opened a new log
I20260709 14:54:32.730458 16449 ts_tablet_manager.cc:1403] T d3882bd7f0b246e5a34b89dd3d54cc40 P 71699db73012499e8ebee425d3de0746: Time spent bootstrapping tablet: real 0.054s	user 0.009s	sys 0.007s
I20260709 14:54:32.730619 16450 ts_tablet_manager.cc:1434] T a9e903e7693d48f7975eb11ebc847712 P dca949afbf534a1c997c15a446864f6f: Time spent starting tablet: real 0.008s	user 0.005s	sys 0.001s
I20260709 14:54:32.731609 16450 tablet_bootstrap.cc:492] T 3c79930a19794dc2a875ccb4fb33db83 P dca949afbf534a1c997c15a446864f6f: Bootstrap starting.
I20260709 14:54:32.733670 16449 raft_consensus.cc:359] T d3882bd7f0b246e5a34b89dd3d54cc40 P 71699db73012499e8ebee425d3de0746 [term 0 FOLLOWER]: Replica starting. Triggering 0 pending ops. Active config: opid_index: -1 OBSOLETE_local: false peers { permanent_uuid: "71699db73012499e8ebee425d3de0746" member_type: VOTER last_known_addr { host: "127.14.200.129" port: 38575 } } peers { permanent_uuid: "b7ff087b4d3f41c9b717fafd36dcde60" member_type: VOTER last_known_addr { host: "127.14.200.130" port: 38045 } } peers { permanent_uuid: "dca949afbf534a1c997c15a446864f6f" member_type: VOTER last_known_addr { host: "127.14.200.131" port: 42055 } }
I20260709 14:54:32.734483 16449 raft_consensus.cc:385] T d3882bd7f0b246e5a34b89dd3d54cc40 P 71699db73012499e8ebee425d3de0746 [term 0 FOLLOWER]: Consensus starting up: Expiring failure detector timer to make a prompt election more likely
I20260709 14:54:32.734830 16449 raft_consensus.cc:740] T d3882bd7f0b246e5a34b89dd3d54cc40 P 71699db73012499e8ebee425d3de0746 [term 0 FOLLOWER]: Becoming Follower/Learner. State: Replica: 71699db73012499e8ebee425d3de0746, State: Initialized, Role: FOLLOWER
I20260709 14:54:32.735746 16449 consensus_queue.cc:260] T d3882bd7f0b246e5a34b89dd3d54cc40 P 71699db73012499e8ebee425d3de0746 [NON_LEADER]: Queue going to NON_LEADER mode. State: All replicated index: 0, Majority replicated index: 0, Committed index: 0, Last appended: 0.0, Last appended by leader: 0, Current term: 0, Majority size: -1, State: 0, Mode: NON_LEADER, active raft config: opid_index: -1 OBSOLETE_local: false peers { permanent_uuid: "71699db73012499e8ebee425d3de0746" member_type: VOTER last_known_addr { host: "127.14.200.129" port: 38575 } } peers { permanent_uuid: "b7ff087b4d3f41c9b717fafd36dcde60" member_type: VOTER last_known_addr { host: "127.14.200.130" port: 38045 } } peers { permanent_uuid: "dca949afbf534a1c997c15a446864f6f" member_type: VOTER last_known_addr { host: "127.14.200.131" port: 42055 } }
I20260709 14:54:32.737214 16156 catalog_manager.cc:5697] T d6008e1dd0234d18b46d8f6a1481c423 P dca949afbf534a1c997c15a446864f6f reported cstate change: term changed from 0 to 1, leader changed from <none> to dca949afbf534a1c997c15a446864f6f (127.14.200.131). New cstate: current_term: 1 leader_uuid: "dca949afbf534a1c997c15a446864f6f" committed_config { opid_index: -1 OBSOLETE_local: false peers { permanent_uuid: "71699db73012499e8ebee425d3de0746" member_type: VOTER last_known_addr { host: "127.14.200.129" port: 38575 } health_report { overall_health: UNKNOWN } } peers { permanent_uuid: "b7ff087b4d3f41c9b717fafd36dcde60" member_type: VOTER last_known_addr { host: "127.14.200.130" port: 38045 } health_report { overall_health: UNKNOWN } } peers { permanent_uuid: "dca949afbf534a1c997c15a446864f6f" member_type: VOTER last_known_addr { host: "127.14.200.131" port: 42055 } health_report { overall_health: HEALTHY } } }
I20260709 14:54:32.738953 16450 tablet_bootstrap.cc:654] T 3c79930a19794dc2a875ccb4fb33db83 P dca949afbf534a1c997c15a446864f6f: Neither blocks nor log segments found. Creating new log.
I20260709 14:54:32.746448 16449 ts_tablet_manager.cc:1434] T d3882bd7f0b246e5a34b89dd3d54cc40 P 71699db73012499e8ebee425d3de0746: Time spent starting tablet: real 0.016s	user 0.007s	sys 0.000s
I20260709 14:54:32.747303 16450 tablet_bootstrap.cc:492] T 3c79930a19794dc2a875ccb4fb33db83 P dca949afbf534a1c997c15a446864f6f: No bootstrap required, opened a new log
I20260709 14:54:32.747764 16450 ts_tablet_manager.cc:1403] T 3c79930a19794dc2a875ccb4fb33db83 P dca949afbf534a1c997c15a446864f6f: Time spent bootstrapping tablet: real 0.016s	user 0.010s	sys 0.004s
I20260709 14:54:32.749676 16448 tablet_bootstrap.cc:492] T 953ffa5d693c452086cdfa2fb7183025 P b7ff087b4d3f41c9b717fafd36dcde60: No bootstrap required, opened a new log
I20260709 14:54:32.750159 16448 ts_tablet_manager.cc:1403] T 953ffa5d693c452086cdfa2fb7183025 P b7ff087b4d3f41c9b717fafd36dcde60: Time spent bootstrapping tablet: real 0.030s	user 0.005s	sys 0.015s
