Did not check for missing blocks
Did not check for orphaned blocks
Total full LBM containers with extra space: 0 (0 repaired)
Total full LBM container extra space in bytes: 0 (0 repaired)
Total incomplete LBM containers: 0 (0 repaired)
Total LBM partial records: 0 (0 repaired)
Total corrupted LBM metadata records in RocksDB: 0 (0 repaired)
I20260709 14:54:28.067754  6239 rpc_server.cc:225] running with OpenSSL 1.1.1  11 Sep 2018
I20260709 14:54:28.068828  6239 kserver.cc:163] Server-wide thread pool size limit: 3276
I20260709 14:54:28.070160  6239 txn_system_client.cc:432] TxnSystemClient initialization is disabled...
I20260709 14:54:28.072268  6239 ts_tablet_manager.cc:585] Loaded tablet metadata (0 total tablets, 0 live tablets)
I20260709 14:54:28.072451  6239 ts_tablet_manager.cc:531] Time spent load tablet metadata: real 0.000s	user 0.000s	sys 0.000s
I20260709 14:54:28.072656  6239 ts_tablet_manager.cc:616] Registered 0 tablets
I20260709 14:54:28.072821  6239 ts_tablet_manager.cc:595] Time spent register tablets: real 0.000s	user 0.000s	sys 0.000s
I20260709 14:54:28.109474  6239 rpc_server.cc:307] RPC server started. Bound to: 127.6.23.193:35747
I20260709 14:54:28.109576  7362 acceptor_pool.cc:272] collecting diagnostics on the listening RPC socket 127.6.23.193:35747 every 8 connection(s)
I20260709 14:54:28.113915  6239 file_cache.cc:504] Constructed file cache file cache with capacity 419430
W20260709 14:54:28.120525  7367 instance_detector.cc:116] could not retrieve AWS instance metadata: Network error: curl error: HTTP response code said error: The requested URL returned error: 404
W20260709 14:54:28.121109  7368 instance_detector.cc:116] could not retrieve Azure instance metadata: Network error: curl error: HTTP response code said error: The requested URL returned error: 404
W20260709 14:54:28.124010  7371 instance_detector.cc:116] could not retrieve OpenStack instance metadata: Network error: curl error: HTTP response code said error: The requested URL returned error: 404
I20260709 14:54:28.124605  6239 server_base.cc:1061] running on GCE node
I20260709 14:54:28.125607  6239 hybrid_clock.cc:584] initializing the hybrid clock with 'system_unsync' time source
W20260709 14:54:28.125799  6239 system_unsync_time.cc:38] NTP support is disabled. Clock error bounds will not be accurate. This configuration is not suitable for distributed clusters.
I20260709 14:54:28.125988  6239 hybrid_clock.cc:648] HybridClock initialized: now 1783608868125968 us; error 0 us; skew 500 ppm
I20260709 14:54:28.126132  7363 heartbeater.cc:344] Connected to a master server at 127.6.23.254:32961
I20260709 14:54:28.126471  7363 heartbeater.cc:461] Registering TS with master...
I20260709 14:54:28.126710  6239 server_base.cc:861] Flag tcmalloc_max_total_thread_cache_bytes is not working since tcmalloc is not enabled.
I20260709 14:54:28.127311  7363 heartbeater.cc:507] Master 127.6.23.254:32961 requested a full tablet report, sending...
I20260709 14:54:28.129248  6239 webserver.cc:533] Webserver started at http://127.6.23.194:40147/ using document root <none> and password file <none>
I20260709 14:54:28.129607  7236 ts_manager.cc:194] Registered new tserver with Master: 3fe966d1b1084b74aa938d325036dc33 (127.6.23.193:35747)
I20260709 14:54:28.129732  6239 fs_manager.cc:362] Metadata directory not provided
I20260709 14:54:28.129979  6239 fs_manager.cc:368] Using write-ahead log directory (fs_wal_dir) as metadata directory
I20260709 14:54:28.130218  6239 server_base.cc:909] This appears to be a new deployment of Kudu; creating new FS layout
I20260709 14:54:28.131256  7236 master_service.cc:502] Signed X509 certificate for tserver {username='slave'} at 127.0.0.1:57316
I20260709 14:54:28.131282  6239 fs_manager.cc:1068] Generated new instance metadata in path /tmp/dist-test-taskLjGcIk/test-tmp/auto_leader_rebalancer-test.0.LeaderRebalancerTest.AddTserver.1783608845258994-6239-0/minicluster-data/ts-1-root/instance:
uuid: "0c7be42f655047b197bbf121be41101d"
format_stamp: "Formatted at 2026-07-09 14:54:28 on dist-test-slave-bg1j"
I20260709 14:54:28.136019  6239 fs_manager.cc:696] Time spent creating directory manager: real 0.004s	user 0.000s	sys 0.004s
I20260709 14:54:28.138918  7375 log_block_manager.cc:4127] Time spent loading block containers with low live blocks: real 0.000s	user 0.000s	sys 0.000s
I20260709 14:54:28.139616  6239 fs_manager.cc:730] Time spent opening block manager: real 0.002s	user 0.002s	sys 0.001s
I20260709 14:54:28.139873  6239 fs_manager.cc:647] Opened local filesystem: /tmp/dist-test-taskLjGcIk/test-tmp/auto_leader_rebalancer-test.0.LeaderRebalancerTest.AddTserver.1783608845258994-6239-0/minicluster-data/ts-1-root
uuid: "0c7be42f655047b197bbf121be41101d"
format_stamp: "Formatted at 2026-07-09 14:54:28 on dist-test-slave-bg1j"
I20260709 14:54:28.140143  6239 fs_report.cc:389] FS layout report
--------------------
wal directory: /tmp/dist-test-taskLjGcIk/test-tmp/auto_leader_rebalancer-test.0.LeaderRebalancerTest.AddTserver.1783608845258994-6239-0/minicluster-data/ts-1-root
metadata directory: /tmp/dist-test-taskLjGcIk/test-tmp/auto_leader_rebalancer-test.0.LeaderRebalancerTest.AddTserver.1783608845258994-6239-0/minicluster-data/ts-1-root
1 data directories: /tmp/dist-test-taskLjGcIk/test-tmp/auto_leader_rebalancer-test.0.LeaderRebalancerTest.AddTserver.1783608845258994-6239-0/minicluster-data/ts-1-root/data
Total live blocks: 0
Total live bytes: 0
Total live bytes (after alignment): 0
Total number of LBM containers: 0 (0 full)
Did not check for missing blocks
Did not check for orphaned blocks
Total full LBM containers with extra space: 0 (0 repaired)
Total full LBM container extra space in bytes: 0 (0 repaired)
Total incomplete LBM containers: 0 (0 repaired)
Total LBM partial records: 0 (0 repaired)
Total corrupted LBM metadata records in RocksDB: 0 (0 repaired)
I20260709 14:54:28.166061  6239 rpc_server.cc:225] running with OpenSSL 1.1.1  11 Sep 2018
I20260709 14:54:28.167244  6239 kserver.cc:163] Server-wide thread pool size limit: 3276
I20260709 14:54:28.168602  6239 txn_system_client.cc:432] TxnSystemClient initialization is disabled...
I20260709 14:54:28.170611  6239 ts_tablet_manager.cc:585] Loaded tablet metadata (0 total tablets, 0 live tablets)
I20260709 14:54:28.170797  6239 ts_tablet_manager.cc:531] Time spent load tablet metadata: real 0.000s	user 0.000s	sys 0.000s
I20260709 14:54:28.171018  6239 ts_tablet_manager.cc:616] Registered 0 tablets
I20260709 14:54:28.171164  6239 ts_tablet_manager.cc:595] Time spent register tablets: real 0.000s	user 0.000s	sys 0.000s
I20260709 14:54:28.207031  6239 rpc_server.cc:307] RPC server started. Bound to: 127.6.23.194:38757
I20260709 14:54:28.207123  7437 acceptor_pool.cc:272] collecting diagnostics on the listening RPC socket 127.6.23.194:38757 every 8 connection(s)
I20260709 14:54:28.211275  6239 file_cache.cc:504] Constructed file cache file cache with capacity 419430
W20260709 14:54:28.217844  7441 instance_detector.cc:116] could not retrieve AWS instance metadata: Network error: curl error: HTTP response code said error: The requested URL returned error: 404
W20260709 14:54:28.219519  7442 instance_detector.cc:116] could not retrieve Azure instance metadata: Network error: curl error: HTTP response code said error: The requested URL returned error: 404
W20260709 14:54:28.221086  7444 instance_detector.cc:116] could not retrieve OpenStack instance metadata: Network error: curl error: HTTP response code said error: The requested URL returned error: 404
I20260709 14:54:28.221832  6239 server_base.cc:1061] running on GCE node
I20260709 14:54:28.222730  6239 hybrid_clock.cc:584] initializing the hybrid clock with 'system_unsync' time source
W20260709 14:54:28.222970  6239 system_unsync_time.cc:38] NTP support is disabled. Clock error bounds will not be accurate. This configuration is not suitable for distributed clusters.
I20260709 14:54:28.223196  6239 hybrid_clock.cc:648] HybridClock initialized: now 1783608868223156 us; error 0 us; skew 500 ppm
I20260709 14:54:28.223417  7438 heartbeater.cc:344] Connected to a master server at 127.6.23.254:32961
I20260709 14:54:28.223757  7438 heartbeater.cc:461] Registering TS with master...
I20260709 14:54:28.223775  6239 server_base.cc:861] Flag tcmalloc_max_total_thread_cache_bytes is not working since tcmalloc is not enabled.
I20260709 14:54:28.224481  7438 heartbeater.cc:507] Master 127.6.23.254:32961 requested a full tablet report, sending...
I20260709 14:54:28.226225  6239 webserver.cc:533] Webserver started at http://127.6.23.195:46609/ using document root <none> and password file <none>
I20260709 14:54:28.226522  7236 ts_manager.cc:194] Registered new tserver with Master: 0c7be42f655047b197bbf121be41101d (127.6.23.194:38757)
I20260709 14:54:28.226692  6239 fs_manager.cc:362] Metadata directory not provided
I20260709 14:54:28.226943  6239 fs_manager.cc:368] Using write-ahead log directory (fs_wal_dir) as metadata directory
I20260709 14:54:28.227205  6239 server_base.cc:909] This appears to be a new deployment of Kudu; creating new FS layout
I20260709 14:54:28.227898  7236 master_service.cc:502] Signed X509 certificate for tserver {username='slave'} at 127.0.0.1:57324
I20260709 14:54:28.228307  6239 fs_manager.cc:1068] Generated new instance metadata in path /tmp/dist-test-taskLjGcIk/test-tmp/auto_leader_rebalancer-test.0.LeaderRebalancerTest.AddTserver.1783608845258994-6239-0/minicluster-data/ts-2-root/instance:
uuid: "3430f3bcc66b40b1b56a8578f6f05892"
format_stamp: "Formatted at 2026-07-09 14:54:28 on dist-test-slave-bg1j"
I20260709 14:54:28.232522  6239 fs_manager.cc:696] Time spent creating directory manager: real 0.004s	user 0.005s	sys 0.000s
I20260709 14:54:28.235605  7449 log_block_manager.cc:4127] Time spent loading block containers with low live blocks: real 0.000s	user 0.000s	sys 0.000s
I20260709 14:54:28.236287  6239 fs_manager.cc:730] Time spent opening block manager: real 0.002s	user 0.002s	sys 0.001s
I20260709 14:54:28.236519  6239 fs_manager.cc:647] Opened local filesystem: /tmp/dist-test-taskLjGcIk/test-tmp/auto_leader_rebalancer-test.0.LeaderRebalancerTest.AddTserver.1783608845258994-6239-0/minicluster-data/ts-2-root
uuid: "3430f3bcc66b40b1b56a8578f6f05892"
format_stamp: "Formatted at 2026-07-09 14:54:28 on dist-test-slave-bg1j"
I20260709 14:54:28.236773  6239 fs_report.cc:389] FS layout report
--------------------
wal directory: /tmp/dist-test-taskLjGcIk/test-tmp/auto_leader_rebalancer-test.0.LeaderRebalancerTest.AddTserver.1783608845258994-6239-0/minicluster-data/ts-2-root
metadata directory: /tmp/dist-test-taskLjGcIk/test-tmp/auto_leader_rebalancer-test.0.LeaderRebalancerTest.AddTserver.1783608845258994-6239-0/minicluster-data/ts-2-root
1 data directories: /tmp/dist-test-taskLjGcIk/test-tmp/auto_leader_rebalancer-test.0.LeaderRebalancerTest.AddTserver.1783608845258994-6239-0/minicluster-data/ts-2-root/data
Total live blocks: 0
Total live bytes: 0
Total live bytes (after alignment): 0
Total number of LBM containers: 0 (0 full)
Did not check for missing blocks
Did not check for orphaned blocks
Total full LBM containers with extra space: 0 (0 repaired)
Total full LBM container extra space in bytes: 0 (0 repaired)
Total incomplete LBM containers: 0 (0 repaired)
Total LBM partial records: 0 (0 repaired)
Total corrupted LBM metadata records in RocksDB: 0 (0 repaired)
I20260709 14:54:28.246851  6239 rpc_server.cc:225] running with OpenSSL 1.1.1  11 Sep 2018
I20260709 14:54:28.247984  6239 kserver.cc:163] Server-wide thread pool size limit: 3276
I20260709 14:54:28.249286  6239 txn_system_client.cc:432] TxnSystemClient initialization is disabled...
I20260709 14:54:28.251305  6239 ts_tablet_manager.cc:585] Loaded tablet metadata (0 total tablets, 0 live tablets)
I20260709 14:54:28.251484  6239 ts_tablet_manager.cc:531] Time spent load tablet metadata: real 0.000s	user 0.000s	sys 0.000s
I20260709 14:54:28.251710  6239 ts_tablet_manager.cc:616] Registered 0 tablets
I20260709 14:54:28.251853  6239 ts_tablet_manager.cc:595] Time spent register tablets: real 0.000s	user 0.000s	sys 0.000s
I20260709 14:54:28.287772  6239 rpc_server.cc:307] RPC server started. Bound to: 127.6.23.195:45461
I20260709 14:54:28.287873  7511 acceptor_pool.cc:272] collecting diagnostics on the listening RPC socket 127.6.23.195:45461 every 8 connection(s)
I20260709 14:54:28.299894  7512 heartbeater.cc:344] Connected to a master server at 127.6.23.254:32961
I20260709 14:54:28.300240  7512 heartbeater.cc:461] Registering TS with master...
I20260709 14:54:28.300887  7512 heartbeater.cc:507] Master 127.6.23.254:32961 requested a full tablet report, sending...
I20260709 14:54:28.302623  7236 ts_manager.cc:194] Registered new tserver with Master: 3430f3bcc66b40b1b56a8578f6f05892 (127.6.23.195:45461)
I20260709 14:54:28.302732  6239 internal_mini_cluster.cc:371] 3 TS(s) registered with all masters after 0.012098356s
I20260709 14:54:28.303860  7236 master_service.cc:502] Signed X509 certificate for tserver {username='slave'} at 127.0.0.1:57340
I20260709 14:54:28.325749  7236 catalog_manager.cc:2283] Servicing CreateTable request from {username='slave'} at 127.0.0.1:57356:
name: "test-workload"
schema {
  columns {
    name: "key"
    type: INT32
    is_key: true
    is_nullable: false
    encoding: AUTO_ENCODING
    compression: DEFAULT_COMPRESSION
    cfile_block_size: 0
    immutable: false
  }
  columns {
    name: "int_val"
    type: INT32
    is_key: false
    is_nullable: false
    encoding: AUTO_ENCODING
    compression: DEFAULT_COMPRESSION
    cfile_block_size: 0
    immutable: false
  }
  columns {
    name: "string_val"
    type: STRING
    is_key: false
    is_nullable: true
    encoding: AUTO_ENCODING
    compression: DEFAULT_COMPRESSION
    cfile_block_size: 0
    immutable: false
  }
}
num_replicas: 3
split_rows_range_bounds {
  rows: "\004\001\000\313c+\002\004\001\000\226\307V\004\004\001\000a+\202\006\004\001\000,\217\255\010\004\001\000\367\362\330\n\004\001\000\302V\004\r\004\001\000\215\272/\017\004\001\000X\036[\021\004\001\000#\202\206\023\004\001\000\356\345\261\025\004\001\000\271I\335\027\004\001\000\204\255\010\032\004\001\000O\0214\034\004\001\000\032u_\036\004\001\000\345\330\212 \004\001\000\260<\266\"\004\001\000{\240\341$\004\001\000F\004\r\'\004\001\000\021h8)\004\001\000\334\313c+\004\001\000\247/\217-\004\001\000r\223\272/\004\001\000=\367\3451\004\001\000\010[\0214\004\001\000\323\276<6\004\001\000\236\"h8\004\001\000i\206\223:\004\001\0004\352\276<\004\001\000\377M\352>\004\001\000\312\261\025A\004\001\000\225\025AC\004\001\000`ylE\004\001\000+\335\227G\004\001\000\366@\303I\004\001\000\301\244\356K\004\001\000\214\010\032N\004\001\000WlEP\004\001\000\"\320pR\004\001\000\3553\234T\004\001\000\270\227\307V\004\001\000\203\373\362X\004\001\000N_\036[\004\001\000\031\303I]\004\001\000\344&u_\004\001\000\257\212\240a\004\001\000z\356\313c\004\001\000ER\367e\004\001\000\020\266\"h\004\001\000\333\031Nj\004\001\000\246}yl\004\001\000q\341\244n\004\001\000<E\320p\004\001\000\007\251\373r\004\001\000\322\014\'u\004\001\000\235pRw\004\001\000h\324}y\004\001\00038\251{\004\001\000\376\233\324}""\004\001\000\313c+\002\004\001\000\226\307V\004\004\001\000a+\202\006\004\001\000,\217\255\010\004\001\000\367\362\330\n\004\001\000\302V\004\r\004\001\000\215\272/\017\004\001\000X\036[\021\004\001\000#\202\206\023\004\001\000\356\345\261\025\004\001\000\271I\335\027\004\001\000\204\255\010\032\004\001\000O\0214\034\004\001\000\032u_\036\004\001\000\345\330\212 \004\001\000\260<\266\"\004\001\000{\240\341$\004\001\000F\004\r\'\004\001\000\021h8)\004\001\000\334\313c+\004\001\000\247/\217-\004\001\000r\223\272/\004\001\000=\367\3451\004\001\000\010[\0214\004\001\000\323\276<6\004\001\000\236\"h8\004\001\000i\206\223:\004\001\0004\352\276<\004\001\000\377M\352>\004\001\000\312\261\025A\004\001\000\225\025AC\004\001\000`ylE\004\001\000+\335\227G\004\001\000\366@\303I\004\001\000\301\244\356K\004\001\000\214\010\032N\004\001\000WlEP\004\001\000\"\320pR\004\001\000\3553\234T\004\001\000\270\227\307V\004\001\000\203\373\362X\004\001\000N_\036[\004\001\000\031\303I]\004\001\000\344&u_\004\001\000\257\212\240a\004\001\000z\356\313c\004\001\000ER\367e\004\001\000\020\266\"h\004\001\000\333\031Nj\004\001\000\246}yl\004\001\000q\341\244n\004\001\000<E\320p\004\001\000\007\251\373r\004\001\000\322\014\'u\004\001\000\235pRw\004\001\000h\324}y\004\001\00038\251{\004\001\000\376\233\324}"
  indirect_data: """"
}
partition_schema {
  range_schema {
    columns {
      name: "key"
    }
  }
}
W20260709 14:54:28.331470  7236 catalog_manager.cc:7077] The number of live tablet servers is not enough to re-replicate a tablet replica of the newly created table test-workload in case of a server failure: 4 tablet servers would be needed, 3 are available. Consider bringing up more tablet servers.
I20260709 14:54:28.517663  7475 tablet_service.cc:1511] Processing CreateTablet for tablet de34ab06afab4b9fb023b80309de6a96 (DEFAULT_TABLE table=test-workload [id=67e65dd94e7f4728bb472f1ba07601f7]), partition=RANGE (key) PARTITION 72796054 <= VALUES < 109194081
I20260709 14:54:28.518795  7476 tablet_service.cc:1511] Processing CreateTablet for tablet 8388bf63515d47d896620ec408262ca0 (DEFAULT_TABLE table=test-workload [id=67e65dd94e7f4728bb472f1ba07601f7]), partition=RANGE (key) PARTITION 36398027 <= VALUES < 72796054
I20260709 14:54:28.517706  7477 tablet_service.cc:1511] Processing CreateTablet for tablet 1a70c8df96f743659cf60e0282a2963d (DEFAULT_TABLE table=test-workload [id=67e65dd94e7f4728bb472f1ba07601f7]), partition=RANGE (key) PARTITION VALUES < 36398027
I20260709 14:54:28.520306  7474 tablet_service.cc:1511] Processing CreateTablet for tablet e7fc11dce0384ceca4c7b3f96d7ff51a (DEFAULT_TABLE table=test-workload [id=67e65dd94e7f4728bb472f1ba07601f7]), partition=RANGE (key) PARTITION 109194081 <= VALUES < 145592108
I20260709 14:54:28.519080  7475 data_dirs.cc:400] Could only allocate 1 dirs of requested 3 for tablet de34ab06afab4b9fb023b80309de6a96. 1 dirs total, 0 dirs full, 0 dirs failed
I20260709 14:54:28.522439  7477 data_dirs.cc:400] Could only allocate 1 dirs of requested 3 for tablet 1a70c8df96f743659cf60e0282a2963d. 1 dirs total, 0 dirs full, 0 dirs failed
I20260709 14:54:28.522984  7473 tablet_service.cc:1511] Processing CreateTablet for tablet eb748b7f06984e6da7370115c828a7e6 (DEFAULT_TABLE table=test-workload [id=67e65dd94e7f4728bb472f1ba07601f7]), partition=RANGE (key) PARTITION 145592108 <= VALUES < 181990135
I20260709 14:54:28.524199  7473 data_dirs.cc:400] Could only allocate 1 dirs of requested 3 for tablet eb748b7f06984e6da7370115c828a7e6. 1 dirs total, 0 dirs full, 0 dirs failed
I20260709 14:54:28.525249  7474 data_dirs.cc:400] Could only allocate 1 dirs of requested 3 for tablet e7fc11dce0384ceca4c7b3f96d7ff51a. 1 dirs total, 0 dirs full, 0 dirs failed
I20260709 14:54:28.527473  7476 data_dirs.cc:400] Could only allocate 1 dirs of requested 3 for tablet 8388bf63515d47d896620ec408262ca0. 1 dirs total, 0 dirs full, 0 dirs failed
I20260709 14:54:28.527020  7472 tablet_service.cc:1511] Processing CreateTablet for tablet 0148f9d926fe4682a57a10b7d2e8e67c (DEFAULT_TABLE table=test-workload [id=67e65dd94e7f4728bb472f1ba07601f7]), partition=RANGE (key) PARTITION 181990135 <= VALUES < 218388162
I20260709 14:54:28.528401  7472 data_dirs.cc:400] Could only allocate 1 dirs of requested 3 for tablet 0148f9d926fe4682a57a10b7d2e8e67c. 1 dirs total, 0 dirs full, 0 dirs failed
I20260709 14:54:28.528998  7403 tablet_service.cc:1511] Processing CreateTablet for tablet 1a70c8df96f743659cf60e0282a2963d (DEFAULT_TABLE table=test-workload [id=67e65dd94e7f4728bb472f1ba07601f7]), partition=RANGE (key) PARTITION VALUES < 36398027
I20260709 14:54:28.530175  7403 data_dirs.cc:400] Could only allocate 1 dirs of requested 3 for tablet 1a70c8df96f743659cf60e0282a2963d. 1 dirs total, 0 dirs full, 0 dirs failed
I20260709 14:54:28.531528  7471 tablet_service.cc:1511] Processing CreateTablet for tablet 558b360017f146249f0bf681c1962f45 (DEFAULT_TABLE table=test-workload [id=67e65dd94e7f4728bb472f1ba07601f7]), partition=RANGE (key) PARTITION 218388162 <= VALUES < 254786189
I20260709 14:54:28.532737  7471 data_dirs.cc:400] Could only allocate 1 dirs of requested 3 for tablet 558b360017f146249f0bf681c1962f45. 1 dirs total, 0 dirs full, 0 dirs failed
I20260709 14:54:28.535864  7470 tablet_service.cc:1511] Processing CreateTablet for tablet 046171ffc2a64b7aa436fbb8a2e8d3d2 (DEFAULT_TABLE table=test-workload [id=67e65dd94e7f4728bb472f1ba07601f7]), partition=RANGE (key) PARTITION 254786189 <= VALUES < 291184216
I20260709 14:54:28.537062  7470 data_dirs.cc:400] Could only allocate 1 dirs of requested 3 for tablet 046171ffc2a64b7aa436fbb8a2e8d3d2. 1 dirs total, 0 dirs full, 0 dirs failed
I20260709 14:54:28.539929  7402 tablet_service.cc:1511] Processing CreateTablet for tablet 8388bf63515d47d896620ec408262ca0 (DEFAULT_TABLE table=test-workload [id=67e65dd94e7f4728bb472f1ba07601f7]), partition=RANGE (key) PARTITION 36398027 <= VALUES < 72796054
I20260709 14:54:28.540132  7469 tablet_service.cc:1511] Processing CreateTablet for tablet b4ecf84091f2465f80a5b51f34ed5a82 (DEFAULT_TABLE table=test-workload [id=67e65dd94e7f4728bb472f1ba07601f7]), partition=RANGE (key) PARTITION 291184216 <= VALUES < 327582243
I20260709 14:54:28.541170  7402 data_dirs.cc:400] Could only allocate 1 dirs of requested 3 for tablet 8388bf63515d47d896620ec408262ca0. 1 dirs total, 0 dirs full, 0 dirs failed
I20260709 14:54:28.541220  7469 data_dirs.cc:400] Could only allocate 1 dirs of requested 3 for tablet b4ecf84091f2465f80a5b51f34ed5a82. 1 dirs total, 0 dirs full, 0 dirs failed
I20260709 14:54:28.544775  7468 tablet_service.cc:1511] Processing CreateTablet for tablet 66d12e39d7d049b28c153e73614f8b50 (DEFAULT_TABLE table=test-workload [id=67e65dd94e7f4728bb472f1ba07601f7]), partition=RANGE (key) PARTITION 327582243 <= VALUES < 363980270
I20260709 14:54:28.545998  7468 data_dirs.cc:400] Could only allocate 1 dirs of requested 3 for tablet 66d12e39d7d049b28c153e73614f8b50. 1 dirs total, 0 dirs full, 0 dirs failed
I20260709 14:54:28.552657  7401 tablet_service.cc:1511] Processing CreateTablet for tablet de34ab06afab4b9fb023b80309de6a96 (DEFAULT_TABLE table=test-workload [id=67e65dd94e7f4728bb472f1ba07601f7]), partition=RANGE (key) PARTITION 72796054 <= VALUES < 109194081
I20260709 14:54:28.553947  7401 data_dirs.cc:400] Could only allocate 1 dirs of requested 3 for tablet de34ab06afab4b9fb023b80309de6a96. 1 dirs total, 0 dirs full, 0 dirs failed
I20260709 14:54:28.573992  7476 tablet_service.cc:1511] Processing CreateTablet for tablet 6794b7b9e4a945b4b7bacb5928fa4a19 (DEFAULT_TABLE table=test-workload [id=67e65dd94e7f4728bb472f1ba07601f7]), partition=RANGE (key) PARTITION 363980270 <= VALUES < 400378297
I20260709 14:54:28.576722  7469 tablet_service.cc:1511] Processing CreateTablet for tablet d4314ab7018f415e91546af44d732454 (DEFAULT_TABLE table=test-workload [id=67e65dd94e7f4728bb472f1ba07601f7]), partition=RANGE (key) PARTITION 400378297 <= VALUES < 436776324
I20260709 14:54:28.587718  7328 tablet_service.cc:1511] Processing CreateTablet for tablet 1a70c8df96f743659cf60e0282a2963d (DEFAULT_TABLE table=test-workload [id=67e65dd94e7f4728bb472f1ba07601f7]), partition=RANGE (key) PARTITION VALUES < 36398027
I20260709 14:54:28.589012  7328 data_dirs.cc:400] Could only allocate 1 dirs of requested 3 for tablet 1a70c8df96f743659cf60e0282a2963d. 1 dirs total, 0 dirs full, 0 dirs failed
I20260709 14:54:28.592208  7327 tablet_service.cc:1511] Processing CreateTablet for tablet 8388bf63515d47d896620ec408262ca0 (DEFAULT_TABLE table=test-workload [id=67e65dd94e7f4728bb472f1ba07601f7]), partition=RANGE (key) PARTITION 36398027 <= VALUES < 72796054
I20260709 14:54:28.592612  7400 tablet_service.cc:1511] Processing CreateTablet for tablet e7fc11dce0384ceca4c7b3f96d7ff51a (DEFAULT_TABLE table=test-workload [id=67e65dd94e7f4728bb472f1ba07601f7]), partition=RANGE (key) PARTITION 109194081 <= VALUES < 145592108
I20260709 14:54:28.593472  7327 data_dirs.cc:400] Could only allocate 1 dirs of requested 3 for tablet 8388bf63515d47d896620ec408262ca0. 1 dirs total, 0 dirs full, 0 dirs failed
I20260709 14:54:28.593876  7400 data_dirs.cc:400] Could only allocate 1 dirs of requested 3 for tablet e7fc11dce0384ceca4c7b3f96d7ff51a. 1 dirs total, 0 dirs full, 0 dirs failed
I20260709 14:54:28.594627  7394 tablet_service.cc:1511] Processing CreateTablet for tablet 66d12e39d7d049b28c153e73614f8b50 (DEFAULT_TABLE table=test-workload [id=67e65dd94e7f4728bb472f1ba07601f7]), partition=RANGE (key) PARTITION 327582243 <= VALUES < 363980270
I20260709 14:54:28.595829  7394 data_dirs.cc:400] Could only allocate 1 dirs of requested 3 for tablet 66d12e39d7d049b28c153e73614f8b50. 1 dirs total, 0 dirs full, 0 dirs failed
I20260709 14:54:28.596230  7399 tablet_service.cc:1511] Processing CreateTablet for tablet eb748b7f06984e6da7370115c828a7e6 (DEFAULT_TABLE table=test-workload [id=67e65dd94e7f4728bb472f1ba07601f7]), partition=RANGE (key) PARTITION 145592108 <= VALUES < 181990135
I20260709 14:54:28.596292  7326 tablet_service.cc:1511] Processing CreateTablet for tablet de34ab06afab4b9fb023b80309de6a96 (DEFAULT_TABLE table=test-workload [id=67e65dd94e7f4728bb472f1ba07601f7]), partition=RANGE (key) PARTITION 72796054 <= VALUES < 109194081
I20260709 14:54:28.597497  7399 data_dirs.cc:400] Could only allocate 1 dirs of requested 3 for tablet eb748b7f06984e6da7370115c828a7e6. 1 dirs total, 0 dirs full, 0 dirs failed
I20260709 14:54:28.597586  7326 data_dirs.cc:400] Could only allocate 1 dirs of requested 3 for tablet de34ab06afab4b9fb023b80309de6a96. 1 dirs total, 0 dirs full, 0 dirs failed
I20260709 14:54:28.598758  7398 tablet_service.cc:1511] Processing CreateTablet for tablet 0148f9d926fe4682a57a10b7d2e8e67c (DEFAULT_TABLE table=test-workload [id=67e65dd94e7f4728bb472f1ba07601f7]), partition=RANGE (key) PARTITION 181990135 <= VALUES < 218388162
I20260709 14:54:28.599474  7325 tablet_service.cc:1511] Processing CreateTablet for tablet e7fc11dce0384ceca4c7b3f96d7ff51a (DEFAULT_TABLE table=test-workload [id=67e65dd94e7f4728bb472f1ba07601f7]), partition=RANGE (key) PARTITION 109194081 <= VALUES < 145592108
I20260709 14:54:28.600677  7325 data_dirs.cc:400] Could only allocate 1 dirs of requested 3 for tablet e7fc11dce0384ceca4c7b3f96d7ff51a. 1 dirs total, 0 dirs full, 0 dirs failed
I20260709 14:54:28.600873  7397 tablet_service.cc:1511] Processing CreateTablet for tablet 558b360017f146249f0bf681c1962f45 (DEFAULT_TABLE table=test-workload [id=67e65dd94e7f4728bb472f1ba07601f7]), partition=RANGE (key) PARTITION 218388162 <= VALUES < 254786189
I20260709 14:54:28.604264  7395 tablet_service.cc:1511] Processing CreateTablet for tablet b4ecf84091f2465f80a5b51f34ed5a82 (DEFAULT_TABLE table=test-workload [id=67e65dd94e7f4728bb472f1ba07601f7]), partition=RANGE (key) PARTITION 291184216 <= VALUES < 327582243
I20260709 14:54:28.606093  7322 tablet_service.cc:1511] Processing CreateTablet for tablet 558b360017f146249f0bf681c1962f45 (DEFAULT_TABLE table=test-workload [id=67e65dd94e7f4728bb472f1ba07601f7]), partition=RANGE (key) PARTITION 218388162 <= VALUES < 254786189
I20260709 14:54:28.608258  7322 data_dirs.cc:400] Could only allocate 1 dirs of requested 3 for tablet 558b360017f146249f0bf681c1962f45. 1 dirs total, 0 dirs full, 0 dirs failed
I20260709 14:54:28.577328  7477 tablet_service.cc:1511] Processing CreateTablet for tablet 1f155a055eb14ef391b6ad2caa7048f1 (DEFAULT_TABLE table=test-workload [id=67e65dd94e7f4728bb472f1ba07601f7]), partition=RANGE (key) PARTITION 436776324 <= VALUES < 473174351
I20260709 14:54:28.610216  7398 data_dirs.cc:400] Could only allocate 1 dirs of requested 3 for tablet 0148f9d926fe4682a57a10b7d2e8e67c. 1 dirs total, 0 dirs full, 0 dirs failed
I20260709 14:54:28.610826  7397 data_dirs.cc:400] Could only allocate 1 dirs of requested 3 for tablet 558b360017f146249f0bf681c1962f45. 1 dirs total, 0 dirs full, 0 dirs failed
I20260709 14:54:28.611032  7324 tablet_service.cc:1511] Processing CreateTablet for tablet eb748b7f06984e6da7370115c828a7e6 (DEFAULT_TABLE table=test-workload [id=67e65dd94e7f4728bb472f1ba07601f7]), partition=RANGE (key) PARTITION 145592108 <= VALUES < 181990135
I20260709 14:54:28.611311  7396 tablet_service.cc:1511] Processing CreateTablet for tablet 046171ffc2a64b7aa436fbb8a2e8d3d2 (DEFAULT_TABLE table=test-workload [id=67e65dd94e7f4728bb472f1ba07601f7]), partition=RANGE (key) PARTITION 254786189 <= VALUES < 291184216
I20260709 14:54:28.612301  7324 data_dirs.cc:400] Could only allocate 1 dirs of requested 3 for tablet eb748b7f06984e6da7370115c828a7e6. 1 dirs total, 0 dirs full, 0 dirs failed
I20260709 14:54:28.612519  7396 data_dirs.cc:400] Could only allocate 1 dirs of requested 3 for tablet 046171ffc2a64b7aa436fbb8a2e8d3d2. 1 dirs total, 0 dirs full, 0 dirs failed
I20260709 14:54:28.614174  7319 tablet_service.cc:1511] Processing CreateTablet for tablet 66d12e39d7d049b28c153e73614f8b50 (DEFAULT_TABLE table=test-workload [id=67e65dd94e7f4728bb472f1ba07601f7]), partition=RANGE (key) PARTITION 327582243 <= VALUES < 363980270
I20260709 14:54:28.625380  7323 tablet_service.cc:1511] Processing CreateTablet for tablet 0148f9d926fe4682a57a10b7d2e8e67c (DEFAULT_TABLE table=test-workload [id=67e65dd94e7f4728bb472f1ba07601f7]), partition=RANGE (key) PARTITION 181990135 <= VALUES < 218388162
I20260709 14:54:28.626586  7323 data_dirs.cc:400] Could only allocate 1 dirs of requested 3 for tablet 0148f9d926fe4682a57a10b7d2e8e67c. 1 dirs total, 0 dirs full, 0 dirs failed
I20260709 14:54:28.630386  7320 tablet_service.cc:1511] Processing CreateTablet for tablet b4ecf84091f2465f80a5b51f34ed5a82 (DEFAULT_TABLE table=test-workload [id=67e65dd94e7f4728bb472f1ba07601f7]), partition=RANGE (key) PARTITION 291184216 <= VALUES < 327582243
I20260709 14:54:28.604267  7321 tablet_service.cc:1511] Processing CreateTablet for tablet 046171ffc2a64b7aa436fbb8a2e8d3d2 (DEFAULT_TABLE table=test-workload [id=67e65dd94e7f4728bb472f1ba07601f7]), partition=RANGE (key) PARTITION 254786189 <= VALUES < 291184216
I20260709 14:54:28.636508  7321 data_dirs.cc:400] Could only allocate 1 dirs of requested 3 for tablet 046171ffc2a64b7aa436fbb8a2e8d3d2. 1 dirs total, 0 dirs full, 0 dirs failed
I20260709 14:54:28.642102  7476 data_dirs.cc:400] Could only allocate 1 dirs of requested 3 for tablet 6794b7b9e4a945b4b7bacb5928fa4a19. 1 dirs total, 0 dirs full, 0 dirs failed
I20260709 14:54:28.642438  7395 data_dirs.cc:400] Could only allocate 1 dirs of requested 3 for tablet b4ecf84091f2465f80a5b51f34ed5a82. 1 dirs total, 0 dirs full, 0 dirs failed
I20260709 14:54:28.649441  7473 tablet_service.cc:1511] Processing CreateTablet for tablet 55c753b6ac8543dc9ef137ce24a30c6f (DEFAULT_TABLE table=test-workload [id=67e65dd94e7f4728bb472f1ba07601f7]), partition=RANGE (key) PARTITION 473174351 <= VALUES < 509572378
I20260709 14:54:28.649734  7401 tablet_service.cc:1511] Processing CreateTablet for tablet 6794b7b9e4a945b4b7bacb5928fa4a19 (DEFAULT_TABLE table=test-workload [id=67e65dd94e7f4728bb472f1ba07601f7]), partition=RANGE (key) PARTITION 363980270 <= VALUES < 400378297
I20260709 14:54:28.651273  7527 tablet_bootstrap.cc:492] T eb748b7f06984e6da7370115c828a7e6 P 3430f3bcc66b40b1b56a8578f6f05892: Bootstrap starting.
I20260709 14:54:28.651459  7319 data_dirs.cc:400] Could only allocate 1 dirs of requested 3 for tablet 66d12e39d7d049b28c153e73614f8b50. 1 dirs total, 0 dirs full, 0 dirs failed
I20260709 14:54:28.658602  7401 data_dirs.cc:400] Could only allocate 1 dirs of requested 3 for tablet 6794b7b9e4a945b4b7bacb5928fa4a19. 1 dirs total, 0 dirs full, 0 dirs failed
I20260709 14:54:28.659442  7320 data_dirs.cc:400] Could only allocate 1 dirs of requested 3 for tablet b4ecf84091f2465f80a5b51f34ed5a82. 1 dirs total, 0 dirs full, 0 dirs failed
I20260709 14:54:28.655006  7474 tablet_service.cc:1511] Processing CreateTablet for tablet 23c5f0f4684244a1aedf46d85eb9c98a (DEFAULT_TABLE table=test-workload [id=67e65dd94e7f4728bb472f1ba07601f7]), partition=RANGE (key) PARTITION 509572378 <= VALUES < 545970405
I20260709 14:54:28.673947  7528 tablet_bootstrap.cc:492] T de34ab06afab4b9fb023b80309de6a96 P 0c7be42f655047b197bbf121be41101d: Bootstrap starting.
I20260709 14:54:28.686445  7471 tablet_service.cc:1511] Processing CreateTablet for tablet f26740c2247b4ba0a251d3d23136ef70 (DEFAULT_TABLE table=test-workload [id=67e65dd94e7f4728bb472f1ba07601f7]), partition=RANGE (key) PARTITION 545970405 <= VALUES < 582368432
I20260709 14:54:28.714718  7401 tablet_service.cc:1511] Processing CreateTablet for tablet d4314ab7018f415e91546af44d732454 (DEFAULT_TABLE table=test-workload [id=67e65dd94e7f4728bb472f1ba07601f7]), partition=RANGE (key) PARTITION 400378297 <= VALUES < 436776324
I20260709 14:54:28.724145  7471 data_dirs.cc:400] Could only allocate 1 dirs of requested 3 for tablet f26740c2247b4ba0a251d3d23136ef70. 1 dirs total, 0 dirs full, 0 dirs failed
I20260709 14:54:28.724285  7402 tablet_service.cc:1511] Processing CreateTablet for tablet 1f155a055eb14ef391b6ad2caa7048f1 (DEFAULT_TABLE table=test-workload [id=67e65dd94e7f4728bb472f1ba07601f7]), partition=RANGE (key) PARTITION 436776324 <= VALUES < 473174351
I20260709 14:54:28.727486  7472 tablet_service.cc:1511] Processing CreateTablet for tablet aaf588a77b704fc1aa6434d37b8de9d0 (DEFAULT_TABLE table=test-workload [id=67e65dd94e7f4728bb472f1ba07601f7]), partition=RANGE (key) PARTITION 582368432 <= VALUES < 618766459
I20260709 14:54:28.731364  7326 tablet_service.cc:1511] Processing CreateTablet for tablet 6794b7b9e4a945b4b7bacb5928fa4a19 (DEFAULT_TABLE table=test-workload [id=67e65dd94e7f4728bb472f1ba07601f7]), partition=RANGE (key) PARTITION 363980270 <= VALUES < 400378297
I20260709 14:54:28.732508  7326 data_dirs.cc:400] Could only allocate 1 dirs of requested 3 for tablet 6794b7b9e4a945b4b7bacb5928fa4a19. 1 dirs total, 0 dirs full, 0 dirs failed
I20260709 14:54:28.743835  7528 tablet_bootstrap.cc:654] T de34ab06afab4b9fb023b80309de6a96 P 0c7be42f655047b197bbf121be41101d: Neither blocks nor log segments found. Creating new log.
I20260709 14:54:28.746606  7399 tablet_service.cc:1511] Processing CreateTablet for tablet 23c5f0f4684244a1aedf46d85eb9c98a (DEFAULT_TABLE table=test-workload [id=67e65dd94e7f4728bb472f1ba07601f7]), partition=RANGE (key) PARTITION 509572378 <= VALUES < 545970405
I20260709 14:54:28.750996  7470 tablet_service.cc:1511] Processing CreateTablet for tablet 0f67a24e6421487c8b008d5ef1d65a3b (DEFAULT_TABLE table=test-workload [id=67e65dd94e7f4728bb472f1ba07601f7]), partition=RANGE (key) PARTITION 618766459 <= VALUES < 655164486
I20260709 14:54:28.734059  7401 data_dirs.cc:400] Could only allocate 1 dirs of requested 3 for tablet d4314ab7018f415e91546af44d732454. 1 dirs total, 0 dirs full, 0 dirs failed
I20260709 14:54:28.756057  7399 data_dirs.cc:400] Could only allocate 1 dirs of requested 3 for tablet 23c5f0f4684244a1aedf46d85eb9c98a. 1 dirs total, 0 dirs full, 0 dirs failed
I20260709 14:54:28.757336  7323 tablet_service.cc:1511] Processing CreateTablet for tablet d4314ab7018f415e91546af44d732454 (DEFAULT_TABLE table=test-workload [id=67e65dd94e7f4728bb472f1ba07601f7]), partition=RANGE (key) PARTITION 400378297 <= VALUES < 436776324
I20260709 14:54:28.766448  7323 data_dirs.cc:400] Could only allocate 1 dirs of requested 3 for tablet d4314ab7018f415e91546af44d732454. 1 dirs total, 0 dirs full, 0 dirs failed
I20260709 14:54:28.759922  7402 data_dirs.cc:400] Could only allocate 1 dirs of requested 3 for tablet 1f155a055eb14ef391b6ad2caa7048f1. 1 dirs total, 0 dirs full, 0 dirs failed
I20260709 14:54:28.728720  7472 data_dirs.cc:400] Could only allocate 1 dirs of requested 3 for tablet aaf588a77b704fc1aa6434d37b8de9d0. 1 dirs total, 0 dirs full, 0 dirs failed
I20260709 14:54:28.771461  7477 data_dirs.cc:400] Could only allocate 1 dirs of requested 3 for tablet 1f155a055eb14ef391b6ad2caa7048f1. 1 dirs total, 0 dirs full, 0 dirs failed
I20260709 14:54:28.774230  7529 tablet_bootstrap.cc:492] T de34ab06afab4b9fb023b80309de6a96 P 3fe966d1b1084b74aa938d325036dc33: Bootstrap starting.
I20260709 14:54:28.775467  7470 data_dirs.cc:400] Could only allocate 1 dirs of requested 3 for tablet 0f67a24e6421487c8b008d5ef1d65a3b. 1 dirs total, 0 dirs full, 0 dirs failed
I20260709 14:54:28.777341  7473 data_dirs.cc:400] Could only allocate 1 dirs of requested 3 for tablet 55c753b6ac8543dc9ef137ce24a30c6f. 1 dirs total, 0 dirs full, 0 dirs failed
I20260709 14:54:28.779441  7469 data_dirs.cc:400] Could only allocate 1 dirs of requested 3 for tablet d4314ab7018f415e91546af44d732454. 1 dirs total, 0 dirs full, 0 dirs failed
I20260709 14:54:28.781843  7474 data_dirs.cc:400] Could only allocate 1 dirs of requested 3 for tablet 23c5f0f4684244a1aedf46d85eb9c98a. 1 dirs total, 0 dirs full, 0 dirs failed
I20260709 14:54:28.777153  7475 tablet_service.cc:1511] Processing CreateTablet for tablet 38c5e264f97c41069b813e21b43b35d9 (DEFAULT_TABLE table=test-workload [id=67e65dd94e7f4728bb472f1ba07601f7]), partition=RANGE (key) PARTITION 655164486 <= VALUES < 691562513
I20260709 14:54:28.787712  7475 data_dirs.cc:400] Could only allocate 1 dirs of requested 3 for tablet 38c5e264f97c41069b813e21b43b35d9. 1 dirs total, 0 dirs full, 0 dirs failed
I20260709 14:54:28.790287  7319 tablet_service.cc:1511] Processing CreateTablet for tablet 55c753b6ac8543dc9ef137ce24a30c6f (DEFAULT_TABLE table=test-workload [id=67e65dd94e7f4728bb472f1ba07601f7]), partition=RANGE (key) PARTITION 473174351 <= VALUES < 509572378
I20260709 14:54:28.779217  7468 tablet_service.cc:1511] Processing CreateTablet for tablet ca4615b42fa04945845d950b93353bf6 (DEFAULT_TABLE table=test-workload [id=67e65dd94e7f4728bb472f1ba07601f7]), partition=RANGE (key) PARTITION 691562513 <= VALUES < 727960540
I20260709 14:54:28.791911  7468 data_dirs.cc:400] Could only allocate 1 dirs of requested 3 for tablet ca4615b42fa04945845d950b93353bf6. 1 dirs total, 0 dirs full, 0 dirs failed
I20260709 14:54:28.793778  7471 tablet_service.cc:1511] Processing CreateTablet for tablet 6c2d2f287e894033a7057380f89865ce (DEFAULT_TABLE table=test-workload [id=67e65dd94e7f4728bb472f1ba07601f7]), partition=RANGE (key) PARTITION 727960540 <= VALUES < 764358567
I20260709 14:54:28.800915  7471 data_dirs.cc:400] Could only allocate 1 dirs of requested 3 for tablet 6c2d2f287e894033a7057380f89865ce. 1 dirs total, 0 dirs full, 0 dirs failed
I20260709 14:54:28.803409  7400 tablet_service.cc:1511] Processing CreateTablet for tablet 0f67a24e6421487c8b008d5ef1d65a3b (DEFAULT_TABLE table=test-workload [id=67e65dd94e7f4728bb472f1ba07601f7]), partition=RANGE (key) PARTITION 618766459 <= VALUES < 655164486
I20260709 14:54:28.804593  7400 data_dirs.cc:400] Could only allocate 1 dirs of requested 3 for tablet 0f67a24e6421487c8b008d5ef1d65a3b. 1 dirs total, 0 dirs full, 0 dirs failed
I20260709 14:54:28.795804  7322 tablet_service.cc:1511] Processing CreateTablet for tablet 1f155a055eb14ef391b6ad2caa7048f1 (DEFAULT_TABLE table=test-workload [id=67e65dd94e7f4728bb472f1ba07601f7]), partition=RANGE (key) PARTITION 436776324 <= VALUES < 473174351
I20260709 14:54:28.806890  7322 data_dirs.cc:400] Could only allocate 1 dirs of requested 3 for tablet 1f155a055eb14ef391b6ad2caa7048f1. 1 dirs total, 0 dirs full, 0 dirs failed
I20260709 14:54:28.807560  7398 tablet_service.cc:1511] Processing CreateTablet for tablet f26740c2247b4ba0a251d3d23136ef70 (DEFAULT_TABLE table=test-workload [id=67e65dd94e7f4728bb472f1ba07601f7]), partition=RANGE (key) PARTITION 545970405 <= VALUES < 582368432
I20260709 14:54:28.808810  7403 tablet_service.cc:1511] Processing CreateTablet for tablet 55c753b6ac8543dc9ef137ce24a30c6f (DEFAULT_TABLE table=test-workload [id=67e65dd94e7f4728bb472f1ba07601f7]), partition=RANGE (key) PARTITION 473174351 <= VALUES < 509572378
I20260709 14:54:28.812137  7326 tablet_service.cc:1511] Processing CreateTablet for tablet 23c5f0f4684244a1aedf46d85eb9c98a (DEFAULT_TABLE table=test-workload [id=67e65dd94e7f4728bb472f1ba07601f7]), partition=RANGE (key) PARTITION 509572378 <= VALUES < 545970405
I20260709 14:54:28.826542  7403 data_dirs.cc:400] Could only allocate 1 dirs of requested 3 for tablet 55c753b6ac8543dc9ef137ce24a30c6f. 1 dirs total, 0 dirs full, 0 dirs failed
I20260709 14:54:28.819506  7321 tablet_service.cc:1511] Processing CreateTablet for tablet f26740c2247b4ba0a251d3d23136ef70 (DEFAULT_TABLE table=test-workload [id=67e65dd94e7f4728bb472f1ba07601f7]), partition=RANGE (key) PARTITION 545970405 <= VALUES < 582368432
I20260709 14:54:28.832448  7529 tablet_bootstrap.cc:654] T de34ab06afab4b9fb023b80309de6a96 P 3fe966d1b1084b74aa938d325036dc33: Neither blocks nor log segments found. Creating new log.
I20260709 14:54:28.836030  7477 tablet_service.cc:1511] Processing CreateTablet for tablet 9a42272d8eeb4dfc93b55a9856545410 (DEFAULT_TABLE table=test-workload [id=67e65dd94e7f4728bb472f1ba07601f7]), partition=RANGE (key) PARTITION 764358567 <= VALUES < 800756594
I20260709 14:54:28.837203  7477 data_dirs.cc:400] Could only allocate 1 dirs of requested 3 for tablet 9a42272d8eeb4dfc93b55a9856545410. 1 dirs total, 0 dirs full, 0 dirs failed
I20260709 14:54:28.842408  7398 data_dirs.cc:400] Could only allocate 1 dirs of requested 3 for tablet f26740c2247b4ba0a251d3d23136ef70. 1 dirs total, 0 dirs full, 0 dirs failed
I20260709 14:54:28.822757  7527 tablet_bootstrap.cc:654] T eb748b7f06984e6da7370115c828a7e6 P 3430f3bcc66b40b1b56a8578f6f05892: Neither blocks nor log segments found. Creating new log.
I20260709 14:54:28.847292  7319 data_dirs.cc:400] Could only allocate 1 dirs of requested 3 for tablet 55c753b6ac8543dc9ef137ce24a30c6f. 1 dirs total, 0 dirs full, 0 dirs failed
I20260709 14:54:28.847892  7321 data_dirs.cc:400] Could only allocate 1 dirs of requested 3 for tablet f26740c2247b4ba0a251d3d23136ef70. 1 dirs total, 0 dirs full, 0 dirs failed
I20260709 14:54:28.849910  7326 data_dirs.cc:400] Could only allocate 1 dirs of requested 3 for tablet 23c5f0f4684244a1aedf46d85eb9c98a. 1 dirs total, 0 dirs full, 0 dirs failed
I20260709 14:54:28.857749  7327 tablet_service.cc:1511] Processing CreateTablet for tablet aaf588a77b704fc1aa6434d37b8de9d0 (DEFAULT_TABLE table=test-workload [id=67e65dd94e7f4728bb472f1ba07601f7]), partition=RANGE (key) PARTITION 582368432 <= VALUES < 618766459
I20260709 14:54:28.859193  7327 data_dirs.cc:400] Could only allocate 1 dirs of requested 3 for tablet aaf588a77b704fc1aa6434d37b8de9d0. 1 dirs total, 0 dirs full, 0 dirs failed
I20260709 14:54:28.861323  7394 tablet_service.cc:1511] Processing CreateTablet for tablet aaf588a77b704fc1aa6434d37b8de9d0 (DEFAULT_TABLE table=test-workload [id=67e65dd94e7f4728bb472f1ba07601f7]), partition=RANGE (key) PARTITION 582368432 <= VALUES < 618766459
I20260709 14:54:28.862552  7394 data_dirs.cc:400] Could only allocate 1 dirs of requested 3 for tablet aaf588a77b704fc1aa6434d37b8de9d0. 1 dirs total, 0 dirs full, 0 dirs failed
I20260709 14:54:28.866230  7402 tablet_service.cc:1511] Processing CreateTablet for tablet ca4615b42fa04945845d950b93353bf6 (DEFAULT_TABLE table=test-workload [id=67e65dd94e7f4728bb472f1ba07601f7]), partition=RANGE (key) PARTITION 691562513 <= VALUES < 727960540
I20260709 14:54:28.846576  7395 tablet_service.cc:1511] Processing CreateTablet for tablet 38c5e264f97c41069b813e21b43b35d9 (DEFAULT_TABLE table=test-workload [id=67e65dd94e7f4728bb472f1ba07601f7]), partition=RANGE (key) PARTITION 655164486 <= VALUES < 691562513
I20260709 14:54:28.882498  7328 tablet_service.cc:1511] Processing CreateTablet for tablet 38c5e264f97c41069b813e21b43b35d9 (DEFAULT_TABLE table=test-workload [id=67e65dd94e7f4728bb472f1ba07601f7]), partition=RANGE (key) PARTITION 655164486 <= VALUES < 691562513
I20260709 14:54:28.883769  7328 data_dirs.cc:400] Could only allocate 1 dirs of requested 3 for tablet 38c5e264f97c41069b813e21b43b35d9. 1 dirs total, 0 dirs full, 0 dirs failed
I20260709 14:54:28.885578  7528 tablet_bootstrap.cc:492] T de34ab06afab4b9fb023b80309de6a96 P 0c7be42f655047b197bbf121be41101d: No bootstrap required, opened a new log
I20260709 14:54:28.886835  7402 data_dirs.cc:400] Could only allocate 1 dirs of requested 3 for tablet ca4615b42fa04945845d950b93353bf6. 1 dirs total, 0 dirs full, 0 dirs failed
I20260709 14:54:28.899468  7528 ts_tablet_manager.cc:1403] T de34ab06afab4b9fb023b80309de6a96 P 0c7be42f655047b197bbf121be41101d: Time spent bootstrapping tablet: real 0.226s	user 0.009s	sys 0.022s
I20260709 14:54:28.902595  7528 raft_consensus.cc:359] T de34ab06afab4b9fb023b80309de6a96 P 0c7be42f655047b197bbf121be41101d [term 0 FOLLOWER]: Replica starting. Triggering 0 pending ops. Active config: opid_index: -1 OBSOLETE_local: false peers { permanent_uuid: "3fe966d1b1084b74aa938d325036dc33" member_type: VOTER last_known_addr { host: "127.6.23.193" port: 35747 } } peers { permanent_uuid: "0c7be42f655047b197bbf121be41101d" member_type: VOTER last_known_addr { host: "127.6.23.194" port: 38757 } } peers { permanent_uuid: "3430f3bcc66b40b1b56a8578f6f05892" member_type: VOTER last_known_addr { host: "127.6.23.195" port: 45461 } }
I20260709 14:54:28.888249  7325 tablet_service.cc:1511] Processing CreateTablet for tablet ca4615b42fa04945845d950b93353bf6 (DEFAULT_TABLE table=test-workload [id=67e65dd94e7f4728bb472f1ba07601f7]), partition=RANGE (key) PARTITION 691562513 <= VALUES < 727960540
I20260709 14:54:28.903505  7528 raft_consensus.cc:385] T de34ab06afab4b9fb023b80309de6a96 P 0c7be42f655047b197bbf121be41101d [term 0 FOLLOWER]: Consensus starting up: Expiring failure detector timer to make a prompt election more likely
I20260709 14:54:28.887677  7468 tablet_service.cc:1511] Processing CreateTablet for tablet 1904fa6ed06542599d57dc33fc91133f (DEFAULT_TABLE table=test-workload [id=67e65dd94e7f4728bb472f1ba07601f7]), partition=RANGE (key) PARTITION 909950675 <= VALUES < 946348702
I20260709 14:54:28.904116  7325 data_dirs.cc:400] Could only allocate 1 dirs of requested 3 for tablet ca4615b42fa04945845d950b93353bf6. 1 dirs total, 0 dirs full, 0 dirs failed
I20260709 14:54:28.904755  7468 data_dirs.cc:400] Could only allocate 1 dirs of requested 3 for tablet 1904fa6ed06542599d57dc33fc91133f. 1 dirs total, 0 dirs full, 0 dirs failed
I20260709 14:54:28.911028  7395 data_dirs.cc:400] Could only allocate 1 dirs of requested 3 for tablet 38c5e264f97c41069b813e21b43b35d9. 1 dirs total, 0 dirs full, 0 dirs failed
I20260709 14:54:28.911378  7528 raft_consensus.cc:740] T de34ab06afab4b9fb023b80309de6a96 P 0c7be42f655047b197bbf121be41101d [term 0 FOLLOWER]: Becoming Follower/Learner. State: Replica: 0c7be42f655047b197bbf121be41101d, State: Initialized, Role: FOLLOWER
I20260709 14:54:28.899863  7475 tablet_service.cc:1511] Processing CreateTablet for tablet 7d03a9a7ab8649749bc2eff5ca661e50 (DEFAULT_TABLE table=test-workload [id=67e65dd94e7f4728bb472f1ba07601f7]), partition=RANGE (key) PARTITION 873552648 <= VALUES < 909950675
I20260709 14:54:28.914755  7399 tablet_service.cc:1511] Processing CreateTablet for tablet 6c2d2f287e894033a7057380f89865ce (DEFAULT_TABLE table=test-workload [id=67e65dd94e7f4728bb472f1ba07601f7]), partition=RANGE (key) PARTITION 727960540 <= VALUES < 764358567
I20260709 14:54:28.917665  7396 tablet_service.cc:1511] Processing CreateTablet for tablet 9a42272d8eeb4dfc93b55a9856545410 (DEFAULT_TABLE table=test-workload [id=67e65dd94e7f4728bb472f1ba07601f7]), partition=RANGE (key) PARTITION 764358567 <= VALUES < 800756594
I20260709 14:54:28.918325  7469 tablet_service.cc:1511] Processing CreateTablet for tablet bc2847ab2e6f4ea9a161d2ba3346306f (DEFAULT_TABLE table=test-workload [id=67e65dd94e7f4728bb472f1ba07601f7]), partition=RANGE (key) PARTITION 982746729 <= VALUES < 1019144756
I20260709 14:54:28.918728  7399 data_dirs.cc:400] Could only allocate 1 dirs of requested 3 for tablet 6c2d2f287e894033a7057380f89865ce. 1 dirs total, 0 dirs full, 0 dirs failed
I20260709 14:54:28.919296  7396 data_dirs.cc:400] Could only allocate 1 dirs of requested 3 for tablet 9a42272d8eeb4dfc93b55a9856545410. 1 dirs total, 0 dirs full, 0 dirs failed
I20260709 14:54:28.919988  7473 tablet_service.cc:1511] Processing CreateTablet for tablet 3298934cf61a4db984cf2688e85438ae (DEFAULT_TABLE table=test-workload [id=67e65dd94e7f4728bb472f1ba07601f7]), partition=RANGE (key) PARTITION 800756594 <= VALUES < 837154621
I20260709 14:54:28.925168  7324 tablet_service.cc:1511] Processing CreateTablet for tablet 6c2d2f287e894033a7057380f89865ce (DEFAULT_TABLE table=test-workload [id=67e65dd94e7f4728bb472f1ba07601f7]), partition=RANGE (key) PARTITION 727960540 <= VALUES < 764358567
I20260709 14:54:28.926307  7324 data_dirs.cc:400] Could only allocate 1 dirs of requested 3 for tablet 6c2d2f287e894033a7057380f89865ce. 1 dirs total, 0 dirs full, 0 dirs failed
I20260709 14:54:28.918274  7528 consensus_queue.cc:260] T de34ab06afab4b9fb023b80309de6a96 P 0c7be42f655047b197bbf121be41101d [NON_LEADER]: Queue going to NON_LEADER mode. State: All replicated index: 0, Majority replicated index: 0, Committed index: 0, Last appended: 0.0, Last appended by leader: 0, Current term: 0, Majority size: -1, State: 0, Mode: NON_LEADER, active raft config: opid_index: -1 OBSOLETE_local: false peers { permanent_uuid: "3fe966d1b1084b74aa938d325036dc33" member_type: VOTER last_known_addr { host: "127.6.23.193" port: 35747 } } peers { permanent_uuid: "0c7be42f655047b197bbf121be41101d" member_type: VOTER last_known_addr { host: "127.6.23.194" port: 38757 } } peers { permanent_uuid: "3430f3bcc66b40b1b56a8578f6f05892" member_type: VOTER last_known_addr { host: "127.6.23.195" port: 45461 } }
I20260709 14:54:28.932296  7472 tablet_service.cc:1511] Processing CreateTablet for tablet 506241f6dd9e4b49b6499db4e660290f (DEFAULT_TABLE table=test-workload [id=67e65dd94e7f4728bb472f1ba07601f7]), partition=RANGE (key) PARTITION 1019144756 <= VALUES < 1055542783
