I20260709 14:54:32.635142  7545 tablet_bootstrap.cc:654] T 228df184b04a40f9b4eaf7f06ccc703f P c0e2fe35dbca4f44af389b266cf7c22a: Neither blocks nor log segments found. Creating new log.
I20260709 14:54:32.627998  7716 raft_consensus.cc:493] T f3839acb48b34ec79f552727f5b44a06 P f61e130f7eaa4cf4830bb3906a13858c [term 1 FOLLOWER]: Starting pre-election (no leader contacted us within the election timeout)
I20260709 14:54:32.639127  7716 raft_consensus.cc:515] T f3839acb48b34ec79f552727f5b44a06 P f61e130f7eaa4cf4830bb3906a13858c [term 1 FOLLOWER]: Starting pre-election with config: opid_index: -1 OBSOLETE_local: false peers { permanent_uuid: "c0e2fe35dbca4f44af389b266cf7c22a" member_type: VOTER last_known_addr { host: "127.6.23.65" port: 42781 } } peers { permanent_uuid: "0014c892d3d3414d8e5fb4043c085934" member_type: VOTER last_known_addr { host: "127.6.23.66" port: 46837 } } peers { permanent_uuid: "f61e130f7eaa4cf4830bb3906a13858c" member_type: VOTER last_known_addr { host: "127.6.23.67" port: 41207 } }
I20260709 14:54:32.627372  7544 raft_consensus.cc:359] T 0f02e53e0cc04597ac16efddcced246a P f61e130f7eaa4cf4830bb3906a13858c [term 0 FOLLOWER]: Replica starting. Triggering 0 pending ops. Active config: opid_index: -1 OBSOLETE_local: false peers { permanent_uuid: "c0e2fe35dbca4f44af389b266cf7c22a" member_type: VOTER last_known_addr { host: "127.6.23.65" port: 42781 } } peers { permanent_uuid: "0014c892d3d3414d8e5fb4043c085934" member_type: VOTER last_known_addr { host: "127.6.23.66" port: 46837 } } peers { permanent_uuid: "f61e130f7eaa4cf4830bb3906a13858c" member_type: VOTER last_known_addr { host: "127.6.23.67" port: 41207 } }
I20260709 14:54:32.641944  7544 raft_consensus.cc:385] T 0f02e53e0cc04597ac16efddcced246a P f61e130f7eaa4cf4830bb3906a13858c [term 0 FOLLOWER]: Consensus starting up: Expiring failure detector timer to make a prompt election more likely
I20260709 14:54:32.642241  7544 raft_consensus.cc:740] T 0f02e53e0cc04597ac16efddcced246a P f61e130f7eaa4cf4830bb3906a13858c [term 0 FOLLOWER]: Becoming Follower/Learner. State: Replica: f61e130f7eaa4cf4830bb3906a13858c, State: Initialized, Role: FOLLOWER
I20260709 14:54:32.643147  7716 leader_election.cc:290] T f3839acb48b34ec79f552727f5b44a06 P f61e130f7eaa4cf4830bb3906a13858c [CANDIDATE]: Term 2 pre-election: Requested pre-vote from peers c0e2fe35dbca4f44af389b266cf7c22a (127.6.23.65:42781), 0014c892d3d3414d8e5fb4043c085934 (127.6.23.66:46837)
I20260709 14:54:32.642901  7544 consensus_queue.cc:260] T 0f02e53e0cc04597ac16efddcced246a P f61e130f7eaa4cf4830bb3906a13858c [NON_LEADER]: Queue going to NON_LEADER mode. State: All replicated index: 0, Majority replicated index: 0, Committed index: 0, Last appended: 0.0, Last appended by leader: 0, Current term: 0, Majority size: -1, State: 0, Mode: NON_LEADER, active raft config: opid_index: -1 OBSOLETE_local: false peers { permanent_uuid: "c0e2fe35dbca4f44af389b266cf7c22a" member_type: VOTER last_known_addr { host: "127.6.23.65" port: 42781 } } peers { permanent_uuid: "0014c892d3d3414d8e5fb4043c085934" member_type: VOTER last_known_addr { host: "127.6.23.66" port: 46837 } } peers { permanent_uuid: "f61e130f7eaa4cf4830bb3906a13858c" member_type: VOTER last_known_addr { host: "127.6.23.67" port: 41207 } }
I20260709 14:54:32.643642  7430 tablet_service.cc:1917] Received RequestConsensusVote() RPC: tablet_id: "f3839acb48b34ec79f552727f5b44a06" candidate_uuid: "f61e130f7eaa4cf4830bb3906a13858c" candidate_term: 2 candidate_status { last_received { term: 0 index: 0 } } ignore_live_leader: false dest_uuid: "0014c892d3d3414d8e5fb4043c085934" is_pre_election: true
I20260709 14:54:32.643693  7695 consensus_queue.cc:1048] T f3839acb48b34ec79f552727f5b44a06 P c0e2fe35dbca4f44af389b266cf7c22a [LEADER]: Connected to new peer: Peer: permanent_uuid: "f61e130f7eaa4cf4830bb3906a13858c" member_type: VOTER last_known_addr { host: "127.6.23.67" port: 41207 }, Status: LMP_MISMATCH, Last received: 0.0, Next index: 1, Last known committed idx: 0, Time since last communication: 0.000s
I20260709 14:54:32.645076  7544 ts_tablet_manager.cc:1434] T 0f02e53e0cc04597ac16efddcced246a P f61e130f7eaa4cf4830bb3906a13858c: Time spent starting tablet: real 0.020s	user 0.007s	sys 0.000s
I20260709 14:54:32.645936  7544 tablet_bootstrap.cc:492] T 5e529841018f4f8cb6e93c14079faa59 P f61e130f7eaa4cf4830bb3906a13858c: Bootstrap starting.
I20260709 14:54:32.645782  7350 tablet_service.cc:1917] Received RequestConsensusVote() RPC: tablet_id: "f3839acb48b34ec79f552727f5b44a06" candidate_uuid: "f61e130f7eaa4cf4830bb3906a13858c" candidate_term: 2 candidate_status { last_received { term: 0 index: 0 } } ignore_live_leader: false dest_uuid: "c0e2fe35dbca4f44af389b266cf7c22a" is_pre_election: true
I20260709 14:54:32.648473  7467 leader_election.cc:304] T f3839acb48b34ec79f552727f5b44a06 P f61e130f7eaa4cf4830bb3906a13858c [CANDIDATE]: Term 2 pre-election: Election decided. Result: candidate lost. Election summary: received 3 responses out of 3 voters: 1 yes votes; 2 no votes. yes voters: f61e130f7eaa4cf4830bb3906a13858c; no voters: 0014c892d3d3414d8e5fb4043c085934, c0e2fe35dbca4f44af389b266cf7c22a
I20260709 14:54:32.649448  7633 raft_consensus.cc:2749] T f3839acb48b34ec79f552727f5b44a06 P f61e130f7eaa4cf4830bb3906a13858c [term 1 FOLLOWER]: Leader pre-election lost for term 2. Reason: could not achieve majority
W20260709 14:54:32.649595  7319 consensus_peers.cc:597] T 97bd618a8c9041c181ace698d937ab79 P c0e2fe35dbca4f44af389b266cf7c22a -> Peer f61e130f7eaa4cf4830bb3906a13858c (127.6.23.67:41207): Couldn't send request to peer f61e130f7eaa4cf4830bb3906a13858c. Error code: TABLET_NOT_RUNNING (12). Status: Illegal state: Tablet not RUNNING: INITIALIZED. This is attempt 1: this message will repeat every 5th retry.
I20260709 14:54:32.650138  7689 raft_consensus.cc:493] T 0f02e53e0cc04597ac16efddcced246a P c0e2fe35dbca4f44af389b266cf7c22a [term 0 FOLLOWER]: Starting pre-election (no leader contacted us within the election timeout)
I20260709 14:54:32.650574  7689 raft_consensus.cc:515] T 0f02e53e0cc04597ac16efddcced246a P c0e2fe35dbca4f44af389b266cf7c22a [term 0 FOLLOWER]: Starting pre-election with config: opid_index: -1 OBSOLETE_local: false peers { permanent_uuid: "c0e2fe35dbca4f44af389b266cf7c22a" member_type: VOTER last_known_addr { host: "127.6.23.65" port: 42781 } } peers { permanent_uuid: "0014c892d3d3414d8e5fb4043c085934" member_type: VOTER last_known_addr { host: "127.6.23.66" port: 46837 } } peers { permanent_uuid: "f61e130f7eaa4cf4830bb3906a13858c" member_type: VOTER last_known_addr { host: "127.6.23.67" port: 41207 } }
I20260709 14:54:32.652935  7689 leader_election.cc:290] T 0f02e53e0cc04597ac16efddcced246a P c0e2fe35dbca4f44af389b266cf7c22a [CANDIDATE]: Term 1 pre-election: Requested pre-vote from peers 0014c892d3d3414d8e5fb4043c085934 (127.6.23.66:46837), f61e130f7eaa4cf4830bb3906a13858c (127.6.23.67:41207)
I20260709 14:54:32.653048  7430 tablet_service.cc:1917] Received RequestConsensusVote() RPC: tablet_id: "0f02e53e0cc04597ac16efddcced246a" candidate_uuid: "c0e2fe35dbca4f44af389b266cf7c22a" candidate_term: 1 candidate_status { last_received { term: 0 index: 0 } } ignore_live_leader: false dest_uuid: "0014c892d3d3414d8e5fb4043c085934" is_pre_election: true
I20260709 14:54:32.654944  7430 raft_consensus.cc:2468] T 0f02e53e0cc04597ac16efddcced246a P 0014c892d3d3414d8e5fb4043c085934 [term 0 FOLLOWER]: Leader pre-election vote request: Granting yes vote for candidate c0e2fe35dbca4f44af389b266cf7c22a in term 0.
I20260709 14:54:32.656148  7321 leader_election.cc:304] T 0f02e53e0cc04597ac16efddcced246a P c0e2fe35dbca4f44af389b266cf7c22a [CANDIDATE]: Term 1 pre-election: Election decided. Result: candidate won. Election summary: received 2 responses out of 3 voters: 2 yes votes; 0 no votes. yes voters: 0014c892d3d3414d8e5fb4043c085934, c0e2fe35dbca4f44af389b266cf7c22a; no voters: 
I20260709 14:54:32.627403  7497 tablet_service.cc:1917] Received RequestConsensusVote() RPC: tablet_id: "4798a37388be47589a84e009d8682655" candidate_uuid: "c0e2fe35dbca4f44af389b266cf7c22a" candidate_term: 1 candidate_status { last_received { term: 0 index: 0 } } ignore_live_leader: false dest_uuid: "f61e130f7eaa4cf4830bb3906a13858c"
I20260709 14:54:32.654276  7502 tablet_service.cc:1917] Received RequestConsensusVote() RPC: tablet_id: "0f02e53e0cc04597ac16efddcced246a" candidate_uuid: "c0e2fe35dbca4f44af389b266cf7c22a" candidate_term: 1 candidate_status { last_received { term: 0 index: 0 } } ignore_live_leader: false dest_uuid: "f61e130f7eaa4cf4830bb3906a13858c" is_pre_election: true
I20260709 14:54:32.657138  7502 raft_consensus.cc:2468] T 0f02e53e0cc04597ac16efddcced246a P f61e130f7eaa4cf4830bb3906a13858c [term 0 FOLLOWER]: Leader pre-election vote request: Granting yes vote for candidate c0e2fe35dbca4f44af389b266cf7c22a in term 0.
I20260709 14:54:32.657671  7695 raft_consensus.cc:2804] T 0f02e53e0cc04597ac16efddcced246a P c0e2fe35dbca4f44af389b266cf7c22a [term 0 FOLLOWER]: Leader pre-election won for term 1
I20260709 14:54:32.658334  7695 raft_consensus.cc:493] T 0f02e53e0cc04597ac16efddcced246a P c0e2fe35dbca4f44af389b266cf7c22a [term 0 FOLLOWER]: Starting leader election (no leader contacted us within the election timeout)
I20260709 14:54:32.658658  7695 raft_consensus.cc:3060] T 0f02e53e0cc04597ac16efddcced246a P c0e2fe35dbca4f44af389b266cf7c22a [term 0 FOLLOWER]: Advancing to term 1
I20260709 14:54:32.661279  7716 raft_consensus.cc:493] T 388e8a69491644e8842f2e04bdd425b7 P f61e130f7eaa4cf4830bb3906a13858c [term 0 FOLLOWER]: Starting pre-election (no leader contacted us within the election timeout)
I20260709 14:54:32.661458  7544 tablet_bootstrap.cc:654] T 5e529841018f4f8cb6e93c14079faa59 P f61e130f7eaa4cf4830bb3906a13858c: Neither blocks nor log segments found. Creating new log.
W20260709 14:54:32.661782  7319 leader_election.cc:343] T 4798a37388be47589a84e009d8682655 P c0e2fe35dbca4f44af389b266cf7c22a [CANDIDATE]: Term 1 election: Tablet error from VoteRequest() call to peer f61e130f7eaa4cf4830bb3906a13858c (127.6.23.67:41207): Illegal state: must be running to vote when last-logged opid is not known
I20260709 14:54:32.661755  7716 raft_consensus.cc:515] T 388e8a69491644e8842f2e04bdd425b7 P f61e130f7eaa4cf4830bb3906a13858c [term 0 FOLLOWER]: Starting pre-election with config: opid_index: -1 OBSOLETE_local: false peers { permanent_uuid: "c0e2fe35dbca4f44af389b266cf7c22a" member_type: VOTER last_known_addr { host: "127.6.23.65" port: 42781 } } peers { permanent_uuid: "0014c892d3d3414d8e5fb4043c085934" member_type: VOTER last_known_addr { host: "127.6.23.66" port: 46837 } } peers { permanent_uuid: "f61e130f7eaa4cf4830bb3906a13858c" member_type: VOTER last_known_addr { host: "127.6.23.67" port: 41207 } }
I20260709 14:54:32.667802  7633 raft_consensus.cc:493] T 8560294dc5f943988f0a28c6a0fa2336 P f61e130f7eaa4cf4830bb3906a13858c [term 0 FOLLOWER]: Starting pre-election (no leader contacted us within the election timeout)
I20260709 14:54:32.672883  7633 raft_consensus.cc:515] T 8560294dc5f943988f0a28c6a0fa2336 P f61e130f7eaa4cf4830bb3906a13858c [term 0 FOLLOWER]: Starting pre-election with config: opid_index: -1 OBSOLETE_local: false peers { permanent_uuid: "c0e2fe35dbca4f44af389b266cf7c22a" member_type: VOTER last_known_addr { host: "127.6.23.65" port: 42781 } } peers { permanent_uuid: "0014c892d3d3414d8e5fb4043c085934" member_type: VOTER last_known_addr { host: "127.6.23.66" port: 46837 } } peers { permanent_uuid: "f61e130f7eaa4cf4830bb3906a13858c" member_type: VOTER last_known_addr { host: "127.6.23.67" port: 41207 } }
I20260709 14:54:32.673892  7716 leader_election.cc:290] T 388e8a69491644e8842f2e04bdd425b7 P f61e130f7eaa4cf4830bb3906a13858c [CANDIDATE]: Term 1 pre-election: Requested pre-vote from peers c0e2fe35dbca4f44af389b266cf7c22a (127.6.23.65:42781), 0014c892d3d3414d8e5fb4043c085934 (127.6.23.66:46837)
I20260709 14:54:32.674743  7633 leader_election.cc:290] T 8560294dc5f943988f0a28c6a0fa2336 P f61e130f7eaa4cf4830bb3906a13858c [CANDIDATE]: Term 1 pre-election: Requested pre-vote from peers c0e2fe35dbca4f44af389b266cf7c22a (127.6.23.65:42781), 0014c892d3d3414d8e5fb4043c085934 (127.6.23.66:46837)
I20260709 14:54:32.675987  7689 raft_consensus.cc:493] T f0505ff4e47b4450b2ca1db20cf63d2e P c0e2fe35dbca4f44af389b266cf7c22a [term 0 FOLLOWER]: Starting pre-election (no leader contacted us within the election timeout)
I20260709 14:54:32.676381  7430 tablet_service.cc:1917] Received RequestConsensusVote() RPC: tablet_id: "388e8a69491644e8842f2e04bdd425b7" candidate_uuid: "f61e130f7eaa4cf4830bb3906a13858c" candidate_term: 1 candidate_status { last_received { term: 0 index: 0 } } ignore_live_leader: false dest_uuid: "0014c892d3d3414d8e5fb4043c085934" is_pre_election: true
I20260709 14:54:32.676438  7689 raft_consensus.cc:515] T f0505ff4e47b4450b2ca1db20cf63d2e P c0e2fe35dbca4f44af389b266cf7c22a [term 0 FOLLOWER]: Starting pre-election with config: opid_index: -1 OBSOLETE_local: false peers { permanent_uuid: "c0e2fe35dbca4f44af389b266cf7c22a" member_type: VOTER last_known_addr { host: "127.6.23.65" port: 42781 } } peers { permanent_uuid: "0014c892d3d3414d8e5fb4043c085934" member_type: VOTER last_known_addr { host: "127.6.23.66" port: 46837 } } peers { permanent_uuid: "f61e130f7eaa4cf4830bb3906a13858c" member_type: VOTER last_known_addr { host: "127.6.23.67" port: 41207 } }
I20260709 14:54:32.677610  7428 tablet_service.cc:1917] Received RequestConsensusVote() RPC: tablet_id: "8560294dc5f943988f0a28c6a0fa2336" candidate_uuid: "f61e130f7eaa4cf4830bb3906a13858c" candidate_term: 1 candidate_status { last_received { term: 0 index: 0 } } ignore_live_leader: false dest_uuid: "0014c892d3d3414d8e5fb4043c085934" is_pre_election: true
I20260709 14:54:32.678488  7689 leader_election.cc:290] T f0505ff4e47b4450b2ca1db20cf63d2e P c0e2fe35dbca4f44af389b266cf7c22a [CANDIDATE]: Term 1 pre-election: Requested pre-vote from peers 0014c892d3d3414d8e5fb4043c085934 (127.6.23.66:46837), f61e130f7eaa4cf4830bb3906a13858c (127.6.23.67:41207)
I20260709 14:54:32.630703  7253 catalog_manager.cc:5697] T 4798a37388be47589a84e009d8682655 P c0e2fe35dbca4f44af389b266cf7c22a reported cstate change: term changed from 0 to 1, leader changed from <none> to c0e2fe35dbca4f44af389b266cf7c22a (127.6.23.65). New cstate: current_term: 1 leader_uuid: "c0e2fe35dbca4f44af389b266cf7c22a" committed_config { opid_index: -1 OBSOLETE_local: false peers { permanent_uuid: "c0e2fe35dbca4f44af389b266cf7c22a" member_type: VOTER last_known_addr { host: "127.6.23.65" port: 42781 } health_report { overall_health: HEALTHY } } peers { permanent_uuid: "0014c892d3d3414d8e5fb4043c085934" member_type: VOTER last_known_addr { host: "127.6.23.66" port: 46837 } health_report { overall_health: UNKNOWN } } peers { permanent_uuid: "f61e130f7eaa4cf4830bb3906a13858c" member_type: VOTER last_known_addr { host: "127.6.23.67" port: 41207 } health_report { overall_health: UNKNOWN } } }
I20260709 14:54:32.680222  7352 tablet_service.cc:1917] Received RequestConsensusVote() RPC: tablet_id: "8560294dc5f943988f0a28c6a0fa2336" candidate_uuid: "f61e130f7eaa4cf4830bb3906a13858c" candidate_term: 1 candidate_status { last_received { term: 0 index: 0 } } ignore_live_leader: false dest_uuid: "c0e2fe35dbca4f44af389b266cf7c22a" is_pre_election: true
I20260709 14:54:32.683099  7352 raft_consensus.cc:2393] T 8560294dc5f943988f0a28c6a0fa2336 P c0e2fe35dbca4f44af389b266cf7c22a [term 1 FOLLOWER]: Leader pre-election vote request: Denying vote to candidate f61e130f7eaa4cf4830bb3906a13858c in current term 1: Already voted for candidate 0014c892d3d3414d8e5fb4043c085934 in this term.
I20260709 14:54:32.680037  7350 tablet_service.cc:1917] Received RequestConsensusVote() RPC: tablet_id: "388e8a69491644e8842f2e04bdd425b7" candidate_uuid: "f61e130f7eaa4cf4830bb3906a13858c" candidate_term: 1 candidate_status { last_received { term: 0 index: 0 } } ignore_live_leader: false dest_uuid: "c0e2fe35dbca4f44af389b266cf7c22a" is_pre_election: true
W20260709 14:54:32.696913  7319 consensus_peers.cc:597] T 58c84fe4d81949469667cb4e6e3f9157 P c0e2fe35dbca4f44af389b266cf7c22a -> Peer f61e130f7eaa4cf4830bb3906a13858c (127.6.23.67:41207): Couldn't send request to peer f61e130f7eaa4cf4830bb3906a13858c. Error code: TABLET_NOT_RUNNING (12). Status: Illegal state: Tablet not RUNNING: INITIALIZED. This is attempt 1: this message will repeat every 5th retry.
I20260709 14:54:32.699623  7429 tablet_service.cc:1917] Received RequestConsensusVote() RPC: tablet_id: "f0505ff4e47b4450b2ca1db20cf63d2e" candidate_uuid: "c0e2fe35dbca4f44af389b266cf7c22a" candidate_term: 1 candidate_status { last_received { term: 0 index: 0 } } ignore_live_leader: false dest_uuid: "0014c892d3d3414d8e5fb4043c085934" is_pre_election: true
I20260709 14:54:32.700300  7429 raft_consensus.cc:2468] T f0505ff4e47b4450b2ca1db20cf63d2e P 0014c892d3d3414d8e5fb4043c085934 [term 0 FOLLOWER]: Leader pre-election vote request: Granting yes vote for candidate c0e2fe35dbca4f44af389b266cf7c22a in term 0.
I20260709 14:54:32.700659  7546 tablet_bootstrap.cc:492] T bf5dd20fe50443e693c9bd62e77d75f5 P 0014c892d3d3414d8e5fb4043c085934: No bootstrap required, opened a new log
I20260709 14:54:32.701141  7546 ts_tablet_manager.cc:1403] T bf5dd20fe50443e693c9bd62e77d75f5 P 0014c892d3d3414d8e5fb4043c085934: Time spent bootstrapping tablet: real 0.128s	user 0.011s	sys 0.008s
I20260709 14:54:32.703329  7502 tablet_service.cc:1917] Received RequestConsensusVote() RPC: tablet_id: "f0505ff4e47b4450b2ca1db20cf63d2e" candidate_uuid: "c0e2fe35dbca4f44af389b266cf7c22a" candidate_term: 1 candidate_status { last_received { term: 0 index: 0 } } ignore_live_leader: false dest_uuid: "f61e130f7eaa4cf4830bb3906a13858c" is_pre_election: true
I20260709 14:54:32.704548  7695 raft_consensus.cc:515] T 0f02e53e0cc04597ac16efddcced246a P c0e2fe35dbca4f44af389b266cf7c22a [term 1 FOLLOWER]: Starting leader election with config: opid_index: -1 OBSOLETE_local: false peers { permanent_uuid: "c0e2fe35dbca4f44af389b266cf7c22a" member_type: VOTER last_known_addr { host: "127.6.23.65" port: 42781 } } peers { permanent_uuid: "0014c892d3d3414d8e5fb4043c085934" member_type: VOTER last_known_addr { host: "127.6.23.66" port: 46837 } } peers { permanent_uuid: "f61e130f7eaa4cf4830bb3906a13858c" member_type: VOTER last_known_addr { host: "127.6.23.67" port: 41207 } }
I20260709 14:54:32.705973  7470 leader_election.cc:304] T 8560294dc5f943988f0a28c6a0fa2336 P f61e130f7eaa4cf4830bb3906a13858c [CANDIDATE]: Term 1 pre-election: Election decided. Result: candidate lost. Election summary: received 3 responses out of 3 voters: 1 yes votes; 2 no votes. yes voters: f61e130f7eaa4cf4830bb3906a13858c; no voters: 0014c892d3d3414d8e5fb4043c085934, c0e2fe35dbca4f44af389b266cf7c22a
I20260709 14:54:32.706844  7716 raft_consensus.cc:3060] T 8560294dc5f943988f0a28c6a0fa2336 P f61e130f7eaa4cf4830bb3906a13858c [term 0 FOLLOWER]: Advancing to term 1
W20260709 14:54:32.710304  7319 leader_election.cc:343] T f0505ff4e47b4450b2ca1db20cf63d2e P c0e2fe35dbca4f44af389b266cf7c22a [CANDIDATE]: Term 1 pre-election: Tablet error from VoteRequest() call to peer f61e130f7eaa4cf4830bb3906a13858c (127.6.23.67:41207): Illegal state: must be running to vote when last-logged opid is not known
I20260709 14:54:32.711349  7321 leader_election.cc:304] T f0505ff4e47b4450b2ca1db20cf63d2e P c0e2fe35dbca4f44af389b266cf7c22a [CANDIDATE]: Term 1 pre-election: Election decided. Result: candidate won. Election summary: received 3 responses out of 3 voters: 2 yes votes; 1 no votes. yes voters: 0014c892d3d3414d8e5fb4043c085934, c0e2fe35dbca4f44af389b266cf7c22a; no voters: f61e130f7eaa4cf4830bb3906a13858c
I20260709 14:54:32.712093  7689 raft_consensus.cc:2804] T f0505ff4e47b4450b2ca1db20cf63d2e P c0e2fe35dbca4f44af389b266cf7c22a [term 0 FOLLOWER]: Leader pre-election won for term 1
I20260709 14:54:32.711881  7546 raft_consensus.cc:359] T bf5dd20fe50443e693c9bd62e77d75f5 P 0014c892d3d3414d8e5fb4043c085934 [term 0 FOLLOWER]: Replica starting. Triggering 0 pending ops. Active config: opid_index: -1 OBSOLETE_local: false peers { permanent_uuid: "c0e2fe35dbca4f44af389b266cf7c22a" member_type: VOTER last_known_addr { host: "127.6.23.65" port: 42781 } } peers { permanent_uuid: "0014c892d3d3414d8e5fb4043c085934" member_type: VOTER last_known_addr { host: "127.6.23.66" port: 46837 } } peers { permanent_uuid: "f61e130f7eaa4cf4830bb3906a13858c" member_type: VOTER last_known_addr { host: "127.6.23.67" port: 41207 } }
I20260709 14:54:32.712457  7689 raft_consensus.cc:493] T f0505ff4e47b4450b2ca1db20cf63d2e P c0e2fe35dbca4f44af389b266cf7c22a [term 0 FOLLOWER]: Starting leader election (no leader contacted us within the election timeout)
I20260709 14:54:32.712620  7546 raft_consensus.cc:385] T bf5dd20fe50443e693c9bd62e77d75f5 P 0014c892d3d3414d8e5fb4043c085934 [term 0 FOLLOWER]: Consensus starting up: Expiring failure detector timer to make a prompt election more likely
I20260709 14:54:32.712841  7689 raft_consensus.cc:3060] T f0505ff4e47b4450b2ca1db20cf63d2e P c0e2fe35dbca4f44af389b266cf7c22a [term 0 FOLLOWER]: Advancing to term 1
I20260709 14:54:32.712940  7546 raft_consensus.cc:740] T bf5dd20fe50443e693c9bd62e77d75f5 P 0014c892d3d3414d8e5fb4043c085934 [term 0 FOLLOWER]: Becoming Follower/Learner. State: Replica: 0014c892d3d3414d8e5fb4043c085934, State: Initialized, Role: FOLLOWER
I20260709 14:54:32.714587  7467 leader_election.cc:304] T 388e8a69491644e8842f2e04bdd425b7 P f61e130f7eaa4cf4830bb3906a13858c [CANDIDATE]: Term 1 pre-election: Election decided. Result: candidate lost. Election summary: received 3 responses out of 3 voters: 1 yes votes; 2 no votes. yes voters: f61e130f7eaa4cf4830bb3906a13858c; no voters: 0014c892d3d3414d8e5fb4043c085934, c0e2fe35dbca4f44af389b266cf7c22a
I20260709 14:54:32.716985  7428 tablet_service.cc:1917] Received RequestConsensusVote() RPC: tablet_id: "0f02e53e0cc04597ac16efddcced246a" candidate_uuid: "c0e2fe35dbca4f44af389b266cf7c22a" candidate_term: 1 candidate_status { last_received { term: 0 index: 0 } } ignore_live_leader: false dest_uuid: "0014c892d3d3414d8e5fb4043c085934"
I20260709 14:54:32.717422  7633 raft_consensus.cc:2749] T 388e8a69491644e8842f2e04bdd425b7 P f61e130f7eaa4cf4830bb3906a13858c [term 0 FOLLOWER]: Leader pre-election lost for term 1. Reason: could not achieve majority
I20260709 14:54:32.717609  7428 raft_consensus.cc:3060] T 0f02e53e0cc04597ac16efddcced246a P 0014c892d3d3414d8e5fb4043c085934 [term 0 FOLLOWER]: Advancing to term 1
I20260709 14:54:32.722461  7605 consensus_queue.cc:1048] T 58c84fe4d81949469667cb4e6e3f9157 P c0e2fe35dbca4f44af389b266cf7c22a [LEADER]: Connected to new peer: Peer: permanent_uuid: "0014c892d3d3414d8e5fb4043c085934" member_type: VOTER last_known_addr { host: "127.6.23.66" port: 46837 }, Status: LMP_MISMATCH, Last received: 0.0, Next index: 1, Last known committed idx: 0, Time since last communication: 0.000s
I20260709 14:54:32.725425  7428 raft_consensus.cc:2468] T 0f02e53e0cc04597ac16efddcced246a P 0014c892d3d3414d8e5fb4043c085934 [term 1 FOLLOWER]: Leader election vote request: Granting yes vote for candidate c0e2fe35dbca4f44af389b266cf7c22a in term 1.
I20260709 14:54:32.713791  7546 consensus_queue.cc:260] T bf5dd20fe50443e693c9bd62e77d75f5 P 0014c892d3d3414d8e5fb4043c085934 [NON_LEADER]: Queue going to NON_LEADER mode. State: All replicated index: 0, Majority replicated index: 0, Committed index: 0, Last appended: 0.0, Last appended by leader: 0, Current term: 0, Majority size: -1, State: 0, Mode: NON_LEADER, active raft config: opid_index: -1 OBSOLETE_local: false peers { permanent_uuid: "c0e2fe35dbca4f44af389b266cf7c22a" member_type: VOTER last_known_addr { host: "127.6.23.65" port: 42781 } } peers { permanent_uuid: "0014c892d3d3414d8e5fb4043c085934" member_type: VOTER last_known_addr { host: "127.6.23.66" port: 46837 } } peers { permanent_uuid: "f61e130f7eaa4cf4830bb3906a13858c" member_type: VOTER last_known_addr { host: "127.6.23.67" port: 41207 } }
I20260709 14:54:32.726822  7321 leader_election.cc:304] T 0f02e53e0cc04597ac16efddcced246a P c0e2fe35dbca4f44af389b266cf7c22a [CANDIDATE]: Term 1 election: Election decided. Result: candidate won. Election summary: received 2 responses out of 3 voters: 2 yes votes; 0 no votes. yes voters: 0014c892d3d3414d8e5fb4043c085934, c0e2fe35dbca4f44af389b266cf7c22a; no voters: 
I20260709 14:54:32.727061  7502 tablet_service.cc:1917] Received RequestConsensusVote() RPC: tablet_id: "0f02e53e0cc04597ac16efddcced246a" candidate_uuid: "c0e2fe35dbca4f44af389b266cf7c22a" candidate_term: 1 candidate_status { last_received { term: 0 index: 0 } } ignore_live_leader: false dest_uuid: "f61e130f7eaa4cf4830bb3906a13858c"
I20260709 14:54:32.727743  7502 raft_consensus.cc:3060] T 0f02e53e0cc04597ac16efddcced246a P f61e130f7eaa4cf4830bb3906a13858c [term 0 FOLLOWER]: Advancing to term 1
I20260709 14:54:32.727988  7605 raft_consensus.cc:2804] T 0f02e53e0cc04597ac16efddcced246a P c0e2fe35dbca4f44af389b266cf7c22a [term 1 FOLLOWER]: Leader election won for term 1
I20260709 14:54:32.728637  7605 raft_consensus.cc:697] T 0f02e53e0cc04597ac16efddcced246a P c0e2fe35dbca4f44af389b266cf7c22a [term 1 LEADER]: Becoming Leader. State: Replica: c0e2fe35dbca4f44af389b266cf7c22a, State: Running, Role: LEADER
I20260709 14:54:32.729393  7605 consensus_queue.cc:237] T 0f02e53e0cc04597ac16efddcced246a P c0e2fe35dbca4f44af389b266cf7c22a [LEADER]: Queue going to LEADER mode. State: All replicated index: 0, Majority replicated index: 0, Committed index: 0, Last appended: 0.0, Last appended by leader: 0, Current term: 1, Majority size: 2, State: 0, Mode: LEADER, active raft config: opid_index: -1 OBSOLETE_local: false peers { permanent_uuid: "c0e2fe35dbca4f44af389b266cf7c22a" member_type: VOTER last_known_addr { host: "127.6.23.65" port: 42781 } } peers { permanent_uuid: "0014c892d3d3414d8e5fb4043c085934" member_type: VOTER last_known_addr { host: "127.6.23.66" port: 46837 } } peers { permanent_uuid: "f61e130f7eaa4cf4830bb3906a13858c" member_type: VOTER last_known_addr { host: "127.6.23.67" port: 41207 } }
I20260709 14:54:32.734740  7502 raft_consensus.cc:2468] T 0f02e53e0cc04597ac16efddcced246a P f61e130f7eaa4cf4830bb3906a13858c [term 1 FOLLOWER]: Leader election vote request: Granting yes vote for candidate c0e2fe35dbca4f44af389b266cf7c22a in term 1.
I20260709 14:54:32.735917  7682 raft_consensus.cc:493] T 228df184b04a40f9b4eaf7f06ccc703f P 0014c892d3d3414d8e5fb4043c085934 [term 0 FOLLOWER]: Starting pre-election (no leader contacted us within the election timeout)
I20260709 14:54:32.736378  7682 raft_consensus.cc:515] T 228df184b04a40f9b4eaf7f06ccc703f P 0014c892d3d3414d8e5fb4043c085934 [term 0 FOLLOWER]: Starting pre-election with config: opid_index: -1 OBSOLETE_local: false peers { permanent_uuid: "c0e2fe35dbca4f44af389b266cf7c22a" member_type: VOTER last_known_addr { host: "127.6.23.65" port: 42781 } } peers { permanent_uuid: "0014c892d3d3414d8e5fb4043c085934" member_type: VOTER last_known_addr { host: "127.6.23.66" port: 46837 } } peers { permanent_uuid: "f61e130f7eaa4cf4830bb3906a13858c" member_type: VOTER last_known_addr { host: "127.6.23.67" port: 41207 } }
I20260709 14:54:32.727826  7546 ts_tablet_manager.cc:1434] T bf5dd20fe50443e693c9bd62e77d75f5 P 0014c892d3d3414d8e5fb4043c085934: Time spent starting tablet: real 0.026s	user 0.007s	sys 0.000s
I20260709 14:54:32.737762  7546 tablet_bootstrap.cc:492] T 22bc785737c7444a9e651322a9c04b7e P 0014c892d3d3414d8e5fb4043c085934: Bootstrap starting.
I20260709 14:54:32.739591  7682 leader_election.cc:290] T 228df184b04a40f9b4eaf7f06ccc703f P 0014c892d3d3414d8e5fb4043c085934 [CANDIDATE]: Term 1 pre-election: Requested pre-vote from peers c0e2fe35dbca4f44af389b266cf7c22a (127.6.23.65:42781), f61e130f7eaa4cf4830bb3906a13858c (127.6.23.67:41207)
I20260709 14:54:32.727538  7695 leader_election.cc:290] T 0f02e53e0cc04597ac16efddcced246a P c0e2fe35dbca4f44af389b266cf7c22a [CANDIDATE]: Term 1 election: Requested vote from peers 0014c892d3d3414d8e5fb4043c085934 (127.6.23.66:46837), f61e130f7eaa4cf4830bb3906a13858c (127.6.23.67:41207)
I20260709 14:54:32.742375  7352 tablet_service.cc:1917] Received RequestConsensusVote() RPC: tablet_id: "228df184b04a40f9b4eaf7f06ccc703f" candidate_uuid: "0014c892d3d3414d8e5fb4043c085934" candidate_term: 1 candidate_status { last_received { term: 0 index: 0 } } ignore_live_leader: false dest_uuid: "c0e2fe35dbca4f44af389b266cf7c22a" is_pre_election: true
I20260709 14:54:32.741712  7499 tablet_service.cc:1917] Received RequestConsensusVote() RPC: tablet_id: "228df184b04a40f9b4eaf7f06ccc703f" candidate_uuid: "0014c892d3d3414d8e5fb4043c085934" candidate_term: 1 candidate_status { last_received { term: 0 index: 0 } } ignore_live_leader: false dest_uuid: "f61e130f7eaa4cf4830bb3906a13858c" is_pre_election: true
I20260709 14:54:32.744019  7716 raft_consensus.cc:2749] T 8560294dc5f943988f0a28c6a0fa2336 P f61e130f7eaa4cf4830bb3906a13858c [term 1 FOLLOWER]: Leader pre-election lost for term 1. Reason: could not achieve majority
W20260709 14:54:32.744660  7394 leader_election.cc:343] T 228df184b04a40f9b4eaf7f06ccc703f P 0014c892d3d3414d8e5fb4043c085934 [CANDIDATE]: Term 1 pre-election: Tablet error from VoteRequest() call to peer f61e130f7eaa4cf4830bb3906a13858c (127.6.23.67:41207): Illegal state: must be running to vote when last-logged opid is not known
I20260709 14:54:32.745788  7545 tablet_bootstrap.cc:492] T 228df184b04a40f9b4eaf7f06ccc703f P c0e2fe35dbca4f44af389b266cf7c22a: No bootstrap required, opened a new log
I20260709 14:54:32.746234  7545 ts_tablet_manager.cc:1403] T 228df184b04a40f9b4eaf7f06ccc703f P c0e2fe35dbca4f44af389b266cf7c22a: Time spent bootstrapping tablet: real 0.147s	user 0.019s	sys 0.031s
W20260709 14:54:32.746634  7393 leader_election.cc:343] T 228df184b04a40f9b4eaf7f06ccc703f P 0014c892d3d3414d8e5fb4043c085934 [CANDIDATE]: Term 1 pre-election: Tablet error from VoteRequest() call to peer c0e2fe35dbca4f44af389b266cf7c22a (127.6.23.65:42781): Illegal state: must be running to vote when last-logged opid is not known
I20260709 14:54:32.747100  7393 leader_election.cc:304] T 228df184b04a40f9b4eaf7f06ccc703f P 0014c892d3d3414d8e5fb4043c085934 [CANDIDATE]: Term 1 pre-election: Election decided. Result: candidate lost. Election summary: received 3 responses out of 3 voters: 1 yes votes; 2 no votes. yes voters: 0014c892d3d3414d8e5fb4043c085934; no voters: c0e2fe35dbca4f44af389b266cf7c22a, f61e130f7eaa4cf4830bb3906a13858c
I20260709 14:54:32.747767  7682 raft_consensus.cc:2749] T 228df184b04a40f9b4eaf7f06ccc703f P 0014c892d3d3414d8e5fb4043c085934 [term 0 FOLLOWER]: Leader pre-election lost for term 1. Reason: could not achieve majority
I20260709 14:54:32.748703  7545 raft_consensus.cc:359] T 228df184b04a40f9b4eaf7f06ccc703f P c0e2fe35dbca4f44af389b266cf7c22a [term 0 FOLLOWER]: Replica starting. Triggering 0 pending ops. Active config: opid_index: -1 OBSOLETE_local: false peers { permanent_uuid: "c0e2fe35dbca4f44af389b266cf7c22a" member_type: VOTER last_known_addr { host: "127.6.23.65" port: 42781 } } peers { permanent_uuid: "0014c892d3d3414d8e5fb4043c085934" member_type: VOTER last_known_addr { host: "127.6.23.66" port: 46837 } } peers { permanent_uuid: "f61e130f7eaa4cf4830bb3906a13858c" member_type: VOTER last_known_addr { host: "127.6.23.67" port: 41207 } }
I20260709 14:54:32.749380  7545 raft_consensus.cc:385] T 228df184b04a40f9b4eaf7f06ccc703f P c0e2fe35dbca4f44af389b266cf7c22a [term 0 FOLLOWER]: Consensus starting up: Expiring failure detector timer to make a prompt election more likely
I20260709 14:54:32.749635  7545 raft_consensus.cc:740] T 228df184b04a40f9b4eaf7f06ccc703f P c0e2fe35dbca4f44af389b266cf7c22a [term 0 FOLLOWER]: Becoming Follower/Learner. State: Replica: c0e2fe35dbca4f44af389b266cf7c22a, State: Initialized, Role: FOLLOWER
I20260709 14:54:32.750408  7546 tablet_bootstrap.cc:654] T 22bc785737c7444a9e651322a9c04b7e P 0014c892d3d3414d8e5fb4043c085934: Neither blocks nor log segments found. Creating new log.
I20260709 14:54:32.750267  7545 consensus_queue.cc:260] T 228df184b04a40f9b4eaf7f06ccc703f P c0e2fe35dbca4f44af389b266cf7c22a [NON_LEADER]: Queue going to NON_LEADER mode. State: All replicated index: 0, Majority replicated index: 0, Committed index: 0, Last appended: 0.0, Last appended by leader: 0, Current term: 0, Majority size: -1, State: 0, Mode: NON_LEADER, active raft config: opid_index: -1 OBSOLETE_local: false peers { permanent_uuid: "c0e2fe35dbca4f44af389b266cf7c22a" member_type: VOTER last_known_addr { host: "127.6.23.65" port: 42781 } } peers { permanent_uuid: "0014c892d3d3414d8e5fb4043c085934" member_type: VOTER last_known_addr { host: "127.6.23.66" port: 46837 } } peers { permanent_uuid: "f61e130f7eaa4cf4830bb3906a13858c" member_type: VOTER last_known_addr { host: "127.6.23.67" port: 41207 } }
I20260709 14:54:32.752276  7545 ts_tablet_manager.cc:1434] T 228df184b04a40f9b4eaf7f06ccc703f P c0e2fe35dbca4f44af389b266cf7c22a: Time spent starting tablet: real 0.006s	user 0.004s	sys 0.000s
I20260709 14:54:32.753136  7545 tablet_bootstrap.cc:492] T 5ebfda026a264f74b177f5d5c7abf7fb P c0e2fe35dbca4f44af389b266cf7c22a: Bootstrap starting.
I20260709 14:54:32.725221  7689 raft_consensus.cc:515] T f0505ff4e47b4450b2ca1db20cf63d2e P c0e2fe35dbca4f44af389b266cf7c22a [term 1 FOLLOWER]: Starting leader election with config: opid_index: -1 OBSOLETE_local: false peers { permanent_uuid: "c0e2fe35dbca4f44af389b266cf7c22a" member_type: VOTER last_known_addr { host: "127.6.23.65" port: 42781 } } peers { permanent_uuid: "0014c892d3d3414d8e5fb4043c085934" member_type: VOTER last_known_addr { host: "127.6.23.66" port: 46837 } } peers { permanent_uuid: "f61e130f7eaa4cf4830bb3906a13858c" member_type: VOTER last_known_addr { host: "127.6.23.67" port: 41207 } }
I20260709 14:54:32.759032  7545 tablet_bootstrap.cc:654] T 5ebfda026a264f74b177f5d5c7abf7fb P c0e2fe35dbca4f44af389b266cf7c22a: Neither blocks nor log segments found. Creating new log.
I20260709 14:54:32.759884  7502 tablet_service.cc:1917] Received RequestConsensusVote() RPC: tablet_id: "f0505ff4e47b4450b2ca1db20cf63d2e" candidate_uuid: "c0e2fe35dbca4f44af389b266cf7c22a" candidate_term: 1 candidate_status { last_received { term: 0 index: 0 } } ignore_live_leader: false dest_uuid: "f61e130f7eaa4cf4830bb3906a13858c"
W20260709 14:54:32.761173  7319 leader_election.cc:343] T f0505ff4e47b4450b2ca1db20cf63d2e P c0e2fe35dbca4f44af389b266cf7c22a [CANDIDATE]: Term 1 election: Tablet error from VoteRequest() call to peer f61e130f7eaa4cf4830bb3906a13858c (127.6.23.67:41207): Illegal state: must be running to vote when last-logged opid is not known
I20260709 14:54:32.762887  7689 leader_election.cc:290] T f0505ff4e47b4450b2ca1db20cf63d2e P c0e2fe35dbca4f44af389b266cf7c22a [CANDIDATE]: Term 1 election: Requested vote from peers 0014c892d3d3414d8e5fb4043c085934 (127.6.23.66:46837), f61e130f7eaa4cf4830bb3906a13858c (127.6.23.67:41207)
I20260709 14:54:32.764541  7428 tablet_service.cc:1917] Received RequestConsensusVote() RPC: tablet_id: "f0505ff4e47b4450b2ca1db20cf63d2e" candidate_uuid: "c0e2fe35dbca4f44af389b266cf7c22a" candidate_term: 1 candidate_status { last_received { term: 0 index: 0 } } ignore_live_leader: false dest_uuid: "0014c892d3d3414d8e5fb4043c085934"
I20260709 14:54:32.765201  7428 raft_consensus.cc:3060] T f0505ff4e47b4450b2ca1db20cf63d2e P 0014c892d3d3414d8e5fb4043c085934 [term 0 FOLLOWER]: Advancing to term 1
I20260709 14:54:32.765764  7605 raft_consensus.cc:493] T 148be002794a4b78968495fea1991ffe P c0e2fe35dbca4f44af389b266cf7c22a [term 0 FOLLOWER]: Starting pre-election (no leader contacted us within the election timeout)
I20260709 14:54:32.766271  7605 raft_consensus.cc:515] T 148be002794a4b78968495fea1991ffe P c0e2fe35dbca4f44af389b266cf7c22a [term 0 FOLLOWER]: Starting pre-election with config: opid_index: -1 OBSOLETE_local: false peers { permanent_uuid: "c0e2fe35dbca4f44af389b266cf7c22a" member_type: VOTER last_known_addr { host: "127.6.23.65" port: 42781 } } peers { permanent_uuid: "0014c892d3d3414d8e5fb4043c085934" member_type: VOTER last_known_addr { host: "127.6.23.66" port: 46837 } } peers { permanent_uuid: "f61e130f7eaa4cf4830bb3906a13858c" member_type: VOTER last_known_addr { host: "127.6.23.67" port: 41207 } }
I20260709 14:54:32.768644  7253 catalog_manager.cc:5697] T 0f02e53e0cc04597ac16efddcced246a P c0e2fe35dbca4f44af389b266cf7c22a reported cstate change: term changed from 0 to 1, leader changed from <none> to c0e2fe35dbca4f44af389b266cf7c22a (127.6.23.65). New cstate: current_term: 1 leader_uuid: "c0e2fe35dbca4f44af389b266cf7c22a" committed_config { opid_index: -1 OBSOLETE_local: false peers { permanent_uuid: "c0e2fe35dbca4f44af389b266cf7c22a" member_type: VOTER last_known_addr { host: "127.6.23.65" port: 42781 } health_report { overall_health: HEALTHY } } peers { permanent_uuid: "0014c892d3d3414d8e5fb4043c085934" member_type: VOTER last_known_addr { host: "127.6.23.66" port: 46837 } health_report { overall_health: UNKNOWN } } peers { permanent_uuid: "f61e130f7eaa4cf4830bb3906a13858c" member_type: VOTER last_known_addr { host: "127.6.23.67" port: 41207 } health_report { overall_health: UNKNOWN } } }
I20260709 14:54:32.769944  7502 tablet_service.cc:1917] Received RequestConsensusVote() RPC: tablet_id: "148be002794a4b78968495fea1991ffe" candidate_uuid: "c0e2fe35dbca4f44af389b266cf7c22a" candidate_term: 1 candidate_status { last_received { term: 0 index: 0 } } ignore_live_leader: false dest_uuid: "f61e130f7eaa4cf4830bb3906a13858c" is_pre_election: true
W20260709 14:54:32.771165  7319 leader_election.cc:343] T 148be002794a4b78968495fea1991ffe P c0e2fe35dbca4f44af389b266cf7c22a [CANDIDATE]: Term 1 pre-election: Tablet error from VoteRequest() call to peer f61e130f7eaa4cf4830bb3906a13858c (127.6.23.67:41207): Illegal state: must be running to vote when last-logged opid is not known
I20260709 14:54:32.771826  7605 leader_election.cc:290] T 148be002794a4b78968495fea1991ffe P c0e2fe35dbca4f44af389b266cf7c22a [CANDIDATE]: Term 1 pre-election: Requested pre-vote from peers 0014c892d3d3414d8e5fb4043c085934 (127.6.23.66:46837), f61e130f7eaa4cf4830bb3906a13858c (127.6.23.67:41207)
I20260709 14:54:32.772217  7430 tablet_service.cc:1917] Received RequestConsensusVote() RPC: tablet_id: "148be002794a4b78968495fea1991ffe" candidate_uuid: "c0e2fe35dbca4f44af389b266cf7c22a" candidate_term: 1 candidate_status { last_received { term: 0 index: 0 } } ignore_live_leader: false dest_uuid: "0014c892d3d3414d8e5fb4043c085934" is_pre_election: true
W20260709 14:54:32.773649  7321 leader_election.cc:343] T 148be002794a4b78968495fea1991ffe P c0e2fe35dbca4f44af389b266cf7c22a [CANDIDATE]: Term 1 pre-election: Tablet error from VoteRequest() call to peer 0014c892d3d3414d8e5fb4043c085934 (127.6.23.66:46837): Illegal state: must be running to vote when last-logged opid is not known
I20260709 14:54:32.774073  7321 leader_election.cc:304] T 148be002794a4b78968495fea1991ffe P c0e2fe35dbca4f44af389b266cf7c22a [CANDIDATE]: Term 1 pre-election: Election decided. Result: candidate lost. Election summary: received 3 responses out of 3 voters: 1 yes votes; 2 no votes. yes voters: c0e2fe35dbca4f44af389b266cf7c22a; no voters: 0014c892d3d3414d8e5fb4043c085934, f61e130f7eaa4cf4830bb3906a13858c
I20260709 14:54:32.775727  7689 raft_consensus.cc:2749] T 148be002794a4b78968495fea1991ffe P c0e2fe35dbca4f44af389b266cf7c22a [term 0 FOLLOWER]: Leader pre-election lost for term 1. Reason: could not achieve majority
I20260709 14:54:32.776551  7682 raft_consensus.cc:493] T 5e529841018f4f8cb6e93c14079faa59 P 0014c892d3d3414d8e5fb4043c085934 [term 0 FOLLOWER]: Starting pre-election (no leader contacted us within the election timeout)
I20260709 14:54:32.776970  7682 raft_consensus.cc:515] T 5e529841018f4f8cb6e93c14079faa59 P 0014c892d3d3414d8e5fb4043c085934 [term 0 FOLLOWER]: Starting pre-election with config: opid_index: -1 OBSOLETE_local: false peers { permanent_uuid: "c0e2fe35dbca4f44af389b266cf7c22a" member_type: VOTER last_known_addr { host: "127.6.23.65" port: 42781 } } peers { permanent_uuid: "0014c892d3d3414d8e5fb4043c085934" member_type: VOTER last_known_addr { host: "127.6.23.66" port: 46837 } } peers { permanent_uuid: "f61e130f7eaa4cf4830bb3906a13858c" member_type: VOTER last_known_addr { host: "127.6.23.67" port: 41207 } }
I20260709 14:54:32.778847  7682 leader_election.cc:290] T 5e529841018f4f8cb6e93c14079faa59 P 0014c892d3d3414d8e5fb4043c085934 [CANDIDATE]: Term 1 pre-election: Requested pre-vote from peers c0e2fe35dbca4f44af389b266cf7c22a (127.6.23.65:42781), f61e130f7eaa4cf4830bb3906a13858c (127.6.23.67:41207)
I20260709 14:54:32.780251  7502 tablet_service.cc:1917] Received RequestConsensusVote() RPC: tablet_id: "5e529841018f4f8cb6e93c14079faa59" candidate_uuid: "0014c892d3d3414d8e5fb4043c085934" candidate_term: 1 candidate_status { last_received { term: 0 index: 0 } } ignore_live_leader: false dest_uuid: "f61e130f7eaa4cf4830bb3906a13858c" is_pre_election: true
I20260709 14:54:32.781883  7544 tablet_bootstrap.cc:492] T 5e529841018f4f8cb6e93c14079faa59 P f61e130f7eaa4cf4830bb3906a13858c: No bootstrap required, opened a new log
W20260709 14:54:32.782196  7394 leader_election.cc:343] T 5e529841018f4f8cb6e93c14079faa59 P 0014c892d3d3414d8e5fb4043c085934 [CANDIDATE]: Term 1 pre-election: Tablet error from VoteRequest() call to peer f61e130f7eaa4cf4830bb3906a13858c (127.6.23.67:41207): Illegal state: must be running to vote when last-logged opid is not known
I20260709 14:54:32.782382  7544 ts_tablet_manager.cc:1403] T 5e529841018f4f8cb6e93c14079faa59 P f61e130f7eaa4cf4830bb3906a13858c: Time spent bootstrapping tablet: real 0.137s	user 0.009s	sys 0.008s
I20260709 14:54:32.783911  7352 tablet_service.cc:1917] Received RequestConsensusVote() RPC: tablet_id: "5e529841018f4f8cb6e93c14079faa59" candidate_uuid: "0014c892d3d3414d8e5fb4043c085934" candidate_term: 1 candidate_status { last_received { term: 0 index: 0 } } ignore_live_leader: false dest_uuid: "c0e2fe35dbca4f44af389b266cf7c22a" is_pre_election: true
I20260709 14:54:32.784523  7352 raft_consensus.cc:2468] T 5e529841018f4f8cb6e93c14079faa59 P c0e2fe35dbca4f44af389b266cf7c22a [term 0 FOLLOWER]: Leader pre-election vote request: Granting yes vote for candidate 0014c892d3d3414d8e5fb4043c085934 in term 0.
I20260709 14:54:32.784955  7544 raft_consensus.cc:359] T 5e529841018f4f8cb6e93c14079faa59 P f61e130f7eaa4cf4830bb3906a13858c [term 0 FOLLOWER]: Replica starting. Triggering 0 pending ops. Active config: opid_index: -1 OBSOLETE_local: false peers { permanent_uuid: "c0e2fe35dbca4f44af389b266cf7c22a" member_type: VOTER last_known_addr { host: "127.6.23.65" port: 42781 } } peers { permanent_uuid: "0014c892d3d3414d8e5fb4043c085934" member_type: VOTER last_known_addr { host: "127.6.23.66" port: 46837 } } peers { permanent_uuid: "f61e130f7eaa4cf4830bb3906a13858c" member_type: VOTER last_known_addr { host: "127.6.23.67" port: 41207 } }
I20260709 14:54:32.785612  7544 raft_consensus.cc:385] T 5e529841018f4f8cb6e93c14079faa59 P f61e130f7eaa4cf4830bb3906a13858c [term 0 FOLLOWER]: Consensus starting up: Expiring failure detector timer to make a prompt election more likely
I20260709 14:54:32.787250  7428 raft_consensus.cc:2468] T f0505ff4e47b4450b2ca1db20cf63d2e P 0014c892d3d3414d8e5fb4043c085934 [term 1 FOLLOWER]: Leader election vote request: Granting yes vote for candidate c0e2fe35dbca4f44af389b266cf7c22a in term 1.
I20260709 14:54:32.787384  7393 leader_election.cc:304] T 5e529841018f4f8cb6e93c14079faa59 P 0014c892d3d3414d8e5fb4043c085934 [CANDIDATE]: Term 1 pre-election: Election decided. Result: candidate won. Election summary: received 3 responses out of 3 voters: 2 yes votes; 1 no votes. yes voters: 0014c892d3d3414d8e5fb4043c085934, c0e2fe35dbca4f44af389b266cf7c22a; no voters: f61e130f7eaa4cf4830bb3906a13858c
I20260709 14:54:32.788343  7682 raft_consensus.cc:2804] T 5e529841018f4f8cb6e93c14079faa59 P 0014c892d3d3414d8e5fb4043c085934 [term 0 FOLLOWER]: Leader pre-election won for term 1
I20260709 14:54:32.788683  7682 raft_consensus.cc:493] T 5e529841018f4f8cb6e93c14079faa59 P 0014c892d3d3414d8e5fb4043c085934 [term 0 FOLLOWER]: Starting leader election (no leader contacted us within the election timeout)
I20260709 14:54:32.789009  7682 raft_consensus.cc:3060] T 5e529841018f4f8cb6e93c14079faa59 P 0014c892d3d3414d8e5fb4043c085934 [term 0 FOLLOWER]: Advancing to term 1
I20260709 14:54:32.791921  7546 tablet_bootstrap.cc:492] T 22bc785737c7444a9e651322a9c04b7e P 0014c892d3d3414d8e5fb4043c085934: No bootstrap required, opened a new log
I20260709 14:54:32.792385  7546 ts_tablet_manager.cc:1403] T 22bc785737c7444a9e651322a9c04b7e P 0014c892d3d3414d8e5fb4043c085934: Time spent bootstrapping tablet: real 0.055s	user 0.009s	sys 0.000s
I20260709 14:54:32.795011  7546 raft_consensus.cc:359] T 22bc785737c7444a9e651322a9c04b7e P 0014c892d3d3414d8e5fb4043c085934 [term 0 FOLLOWER]: Replica starting. Triggering 0 pending ops. Active config: opid_index: -1 OBSOLETE_local: false peers { permanent_uuid: "c0e2fe35dbca4f44af389b266cf7c22a" member_type: VOTER last_known_addr { host: "127.6.23.65" port: 42781 } } peers { permanent_uuid: "0014c892d3d3414d8e5fb4043c085934" member_type: VOTER last_known_addr { host: "127.6.23.66" port: 46837 } } peers { permanent_uuid: "f61e130f7eaa4cf4830bb3906a13858c" member_type: VOTER last_known_addr { host: "127.6.23.67" port: 41207 } }
I20260709 14:54:32.789324  7321 leader_election.cc:304] T f0505ff4e47b4450b2ca1db20cf63d2e P c0e2fe35dbca4f44af389b266cf7c22a [CANDIDATE]: Term 1 election: Election decided. Result: candidate won. Election summary: received 3 responses out of 3 voters: 2 yes votes; 1 no votes. yes voters: 0014c892d3d3414d8e5fb4043c085934, c0e2fe35dbca4f44af389b266cf7c22a; no voters: f61e130f7eaa4cf4830bb3906a13858c
I20260709 14:54:32.795722  7546 raft_consensus.cc:385] T 22bc785737c7444a9e651322a9c04b7e P 0014c892d3d3414d8e5fb4043c085934 [term 0 FOLLOWER]: Consensus starting up: Expiring failure detector timer to make a prompt election more likely
I20260709 14:54:32.796029  7546 raft_consensus.cc:740] T 22bc785737c7444a9e651322a9c04b7e P 0014c892d3d3414d8e5fb4043c085934 [term 0 FOLLOWER]: Becoming Follower/Learner. State: Replica: 0014c892d3d3414d8e5fb4043c085934, State: Initialized, Role: FOLLOWER
I20260709 14:54:32.796890  7605 raft_consensus.cc:2804] T f0505ff4e47b4450b2ca1db20cf63d2e P c0e2fe35dbca4f44af389b266cf7c22a [term 1 FOLLOWER]: Leader election won for term 1
I20260709 14:54:32.796643  7546 consensus_queue.cc:260] T 22bc785737c7444a9e651322a9c04b7e P 0014c892d3d3414d8e5fb4043c085934 [NON_LEADER]: Queue going to NON_LEADER mode. State: All replicated index: 0, Majority replicated index: 0, Committed index: 0, Last appended: 0.0, Last appended by leader: 0, Current term: 0, Majority size: -1, State: 0, Mode: NON_LEADER, active raft config: opid_index: -1 OBSOLETE_local: false peers { permanent_uuid: "c0e2fe35dbca4f44af389b266cf7c22a" member_type: VOTER last_known_addr { host: "127.6.23.65" port: 42781 } } peers { permanent_uuid: "0014c892d3d3414d8e5fb4043c085934" member_type: VOTER last_known_addr { host: "127.6.23.66" port: 46837 } } peers { permanent_uuid: "f61e130f7eaa4cf4830bb3906a13858c" member_type: VOTER last_known_addr { host: "127.6.23.67" port: 41207 } }
I20260709 14:54:32.797363  7605 raft_consensus.cc:697] T f0505ff4e47b4450b2ca1db20cf63d2e P c0e2fe35dbca4f44af389b266cf7c22a [term 1 LEADER]: Becoming Leader. State: Replica: c0e2fe35dbca4f44af389b266cf7c22a, State: Running, Role: LEADER
I20260709 14:54:32.798909  7682 raft_consensus.cc:515] T 5e529841018f4f8cb6e93c14079faa59 P 0014c892d3d3414d8e5fb4043c085934 [term 1 FOLLOWER]: Starting leader election with config: opid_index: -1 OBSOLETE_local: false peers { permanent_uuid: "c0e2fe35dbca4f44af389b266cf7c22a" member_type: VOTER last_known_addr { host: "127.6.23.65" port: 42781 } } peers { permanent_uuid: "0014c892d3d3414d8e5fb4043c085934" member_type: VOTER last_known_addr { host: "127.6.23.66" port: 46837 } } peers { permanent_uuid: "f61e130f7eaa4cf4830bb3906a13858c" member_type: VOTER last_known_addr { host: "127.6.23.67" port: 41207 } }
I20260709 14:54:32.801723  7502 tablet_service.cc:1917] Received RequestConsensusVote() RPC: tablet_id: "5e529841018f4f8cb6e93c14079faa59" candidate_uuid: "0014c892d3d3414d8e5fb4043c085934" candidate_term: 1 candidate_status { last_received { term: 0 index: 0 } } ignore_live_leader: false dest_uuid: "f61e130f7eaa4cf4830bb3906a13858c"
I20260709 14:54:32.802350  7682 leader_election.cc:290] T 5e529841018f4f8cb6e93c14079faa59 P 0014c892d3d3414d8e5fb4043c085934 [CANDIDATE]: Term 1 election: Requested vote from peers c0e2fe35dbca4f44af389b266cf7c22a (127.6.23.65:42781), f61e130f7eaa4cf4830bb3906a13858c (127.6.23.67:41207)
I20260709 14:54:32.802934  7352 tablet_service.cc:1917] Received RequestConsensusVote() RPC: tablet_id: "5e529841018f4f8cb6e93c14079faa59" candidate_uuid: "0014c892d3d3414d8e5fb4043c085934" candidate_term: 1 candidate_status { last_received { term: 0 index: 0 } } ignore_live_leader: false dest_uuid: "c0e2fe35dbca4f44af389b266cf7c22a"
I20260709 14:54:32.803370  7352 raft_consensus.cc:3060] T 5e529841018f4f8cb6e93c14079faa59 P c0e2fe35dbca4f44af389b266cf7c22a [term 0 FOLLOWER]: Advancing to term 1
I20260709 14:54:32.785863  7544 raft_consensus.cc:740] T 5e529841018f4f8cb6e93c14079faa59 P f61e130f7eaa4cf4830bb3906a13858c [term 0 FOLLOWER]: Becoming Follower/Learner. State: Replica: f61e130f7eaa4cf4830bb3906a13858c, State: Initialized, Role: FOLLOWER
