I20260709 14:45:55.648442  1716 tablet_bootstrap.cc:492] T a4f5640489d94f44a549fdc314bae349 P 99b5533023cc404bb50e574115d62141: No bootstrap required, opened a new log
W20260709 14:45:55.648527  1490 leader_election.cc:343] T 2601fc5cfcc247c48989828a7792c342 P 99b5533023cc404bb50e574115d62141 [CANDIDATE]: Term 1 pre-election: Tablet error from VoteRequest() call to peer 5689b2282d764619a32610fbc7cce194 (127.0.107.195:36173): Illegal state: must be running to vote when last-logged opid is not known
I20260709 14:45:55.648918  1717 tablet_bootstrap.cc:654] T a4f5640489d94f44a549fdc314bae349 P 16563731b74348debda59a0ff42b1a69: Neither blocks nor log segments found. Creating new log.
I20260709 14:45:55.648947  1716 ts_tablet_manager.cc:1403] T a4f5640489d94f44a549fdc314bae349 P 99b5533023cc404bb50e574115d62141: Time spent bootstrapping tablet: real 0.078s	user 0.005s	sys 0.011s
I20260709 14:45:55.649020  1490 leader_election.cc:304] T 2601fc5cfcc247c48989828a7792c342 P 99b5533023cc404bb50e574115d62141 [CANDIDATE]: Term 1 pre-election: Election decided. Result: candidate lost. Election summary: received 3 responses out of 3 voters: 1 yes votes; 2 no votes. yes voters: 99b5533023cc404bb50e574115d62141; no voters: 16563731b74348debda59a0ff42b1a69, 5689b2282d764619a32610fbc7cce194
I20260709 14:45:55.650244  1754 raft_consensus.cc:2749] T 2601fc5cfcc247c48989828a7792c342 P 99b5533023cc404bb50e574115d62141 [term 0 FOLLOWER]: Leader pre-election lost for term 1. Reason: could not achieve majority
I20260709 14:45:55.655143  1715 tablet_bootstrap.cc:492] T 9e7d407fbcc14efd8b09c65e09708fcb P 5689b2282d764619a32610fbc7cce194: No bootstrap required, opened a new log
I20260709 14:45:55.651829  1716 raft_consensus.cc:359] T a4f5640489d94f44a549fdc314bae349 P 99b5533023cc404bb50e574115d62141 [term 0 FOLLOWER]: Replica starting. Triggering 0 pending ops. Active config: opid_index: -1 OBSOLETE_local: false peers { permanent_uuid: "99b5533023cc404bb50e574115d62141" member_type: VOTER last_known_addr { host: "127.0.107.193" port: 36715 } } peers { permanent_uuid: "16563731b74348debda59a0ff42b1a69" member_type: VOTER last_known_addr { host: "127.0.107.194" port: 39795 } } peers { permanent_uuid: "5689b2282d764619a32610fbc7cce194" member_type: VOTER last_known_addr { host: "127.0.107.195" port: 36173 } }
I20260709 14:45:55.656510  1716 raft_consensus.cc:385] T a4f5640489d94f44a549fdc314bae349 P 99b5533023cc404bb50e574115d62141 [term 0 FOLLOWER]: Consensus starting up: Expiring failure detector timer to make a prompt election more likely
I20260709 14:45:55.656594  1715 ts_tablet_manager.cc:1403] T 9e7d407fbcc14efd8b09c65e09708fcb P 5689b2282d764619a32610fbc7cce194: Time spent bootstrapping tablet: real 0.025s	user 0.005s	sys 0.006s
I20260709 14:45:55.656971  1783 consensus_queue.cc:1048] T c6f62e80f0bd43f2a73b1466e0febc8b P 16563731b74348debda59a0ff42b1a69 [LEADER]: Connected to new peer: Peer: permanent_uuid: "5689b2282d764619a32610fbc7cce194" member_type: VOTER last_known_addr { host: "127.0.107.195" port: 36173 }, Status: LMP_MISMATCH, Last received: 0.0, Next index: 1, Last known committed idx: 0, Time since last communication: 0.000s
I20260709 14:45:55.660264  1715 raft_consensus.cc:359] T 9e7d407fbcc14efd8b09c65e09708fcb P 5689b2282d764619a32610fbc7cce194 [term 0 FOLLOWER]: Replica starting. Triggering 0 pending ops. Active config: opid_index: -1 OBSOLETE_local: false peers { permanent_uuid: "99b5533023cc404bb50e574115d62141" member_type: VOTER last_known_addr { host: "127.0.107.193" port: 36715 } } peers { permanent_uuid: "16563731b74348debda59a0ff42b1a69" member_type: VOTER last_known_addr { host: "127.0.107.194" port: 39795 } } peers { permanent_uuid: "5689b2282d764619a32610fbc7cce194" member_type: VOTER last_known_addr { host: "127.0.107.195" port: 36173 } }
I20260709 14:45:55.660928  1715 raft_consensus.cc:385] T 9e7d407fbcc14efd8b09c65e09708fcb P 5689b2282d764619a32610fbc7cce194 [term 0 FOLLOWER]: Consensus starting up: Expiring failure detector timer to make a prompt election more likely
I20260709 14:45:55.661294  1715 raft_consensus.cc:740] T 9e7d407fbcc14efd8b09c65e09708fcb P 5689b2282d764619a32610fbc7cce194 [term 0 FOLLOWER]: Becoming Follower/Learner. State: Replica: 5689b2282d764619a32610fbc7cce194, State: Initialized, Role: FOLLOWER
I20260709 14:45:55.662022  1715 consensus_queue.cc:260] T 9e7d407fbcc14efd8b09c65e09708fcb P 5689b2282d764619a32610fbc7cce194 [NON_LEADER]: Queue going to NON_LEADER mode. State: All replicated index: 0, Majority replicated index: 0, Committed index: 0, Last appended: 0.0, Last appended by leader: 0, Current term: 0, Majority size: -1, State: 0, Mode: NON_LEADER, active raft config: opid_index: -1 OBSOLETE_local: false peers { permanent_uuid: "99b5533023cc404bb50e574115d62141" member_type: VOTER last_known_addr { host: "127.0.107.193" port: 36715 } } peers { permanent_uuid: "16563731b74348debda59a0ff42b1a69" member_type: VOTER last_known_addr { host: "127.0.107.194" port: 39795 } } peers { permanent_uuid: "5689b2282d764619a32610fbc7cce194" member_type: VOTER last_known_addr { host: "127.0.107.195" port: 36173 } }
I20260709 14:45:55.664080  1715 ts_tablet_manager.cc:1434] T 9e7d407fbcc14efd8b09c65e09708fcb P 5689b2282d764619a32610fbc7cce194: Time spent starting tablet: real 0.007s	user 0.000s	sys 0.005s
I20260709 14:45:55.664945  1715 tablet_bootstrap.cc:492] T 225bb14c229d4569a6493a75d1e6f3fb P 5689b2282d764619a32610fbc7cce194: Bootstrap starting.
I20260709 14:45:55.656798  1716 raft_consensus.cc:740] T a4f5640489d94f44a549fdc314bae349 P 99b5533023cc404bb50e574115d62141 [term 0 FOLLOWER]: Becoming Follower/Learner. State: Replica: 99b5533023cc404bb50e574115d62141, State: Initialized, Role: FOLLOWER
I20260709 14:45:55.665731  1716 consensus_queue.cc:260] T a4f5640489d94f44a549fdc314bae349 P 99b5533023cc404bb50e574115d62141 [NON_LEADER]: Queue going to NON_LEADER mode. State: All replicated index: 0, Majority replicated index: 0, Committed index: 0, Last appended: 0.0, Last appended by leader: 0, Current term: 0, Majority size: -1, State: 0, Mode: NON_LEADER, active raft config: opid_index: -1 OBSOLETE_local: false peers { permanent_uuid: "99b5533023cc404bb50e574115d62141" member_type: VOTER last_known_addr { host: "127.0.107.193" port: 36715 } } peers { permanent_uuid: "16563731b74348debda59a0ff42b1a69" member_type: VOTER last_known_addr { host: "127.0.107.194" port: 39795 } } peers { permanent_uuid: "5689b2282d764619a32610fbc7cce194" member_type: VOTER last_known_addr { host: "127.0.107.195" port: 36173 } }
I20260709 14:45:55.669094  1716 ts_tablet_manager.cc:1434] T a4f5640489d94f44a549fdc314bae349 P 99b5533023cc404bb50e574115d62141: Time spent starting tablet: real 0.020s	user 0.006s	sys 0.000s
I20260709 14:45:55.668604  1422 catalog_manager.cc:5697] T 651d3016a61a47f6bc83b0cdee4e6bd9 P 5689b2282d764619a32610fbc7cce194 reported cstate change: term changed from 0 to 1, leader changed from <none> to 5689b2282d764619a32610fbc7cce194 (127.0.107.195). New cstate: current_term: 1 leader_uuid: "5689b2282d764619a32610fbc7cce194" committed_config { opid_index: -1 OBSOLETE_local: false peers { permanent_uuid: "99b5533023cc404bb50e574115d62141" member_type: VOTER last_known_addr { host: "127.0.107.193" port: 36715 } health_report { overall_health: UNKNOWN } } peers { permanent_uuid: "16563731b74348debda59a0ff42b1a69" member_type: VOTER last_known_addr { host: "127.0.107.194" port: 39795 } health_report { overall_health: UNKNOWN } } peers { permanent_uuid: "5689b2282d764619a32610fbc7cce194" member_type: VOTER last_known_addr { host: "127.0.107.195" port: 36173 } health_report { overall_health: HEALTHY } } }
I20260709 14:45:55.676098  1715 tablet_bootstrap.cc:654] T 225bb14c229d4569a6493a75d1e6f3fb P 5689b2282d764619a32610fbc7cce194: Neither blocks nor log segments found. Creating new log.
I20260709 14:45:55.681133  1717 tablet_bootstrap.cc:492] T a4f5640489d94f44a549fdc314bae349 P 16563731b74348debda59a0ff42b1a69: No bootstrap required, opened a new log
I20260709 14:45:55.681260  1792 raft_consensus.cc:493] T d08747fd18914efd8b20b762693a302a P 5689b2282d764619a32610fbc7cce194 [term 0 FOLLOWER]: Starting pre-election (no leader contacted us within the election timeout)
I20260709 14:45:55.681542  1717 ts_tablet_manager.cc:1403] T a4f5640489d94f44a549fdc314bae349 P 16563731b74348debda59a0ff42b1a69: Time spent bootstrapping tablet: real 0.039s	user 0.006s	sys 0.009s
I20260709 14:45:55.683672  1716 tablet_bootstrap.cc:492] T d08747fd18914efd8b20b762693a302a P 99b5533023cc404bb50e574115d62141: Bootstrap starting.
I20260709 14:45:55.684705  1717 raft_consensus.cc:359] T a4f5640489d94f44a549fdc314bae349 P 16563731b74348debda59a0ff42b1a69 [term 0 FOLLOWER]: Replica starting. Triggering 0 pending ops. Active config: opid_index: -1 OBSOLETE_local: false peers { permanent_uuid: "99b5533023cc404bb50e574115d62141" member_type: VOTER last_known_addr { host: "127.0.107.193" port: 36715 } } peers { permanent_uuid: "16563731b74348debda59a0ff42b1a69" member_type: VOTER last_known_addr { host: "127.0.107.194" port: 39795 } } peers { permanent_uuid: "5689b2282d764619a32610fbc7cce194" member_type: VOTER last_known_addr { host: "127.0.107.195" port: 36173 } }
I20260709 14:45:55.685485  1717 raft_consensus.cc:385] T a4f5640489d94f44a549fdc314bae349 P 16563731b74348debda59a0ff42b1a69 [term 0 FOLLOWER]: Consensus starting up: Expiring failure detector timer to make a prompt election more likely
I20260709 14:45:55.685801  1717 raft_consensus.cc:740] T a4f5640489d94f44a549fdc314bae349 P 16563731b74348debda59a0ff42b1a69 [term 0 FOLLOWER]: Becoming Follower/Learner. State: Replica: 16563731b74348debda59a0ff42b1a69, State: Initialized, Role: FOLLOWER
I20260709 14:45:55.686548  1717 consensus_queue.cc:260] T a4f5640489d94f44a549fdc314bae349 P 16563731b74348debda59a0ff42b1a69 [NON_LEADER]: Queue going to NON_LEADER mode. State: All replicated index: 0, Majority replicated index: 0, Committed index: 0, Last appended: 0.0, Last appended by leader: 0, Current term: 0, Majority size: -1, State: 0, Mode: NON_LEADER, active raft config: opid_index: -1 OBSOLETE_local: false peers { permanent_uuid: "99b5533023cc404bb50e574115d62141" member_type: VOTER last_known_addr { host: "127.0.107.193" port: 36715 } } peers { permanent_uuid: "16563731b74348debda59a0ff42b1a69" member_type: VOTER last_known_addr { host: "127.0.107.194" port: 39795 } } peers { permanent_uuid: "5689b2282d764619a32610fbc7cce194" member_type: VOTER last_known_addr { host: "127.0.107.195" port: 36173 } }
I20260709 14:45:55.688506  1717 ts_tablet_manager.cc:1434] T a4f5640489d94f44a549fdc314bae349 P 16563731b74348debda59a0ff42b1a69: Time spent starting tablet: real 0.007s	user 0.004s	sys 0.000s
I20260709 14:45:55.688993  1730 consensus_queue.cc:1048] T c6f62e80f0bd43f2a73b1466e0febc8b P 16563731b74348debda59a0ff42b1a69 [LEADER]: Connected to new peer: Peer: permanent_uuid: "99b5533023cc404bb50e574115d62141" member_type: VOTER last_known_addr { host: "127.0.107.193" port: 36715 }, Status: LMP_MISMATCH, Last received: 0.0, Next index: 1, Last known committed idx: 0, Time since last communication: 0.000s
I20260709 14:45:55.689374  1717 tablet_bootstrap.cc:492] T 2601fc5cfcc247c48989828a7792c342 P 16563731b74348debda59a0ff42b1a69: Bootstrap starting.
I20260709 14:45:55.684422  1792 raft_consensus.cc:515] T d08747fd18914efd8b20b762693a302a P 5689b2282d764619a32610fbc7cce194 [term 0 FOLLOWER]: Starting pre-election with config: opid_index: -1 OBSOLETE_local: false peers { permanent_uuid: "99b5533023cc404bb50e574115d62141" member_type: VOTER last_known_addr { host: "127.0.107.193" port: 36715 } } peers { permanent_uuid: "16563731b74348debda59a0ff42b1a69" member_type: VOTER last_known_addr { host: "127.0.107.194" port: 39795 } } peers { permanent_uuid: "5689b2282d764619a32610fbc7cce194" member_type: VOTER last_known_addr { host: "127.0.107.195" port: 36173 } }
I20260709 14:45:55.689885  1716 tablet_bootstrap.cc:654] T d08747fd18914efd8b20b762693a302a P 99b5533023cc404bb50e574115d62141: Neither blocks nor log segments found. Creating new log.
I20260709 14:45:55.692803  1525 tablet_service.cc:1917] Received RequestConsensusVote() RPC: tablet_id: "d08747fd18914efd8b20b762693a302a" candidate_uuid: "5689b2282d764619a32610fbc7cce194" candidate_term: 1 candidate_status { last_received { term: 0 index: 0 } } ignore_live_leader: false dest_uuid: "99b5533023cc404bb50e574115d62141" is_pre_election: true
W20260709 14:45:55.694201  1640 leader_election.cc:343] T d08747fd18914efd8b20b762693a302a P 5689b2282d764619a32610fbc7cce194 [CANDIDATE]: Term 1 pre-election: Tablet error from VoteRequest() call to peer 99b5533023cc404bb50e574115d62141 (127.0.107.193:36715): Illegal state: must be running to vote when last-logged opid is not known
I20260709 14:45:55.696558  1717 tablet_bootstrap.cc:654] T 2601fc5cfcc247c48989828a7792c342 P 16563731b74348debda59a0ff42b1a69: Neither blocks nor log segments found. Creating new log.
I20260709 14:45:55.698689  1792 leader_election.cc:290] T d08747fd18914efd8b20b762693a302a P 5689b2282d764619a32610fbc7cce194 [CANDIDATE]: Term 1 pre-election: Requested pre-vote from peers 99b5533023cc404bb50e574115d62141 (127.0.107.193:36715), 16563731b74348debda59a0ff42b1a69 (127.0.107.194:39795)
I20260709 14:45:55.699335  1598 tablet_service.cc:1917] Received RequestConsensusVote() RPC: tablet_id: "d08747fd18914efd8b20b762693a302a" candidate_uuid: "5689b2282d764619a32610fbc7cce194" candidate_term: 1 candidate_status { last_received { term: 0 index: 0 } } ignore_live_leader: false dest_uuid: "16563731b74348debda59a0ff42b1a69" is_pre_election: true
I20260709 14:45:55.699911  1598 raft_consensus.cc:2468] T d08747fd18914efd8b20b762693a302a P 16563731b74348debda59a0ff42b1a69 [term 0 FOLLOWER]: Leader pre-election vote request: Granting yes vote for candidate 5689b2282d764619a32610fbc7cce194 in term 0.
I20260709 14:45:55.701052  1640 leader_election.cc:304] T d08747fd18914efd8b20b762693a302a P 5689b2282d764619a32610fbc7cce194 [CANDIDATE]: Term 1 pre-election: Election decided. Result: candidate won. Election summary: received 3 responses out of 3 voters: 2 yes votes; 1 no votes. yes voters: 16563731b74348debda59a0ff42b1a69, 5689b2282d764619a32610fbc7cce194; no voters: 99b5533023cc404bb50e574115d62141
I20260709 14:45:55.703480  1716 tablet_bootstrap.cc:492] T d08747fd18914efd8b20b762693a302a P 99b5533023cc404bb50e574115d62141: No bootstrap required, opened a new log
I20260709 14:45:55.703888  1716 ts_tablet_manager.cc:1403] T d08747fd18914efd8b20b762693a302a P 99b5533023cc404bb50e574115d62141: Time spent bootstrapping tablet: real 0.020s	user 0.005s	sys 0.012s
I20260709 14:45:55.706117  1716 raft_consensus.cc:359] T d08747fd18914efd8b20b762693a302a P 99b5533023cc404bb50e574115d62141 [term 0 FOLLOWER]: Replica starting. Triggering 0 pending ops. Active config: opid_index: -1 OBSOLETE_local: false peers { permanent_uuid: "99b5533023cc404bb50e574115d62141" member_type: VOTER last_known_addr { host: "127.0.107.193" port: 36715 } } peers { permanent_uuid: "16563731b74348debda59a0ff42b1a69" member_type: VOTER last_known_addr { host: "127.0.107.194" port: 39795 } } peers { permanent_uuid: "5689b2282d764619a32610fbc7cce194" member_type: VOTER last_known_addr { host: "127.0.107.195" port: 36173 } }
I20260709 14:45:55.706702  1716 raft_consensus.cc:385] T d08747fd18914efd8b20b762693a302a P 99b5533023cc404bb50e574115d62141 [term 0 FOLLOWER]: Consensus starting up: Expiring failure detector timer to make a prompt election more likely
I20260709 14:45:55.706947  1716 raft_consensus.cc:740] T d08747fd18914efd8b20b762693a302a P 99b5533023cc404bb50e574115d62141 [term 0 FOLLOWER]: Becoming Follower/Learner. State: Replica: 99b5533023cc404bb50e574115d62141, State: Initialized, Role: FOLLOWER
I20260709 14:45:55.707095  1792 raft_consensus.cc:2804] T d08747fd18914efd8b20b762693a302a P 5689b2282d764619a32610fbc7cce194 [term 0 FOLLOWER]: Leader pre-election won for term 1
I20260709 14:45:55.707451  1792 raft_consensus.cc:493] T d08747fd18914efd8b20b762693a302a P 5689b2282d764619a32610fbc7cce194 [term 0 FOLLOWER]: Starting leader election (no leader contacted us within the election timeout)
I20260709 14:45:55.707765  1792 raft_consensus.cc:3060] T d08747fd18914efd8b20b762693a302a P 5689b2282d764619a32610fbc7cce194 [term 0 FOLLOWER]: Advancing to term 1
I20260709 14:45:55.709681  1716 consensus_queue.cc:260] T d08747fd18914efd8b20b762693a302a P 99b5533023cc404bb50e574115d62141 [NON_LEADER]: Queue going to NON_LEADER mode. State: All replicated index: 0, Majority replicated index: 0, Committed index: 0, Last appended: 0.0, Last appended by leader: 0, Current term: 0, Majority size: -1, State: 0, Mode: NON_LEADER, active raft config: opid_index: -1 OBSOLETE_local: false peers { permanent_uuid: "99b5533023cc404bb50e574115d62141" member_type: VOTER last_known_addr { host: "127.0.107.193" port: 36715 } } peers { permanent_uuid: "16563731b74348debda59a0ff42b1a69" member_type: VOTER last_known_addr { host: "127.0.107.194" port: 39795 } } peers { permanent_uuid: "5689b2282d764619a32610fbc7cce194" member_type: VOTER last_known_addr { host: "127.0.107.195" port: 36173 } }
I20260709 14:45:55.709893  1841 raft_consensus.cc:515] T c5403c4ac5434dad9593e1dd9ce060a2 P 99b5533023cc404bb50e574115d62141 [term 1 FOLLOWER]: Starting leader election with config: opid_index: -1 OBSOLETE_local: false peers { permanent_uuid: "99b5533023cc404bb50e574115d62141" member_type: VOTER last_known_addr { host: "127.0.107.193" port: 36715 } } peers { permanent_uuid: "16563731b74348debda59a0ff42b1a69" member_type: VOTER last_known_addr { host: "127.0.107.194" port: 39795 } } peers { permanent_uuid: "5689b2282d764619a32610fbc7cce194" member_type: VOTER last_known_addr { host: "127.0.107.195" port: 36173 } }
I20260709 14:45:55.711090  1716 ts_tablet_manager.cc:1434] T d08747fd18914efd8b20b762693a302a P 99b5533023cc404bb50e574115d62141: Time spent starting tablet: real 0.007s	user 0.006s	sys 0.000s
I20260709 14:45:55.711769  1841 leader_election.cc:290] T c5403c4ac5434dad9593e1dd9ce060a2 P 99b5533023cc404bb50e574115d62141 [CANDIDATE]: Term 1 election: Requested vote from peers 16563731b74348debda59a0ff42b1a69 (127.0.107.194:39795), 5689b2282d764619a32610fbc7cce194 (127.0.107.195:36173)
I20260709 14:45:55.711862  1716 tablet_bootstrap.cc:492] T a6d1bf9921f344dfa8c8975bd22ec516 P 99b5533023cc404bb50e574115d62141: Bootstrap starting.
I20260709 14:45:55.719626  1598 tablet_service.cc:1917] Received RequestConsensusVote() RPC: tablet_id: "c5403c4ac5434dad9593e1dd9ce060a2" candidate_uuid: "99b5533023cc404bb50e574115d62141" candidate_term: 1 candidate_status { last_received { term: 0 index: 0 } } ignore_live_leader: false dest_uuid: "16563731b74348debda59a0ff42b1a69"
I20260709 14:45:55.720243  1598 raft_consensus.cc:3060] T c5403c4ac5434dad9593e1dd9ce060a2 P 16563731b74348debda59a0ff42b1a69 [term 0 FOLLOWER]: Advancing to term 1
I20260709 14:45:55.714380  1675 tablet_service.cc:1917] Received RequestConsensusVote() RPC: tablet_id: "c5403c4ac5434dad9593e1dd9ce060a2" candidate_uuid: "99b5533023cc404bb50e574115d62141" candidate_term: 1 candidate_status { last_received { term: 0 index: 0 } } ignore_live_leader: false dest_uuid: "5689b2282d764619a32610fbc7cce194"
I20260709 14:45:55.722568  1675 raft_consensus.cc:3060] T c5403c4ac5434dad9593e1dd9ce060a2 P 5689b2282d764619a32610fbc7cce194 [term 0 FOLLOWER]: Advancing to term 1
I20260709 14:45:55.732374  1716 tablet_bootstrap.cc:654] T a6d1bf9921f344dfa8c8975bd22ec516 P 99b5533023cc404bb50e574115d62141: Neither blocks nor log segments found. Creating new log.
I20260709 14:45:55.735275  1777 raft_consensus.cc:493] T 09512b7757b14d608b4329e5f7e36302 P 16563731b74348debda59a0ff42b1a69 [term 0 FOLLOWER]: Starting pre-election (no leader contacted us within the election timeout)
I20260709 14:45:55.735742  1777 raft_consensus.cc:515] T 09512b7757b14d608b4329e5f7e36302 P 16563731b74348debda59a0ff42b1a69 [term 0 FOLLOWER]: Starting pre-election with config: opid_index: -1 OBSOLETE_local: false peers { permanent_uuid: "99b5533023cc404bb50e574115d62141" member_type: VOTER last_known_addr { host: "127.0.107.193" port: 36715 } } peers { permanent_uuid: "16563731b74348debda59a0ff42b1a69" member_type: VOTER last_known_addr { host: "127.0.107.194" port: 39795 } } peers { permanent_uuid: "5689b2282d764619a32610fbc7cce194" member_type: VOTER last_known_addr { host: "127.0.107.195" port: 36173 } }
I20260709 14:45:55.739293  1715 tablet_bootstrap.cc:492] T 225bb14c229d4569a6493a75d1e6f3fb P 5689b2282d764619a32610fbc7cce194: No bootstrap required, opened a new log
I20260709 14:45:55.739768  1715 ts_tablet_manager.cc:1403] T 225bb14c229d4569a6493a75d1e6f3fb P 5689b2282d764619a32610fbc7cce194: Time spent bootstrapping tablet: real 0.075s	user 0.014s	sys 0.010s
I20260709 14:45:55.743142  1672 tablet_service.cc:1917] Received RequestConsensusVote() RPC: tablet_id: "09512b7757b14d608b4329e5f7e36302" candidate_uuid: "16563731b74348debda59a0ff42b1a69" candidate_term: 1 candidate_status { last_received { term: 0 index: 0 } } ignore_live_leader: false dest_uuid: "5689b2282d764619a32610fbc7cce194" is_pre_election: true
I20260709 14:45:55.742295  1777 leader_election.cc:290] T 09512b7757b14d608b4329e5f7e36302 P 16563731b74348debda59a0ff42b1a69 [CANDIDATE]: Term 1 pre-election: Requested pre-vote from peers 99b5533023cc404bb50e574115d62141 (127.0.107.193:36715), 5689b2282d764619a32610fbc7cce194 (127.0.107.195:36173)
I20260709 14:45:55.745298  1525 tablet_service.cc:1917] Received RequestConsensusVote() RPC: tablet_id: "09512b7757b14d608b4329e5f7e36302" candidate_uuid: "16563731b74348debda59a0ff42b1a69" candidate_term: 1 candidate_status { last_received { term: 0 index: 0 } } ignore_live_leader: false dest_uuid: "99b5533023cc404bb50e574115d62141" is_pre_election: true
W20260709 14:45:55.748925  1566 leader_election.cc:343] T 09512b7757b14d608b4329e5f7e36302 P 16563731b74348debda59a0ff42b1a69 [CANDIDATE]: Term 1 pre-election: Tablet error from VoteRequest() call to peer 99b5533023cc404bb50e574115d62141 (127.0.107.193:36715): Illegal state: must be running to vote when last-logged opid is not known
I20260709 14:45:55.750029  1715 raft_consensus.cc:359] T 225bb14c229d4569a6493a75d1e6f3fb P 5689b2282d764619a32610fbc7cce194 [term 0 FOLLOWER]: Replica starting. Triggering 0 pending ops. Active config: opid_index: -1 OBSOLETE_local: false peers { permanent_uuid: "99b5533023cc404bb50e574115d62141" member_type: VOTER last_known_addr { host: "127.0.107.193" port: 36715 } } peers { permanent_uuid: "16563731b74348debda59a0ff42b1a69" member_type: VOTER last_known_addr { host: "127.0.107.194" port: 39795 } } peers { permanent_uuid: "5689b2282d764619a32610fbc7cce194" member_type: VOTER last_known_addr { host: "127.0.107.195" port: 36173 } }
W20260709 14:45:55.750517  1565 leader_election.cc:343] T 09512b7757b14d608b4329e5f7e36302 P 16563731b74348debda59a0ff42b1a69 [CANDIDATE]: Term 1 pre-election: Tablet error from VoteRequest() call to peer 5689b2282d764619a32610fbc7cce194 (127.0.107.195:36173): Illegal state: must be running to vote when last-logged opid is not known
I20260709 14:45:55.750675  1715 raft_consensus.cc:385] T 225bb14c229d4569a6493a75d1e6f3fb P 5689b2282d764619a32610fbc7cce194 [term 0 FOLLOWER]: Consensus starting up: Expiring failure detector timer to make a prompt election more likely
I20260709 14:45:55.751189  1717 tablet_bootstrap.cc:492] T 2601fc5cfcc247c48989828a7792c342 P 16563731b74348debda59a0ff42b1a69: No bootstrap required, opened a new log
I20260709 14:45:55.750946  1565 leader_election.cc:304] T 09512b7757b14d608b4329e5f7e36302 P 16563731b74348debda59a0ff42b1a69 [CANDIDATE]: Term 1 pre-election: Election decided. Result: candidate lost. Election summary: received 3 responses out of 3 voters: 1 yes votes; 2 no votes. yes voters: 16563731b74348debda59a0ff42b1a69; no voters: 5689b2282d764619a32610fbc7cce194, 99b5533023cc404bb50e574115d62141
I20260709 14:45:55.751690  1717 ts_tablet_manager.cc:1403] T 2601fc5cfcc247c48989828a7792c342 P 16563731b74348debda59a0ff42b1a69: Time spent bootstrapping tablet: real 0.062s	user 0.023s	sys 0.013s
I20260709 14:45:55.750957  1715 raft_consensus.cc:740] T 225bb14c229d4569a6493a75d1e6f3fb P 5689b2282d764619a32610fbc7cce194 [term 0 FOLLOWER]: Becoming Follower/Learner. State: Replica: 5689b2282d764619a32610fbc7cce194, State: Initialized, Role: FOLLOWER
I20260709 14:45:55.753844  1727 raft_consensus.cc:2749] T 09512b7757b14d608b4329e5f7e36302 P 16563731b74348debda59a0ff42b1a69 [term 0 FOLLOWER]: Leader pre-election lost for term 1. Reason: could not achieve majority
I20260709 14:45:55.755122  1717 raft_consensus.cc:359] T 2601fc5cfcc247c48989828a7792c342 P 16563731b74348debda59a0ff42b1a69 [term 0 FOLLOWER]: Replica starting. Triggering 0 pending ops. Active config: opid_index: -1 OBSOLETE_local: false peers { permanent_uuid: "99b5533023cc404bb50e574115d62141" member_type: VOTER last_known_addr { host: "127.0.107.193" port: 36715 } } peers { permanent_uuid: "16563731b74348debda59a0ff42b1a69" member_type: VOTER last_known_addr { host: "127.0.107.194" port: 39795 } } peers { permanent_uuid: "5689b2282d764619a32610fbc7cce194" member_type: VOTER last_known_addr { host: "127.0.107.195" port: 36173 } }
I20260709 14:45:55.755550  1717 raft_consensus.cc:385] T 2601fc5cfcc247c48989828a7792c342 P 16563731b74348debda59a0ff42b1a69 [term 0 FOLLOWER]: Consensus starting up: Expiring failure detector timer to make a prompt election more likely
I20260709 14:45:55.755743  1717 raft_consensus.cc:740] T 2601fc5cfcc247c48989828a7792c342 P 16563731b74348debda59a0ff42b1a69 [term 0 FOLLOWER]: Becoming Follower/Learner. State: Replica: 16563731b74348debda59a0ff42b1a69, State: Initialized, Role: FOLLOWER
I20260709 14:45:55.756273  1717 consensus_queue.cc:260] T 2601fc5cfcc247c48989828a7792c342 P 16563731b74348debda59a0ff42b1a69 [NON_LEADER]: Queue going to NON_LEADER mode. State: All replicated index: 0, Majority replicated index: 0, Committed index: 0, Last appended: 0.0, Last appended by leader: 0, Current term: 0, Majority size: -1, State: 0, Mode: NON_LEADER, active raft config: opid_index: -1 OBSOLETE_local: false peers { permanent_uuid: "99b5533023cc404bb50e574115d62141" member_type: VOTER last_known_addr { host: "127.0.107.193" port: 36715 } } peers { permanent_uuid: "16563731b74348debda59a0ff42b1a69" member_type: VOTER last_known_addr { host: "127.0.107.194" port: 39795 } } peers { permanent_uuid: "5689b2282d764619a32610fbc7cce194" member_type: VOTER last_known_addr { host: "127.0.107.195" port: 36173 } }
I20260709 14:45:55.752955  1715 consensus_queue.cc:260] T 225bb14c229d4569a6493a75d1e6f3fb P 5689b2282d764619a32610fbc7cce194 [NON_LEADER]: Queue going to NON_LEADER mode. State: All replicated index: 0, Majority replicated index: 0, Committed index: 0, Last appended: 0.0, Last appended by leader: 0, Current term: 0, Majority size: -1, State: 0, Mode: NON_LEADER, active raft config: opid_index: -1 OBSOLETE_local: false peers { permanent_uuid: "99b5533023cc404bb50e574115d62141" member_type: VOTER last_known_addr { host: "127.0.107.193" port: 36715 } } peers { permanent_uuid: "16563731b74348debda59a0ff42b1a69" member_type: VOTER last_known_addr { host: "127.0.107.194" port: 39795 } } peers { permanent_uuid: "5689b2282d764619a32610fbc7cce194" member_type: VOTER last_known_addr { host: "127.0.107.195" port: 36173 } }
I20260709 14:45:55.758104  1717 ts_tablet_manager.cc:1434] T 2601fc5cfcc247c48989828a7792c342 P 16563731b74348debda59a0ff42b1a69: Time spent starting tablet: real 0.006s	user 0.005s	sys 0.000s
I20260709 14:45:55.758893  1717 tablet_bootstrap.cc:492] T 9e7d407fbcc14efd8b09c65e09708fcb P 16563731b74348debda59a0ff42b1a69: Bootstrap starting.
I20260709 14:45:55.762771  1716 tablet_bootstrap.cc:492] T a6d1bf9921f344dfa8c8975bd22ec516 P 99b5533023cc404bb50e574115d62141: No bootstrap required, opened a new log
I20260709 14:45:55.763218  1716 ts_tablet_manager.cc:1403] T a6d1bf9921f344dfa8c8975bd22ec516 P 99b5533023cc404bb50e574115d62141: Time spent bootstrapping tablet: real 0.052s	user 0.008s	sys 0.017s
I20260709 14:45:55.763824  1717 tablet_bootstrap.cc:654] T 9e7d407fbcc14efd8b09c65e09708fcb P 16563731b74348debda59a0ff42b1a69: Neither blocks nor log segments found. Creating new log.
I20260709 14:45:55.765555  1716 raft_consensus.cc:359] T a6d1bf9921f344dfa8c8975bd22ec516 P 99b5533023cc404bb50e574115d62141 [term 0 FOLLOWER]: Replica starting. Triggering 0 pending ops. Active config: opid_index: -1 OBSOLETE_local: false peers { permanent_uuid: "99b5533023cc404bb50e574115d62141" member_type: VOTER last_known_addr { host: "127.0.107.193" port: 36715 } } peers { permanent_uuid: "16563731b74348debda59a0ff42b1a69" member_type: VOTER last_known_addr { host: "127.0.107.194" port: 39795 } } peers { permanent_uuid: "5689b2282d764619a32610fbc7cce194" member_type: VOTER last_known_addr { host: "127.0.107.195" port: 36173 } }
I20260709 14:45:55.766240  1716 raft_consensus.cc:385] T a6d1bf9921f344dfa8c8975bd22ec516 P 99b5533023cc404bb50e574115d62141 [term 0 FOLLOWER]: Consensus starting up: Expiring failure detector timer to make a prompt election more likely
I20260709 14:45:55.766525  1716 raft_consensus.cc:740] T a6d1bf9921f344dfa8c8975bd22ec516 P 99b5533023cc404bb50e574115d62141 [term 0 FOLLOWER]: Becoming Follower/Learner. State: Replica: 99b5533023cc404bb50e574115d62141, State: Initialized, Role: FOLLOWER
I20260709 14:45:55.767295  1716 consensus_queue.cc:260] T a6d1bf9921f344dfa8c8975bd22ec516 P 99b5533023cc404bb50e574115d62141 [NON_LEADER]: Queue going to NON_LEADER mode. State: All replicated index: 0, Majority replicated index: 0, Committed index: 0, Last appended: 0.0, Last appended by leader: 0, Current term: 0, Majority size: -1, State: 0, Mode: NON_LEADER, active raft config: opid_index: -1 OBSOLETE_local: false peers { permanent_uuid: "99b5533023cc404bb50e574115d62141" member_type: VOTER last_known_addr { host: "127.0.107.193" port: 36715 } } peers { permanent_uuid: "16563731b74348debda59a0ff42b1a69" member_type: VOTER last_known_addr { host: "127.0.107.194" port: 39795 } } peers { permanent_uuid: "5689b2282d764619a32610fbc7cce194" member_type: VOTER last_known_addr { host: "127.0.107.195" port: 36173 } }
I20260709 14:45:55.768431  1715 ts_tablet_manager.cc:1434] T 225bb14c229d4569a6493a75d1e6f3fb P 5689b2282d764619a32610fbc7cce194: Time spent starting tablet: real 0.028s	user 0.008s	sys 0.000s
I20260709 14:45:55.769637  1716 ts_tablet_manager.cc:1434] T a6d1bf9921f344dfa8c8975bd22ec516 P 99b5533023cc404bb50e574115d62141: Time spent starting tablet: real 0.006s	user 0.004s	sys 0.002s
I20260709 14:45:55.772994  1715 tablet_bootstrap.cc:492] T 5929ca0dcb044d65b40f05844c471a63 P 5689b2282d764619a32610fbc7cce194: Bootstrap starting.
I20260709 14:45:55.778642  1715 tablet_bootstrap.cc:654] T 5929ca0dcb044d65b40f05844c471a63 P 5689b2282d764619a32610fbc7cce194: Neither blocks nor log segments found. Creating new log.
I20260709 14:45:55.778860  1716 tablet_bootstrap.cc:492] T 225bb14c229d4569a6493a75d1e6f3fb P 99b5533023cc404bb50e574115d62141: Bootstrap starting.
I20260709 14:45:55.780764  1730 raft_consensus.cc:493] T 3c0b6721e58c416a8dff55229008a6a8 P 16563731b74348debda59a0ff42b1a69 [term 0 FOLLOWER]: Starting pre-election (no leader contacted us within the election timeout)
I20260709 14:45:55.786964  1730 raft_consensus.cc:515] T 3c0b6721e58c416a8dff55229008a6a8 P 16563731b74348debda59a0ff42b1a69 [term 0 FOLLOWER]: Starting pre-election with config: opid_index: -1 OBSOLETE_local: false peers { permanent_uuid: "99b5533023cc404bb50e574115d62141" member_type: VOTER last_known_addr { host: "127.0.107.193" port: 36715 } } peers { permanent_uuid: "16563731b74348debda59a0ff42b1a69" member_type: VOTER last_known_addr { host: "127.0.107.194" port: 39795 } } peers { permanent_uuid: "5689b2282d764619a32610fbc7cce194" member_type: VOTER last_known_addr { host: "127.0.107.195" port: 36173 } }
I20260709 14:45:55.788955  1730 leader_election.cc:290] T 3c0b6721e58c416a8dff55229008a6a8 P 16563731b74348debda59a0ff42b1a69 [CANDIDATE]: Term 1 pre-election: Requested pre-vote from peers 99b5533023cc404bb50e574115d62141 (127.0.107.193:36715), 5689b2282d764619a32610fbc7cce194 (127.0.107.195:36173)
I20260709 14:45:55.785501  1841 raft_consensus.cc:493] T 5929ca0dcb044d65b40f05844c471a63 P 99b5533023cc404bb50e574115d62141 [term 0 FOLLOWER]: Starting pre-election (no leader contacted us within the election timeout)
I20260709 14:45:55.790307  1841 raft_consensus.cc:515] T 5929ca0dcb044d65b40f05844c471a63 P 99b5533023cc404bb50e574115d62141 [term 0 FOLLOWER]: Starting pre-election with config: opid_index: -1 OBSOLETE_local: false peers { permanent_uuid: "99b5533023cc404bb50e574115d62141" member_type: VOTER last_known_addr { host: "127.0.107.193" port: 36715 } } peers { permanent_uuid: "16563731b74348debda59a0ff42b1a69" member_type: VOTER last_known_addr { host: "127.0.107.194" port: 39795 } } peers { permanent_uuid: "5689b2282d764619a32610fbc7cce194" member_type: VOTER last_known_addr { host: "127.0.107.195" port: 36173 } }
I20260709 14:45:55.792171  1841 leader_election.cc:290] T 5929ca0dcb044d65b40f05844c471a63 P 99b5533023cc404bb50e574115d62141 [CANDIDATE]: Term 1 pre-election: Requested pre-vote from peers 16563731b74348debda59a0ff42b1a69 (127.0.107.194:39795), 5689b2282d764619a32610fbc7cce194 (127.0.107.195:36173)
I20260709 14:45:55.792526  1716 tablet_bootstrap.cc:654] T 225bb14c229d4569a6493a75d1e6f3fb P 99b5533023cc404bb50e574115d62141: Neither blocks nor log segments found. Creating new log.
I20260709 14:45:55.792908  1847 raft_consensus.cc:493] T a6d1bf9921f344dfa8c8975bd22ec516 P 5689b2282d764619a32610fbc7cce194 [term 0 FOLLOWER]: Starting pre-election (no leader contacted us within the election timeout)
I20260709 14:45:55.793354  1847 raft_consensus.cc:515] T a6d1bf9921f344dfa8c8975bd22ec516 P 5689b2282d764619a32610fbc7cce194 [term 0 FOLLOWER]: Starting pre-election with config: opid_index: -1 OBSOLETE_local: false peers { permanent_uuid: "99b5533023cc404bb50e574115d62141" member_type: VOTER last_known_addr { host: "127.0.107.193" port: 36715 } } peers { permanent_uuid: "16563731b74348debda59a0ff42b1a69" member_type: VOTER last_known_addr { host: "127.0.107.194" port: 39795 } } peers { permanent_uuid: "5689b2282d764619a32610fbc7cce194" member_type: VOTER last_known_addr { host: "127.0.107.195" port: 36173 } }
I20260709 14:45:55.793581  1672 tablet_service.cc:1917] Received RequestConsensusVote() RPC: tablet_id: "5929ca0dcb044d65b40f05844c471a63" candidate_uuid: "99b5533023cc404bb50e574115d62141" candidate_term: 1 candidate_status { last_received { term: 0 index: 0 } } ignore_live_leader: false dest_uuid: "5689b2282d764619a32610fbc7cce194" is_pre_election: true
W20260709 14:45:55.795321  1490 leader_election.cc:343] T 5929ca0dcb044d65b40f05844c471a63 P 99b5533023cc404bb50e574115d62141 [CANDIDATE]: Term 1 pre-election: Tablet error from VoteRequest() call to peer 5689b2282d764619a32610fbc7cce194 (127.0.107.195:36173): Illegal state: must be running to vote when last-logged opid is not known
I20260709 14:45:55.796916  1847 leader_election.cc:290] T a6d1bf9921f344dfa8c8975bd22ec516 P 5689b2282d764619a32610fbc7cce194 [CANDIDATE]: Term 1 pre-election: Requested pre-vote from peers 99b5533023cc404bb50e574115d62141 (127.0.107.193:36715), 16563731b74348debda59a0ff42b1a69 (127.0.107.194:39795)
I20260709 14:45:55.798260  1599 tablet_service.cc:1917] Received RequestConsensusVote() RPC: tablet_id: "a6d1bf9921f344dfa8c8975bd22ec516" candidate_uuid: "5689b2282d764619a32610fbc7cce194" candidate_term: 1 candidate_status { last_received { term: 0 index: 0 } } ignore_live_leader: false dest_uuid: "16563731b74348debda59a0ff42b1a69" is_pre_election: true
I20260709 14:45:55.798187  1524 tablet_service.cc:1917] Received RequestConsensusVote() RPC: tablet_id: "a6d1bf9921f344dfa8c8975bd22ec516" candidate_uuid: "5689b2282d764619a32610fbc7cce194" candidate_term: 1 candidate_status { last_received { term: 0 index: 0 } } ignore_live_leader: false dest_uuid: "99b5533023cc404bb50e574115d62141" is_pre_election: true
I20260709 14:45:55.799364  1526 tablet_service.cc:1917] Received RequestConsensusVote() RPC: tablet_id: "3c0b6721e58c416a8dff55229008a6a8" candidate_uuid: "16563731b74348debda59a0ff42b1a69" candidate_term: 1 candidate_status { last_received { term: 0 index: 0 } } ignore_live_leader: false dest_uuid: "99b5533023cc404bb50e574115d62141" is_pre_election: true
I20260709 14:45:55.799693  1524 raft_consensus.cc:2468] T a6d1bf9921f344dfa8c8975bd22ec516 P 99b5533023cc404bb50e574115d62141 [term 0 FOLLOWER]: Leader pre-election vote request: Granting yes vote for candidate 5689b2282d764619a32610fbc7cce194 in term 0.
I20260709 14:45:55.799888  1526 raft_consensus.cc:2468] T 3c0b6721e58c416a8dff55229008a6a8 P 99b5533023cc404bb50e574115d62141 [term 0 FOLLOWER]: Leader pre-election vote request: Granting yes vote for candidate 16563731b74348debda59a0ff42b1a69 in term 0.
I20260709 14:45:55.800115  1599 tablet_service.cc:1917] Received RequestConsensusVote() RPC: tablet_id: "5929ca0dcb044d65b40f05844c471a63" candidate_uuid: "99b5533023cc404bb50e574115d62141" candidate_term: 1 candidate_status { last_received { term: 0 index: 0 } } ignore_live_leader: false dest_uuid: "16563731b74348debda59a0ff42b1a69" is_pre_election: true
W20260709 14:45:55.800403  1640 leader_election.cc:343] T a6d1bf9921f344dfa8c8975bd22ec516 P 5689b2282d764619a32610fbc7cce194 [CANDIDATE]: Term 1 pre-election: Tablet error from VoteRequest() call to peer 16563731b74348debda59a0ff42b1a69 (127.0.107.194:39795): Illegal state: must be running to vote when last-logged opid is not known
I20260709 14:45:55.802348  1640 leader_election.cc:304] T a6d1bf9921f344dfa8c8975bd22ec516 P 5689b2282d764619a32610fbc7cce194 [CANDIDATE]: Term 1 pre-election: Election decided. Result: candidate won. Election summary: received 3 responses out of 3 voters: 2 yes votes; 1 no votes. yes voters: 5689b2282d764619a32610fbc7cce194, 99b5533023cc404bb50e574115d62141; no voters: 16563731b74348debda59a0ff42b1a69
W20260709 14:45:55.802747  1491 leader_election.cc:343] T 5929ca0dcb044d65b40f05844c471a63 P 99b5533023cc404bb50e574115d62141 [CANDIDATE]: Term 1 pre-election: Tablet error from VoteRequest() call to peer 16563731b74348debda59a0ff42b1a69 (127.0.107.194:39795): Illegal state: must be running to vote when last-logged opid is not known
I20260709 14:45:55.803153  1491 leader_election.cc:304] T 5929ca0dcb044d65b40f05844c471a63 P 99b5533023cc404bb50e574115d62141 [CANDIDATE]: Term 1 pre-election: Election decided. Result: candidate lost. Election summary: received 3 responses out of 3 voters: 1 yes votes; 2 no votes. yes voters: 99b5533023cc404bb50e574115d62141; no voters: 16563731b74348debda59a0ff42b1a69, 5689b2282d764619a32610fbc7cce194
I20260709 14:45:55.803694  1851 raft_consensus.cc:2804] T a6d1bf9921f344dfa8c8975bd22ec516 P 5689b2282d764619a32610fbc7cce194 [term 0 FOLLOWER]: Leader pre-election won for term 1
I20260709 14:45:55.804060  1851 raft_consensus.cc:493] T a6d1bf9921f344dfa8c8975bd22ec516 P 5689b2282d764619a32610fbc7cce194 [term 0 FOLLOWER]: Starting leader election (no leader contacted us within the election timeout)
I20260709 14:45:55.804247  1566 leader_election.cc:304] T 3c0b6721e58c416a8dff55229008a6a8 P 16563731b74348debda59a0ff42b1a69 [CANDIDATE]: Term 1 pre-election: Election decided. Result: candidate won. Election summary: received 2 responses out of 3 voters: 2 yes votes; 0 no votes. yes voters: 16563731b74348debda59a0ff42b1a69, 99b5533023cc404bb50e574115d62141; no voters: 
I20260709 14:45:55.805646  1672 tablet_service.cc:1917] Received RequestConsensusVote() RPC: tablet_id: "3c0b6721e58c416a8dff55229008a6a8" candidate_uuid: "16563731b74348debda59a0ff42b1a69" candidate_term: 1 candidate_status { last_received { term: 0 index: 0 } } ignore_live_leader: false dest_uuid: "5689b2282d764619a32610fbc7cce194" is_pre_election: true
I20260709 14:45:55.804404  1851 raft_consensus.cc:3060] T a6d1bf9921f344dfa8c8975bd22ec516 P 5689b2282d764619a32610fbc7cce194 [term 0 FOLLOWER]: Advancing to term 1
W20260709 14:45:55.807191  1565 leader_election.cc:343] T 3c0b6721e58c416a8dff55229008a6a8 P 16563731b74348debda59a0ff42b1a69 [CANDIDATE]: Term 1 pre-election: Tablet error from VoteRequest() call to peer 5689b2282d764619a32610fbc7cce194 (127.0.107.195:36173): Illegal state: must be running to vote when last-logged opid is not known
I20260709 14:45:55.809209  1730 raft_consensus.cc:2804] T 3c0b6721e58c416a8dff55229008a6a8 P 16563731b74348debda59a0ff42b1a69 [term 0 FOLLOWER]: Leader pre-election won for term 1
I20260709 14:45:55.809893  1730 raft_consensus.cc:493] T 3c0b6721e58c416a8dff55229008a6a8 P 16563731b74348debda59a0ff42b1a69 [term 0 FOLLOWER]: Starting leader election (no leader contacted us within the election timeout)
I20260709 14:45:55.810228  1730 raft_consensus.cc:3060] T 3c0b6721e58c416a8dff55229008a6a8 P 16563731b74348debda59a0ff42b1a69 [term 0 FOLLOWER]: Advancing to term 1
I20260709 14:45:55.809331  1841 raft_consensus.cc:2749] T 5929ca0dcb044d65b40f05844c471a63 P 99b5533023cc404bb50e574115d62141 [term 0 FOLLOWER]: Leader pre-election lost for term 1. Reason: could not achieve majority
W20260709 14:45:55.808816  1472 auto_rebalancer.cc:288] Could not retrieve cluster info: Service unavailable: Tablet not running
I20260709 14:45:55.811020  1792 raft_consensus.cc:515] T d08747fd18914efd8b20b762693a302a P 5689b2282d764619a32610fbc7cce194 [term 1 FOLLOWER]: Starting leader election with config: opid_index: -1 OBSOLETE_local: false peers { permanent_uuid: "99b5533023cc404bb50e574115d62141" member_type: VOTER last_known_addr { host: "127.0.107.193" port: 36715 } } peers { permanent_uuid: "16563731b74348debda59a0ff42b1a69" member_type: VOTER last_known_addr { host: "127.0.107.194" port: 39795 } } peers { permanent_uuid: "5689b2282d764619a32610fbc7cce194" member_type: VOTER last_known_addr { host: "127.0.107.195" port: 36173 } }
I20260709 14:45:55.811638  1675 raft_consensus.cc:2468] T c5403c4ac5434dad9593e1dd9ce060a2 P 5689b2282d764619a32610fbc7cce194 [term 1 FOLLOWER]: Leader election vote request: Granting yes vote for candidate 99b5533023cc404bb50e574115d62141 in term 1.
I20260709 14:45:55.817945  1717 tablet_bootstrap.cc:492] T 9e7d407fbcc14efd8b09c65e09708fcb P 16563731b74348debda59a0ff42b1a69: No bootstrap required, opened a new log
I20260709 14:45:55.815380  1598 raft_consensus.cc:2468] T c5403c4ac5434dad9593e1dd9ce060a2 P 16563731b74348debda59a0ff42b1a69 [term 1 FOLLOWER]: Leader election vote request: Granting yes vote for candidate 99b5533023cc404bb50e574115d62141 in term 1.
I20260709 14:45:55.818428  1717 ts_tablet_manager.cc:1403] T 9e7d407fbcc14efd8b09c65e09708fcb P 16563731b74348debda59a0ff42b1a69: Time spent bootstrapping tablet: real 0.060s	user 0.033s	sys 0.019s
I20260709 14:45:55.818728  1792 leader_election.cc:290] T d08747fd18914efd8b20b762693a302a P 5689b2282d764619a32610fbc7cce194 [CANDIDATE]: Term 1 election: Requested vote from peers 99b5533023cc404bb50e574115d62141 (127.0.107.193:36715), 16563731b74348debda59a0ff42b1a69 (127.0.107.194:39795)
I20260709 14:45:55.819415  1490 leader_election.cc:304] T c5403c4ac5434dad9593e1dd9ce060a2 P 99b5533023cc404bb50e574115d62141 [CANDIDATE]: Term 1 election: Election decided. Result: candidate won. Election summary: received 2 responses out of 3 voters: 2 yes votes; 0 no votes. yes voters: 5689b2282d764619a32610fbc7cce194, 99b5533023cc404bb50e574115d62141; no voters: 
I20260709 14:45:55.820067  1526 tablet_service.cc:1917] Received RequestConsensusVote() RPC: tablet_id: "d08747fd18914efd8b20b762693a302a" candidate_uuid: "5689b2282d764619a32610fbc7cce194" candidate_term: 1 candidate_status { last_received { term: 0 index: 0 } } ignore_live_leader: false dest_uuid: "99b5533023cc404bb50e574115d62141"
I20260709 14:45:55.820329  1598 tablet_service.cc:1917] Received RequestConsensusVote() RPC: tablet_id: "d08747fd18914efd8b20b762693a302a" candidate_uuid: "5689b2282d764619a32610fbc7cce194" candidate_term: 1 candidate_status { last_received { term: 0 index: 0 } } ignore_live_leader: false dest_uuid: "16563731b74348debda59a0ff42b1a69"
I20260709 14:45:55.820603  1526 raft_consensus.cc:3060] T d08747fd18914efd8b20b762693a302a P 99b5533023cc404bb50e574115d62141 [term 0 FOLLOWER]: Advancing to term 1
I20260709 14:45:55.820715  1841 raft_consensus.cc:2804] T c5403c4ac5434dad9593e1dd9ce060a2 P 99b5533023cc404bb50e574115d62141 [term 1 FOLLOWER]: Leader election won for term 1
I20260709 14:45:55.820823  1598 raft_consensus.cc:3060] T d08747fd18914efd8b20b762693a302a P 16563731b74348debda59a0ff42b1a69 [term 0 FOLLOWER]: Advancing to term 1
I20260709 14:45:55.820938  1717 raft_consensus.cc:359] T 9e7d407fbcc14efd8b09c65e09708fcb P 16563731b74348debda59a0ff42b1a69 [term 0 FOLLOWER]: Replica starting. Triggering 0 pending ops. Active config: opid_index: -1 OBSOLETE_local: false peers { permanent_uuid: "99b5533023cc404bb50e574115d62141" member_type: VOTER last_known_addr { host: "127.0.107.193" port: 36715 } } peers { permanent_uuid: "16563731b74348debda59a0ff42b1a69" member_type: VOTER last_known_addr { host: "127.0.107.194" port: 39795 } } peers { permanent_uuid: "5689b2282d764619a32610fbc7cce194" member_type: VOTER last_known_addr { host: "127.0.107.195" port: 36173 } }
I20260709 14:45:55.821265  1841 raft_consensus.cc:697] T c5403c4ac5434dad9593e1dd9ce060a2 P 99b5533023cc404bb50e574115d62141 [term 1 LEADER]: Becoming Leader. State: Replica: 99b5533023cc404bb50e574115d62141, State: Running, Role: LEADER
I20260709 14:45:55.821619  1717 raft_consensus.cc:385] T 9e7d407fbcc14efd8b09c65e09708fcb P 16563731b74348debda59a0ff42b1a69 [term 0 FOLLOWER]: Consensus starting up: Expiring failure detector timer to make a prompt election more likely
I20260709 14:45:55.821877  1717 raft_consensus.cc:740] T 9e7d407fbcc14efd8b09c65e09708fcb P 16563731b74348debda59a0ff42b1a69 [term 0 FOLLOWER]: Becoming Follower/Learner. State: Replica: 16563731b74348debda59a0ff42b1a69, State: Initialized, Role: FOLLOWER
I20260709 14:45:55.822115  1841 consensus_queue.cc:237] T c5403c4ac5434dad9593e1dd9ce060a2 P 99b5533023cc404bb50e574115d62141 [LEADER]: Queue going to LEADER mode. State: All replicated index: 0, Majority replicated index: 0, Committed index: 0, Last appended: 0.0, Last appended by leader: 0, Current term: 1, Majority size: 2, State: 0, Mode: LEADER, active raft config: opid_index: -1 OBSOLETE_local: false peers { permanent_uuid: "99b5533023cc404bb50e574115d62141" member_type: VOTER last_known_addr { host: "127.0.107.193" port: 36715 } } peers { permanent_uuid: "16563731b74348debda59a0ff42b1a69" member_type: VOTER last_known_addr { host: "127.0.107.194" port: 39795 } } peers { permanent_uuid: "5689b2282d764619a32610fbc7cce194" member_type: VOTER last_known_addr { host: "127.0.107.195" port: 36173 } }
I20260709 14:45:55.823146  1717 consensus_queue.cc:260] T 9e7d407fbcc14efd8b09c65e09708fcb P 16563731b74348debda59a0ff42b1a69 [NON_LEADER]: Queue going to NON_LEADER mode. State: All replicated index: 0, Majority replicated index: 0, Committed index: 0, Last appended: 0.0, Last appended by leader: 0, Current term: 0, Majority size: -1, State: 0, Mode: NON_LEADER, active raft config: opid_index: -1 OBSOLETE_local: false peers { permanent_uuid: "99b5533023cc404bb50e574115d62141" member_type: VOTER last_known_addr { host: "127.0.107.193" port: 36715 } } peers { permanent_uuid: "16563731b74348debda59a0ff42b1a69" member_type: VOTER last_known_addr { host: "127.0.107.194" port: 39795 } } peers { permanent_uuid: "5689b2282d764619a32610fbc7cce194" member_type: VOTER last_known_addr { host: "127.0.107.195" port: 36173 } }
I20260709 14:45:55.825043  1717 ts_tablet_manager.cc:1434] T 9e7d407fbcc14efd8b09c65e09708fcb P 16563731b74348debda59a0ff42b1a69: Time spent starting tablet: real 0.006s	user 0.004s	sys 0.000s
I20260709 14:45:55.828075  1717 tablet_bootstrap.cc:492] T 8a0043d419384dbd83cc606ff3b2709d P 16563731b74348debda59a0ff42b1a69: Bootstrap starting.
I20260709 14:45:55.831540  1715 tablet_bootstrap.cc:492] T 5929ca0dcb044d65b40f05844c471a63 P 5689b2282d764619a32610fbc7cce194: No bootstrap required, opened a new log
I20260709 14:45:55.832176  1715 ts_tablet_manager.cc:1403] T 5929ca0dcb044d65b40f05844c471a63 P 5689b2282d764619a32610fbc7cce194: Time spent bootstrapping tablet: real 0.059s	user 0.013s	sys 0.002s
I20260709 14:45:55.833099  1717 tablet_bootstrap.cc:654] T 8a0043d419384dbd83cc606ff3b2709d P 16563731b74348debda59a0ff42b1a69: Neither blocks nor log segments found. Creating new log.
I20260709 14:45:55.834710  1715 raft_consensus.cc:359] T 5929ca0dcb044d65b40f05844c471a63 P 5689b2282d764619a32610fbc7cce194 [term 0 FOLLOWER]: Replica starting. Triggering 0 pending ops. Active config: opid_index: -1 OBSOLETE_local: false peers { permanent_uuid: "99b5533023cc404bb50e574115d62141" member_type: VOTER last_known_addr { host: "127.0.107.193" port: 36715 } } peers { permanent_uuid: "16563731b74348debda59a0ff42b1a69" member_type: VOTER last_known_addr { host: "127.0.107.194" port: 39795 } } peers { permanent_uuid: "5689b2282d764619a32610fbc7cce194" member_type: VOTER last_known_addr { host: "127.0.107.195" port: 36173 } }
I20260709 14:45:55.835388  1715 raft_consensus.cc:385] T 5929ca0dcb044d65b40f05844c471a63 P 5689b2282d764619a32610fbc7cce194 [term 0 FOLLOWER]: Consensus starting up: Expiring failure detector timer to make a prompt election more likely
I20260709 14:45:55.835642  1715 raft_consensus.cc:740] T 5929ca0dcb044d65b40f05844c471a63 P 5689b2282d764619a32610fbc7cce194 [term 0 FOLLOWER]: Becoming Follower/Learner. State: Replica: 5689b2282d764619a32610fbc7cce194, State: Initialized, Role: FOLLOWER
