I20260709 14:54:16.482996 16453 raft_consensus.cc:385] T e612a9af986647e2a1b782302fe13de1 P 9f7ae4d079244d82a396af19c93b8cee [term 0 FOLLOWER]: Consensus starting up: Expiring failure detector timer to make a prompt election more likely
I20260709 14:54:16.483212 16456 tablet_bootstrap.cc:492] T 3b7c7f60e49445c6bee9bc90885b5c0b P 860478d07a3d4de6a3d2539b07fed3a5: Bootstrap starting.
I20260709 14:54:16.483289 16453 raft_consensus.cc:740] T e612a9af986647e2a1b782302fe13de1 P 9f7ae4d079244d82a396af19c93b8cee [term 0 FOLLOWER]: Becoming Follower/Learner. State: Replica: 9f7ae4d079244d82a396af19c93b8cee, State: Initialized, Role: FOLLOWER
I20260709 14:54:16.484273 16453 consensus_queue.cc:260] T e612a9af986647e2a1b782302fe13de1 P 9f7ae4d079244d82a396af19c93b8cee [NON_LEADER]: Queue going to NON_LEADER mode. State: All replicated index: 0, Majority replicated index: 0, Committed index: 0, Last appended: 0.0, Last appended by leader: 0, Current term: 0, Majority size: -1, State: 0, Mode: NON_LEADER, active raft config: opid_index: -1 OBSOLETE_local: false peers { permanent_uuid: "9f7ae4d079244d82a396af19c93b8cee" member_type: VOTER last_known_addr { host: "127.15.69.65" port: 42871 } } peers { permanent_uuid: "1d1ef39291a542fb80f17bcb94f37c56" member_type: VOTER last_known_addr { host: "127.15.69.66" port: 43873 } } peers { permanent_uuid: "860478d07a3d4de6a3d2539b07fed3a5" member_type: VOTER last_known_addr { host: "127.15.69.67" port: 41089 } }
I20260709 14:54:16.485194 16459 raft_consensus.cc:493] T 3c974b8f750448168d509ca983f07b7a P 1d1ef39291a542fb80f17bcb94f37c56 [term 0 FOLLOWER]: Starting pre-election (no leader contacted us within the election timeout)
I20260709 14:54:16.485656 16459 raft_consensus.cc:515] T 3c974b8f750448168d509ca983f07b7a P 1d1ef39291a542fb80f17bcb94f37c56 [term 0 FOLLOWER]: Starting pre-election with config: opid_index: -1 OBSOLETE_local: false peers { permanent_uuid: "9f7ae4d079244d82a396af19c93b8cee" member_type: VOTER last_known_addr { host: "127.15.69.65" port: 42871 } } peers { permanent_uuid: "1d1ef39291a542fb80f17bcb94f37c56" member_type: VOTER last_known_addr { host: "127.15.69.66" port: 43873 } } peers { permanent_uuid: "860478d07a3d4de6a3d2539b07fed3a5" member_type: VOTER last_known_addr { host: "127.15.69.67" port: 41089 } }
I20260709 14:54:16.488548 16453 ts_tablet_manager.cc:1434] T e612a9af986647e2a1b782302fe13de1 P 9f7ae4d079244d82a396af19c93b8cee: Time spent starting tablet: real 0.009s	user 0.008s	sys 0.001s
I20260709 14:54:16.489524 16453 tablet_bootstrap.cc:492] T 2b3043e5227542f88893e8d130453696 P 9f7ae4d079244d82a396af19c93b8cee: Bootstrap starting.
I20260709 14:54:16.495666 16453 tablet_bootstrap.cc:654] T 2b3043e5227542f88893e8d130453696 P 9f7ae4d079244d82a396af19c93b8cee: Neither blocks nor log segments found. Creating new log.
I20260709 14:54:16.488085 16459 leader_election.cc:290] T 3c974b8f750448168d509ca983f07b7a P 1d1ef39291a542fb80f17bcb94f37c56 [CANDIDATE]: Term 1 pre-election: Requested pre-vote from peers 9f7ae4d079244d82a396af19c93b8cee (127.15.69.65:42871), 860478d07a3d4de6a3d2539b07fed3a5 (127.15.69.67:41089)
I20260709 14:54:16.505992 16454 tablet_bootstrap.cc:492] T e612a9af986647e2a1b782302fe13de1 P 1d1ef39291a542fb80f17bcb94f37c56: No bootstrap required, opened a new log
I20260709 14:54:16.506479 16454 ts_tablet_manager.cc:1403] T e612a9af986647e2a1b782302fe13de1 P 1d1ef39291a542fb80f17bcb94f37c56: Time spent bootstrapping tablet: real 0.033s	user 0.014s	sys 0.009s
I20260709 14:54:16.507092 16456 tablet_bootstrap.cc:654] T 3b7c7f60e49445c6bee9bc90885b5c0b P 860478d07a3d4de6a3d2539b07fed3a5: Neither blocks nor log segments found. Creating new log.
I20260709 14:54:16.508925 16454 raft_consensus.cc:359] T e612a9af986647e2a1b782302fe13de1 P 1d1ef39291a542fb80f17bcb94f37c56 [term 0 FOLLOWER]: Replica starting. Triggering 0 pending ops. Active config: opid_index: -1 OBSOLETE_local: false peers { permanent_uuid: "9f7ae4d079244d82a396af19c93b8cee" member_type: VOTER last_known_addr { host: "127.15.69.65" port: 42871 } } peers { permanent_uuid: "1d1ef39291a542fb80f17bcb94f37c56" member_type: VOTER last_known_addr { host: "127.15.69.66" port: 43873 } } peers { permanent_uuid: "860478d07a3d4de6a3d2539b07fed3a5" member_type: VOTER last_known_addr { host: "127.15.69.67" port: 41089 } }
I20260709 14:54:16.509578 16454 raft_consensus.cc:385] T e612a9af986647e2a1b782302fe13de1 P 1d1ef39291a542fb80f17bcb94f37c56 [term 0 FOLLOWER]: Consensus starting up: Expiring failure detector timer to make a prompt election more likely
I20260709 14:54:16.509847 16454 raft_consensus.cc:740] T e612a9af986647e2a1b782302fe13de1 P 1d1ef39291a542fb80f17bcb94f37c56 [term 0 FOLLOWER]: Becoming Follower/Learner. State: Replica: 1d1ef39291a542fb80f17bcb94f37c56, State: Initialized, Role: FOLLOWER
I20260709 14:54:16.510515 16454 consensus_queue.cc:260] T e612a9af986647e2a1b782302fe13de1 P 1d1ef39291a542fb80f17bcb94f37c56 [NON_LEADER]: Queue going to NON_LEADER mode. State: All replicated index: 0, Majority replicated index: 0, Committed index: 0, Last appended: 0.0, Last appended by leader: 0, Current term: 0, Majority size: -1, State: 0, Mode: NON_LEADER, active raft config: opid_index: -1 OBSOLETE_local: false peers { permanent_uuid: "9f7ae4d079244d82a396af19c93b8cee" member_type: VOTER last_known_addr { host: "127.15.69.65" port: 42871 } } peers { permanent_uuid: "1d1ef39291a542fb80f17bcb94f37c56" member_type: VOTER last_known_addr { host: "127.15.69.66" port: 43873 } } peers { permanent_uuid: "860478d07a3d4de6a3d2539b07fed3a5" member_type: VOTER last_known_addr { host: "127.15.69.67" port: 41089 } }
I20260709 14:54:16.512866 16454 ts_tablet_manager.cc:1434] T e612a9af986647e2a1b782302fe13de1 P 1d1ef39291a542fb80f17bcb94f37c56: Time spent starting tablet: real 0.006s	user 0.006s	sys 0.000s
I20260709 14:54:16.513700 16454 tablet_bootstrap.cc:492] T 2b3043e5227542f88893e8d130453696 P 1d1ef39291a542fb80f17bcb94f37c56: Bootstrap starting.
I20260709 14:54:16.514482 16459 raft_consensus.cc:493] T b870e13ab70548da987e9228fd631614 P 1d1ef39291a542fb80f17bcb94f37c56 [term 0 FOLLOWER]: Starting pre-election (no leader contacted us within the election timeout)
I20260709 14:54:16.514912 16459 raft_consensus.cc:515] T b870e13ab70548da987e9228fd631614 P 1d1ef39291a542fb80f17bcb94f37c56 [term 0 FOLLOWER]: Starting pre-election with config: opid_index: -1 OBSOLETE_local: false peers { permanent_uuid: "9f7ae4d079244d82a396af19c93b8cee" member_type: VOTER last_known_addr { host: "127.15.69.65" port: 42871 } } peers { permanent_uuid: "1d1ef39291a542fb80f17bcb94f37c56" member_type: VOTER last_known_addr { host: "127.15.69.66" port: 43873 } } peers { permanent_uuid: "860478d07a3d4de6a3d2539b07fed3a5" member_type: VOTER last_known_addr { host: "127.15.69.67" port: 41089 } }
I20260709 14:54:16.516973 16459 leader_election.cc:290] T b870e13ab70548da987e9228fd631614 P 1d1ef39291a542fb80f17bcb94f37c56 [CANDIDATE]: Term 1 pre-election: Requested pre-vote from peers 9f7ae4d079244d82a396af19c93b8cee (127.15.69.65:42871), 860478d07a3d4de6a3d2539b07fed3a5 (127.15.69.67:41089)
I20260709 14:54:16.518608 16459 raft_consensus.cc:493] T 0dff9a9ab5294725afcd6171bc4a932b P 1d1ef39291a542fb80f17bcb94f37c56 [term 0 FOLLOWER]: Starting pre-election (no leader contacted us within the election timeout)
I20260709 14:54:16.522936 16459 raft_consensus.cc:515] T 0dff9a9ab5294725afcd6171bc4a932b P 1d1ef39291a542fb80f17bcb94f37c56 [term 0 FOLLOWER]: Starting pre-election with config: opid_index: -1 OBSOLETE_local: false peers { permanent_uuid: "9f7ae4d079244d82a396af19c93b8cee" member_type: VOTER last_known_addr { host: "127.15.69.65" port: 42871 } } peers { permanent_uuid: "1d1ef39291a542fb80f17bcb94f37c56" member_type: VOTER last_known_addr { host: "127.15.69.66" port: 43873 } } peers { permanent_uuid: "860478d07a3d4de6a3d2539b07fed3a5" member_type: VOTER last_known_addr { host: "127.15.69.67" port: 41089 } }
I20260709 14:54:16.525295 16414 tablet_service.cc:1917] Received RequestConsensusVote() RPC: tablet_id: "3c974b8f750448168d509ca983f07b7a" candidate_uuid: "1d1ef39291a542fb80f17bcb94f37c56" candidate_term: 1 candidate_status { last_received { term: 0 index: 0 } } ignore_live_leader: false dest_uuid: "860478d07a3d4de6a3d2539b07fed3a5" is_pre_election: true
I20260709 14:54:16.526206 16414 raft_consensus.cc:2468] T 3c974b8f750448168d509ca983f07b7a P 860478d07a3d4de6a3d2539b07fed3a5 [term 0 FOLLOWER]: Leader pre-election vote request: Granting yes vote for candidate 1d1ef39291a542fb80f17bcb94f37c56 in term 0.
I20260709 14:54:16.527532 16413 tablet_service.cc:1917] Received RequestConsensusVote() RPC: tablet_id: "b870e13ab70548da987e9228fd631614" candidate_uuid: "1d1ef39291a542fb80f17bcb94f37c56" candidate_term: 1 candidate_status { last_received { term: 0 index: 0 } } ignore_live_leader: false dest_uuid: "860478d07a3d4de6a3d2539b07fed3a5" is_pre_election: true
I20260709 14:54:16.527622 16304 leader_election.cc:304] T 3c974b8f750448168d509ca983f07b7a P 1d1ef39291a542fb80f17bcb94f37c56 [CANDIDATE]: Term 1 pre-election: Election decided. Result: candidate won. Election summary: received 2 responses out of 3 voters: 2 yes votes; 0 no votes. yes voters: 1d1ef39291a542fb80f17bcb94f37c56, 860478d07a3d4de6a3d2539b07fed3a5; no voters: 
I20260709 14:54:16.528281 16413 raft_consensus.cc:2468] T b870e13ab70548da987e9228fd631614 P 860478d07a3d4de6a3d2539b07fed3a5 [term 0 FOLLOWER]: Leader pre-election vote request: Granting yes vote for candidate 1d1ef39291a542fb80f17bcb94f37c56 in term 0.
I20260709 14:54:16.528729 16459 leader_election.cc:290] T 0dff9a9ab5294725afcd6171bc4a932b P 1d1ef39291a542fb80f17bcb94f37c56 [CANDIDATE]: Term 1 pre-election: Requested pre-vote from peers 9f7ae4d079244d82a396af19c93b8cee (127.15.69.65:42871), 860478d07a3d4de6a3d2539b07fed3a5 (127.15.69.67:41089)
I20260709 14:54:16.529264 16459 raft_consensus.cc:2804] T 3c974b8f750448168d509ca983f07b7a P 1d1ef39291a542fb80f17bcb94f37c56 [term 0 FOLLOWER]: Leader pre-election won for term 1
I20260709 14:54:16.529632 16459 raft_consensus.cc:493] T 3c974b8f750448168d509ca983f07b7a P 1d1ef39291a542fb80f17bcb94f37c56 [term 0 FOLLOWER]: Starting leader election (no leader contacted us within the election timeout)
I20260709 14:54:16.520108 16454 tablet_bootstrap.cc:654] T 2b3043e5227542f88893e8d130453696 P 1d1ef39291a542fb80f17bcb94f37c56: Neither blocks nor log segments found. Creating new log.
I20260709 14:54:16.529992 16459 raft_consensus.cc:3060] T 3c974b8f750448168d509ca983f07b7a P 1d1ef39291a542fb80f17bcb94f37c56 [term 0 FOLLOWER]: Advancing to term 1
I20260709 14:54:16.529454 16412 tablet_service.cc:1917] Received RequestConsensusVote() RPC: tablet_id: "0dff9a9ab5294725afcd6171bc4a932b" candidate_uuid: "1d1ef39291a542fb80f17bcb94f37c56" candidate_term: 1 candidate_status { last_received { term: 0 index: 0 } } ignore_live_leader: false dest_uuid: "860478d07a3d4de6a3d2539b07fed3a5" is_pre_election: true
I20260709 14:54:16.530733 16412 raft_consensus.cc:2468] T 0dff9a9ab5294725afcd6171bc4a932b P 860478d07a3d4de6a3d2539b07fed3a5 [term 0 FOLLOWER]: Leader pre-election vote request: Granting yes vote for candidate 1d1ef39291a542fb80f17bcb94f37c56 in term 0.
I20260709 14:54:16.520030 16453 tablet_bootstrap.cc:492] T 2b3043e5227542f88893e8d130453696 P 9f7ae4d079244d82a396af19c93b8cee: No bootstrap required, opened a new log
I20260709 14:54:16.532044 16453 ts_tablet_manager.cc:1403] T 2b3043e5227542f88893e8d130453696 P 9f7ae4d079244d82a396af19c93b8cee: Time spent bootstrapping tablet: real 0.043s	user 0.012s	sys 0.016s
I20260709 14:54:16.534695 16453 raft_consensus.cc:359] T 2b3043e5227542f88893e8d130453696 P 9f7ae4d079244d82a396af19c93b8cee [term 0 FOLLOWER]: Replica starting. Triggering 0 pending ops. Active config: opid_index: -1 OBSOLETE_local: false peers { permanent_uuid: "9f7ae4d079244d82a396af19c93b8cee" member_type: VOTER last_known_addr { host: "127.15.69.65" port: 42871 } } peers { permanent_uuid: "1d1ef39291a542fb80f17bcb94f37c56" member_type: VOTER last_known_addr { host: "127.15.69.66" port: 43873 } } peers { permanent_uuid: "860478d07a3d4de6a3d2539b07fed3a5" member_type: VOTER last_known_addr { host: "127.15.69.67" port: 41089 } }
I20260709 14:54:16.535312 16453 raft_consensus.cc:385] T 2b3043e5227542f88893e8d130453696 P 9f7ae4d079244d82a396af19c93b8cee [term 0 FOLLOWER]: Consensus starting up: Expiring failure detector timer to make a prompt election more likely
I20260709 14:54:16.535521 16484 raft_consensus.cc:493] T e612a9af986647e2a1b782302fe13de1 P 1d1ef39291a542fb80f17bcb94f37c56 [term 0 FOLLOWER]: Starting pre-election (no leader contacted us within the election timeout)
I20260709 14:54:16.535583 16453 raft_consensus.cc:740] T 2b3043e5227542f88893e8d130453696 P 9f7ae4d079244d82a396af19c93b8cee [term 0 FOLLOWER]: Becoming Follower/Learner. State: Replica: 9f7ae4d079244d82a396af19c93b8cee, State: Initialized, Role: FOLLOWER
I20260709 14:54:16.536264 16304 leader_election.cc:304] T b870e13ab70548da987e9228fd631614 P 1d1ef39291a542fb80f17bcb94f37c56 [CANDIDATE]: Term 1 pre-election: Election decided. Result: candidate won. Election summary: received 2 responses out of 3 voters: 2 yes votes; 0 no votes. yes voters: 1d1ef39291a542fb80f17bcb94f37c56, 860478d07a3d4de6a3d2539b07fed3a5; no voters: 
I20260709 14:54:16.536460 16453 consensus_queue.cc:260] T 2b3043e5227542f88893e8d130453696 P 9f7ae4d079244d82a396af19c93b8cee [NON_LEADER]: Queue going to NON_LEADER mode. State: All replicated index: 0, Majority replicated index: 0, Committed index: 0, Last appended: 0.0, Last appended by leader: 0, Current term: 0, Majority size: -1, State: 0, Mode: NON_LEADER, active raft config: opid_index: -1 OBSOLETE_local: false peers { permanent_uuid: "9f7ae4d079244d82a396af19c93b8cee" member_type: VOTER last_known_addr { host: "127.15.69.65" port: 42871 } } peers { permanent_uuid: "1d1ef39291a542fb80f17bcb94f37c56" member_type: VOTER last_known_addr { host: "127.15.69.66" port: 43873 } } peers { permanent_uuid: "860478d07a3d4de6a3d2539b07fed3a5" member_type: VOTER last_known_addr { host: "127.15.69.67" port: 41089 } }
I20260709 14:54:16.536018 16484 raft_consensus.cc:515] T e612a9af986647e2a1b782302fe13de1 P 1d1ef39291a542fb80f17bcb94f37c56 [term 0 FOLLOWER]: Starting pre-election with config: opid_index: -1 OBSOLETE_local: false peers { permanent_uuid: "9f7ae4d079244d82a396af19c93b8cee" member_type: VOTER last_known_addr { host: "127.15.69.65" port: 42871 } } peers { permanent_uuid: "1d1ef39291a542fb80f17bcb94f37c56" member_type: VOTER last_known_addr { host: "127.15.69.66" port: 43873 } } peers { permanent_uuid: "860478d07a3d4de6a3d2539b07fed3a5" member_type: VOTER last_known_addr { host: "127.15.69.67" port: 41089 } }
I20260709 14:54:16.540560 16453 ts_tablet_manager.cc:1434] T 2b3043e5227542f88893e8d130453696 P 9f7ae4d079244d82a396af19c93b8cee: Time spent starting tablet: real 0.008s	user 0.005s	sys 0.000s
I20260709 14:54:16.541450 16453 tablet_bootstrap.cc:492] T b870e13ab70548da987e9228fd631614 P 9f7ae4d079244d82a396af19c93b8cee: Bootstrap starting.
I20260709 14:54:16.542539 16484 leader_election.cc:290] T e612a9af986647e2a1b782302fe13de1 P 1d1ef39291a542fb80f17bcb94f37c56 [CANDIDATE]: Term 1 pre-election: Requested pre-vote from peers 9f7ae4d079244d82a396af19c93b8cee (127.15.69.65:42871), 860478d07a3d4de6a3d2539b07fed3a5 (127.15.69.67:41089)
I20260709 14:54:16.542987 16454 tablet_bootstrap.cc:492] T 2b3043e5227542f88893e8d130453696 P 1d1ef39291a542fb80f17bcb94f37c56: No bootstrap required, opened a new log
I20260709 14:54:16.543440 16454 ts_tablet_manager.cc:1403] T 2b3043e5227542f88893e8d130453696 P 1d1ef39291a542fb80f17bcb94f37c56: Time spent bootstrapping tablet: real 0.030s	user 0.011s	sys 0.000s
I20260709 14:54:16.545300 16486 raft_consensus.cc:493] T 27a63b4830ae4502a7f42d0f5a1f58c5 P 1d1ef39291a542fb80f17bcb94f37c56 [term 0 FOLLOWER]: Starting pre-election (no leader contacted us within the election timeout)
I20260709 14:54:16.545863 16304 leader_election.cc:304] T 0dff9a9ab5294725afcd6171bc4a932b P 1d1ef39291a542fb80f17bcb94f37c56 [CANDIDATE]: Term 1 pre-election: Election decided. Result: candidate won. Election summary: received 2 responses out of 3 voters: 2 yes votes; 0 no votes. yes voters: 1d1ef39291a542fb80f17bcb94f37c56, 860478d07a3d4de6a3d2539b07fed3a5; no voters: 
I20260709 14:54:16.546470 16484 raft_consensus.cc:2804] T b870e13ab70548da987e9228fd631614 P 1d1ef39291a542fb80f17bcb94f37c56 [term 0 FOLLOWER]: Leader pre-election won for term 1
I20260709 14:54:16.546837 16484 raft_consensus.cc:493] T b870e13ab70548da987e9228fd631614 P 1d1ef39291a542fb80f17bcb94f37c56 [term 0 FOLLOWER]: Starting leader election (no leader contacted us within the election timeout)
I20260709 14:54:16.547065 16453 tablet_bootstrap.cc:654] T b870e13ab70548da987e9228fd631614 P 9f7ae4d079244d82a396af19c93b8cee: Neither blocks nor log segments found. Creating new log.
I20260709 14:54:16.547211 16484 raft_consensus.cc:3060] T b870e13ab70548da987e9228fd631614 P 1d1ef39291a542fb80f17bcb94f37c56 [term 0 FOLLOWER]: Advancing to term 1
I20260709 14:54:16.548969 16454 raft_consensus.cc:359] T 2b3043e5227542f88893e8d130453696 P 1d1ef39291a542fb80f17bcb94f37c56 [term 0 FOLLOWER]: Replica starting. Triggering 0 pending ops. Active config: opid_index: -1 OBSOLETE_local: false peers { permanent_uuid: "9f7ae4d079244d82a396af19c93b8cee" member_type: VOTER last_known_addr { host: "127.15.69.65" port: 42871 } } peers { permanent_uuid: "1d1ef39291a542fb80f17bcb94f37c56" member_type: VOTER last_known_addr { host: "127.15.69.66" port: 43873 } } peers { permanent_uuid: "860478d07a3d4de6a3d2539b07fed3a5" member_type: VOTER last_known_addr { host: "127.15.69.67" port: 41089 } }
I20260709 14:54:16.549443 16454 raft_consensus.cc:385] T 2b3043e5227542f88893e8d130453696 P 1d1ef39291a542fb80f17bcb94f37c56 [term 0 FOLLOWER]: Consensus starting up: Expiring failure detector timer to make a prompt election more likely
I20260709 14:54:16.549646 16454 raft_consensus.cc:740] T 2b3043e5227542f88893e8d130453696 P 1d1ef39291a542fb80f17bcb94f37c56 [term 0 FOLLOWER]: Becoming Follower/Learner. State: Replica: 1d1ef39291a542fb80f17bcb94f37c56, State: Initialized, Role: FOLLOWER
I20260709 14:54:16.550117 16454 consensus_queue.cc:260] T 2b3043e5227542f88893e8d130453696 P 1d1ef39291a542fb80f17bcb94f37c56 [NON_LEADER]: Queue going to NON_LEADER mode. State: All replicated index: 0, Majority replicated index: 0, Committed index: 0, Last appended: 0.0, Last appended by leader: 0, Current term: 0, Majority size: -1, State: 0, Mode: NON_LEADER, active raft config: opid_index: -1 OBSOLETE_local: false peers { permanent_uuid: "9f7ae4d079244d82a396af19c93b8cee" member_type: VOTER last_known_addr { host: "127.15.69.65" port: 42871 } } peers { permanent_uuid: "1d1ef39291a542fb80f17bcb94f37c56" member_type: VOTER last_known_addr { host: "127.15.69.66" port: 43873 } } peers { permanent_uuid: "860478d07a3d4de6a3d2539b07fed3a5" member_type: VOTER last_known_addr { host: "127.15.69.67" port: 41089 } }
I20260709 14:54:16.545764 16486 raft_consensus.cc:515] T 27a63b4830ae4502a7f42d0f5a1f58c5 P 1d1ef39291a542fb80f17bcb94f37c56 [term 0 FOLLOWER]: Starting pre-election with config: opid_index: -1 OBSOLETE_local: false peers { permanent_uuid: "9f7ae4d079244d82a396af19c93b8cee" member_type: VOTER last_known_addr { host: "127.15.69.65" port: 42871 } } peers { permanent_uuid: "1d1ef39291a542fb80f17bcb94f37c56" member_type: VOTER last_known_addr { host: "127.15.69.66" port: 43873 } } peers { permanent_uuid: "860478d07a3d4de6a3d2539b07fed3a5" member_type: VOTER last_known_addr { host: "127.15.69.67" port: 41089 } }
I20260709 14:54:16.555025 16488 raft_consensus.cc:2804] T 0dff9a9ab5294725afcd6171bc4a932b P 1d1ef39291a542fb80f17bcb94f37c56 [term 0 FOLLOWER]: Leader pre-election won for term 1
I20260709 14:54:16.555425 16488 raft_consensus.cc:493] T 0dff9a9ab5294725afcd6171bc4a932b P 1d1ef39291a542fb80f17bcb94f37c56 [term 0 FOLLOWER]: Starting leader election (no leader contacted us within the election timeout)
I20260709 14:54:16.555742 16488 raft_consensus.cc:3060] T 0dff9a9ab5294725afcd6171bc4a932b P 1d1ef39291a542fb80f17bcb94f37c56 [term 0 FOLLOWER]: Advancing to term 1
I20260709 14:54:16.555888 16454 ts_tablet_manager.cc:1434] T 2b3043e5227542f88893e8d130453696 P 1d1ef39291a542fb80f17bcb94f37c56: Time spent starting tablet: real 0.012s	user 0.005s	sys 0.000s
I20260709 14:54:16.557080 16454 tablet_bootstrap.cc:492] T 1390f484cd414ddf9760aaa9ab5dbf72 P 1d1ef39291a542fb80f17bcb94f37c56: Bootstrap starting.
I20260709 14:54:16.562083 16456 tablet_bootstrap.cc:492] T 3b7c7f60e49445c6bee9bc90885b5c0b P 860478d07a3d4de6a3d2539b07fed3a5: No bootstrap required, opened a new log
I20260709 14:54:16.562494 16454 tablet_bootstrap.cc:654] T 1390f484cd414ddf9760aaa9ab5dbf72 P 1d1ef39291a542fb80f17bcb94f37c56: Neither blocks nor log segments found. Creating new log.
I20260709 14:54:16.562644 16456 ts_tablet_manager.cc:1403] T 3b7c7f60e49445c6bee9bc90885b5c0b P 860478d07a3d4de6a3d2539b07fed3a5: Time spent bootstrapping tablet: real 0.080s	user 0.014s	sys 0.029s
I20260709 14:54:16.564142 16453 tablet_bootstrap.cc:492] T b870e13ab70548da987e9228fd631614 P 9f7ae4d079244d82a396af19c93b8cee: No bootstrap required, opened a new log
I20260709 14:54:16.564566 16453 ts_tablet_manager.cc:1403] T b870e13ab70548da987e9228fd631614 P 9f7ae4d079244d82a396af19c93b8cee: Time spent bootstrapping tablet: real 0.023s	user 0.005s	sys 0.013s
I20260709 14:54:16.564996 16486 leader_election.cc:290] T 27a63b4830ae4502a7f42d0f5a1f58c5 P 1d1ef39291a542fb80f17bcb94f37c56 [CANDIDATE]: Term 1 pre-election: Requested pre-vote from peers 9f7ae4d079244d82a396af19c93b8cee (127.15.69.65:42871), 860478d07a3d4de6a3d2539b07fed3a5 (127.15.69.67:41089)
I20260709 14:54:16.566733 16488 raft_consensus.cc:515] T 0dff9a9ab5294725afcd6171bc4a932b P 1d1ef39291a542fb80f17bcb94f37c56 [term 1 FOLLOWER]: Starting leader election with config: opid_index: -1 OBSOLETE_local: false peers { permanent_uuid: "9f7ae4d079244d82a396af19c93b8cee" member_type: VOTER last_known_addr { host: "127.15.69.65" port: 42871 } } peers { permanent_uuid: "1d1ef39291a542fb80f17bcb94f37c56" member_type: VOTER last_known_addr { host: "127.15.69.66" port: 43873 } } peers { permanent_uuid: "860478d07a3d4de6a3d2539b07fed3a5" member_type: VOTER last_known_addr { host: "127.15.69.67" port: 41089 } }
I20260709 14:54:16.568342 16412 tablet_service.cc:1917] Received RequestConsensusVote() RPC: tablet_id: "e612a9af986647e2a1b782302fe13de1" candidate_uuid: "1d1ef39291a542fb80f17bcb94f37c56" candidate_term: 1 candidate_status { last_received { term: 0 index: 0 } } ignore_live_leader: false dest_uuid: "860478d07a3d4de6a3d2539b07fed3a5" is_pre_election: true
I20260709 14:54:16.568934 16453 raft_consensus.cc:359] T b870e13ab70548da987e9228fd631614 P 9f7ae4d079244d82a396af19c93b8cee [term 0 FOLLOWER]: Replica starting. Triggering 0 pending ops. Active config: opid_index: -1 OBSOLETE_local: false peers { permanent_uuid: "9f7ae4d079244d82a396af19c93b8cee" member_type: VOTER last_known_addr { host: "127.15.69.65" port: 42871 } } peers { permanent_uuid: "1d1ef39291a542fb80f17bcb94f37c56" member_type: VOTER last_known_addr { host: "127.15.69.66" port: 43873 } } peers { permanent_uuid: "860478d07a3d4de6a3d2539b07fed3a5" member_type: VOTER last_known_addr { host: "127.15.69.67" port: 41089 } }
I20260709 14:54:16.570796 16453 raft_consensus.cc:385] T b870e13ab70548da987e9228fd631614 P 9f7ae4d079244d82a396af19c93b8cee [term 0 FOLLOWER]: Consensus starting up: Expiring failure detector timer to make a prompt election more likely
I20260709 14:54:16.571110 16453 raft_consensus.cc:740] T b870e13ab70548da987e9228fd631614 P 9f7ae4d079244d82a396af19c93b8cee [term 0 FOLLOWER]: Becoming Follower/Learner. State: Replica: 9f7ae4d079244d82a396af19c93b8cee, State: Initialized, Role: FOLLOWER
I20260709 14:54:16.572043 16265 tablet_service.cc:1917] Received RequestConsensusVote() RPC: tablet_id: "3c974b8f750448168d509ca983f07b7a" candidate_uuid: "1d1ef39291a542fb80f17bcb94f37c56" candidate_term: 1 candidate_status { last_received { term: 0 index: 0 } } ignore_live_leader: false dest_uuid: "9f7ae4d079244d82a396af19c93b8cee" is_pre_election: true
I20260709 14:54:16.573987 16264 tablet_service.cc:1917] Received RequestConsensusVote() RPC: tablet_id: "b870e13ab70548da987e9228fd631614" candidate_uuid: "1d1ef39291a542fb80f17bcb94f37c56" candidate_term: 1 candidate_status { last_received { term: 0 index: 0 } } ignore_live_leader: false dest_uuid: "9f7ae4d079244d82a396af19c93b8cee" is_pre_election: true
I20260709 14:54:16.574167 16262 tablet_service.cc:1917] Received RequestConsensusVote() RPC: tablet_id: "e612a9af986647e2a1b782302fe13de1" candidate_uuid: "1d1ef39291a542fb80f17bcb94f37c56" candidate_term: 1 candidate_status { last_received { term: 0 index: 0 } } ignore_live_leader: false dest_uuid: "9f7ae4d079244d82a396af19c93b8cee" is_pre_election: true
I20260709 14:54:16.574810 16262 raft_consensus.cc:2468] T e612a9af986647e2a1b782302fe13de1 P 9f7ae4d079244d82a396af19c93b8cee [term 0 FOLLOWER]: Leader pre-election vote request: Granting yes vote for candidate 1d1ef39291a542fb80f17bcb94f37c56 in term 0.
I20260709 14:54:16.574841 16261 tablet_service.cc:1917] Received RequestConsensusVote() RPC: tablet_id: "27a63b4830ae4502a7f42d0f5a1f58c5" candidate_uuid: "1d1ef39291a542fb80f17bcb94f37c56" candidate_term: 1 candidate_status { last_received { term: 0 index: 0 } } ignore_live_leader: false dest_uuid: "9f7ae4d079244d82a396af19c93b8cee" is_pre_election: true
I20260709 14:54:16.575039 16453 consensus_queue.cc:260] T b870e13ab70548da987e9228fd631614 P 9f7ae4d079244d82a396af19c93b8cee [NON_LEADER]: Queue going to NON_LEADER mode. State: All replicated index: 0, Majority replicated index: 0, Committed index: 0, Last appended: 0.0, Last appended by leader: 0, Current term: 0, Majority size: -1, State: 0, Mode: NON_LEADER, active raft config: opid_index: -1 OBSOLETE_local: false peers { permanent_uuid: "9f7ae4d079244d82a396af19c93b8cee" member_type: VOTER last_known_addr { host: "127.15.69.65" port: 42871 } } peers { permanent_uuid: "1d1ef39291a542fb80f17bcb94f37c56" member_type: VOTER last_known_addr { host: "127.15.69.66" port: 43873 } } peers { permanent_uuid: "860478d07a3d4de6a3d2539b07fed3a5" member_type: VOTER last_known_addr { host: "127.15.69.67" port: 41089 } }
I20260709 14:54:16.575855 16261 raft_consensus.cc:2468] T 27a63b4830ae4502a7f42d0f5a1f58c5 P 9f7ae4d079244d82a396af19c93b8cee [term 0 FOLLOWER]: Leader pre-election vote request: Granting yes vote for candidate 1d1ef39291a542fb80f17bcb94f37c56 in term 0.
I20260709 14:54:16.575968 16264 raft_consensus.cc:2468] T b870e13ab70548da987e9228fd631614 P 9f7ae4d079244d82a396af19c93b8cee [term 0 FOLLOWER]: Leader pre-election vote request: Granting yes vote for candidate 1d1ef39291a542fb80f17bcb94f37c56 in term 0.
I20260709 14:54:16.576697 16460 raft_consensus.cc:493] T 2b3043e5227542f88893e8d130453696 P 9f7ae4d079244d82a396af19c93b8cee [term 0 FOLLOWER]: Starting pre-election (no leader contacted us within the election timeout)
I20260709 14:54:16.572186 16459 raft_consensus.cc:515] T 3c974b8f750448168d509ca983f07b7a P 1d1ef39291a542fb80f17bcb94f37c56 [term 1 FOLLOWER]: Starting leader election with config: opid_index: -1 OBSOLETE_local: false peers { permanent_uuid: "9f7ae4d079244d82a396af19c93b8cee" member_type: VOTER last_known_addr { host: "127.15.69.65" port: 42871 } } peers { permanent_uuid: "1d1ef39291a542fb80f17bcb94f37c56" member_type: VOTER last_known_addr { host: "127.15.69.66" port: 43873 } } peers { permanent_uuid: "860478d07a3d4de6a3d2539b07fed3a5" member_type: VOTER last_known_addr { host: "127.15.69.67" port: 41089 } }
I20260709 14:54:16.577121 16460 raft_consensus.cc:515] T 2b3043e5227542f88893e8d130453696 P 9f7ae4d079244d82a396af19c93b8cee [term 0 FOLLOWER]: Starting pre-election with config: opid_index: -1 OBSOLETE_local: false peers { permanent_uuid: "9f7ae4d079244d82a396af19c93b8cee" member_type: VOTER last_known_addr { host: "127.15.69.65" port: 42871 } } peers { permanent_uuid: "1d1ef39291a542fb80f17bcb94f37c56" member_type: VOTER last_known_addr { host: "127.15.69.66" port: 43873 } } peers { permanent_uuid: "860478d07a3d4de6a3d2539b07fed3a5" member_type: VOTER last_known_addr { host: "127.15.69.67" port: 41089 } }
I20260709 14:54:16.580868 16460 leader_election.cc:290] T 2b3043e5227542f88893e8d130453696 P 9f7ae4d079244d82a396af19c93b8cee [CANDIDATE]: Term 1 pre-election: Requested pre-vote from peers 1d1ef39291a542fb80f17bcb94f37c56 (127.15.69.66:43873), 860478d07a3d4de6a3d2539b07fed3a5 (127.15.69.67:41089)
I20260709 14:54:16.581003 16463 raft_consensus.cc:493] T 2b3043e5227542f88893e8d130453696 P 860478d07a3d4de6a3d2539b07fed3a5 [term 0 FOLLOWER]: Starting pre-election (no leader contacted us within the election timeout)
I20260709 14:54:16.581281 16414 tablet_service.cc:1917] Received RequestConsensusVote() RPC: tablet_id: "3c974b8f750448168d509ca983f07b7a" candidate_uuid: "1d1ef39291a542fb80f17bcb94f37c56" candidate_term: 1 candidate_status { last_received { term: 0 index: 0 } } ignore_live_leader: false dest_uuid: "860478d07a3d4de6a3d2539b07fed3a5"
I20260709 14:54:16.573712 16412 raft_consensus.cc:2468] T e612a9af986647e2a1b782302fe13de1 P 860478d07a3d4de6a3d2539b07fed3a5 [term 0 FOLLOWER]: Leader pre-election vote request: Granting yes vote for candidate 1d1ef39291a542fb80f17bcb94f37c56 in term 0.
I20260709 14:54:16.583016 16306 leader_election.cc:304] T e612a9af986647e2a1b782302fe13de1 P 1d1ef39291a542fb80f17bcb94f37c56 [CANDIDATE]: Term 1 pre-election: Election decided. Result: candidate won. Election summary: received 2 responses out of 3 voters: 2 yes votes; 0 no votes. yes voters: 1d1ef39291a542fb80f17bcb94f37c56, 9f7ae4d079244d82a396af19c93b8cee; no voters: 
I20260709 14:54:16.577113 16413 tablet_service.cc:1917] Received RequestConsensusVote() RPC: tablet_id: "27a63b4830ae4502a7f42d0f5a1f58c5" candidate_uuid: "1d1ef39291a542fb80f17bcb94f37c56" candidate_term: 1 candidate_status { last_received { term: 0 index: 0 } } ignore_live_leader: false dest_uuid: "860478d07a3d4de6a3d2539b07fed3a5" is_pre_election: true
I20260709 14:54:16.582404 16414 raft_consensus.cc:3060] T 3c974b8f750448168d509ca983f07b7a P 860478d07a3d4de6a3d2539b07fed3a5 [term 0 FOLLOWER]: Advancing to term 1
I20260709 14:54:16.583771 16306 leader_election.cc:304] T 27a63b4830ae4502a7f42d0f5a1f58c5 P 1d1ef39291a542fb80f17bcb94f37c56 [CANDIDATE]: Term 1 pre-election: Election decided. Result: candidate won. Election summary: received 2 responses out of 3 voters: 2 yes votes; 0 no votes. yes voters: 1d1ef39291a542fb80f17bcb94f37c56, 9f7ae4d079244d82a396af19c93b8cee; no voters: 
I20260709 14:54:16.584124 16486 raft_consensus.cc:2804] T e612a9af986647e2a1b782302fe13de1 P 1d1ef39291a542fb80f17bcb94f37c56 [term 0 FOLLOWER]: Leader pre-election won for term 1
I20260709 14:54:16.584563 16486 raft_consensus.cc:493] T e612a9af986647e2a1b782302fe13de1 P 1d1ef39291a542fb80f17bcb94f37c56 [term 0 FOLLOWER]: Starting leader election (no leader contacted us within the election timeout)
I20260709 14:54:16.584940 16486 raft_consensus.cc:3060] T e612a9af986647e2a1b782302fe13de1 P 1d1ef39291a542fb80f17bcb94f37c56 [term 0 FOLLOWER]: Advancing to term 1
I20260709 14:54:16.585448 16487 raft_consensus.cc:2804] T 27a63b4830ae4502a7f42d0f5a1f58c5 P 1d1ef39291a542fb80f17bcb94f37c56 [term 0 FOLLOWER]: Leader pre-election won for term 1
I20260709 14:54:16.585830 16487 raft_consensus.cc:493] T 27a63b4830ae4502a7f42d0f5a1f58c5 P 1d1ef39291a542fb80f17bcb94f37c56 [term 0 FOLLOWER]: Starting leader election (no leader contacted us within the election timeout)
I20260709 14:54:16.581393 16463 raft_consensus.cc:515] T 2b3043e5227542f88893e8d130453696 P 860478d07a3d4de6a3d2539b07fed3a5 [term 0 FOLLOWER]: Starting pre-election with config: opid_index: -1 OBSOLETE_local: false peers { permanent_uuid: "9f7ae4d079244d82a396af19c93b8cee" member_type: VOTER last_known_addr { host: "127.15.69.65" port: 42871 } } peers { permanent_uuid: "1d1ef39291a542fb80f17bcb94f37c56" member_type: VOTER last_known_addr { host: "127.15.69.66" port: 43873 } } peers { permanent_uuid: "860478d07a3d4de6a3d2539b07fed3a5" member_type: VOTER last_known_addr { host: "127.15.69.67" port: 41089 } }
I20260709 14:54:16.586198 16487 raft_consensus.cc:3060] T 27a63b4830ae4502a7f42d0f5a1f58c5 P 1d1ef39291a542fb80f17bcb94f37c56 [term 0 FOLLOWER]: Advancing to term 1
I20260709 14:54:16.585697 16263 tablet_service.cc:1917] Received RequestConsensusVote() RPC: tablet_id: "0dff9a9ab5294725afcd6171bc4a932b" candidate_uuid: "1d1ef39291a542fb80f17bcb94f37c56" candidate_term: 1 candidate_status { last_received { term: 0 index: 0 } } ignore_live_leader: false dest_uuid: "9f7ae4d079244d82a396af19c93b8cee" is_pre_election: true
I20260709 14:54:16.579361 16459 leader_election.cc:290] T 3c974b8f750448168d509ca983f07b7a P 1d1ef39291a542fb80f17bcb94f37c56 [CANDIDATE]: Term 1 election: Requested vote from peers 9f7ae4d079244d82a396af19c93b8cee (127.15.69.65:42871), 860478d07a3d4de6a3d2539b07fed3a5 (127.15.69.67:41089)
W20260709 14:54:16.589385 16304 leader_election.cc:343] T 27a63b4830ae4502a7f42d0f5a1f58c5 P 1d1ef39291a542fb80f17bcb94f37c56 [CANDIDATE]: Term 1 pre-election: Tablet error from VoteRequest() call to peer 860478d07a3d4de6a3d2539b07fed3a5 (127.15.69.67:41089): Illegal state: must be running to vote when last-logged opid is not known
I20260709 14:54:16.580598 16265 raft_consensus.cc:2468] T 3c974b8f750448168d509ca983f07b7a P 9f7ae4d079244d82a396af19c93b8cee [term 0 FOLLOWER]: Leader pre-election vote request: Granting yes vote for candidate 1d1ef39291a542fb80f17bcb94f37c56 in term 0.
I20260709 14:54:16.595065 16488 leader_election.cc:290] T 0dff9a9ab5294725afcd6171bc4a932b P 1d1ef39291a542fb80f17bcb94f37c56 [CANDIDATE]: Term 1 election: Requested vote from peers 9f7ae4d079244d82a396af19c93b8cee (127.15.69.65:42871), 860478d07a3d4de6a3d2539b07fed3a5 (127.15.69.67:41089)
I20260709 14:54:16.595572 16463 leader_election.cc:290] T 2b3043e5227542f88893e8d130453696 P 860478d07a3d4de6a3d2539b07fed3a5 [CANDIDATE]: Term 1 pre-election: Requested pre-vote from peers 9f7ae4d079244d82a396af19c93b8cee (127.15.69.65:42871), 1d1ef39291a542fb80f17bcb94f37c56 (127.15.69.66:43873)
I20260709 14:54:16.602268 16454 tablet_bootstrap.cc:492] T 1390f484cd414ddf9760aaa9ab5dbf72 P 1d1ef39291a542fb80f17bcb94f37c56: No bootstrap required, opened a new log
I20260709 14:54:16.602695 16454 ts_tablet_manager.cc:1403] T 1390f484cd414ddf9760aaa9ab5dbf72 P 1d1ef39291a542fb80f17bcb94f37c56: Time spent bootstrapping tablet: real 0.046s	user 0.003s	sys 0.014s
I20260709 14:54:16.607638 16413 tablet_service.cc:1917] Received RequestConsensusVote() RPC: tablet_id: "0dff9a9ab5294725afcd6171bc4a932b" candidate_uuid: "1d1ef39291a542fb80f17bcb94f37c56" candidate_term: 1 candidate_status { last_received { term: 0 index: 0 } } ignore_live_leader: false dest_uuid: "860478d07a3d4de6a3d2539b07fed3a5"
I20260709 14:54:16.611519 16413 raft_consensus.cc:3060] T 0dff9a9ab5294725afcd6171bc4a932b P 860478d07a3d4de6a3d2539b07fed3a5 [term 0 FOLLOWER]: Advancing to term 1
I20260709 14:54:16.601454 16488 raft_consensus.cc:493] T 1cf7082728b34bdd84ad16bab540d9da P 1d1ef39291a542fb80f17bcb94f37c56 [term 0 FOLLOWER]: Starting pre-election (no leader contacted us within the election timeout)
I20260709 14:54:16.589083 16263 raft_consensus.cc:2468] T 0dff9a9ab5294725afcd6171bc4a932b P 9f7ae4d079244d82a396af19c93b8cee [term 0 FOLLOWER]: Leader pre-election vote request: Granting yes vote for candidate 1d1ef39291a542fb80f17bcb94f37c56 in term 0.
I20260709 14:54:16.617045 16488 raft_consensus.cc:515] T 1cf7082728b34bdd84ad16bab540d9da P 1d1ef39291a542fb80f17bcb94f37c56 [term 0 FOLLOWER]: Starting pre-election with config: opid_index: -1 OBSOLETE_local: false peers { permanent_uuid: "9f7ae4d079244d82a396af19c93b8cee" member_type: VOTER last_known_addr { host: "127.15.69.65" port: 42871 } } peers { permanent_uuid: "1d1ef39291a542fb80f17bcb94f37c56" member_type: VOTER last_known_addr { host: "127.15.69.66" port: 43873 } } peers { permanent_uuid: "860478d07a3d4de6a3d2539b07fed3a5" member_type: VOTER last_known_addr { host: "127.15.69.67" port: 41089 } }
I20260709 14:54:16.620389 16488 leader_election.cc:290] T 1cf7082728b34bdd84ad16bab540d9da P 1d1ef39291a542fb80f17bcb94f37c56 [CANDIDATE]: Term 1 pre-election: Requested pre-vote from peers 9f7ae4d079244d82a396af19c93b8cee (127.15.69.65:42871), 860478d07a3d4de6a3d2539b07fed3a5 (127.15.69.67:41089)
I20260709 14:54:16.620597 16412 tablet_service.cc:1917] Received RequestConsensusVote() RPC: tablet_id: "1cf7082728b34bdd84ad16bab540d9da" candidate_uuid: "1d1ef39291a542fb80f17bcb94f37c56" candidate_term: 1 candidate_status { last_received { term: 0 index: 0 } } ignore_live_leader: false dest_uuid: "860478d07a3d4de6a3d2539b07fed3a5" is_pre_election: true
W20260709 14:54:16.620507 16211 auto_rebalancer.cc:288] Could not retrieve cluster info: Service unavailable: Tablet not running
I20260709 14:54:16.615586 16454 raft_consensus.cc:359] T 1390f484cd414ddf9760aaa9ab5dbf72 P 1d1ef39291a542fb80f17bcb94f37c56 [term 0 FOLLOWER]: Replica starting. Triggering 0 pending ops. Active config: opid_index: -1 OBSOLETE_local: false peers { permanent_uuid: "9f7ae4d079244d82a396af19c93b8cee" member_type: VOTER last_known_addr { host: "127.15.69.65" port: 42871 } } peers { permanent_uuid: "1d1ef39291a542fb80f17bcb94f37c56" member_type: VOTER last_known_addr { host: "127.15.69.66" port: 43873 } } peers { permanent_uuid: "860478d07a3d4de6a3d2539b07fed3a5" member_type: VOTER last_known_addr { host: "127.15.69.67" port: 41089 } }
I20260709 14:54:16.622820 16454 raft_consensus.cc:385] T 1390f484cd414ddf9760aaa9ab5dbf72 P 1d1ef39291a542fb80f17bcb94f37c56 [term 0 FOLLOWER]: Consensus starting up: Expiring failure detector timer to make a prompt election more likely
I20260709 14:54:16.623119 16454 raft_consensus.cc:740] T 1390f484cd414ddf9760aaa9ab5dbf72 P 1d1ef39291a542fb80f17bcb94f37c56 [term 0 FOLLOWER]: Becoming Follower/Learner. State: Replica: 1d1ef39291a542fb80f17bcb94f37c56, State: Initialized, Role: FOLLOWER
I20260709 14:54:16.621932 16412 raft_consensus.cc:2468] T 1cf7082728b34bdd84ad16bab540d9da P 860478d07a3d4de6a3d2539b07fed3a5 [term 0 FOLLOWER]: Leader pre-election vote request: Granting yes vote for candidate 1d1ef39291a542fb80f17bcb94f37c56 in term 0.
I20260709 14:54:16.623739 16454 consensus_queue.cc:260] T 1390f484cd414ddf9760aaa9ab5dbf72 P 1d1ef39291a542fb80f17bcb94f37c56 [NON_LEADER]: Queue going to NON_LEADER mode. State: All replicated index: 0, Majority replicated index: 0, Committed index: 0, Last appended: 0.0, Last appended by leader: 0, Current term: 0, Majority size: -1, State: 0, Mode: NON_LEADER, active raft config: opid_index: -1 OBSOLETE_local: false peers { permanent_uuid: "9f7ae4d079244d82a396af19c93b8cee" member_type: VOTER last_known_addr { host: "127.15.69.65" port: 42871 } } peers { permanent_uuid: "1d1ef39291a542fb80f17bcb94f37c56" member_type: VOTER last_known_addr { host: "127.15.69.66" port: 43873 } } peers { permanent_uuid: "860478d07a3d4de6a3d2539b07fed3a5" member_type: VOTER last_known_addr { host: "127.15.69.67" port: 41089 } }
I20260709 14:54:16.624416 16456 raft_consensus.cc:359] T 3b7c7f60e49445c6bee9bc90885b5c0b P 860478d07a3d4de6a3d2539b07fed3a5 [term 0 FOLLOWER]: Replica starting. Triggering 0 pending ops. Active config: opid_index: -1 OBSOLETE_local: false peers { permanent_uuid: "9f7ae4d079244d82a396af19c93b8cee" member_type: VOTER last_known_addr { host: "127.15.69.65" port: 42871 } } peers { permanent_uuid: "1d1ef39291a542fb80f17bcb94f37c56" member_type: VOTER last_known_addr { host: "127.15.69.66" port: 43873 } } peers { permanent_uuid: "860478d07a3d4de6a3d2539b07fed3a5" member_type: VOTER last_known_addr { host: "127.15.69.67" port: 41089 } }
I20260709 14:54:16.626197 16456 raft_consensus.cc:385] T 3b7c7f60e49445c6bee9bc90885b5c0b P 860478d07a3d4de6a3d2539b07fed3a5 [term 0 FOLLOWER]: Consensus starting up: Expiring failure detector timer to make a prompt election more likely
I20260709 14:54:16.626540 16456 raft_consensus.cc:740] T 3b7c7f60e49445c6bee9bc90885b5c0b P 860478d07a3d4de6a3d2539b07fed3a5 [term 0 FOLLOWER]: Becoming Follower/Learner. State: Replica: 860478d07a3d4de6a3d2539b07fed3a5, State: Initialized, Role: FOLLOWER
I20260709 14:54:16.627411 16454 ts_tablet_manager.cc:1434] T 1390f484cd414ddf9760aaa9ab5dbf72 P 1d1ef39291a542fb80f17bcb94f37c56: Time spent starting tablet: real 0.024s	user 0.006s	sys 0.000s
I20260709 14:54:16.627311 16456 consensus_queue.cc:260] T 3b7c7f60e49445c6bee9bc90885b5c0b P 860478d07a3d4de6a3d2539b07fed3a5 [NON_LEADER]: Queue going to NON_LEADER mode. State: All replicated index: 0, Majority replicated index: 0, Committed index: 0, Last appended: 0.0, Last appended by leader: 0, Current term: 0, Majority size: -1, State: 0, Mode: NON_LEADER, active raft config: opid_index: -1 OBSOLETE_local: false peers { permanent_uuid: "9f7ae4d079244d82a396af19c93b8cee" member_type: VOTER last_known_addr { host: "127.15.69.65" port: 42871 } } peers { permanent_uuid: "1d1ef39291a542fb80f17bcb94f37c56" member_type: VOTER last_known_addr { host: "127.15.69.66" port: 43873 } } peers { permanent_uuid: "860478d07a3d4de6a3d2539b07fed3a5" member_type: VOTER last_known_addr { host: "127.15.69.67" port: 41089 } }
I20260709 14:54:16.628881 16304 leader_election.cc:304] T 1cf7082728b34bdd84ad16bab540d9da P 1d1ef39291a542fb80f17bcb94f37c56 [CANDIDATE]: Term 1 pre-election: Election decided. Result: candidate won. Election summary: received 2 responses out of 3 voters: 2 yes votes; 0 no votes. yes voters: 1d1ef39291a542fb80f17bcb94f37c56, 860478d07a3d4de6a3d2539b07fed3a5; no voters: 
I20260709 14:54:16.629815 16456 ts_tablet_manager.cc:1434] T 3b7c7f60e49445c6bee9bc90885b5c0b P 860478d07a3d4de6a3d2539b07fed3a5: Time spent starting tablet: real 0.067s	user 0.007s	sys 0.000s
I20260709 14:54:16.630801 16456 tablet_bootstrap.cc:492] T 27a63b4830ae4502a7f42d0f5a1f58c5 P 860478d07a3d4de6a3d2539b07fed3a5: Bootstrap starting.
I20260709 14:54:16.631042 16488 raft_consensus.cc:2804] T 1cf7082728b34bdd84ad16bab540d9da P 1d1ef39291a542fb80f17bcb94f37c56 [term 0 FOLLOWER]: Leader pre-election won for term 1
I20260709 14:54:16.631412 16488 raft_consensus.cc:493] T 1cf7082728b34bdd84ad16bab540d9da P 1d1ef39291a542fb80f17bcb94f37c56 [term 0 FOLLOWER]: Starting leader election (no leader contacted us within the election timeout)
I20260709 14:54:16.631742 16488 raft_consensus.cc:3060] T 1cf7082728b34bdd84ad16bab540d9da P 1d1ef39291a542fb80f17bcb94f37c56 [term 0 FOLLOWER]: Advancing to term 1
I20260709 14:54:16.637840 16413 raft_consensus.cc:2468] T 0dff9a9ab5294725afcd6171bc4a932b P 860478d07a3d4de6a3d2539b07fed3a5 [term 1 FOLLOWER]: Leader election vote request: Granting yes vote for candidate 1d1ef39291a542fb80f17bcb94f37c56 in term 1.
I20260709 14:54:16.638525 16488 raft_consensus.cc:515] T 1cf7082728b34bdd84ad16bab540d9da P 1d1ef39291a542fb80f17bcb94f37c56 [term 1 FOLLOWER]: Starting leader election with config: opid_index: -1 OBSOLETE_local: false peers { permanent_uuid: "9f7ae4d079244d82a396af19c93b8cee" member_type: VOTER last_known_addr { host: "127.15.69.65" port: 42871 } } peers { permanent_uuid: "1d1ef39291a542fb80f17bcb94f37c56" member_type: VOTER last_known_addr { host: "127.15.69.66" port: 43873 } } peers { permanent_uuid: "860478d07a3d4de6a3d2539b07fed3a5" member_type: VOTER last_known_addr { host: "127.15.69.67" port: 41089 } }
I20260709 14:54:16.638950 16304 leader_election.cc:304] T 0dff9a9ab5294725afcd6171bc4a932b P 1d1ef39291a542fb80f17bcb94f37c56 [CANDIDATE]: Term 1 election: Election decided. Result: candidate won. Election summary: received 2 responses out of 3 voters: 2 yes votes; 0 no votes. yes voters: 1d1ef39291a542fb80f17bcb94f37c56, 860478d07a3d4de6a3d2539b07fed3a5; no voters: 
I20260709 14:54:16.639829 16459 raft_consensus.cc:2804] T 0dff9a9ab5294725afcd6171bc4a932b P 1d1ef39291a542fb80f17bcb94f37c56 [term 1 FOLLOWER]: Leader election won for term 1
I20260709 14:54:16.642681 16456 tablet_bootstrap.cc:654] T 27a63b4830ae4502a7f42d0f5a1f58c5 P 860478d07a3d4de6a3d2539b07fed3a5: Neither blocks nor log segments found. Creating new log.
I20260709 14:54:16.643779 16488 leader_election.cc:290] T 1cf7082728b34bdd84ad16bab540d9da P 1d1ef39291a542fb80f17bcb94f37c56 [CANDIDATE]: Term 1 election: Requested vote from peers 9f7ae4d079244d82a396af19c93b8cee (127.15.69.65:42871), 860478d07a3d4de6a3d2539b07fed3a5 (127.15.69.67:41089)
I20260709 14:54:16.644482 16488 raft_consensus.cc:493] T 3b7c7f60e49445c6bee9bc90885b5c0b P 1d1ef39291a542fb80f17bcb94f37c56 [term 0 FOLLOWER]: Starting pre-election (no leader contacted us within the election timeout)
I20260709 14:54:16.649304 16414 raft_consensus.cc:2468] T 3c974b8f750448168d509ca983f07b7a P 860478d07a3d4de6a3d2539b07fed3a5 [term 1 FOLLOWER]: Leader election vote request: Granting yes vote for candidate 1d1ef39291a542fb80f17bcb94f37c56 in term 1.
I20260709 14:54:16.644932 16488 raft_consensus.cc:515] T 3b7c7f60e49445c6bee9bc90885b5c0b P 1d1ef39291a542fb80f17bcb94f37c56 [term 0 FOLLOWER]: Starting pre-election with config: opid_index: -1 OBSOLETE_local: false peers { permanent_uuid: "9f7ae4d079244d82a396af19c93b8cee" member_type: VOTER last_known_addr { host: "127.15.69.65" port: 42871 } } peers { permanent_uuid: "1d1ef39291a542fb80f17bcb94f37c56" member_type: VOTER last_known_addr { host: "127.15.69.66" port: 43873 } } peers { permanent_uuid: "860478d07a3d4de6a3d2539b07fed3a5" member_type: VOTER last_known_addr { host: "127.15.69.67" port: 41089 } }
I20260709 14:54:16.652197 16413 tablet_service.cc:1917] Received RequestConsensusVote() RPC: tablet_id: "1cf7082728b34bdd84ad16bab540d9da" candidate_uuid: "1d1ef39291a542fb80f17bcb94f37c56" candidate_term: 1 candidate_status { last_received { term: 0 index: 0 } } ignore_live_leader: false dest_uuid: "860478d07a3d4de6a3d2539b07fed3a5"
I20260709 14:54:16.657933 16453 ts_tablet_manager.cc:1434] T b870e13ab70548da987e9228fd631614 P 9f7ae4d079244d82a396af19c93b8cee: Time spent starting tablet: real 0.093s	user 0.004s	sys 0.008s
I20260709 14:54:16.658795 16453 tablet_bootstrap.cc:492] T 1390f484cd414ddf9760aaa9ab5dbf72 P 9f7ae4d079244d82a396af19c93b8cee: Bootstrap starting.
I20260709 14:54:16.658716 16413 raft_consensus.cc:3060] T 1cf7082728b34bdd84ad16bab540d9da P 860478d07a3d4de6a3d2539b07fed3a5 [term 0 FOLLOWER]: Advancing to term 1
I20260709 14:54:16.653576 16459 raft_consensus.cc:697] T 0dff9a9ab5294725afcd6171bc4a932b P 1d1ef39291a542fb80f17bcb94f37c56 [term 1 LEADER]: Becoming Leader. State: Replica: 1d1ef39291a542fb80f17bcb94f37c56, State: Running, Role: LEADER
I20260709 14:54:16.655998 16484 raft_consensus.cc:515] T b870e13ab70548da987e9228fd631614 P 1d1ef39291a542fb80f17bcb94f37c56 [term 1 FOLLOWER]: Starting leader election with config: opid_index: -1 OBSOLETE_local: false peers { permanent_uuid: "9f7ae4d079244d82a396af19c93b8cee" member_type: VOTER last_known_addr { host: "127.15.69.65" port: 42871 } } peers { permanent_uuid: "1d1ef39291a542fb80f17bcb94f37c56" member_type: VOTER last_known_addr { host: "127.15.69.66" port: 43873 } } peers { permanent_uuid: "860478d07a3d4de6a3d2539b07fed3a5" member_type: VOTER last_known_addr { host: "127.15.69.67" port: 41089 } }
I20260709 14:54:16.662055 16304 leader_election.cc:304] T 3c974b8f750448168d509ca983f07b7a P 1d1ef39291a542fb80f17bcb94f37c56 [CANDIDATE]: Term 1 election: Election decided. Result: candidate won. Election summary: received 2 responses out of 3 voters: 2 yes votes; 0 no votes. yes voters: 1d1ef39291a542fb80f17bcb94f37c56, 860478d07a3d4de6a3d2539b07fed3a5; no voters: 
I20260709 14:54:16.663385 16497 raft_consensus.cc:493] T 2b3043e5227542f88893e8d130453696 P 1d1ef39291a542fb80f17bcb94f37c56 [term 0 FOLLOWER]: Starting pre-election (no leader contacted us within the election timeout)
I20260709 14:54:16.664032 16497 raft_consensus.cc:515] T 2b3043e5227542f88893e8d130453696 P 1d1ef39291a542fb80f17bcb94f37c56 [term 0 FOLLOWER]: Starting pre-election with config: opid_index: -1 OBSOLETE_local: false peers { permanent_uuid: "9f7ae4d079244d82a396af19c93b8cee" member_type: VOTER last_known_addr { host: "127.15.69.65" port: 42871 } } peers { permanent_uuid: "1d1ef39291a542fb80f17bcb94f37c56" member_type: VOTER last_known_addr { host: "127.15.69.66" port: 43873 } } peers { permanent_uuid: "860478d07a3d4de6a3d2539b07fed3a5" member_type: VOTER last_known_addr { host: "127.15.69.67" port: 41089 } }
I20260709 14:54:16.668778 16496 raft_consensus.cc:2804] T 3c974b8f750448168d509ca983f07b7a P 1d1ef39291a542fb80f17bcb94f37c56 [term 1 FOLLOWER]: Leader election won for term 1
I20260709 14:54:16.669615 16484 leader_election.cc:290] T b870e13ab70548da987e9228fd631614 P 1d1ef39291a542fb80f17bcb94f37c56 [CANDIDATE]: Term 1 election: Requested vote from peers 9f7ae4d079244d82a396af19c93b8cee (127.15.69.65:42871), 860478d07a3d4de6a3d2539b07fed3a5 (127.15.69.67:41089)
I20260709 14:54:16.664199 16459 consensus_queue.cc:237] T 0dff9a9ab5294725afcd6171bc4a932b P 1d1ef39291a542fb80f17bcb94f37c56 [LEADER]: Queue going to LEADER mode. State: All replicated index: 0, Majority replicated index: 0, Committed index: 0, Last appended: 0.0, Last appended by leader: 0, Current term: 1, Majority size: 2, State: 0, Mode: LEADER, active raft config: opid_index: -1 OBSOLETE_local: false peers { permanent_uuid: "9f7ae4d079244d82a396af19c93b8cee" member_type: VOTER last_known_addr { host: "127.15.69.65" port: 42871 } } peers { permanent_uuid: "1d1ef39291a542fb80f17bcb94f37c56" member_type: VOTER last_known_addr { host: "127.15.69.66" port: 43873 } } peers { permanent_uuid: "860478d07a3d4de6a3d2539b07fed3a5" member_type: VOTER last_known_addr { host: "127.15.69.67" port: 41089 } }
