I20260709 14:54:24.550652 16262 raft_consensus.cc:3055] T 05c5a632a33240239bbce57292d67546 P 9f7ae4d079244d82a396af19c93b8cee [term 2 LEADER]: Stepping down as leader of term 2
I20260709 14:54:24.550954 16262 raft_consensus.cc:740] T 05c5a632a33240239bbce57292d67546 P 9f7ae4d079244d82a396af19c93b8cee [term 2 LEADER]: Becoming Follower/Learner. State: Replica: 9f7ae4d079244d82a396af19c93b8cee, State: Running, Role: LEADER
I20260709 14:54:24.551719 16262 consensus_queue.cc:260] T 05c5a632a33240239bbce57292d67546 P 9f7ae4d079244d82a396af19c93b8cee [NON_LEADER]: Queue going to NON_LEADER mode. State: All replicated index: 0, Majority replicated index: 2, Committed index: 2, Last appended: 2.2, Last appended by leader: 2, Current term: 2, Majority size: -1, State: 0, Mode: NON_LEADER, active raft config: opid_index: -1 OBSOLETE_local: false peers { permanent_uuid: "9f7ae4d079244d82a396af19c93b8cee" member_type: VOTER last_known_addr { host: "127.15.69.65" port: 42871 } } peers { permanent_uuid: "1d1ef39291a542fb80f17bcb94f37c56" member_type: VOTER last_known_addr { host: "127.15.69.66" port: 43873 } } peers { permanent_uuid: "860478d07a3d4de6a3d2539b07fed3a5" member_type: VOTER last_known_addr { host: "127.15.69.67" port: 41089 } }
I20260709 14:54:24.552726 16262 raft_consensus.cc:3060] T 05c5a632a33240239bbce57292d67546 P 9f7ae4d079244d82a396af19c93b8cee [term 2 FOLLOWER]: Advancing to term 3
I20260709 14:54:24.554790 16339 raft_consensus.cc:2468] T 05c5a632a33240239bbce57292d67546 P 1d1ef39291a542fb80f17bcb94f37c56 [term 3 FOLLOWER]: Leader election vote request: Granting yes vote for candidate 860478d07a3d4de6a3d2539b07fed3a5 in term 3.
I20260709 14:54:24.555830 16378 leader_election.cc:304] T 05c5a632a33240239bbce57292d67546 P 860478d07a3d4de6a3d2539b07fed3a5 [CANDIDATE]: Term 3 election: Election decided. Result: candidate won. Election summary: received 2 responses out of 3 voters: 2 yes votes; 0 no votes. yes voters: 1d1ef39291a542fb80f17bcb94f37c56, 860478d07a3d4de6a3d2539b07fed3a5; no voters: 
I20260709 14:54:24.556699 16591 raft_consensus.cc:2804] T 05c5a632a33240239bbce57292d67546 P 860478d07a3d4de6a3d2539b07fed3a5 [term 3 FOLLOWER]: Leader election won for term 3
I20260709 14:54:24.557552 16591 raft_consensus.cc:697] T 05c5a632a33240239bbce57292d67546 P 860478d07a3d4de6a3d2539b07fed3a5 [term 3 LEADER]: Becoming Leader. State: Replica: 860478d07a3d4de6a3d2539b07fed3a5, State: Running, Role: LEADER
I20260709 14:54:24.558009 16262 raft_consensus.cc:2468] T 05c5a632a33240239bbce57292d67546 P 9f7ae4d079244d82a396af19c93b8cee [term 3 FOLLOWER]: Leader election vote request: Granting yes vote for candidate 860478d07a3d4de6a3d2539b07fed3a5 in term 3.
I20260709 14:54:24.558455 16591 consensus_queue.cc:237] T 05c5a632a33240239bbce57292d67546 P 860478d07a3d4de6a3d2539b07fed3a5 [LEADER]: Queue going to LEADER mode. State: All replicated index: 0, Majority replicated index: 2, Committed index: 2, Last appended: 2.2, Last appended by leader: 2, Current term: 3, Majority size: 2, State: 0, Mode: LEADER, active raft config: opid_index: -1 OBSOLETE_local: false peers { permanent_uuid: "9f7ae4d079244d82a396af19c93b8cee" member_type: VOTER last_known_addr { host: "127.15.69.65" port: 42871 } } peers { permanent_uuid: "1d1ef39291a542fb80f17bcb94f37c56" member_type: VOTER last_known_addr { host: "127.15.69.66" port: 43873 } } peers { permanent_uuid: "860478d07a3d4de6a3d2539b07fed3a5" member_type: VOTER last_known_addr { host: "127.15.69.67" port: 41089 } }
I20260709 14:54:24.564994 16163 catalog_manager.cc:5697] T 05c5a632a33240239bbce57292d67546 P 860478d07a3d4de6a3d2539b07fed3a5 reported cstate change: term changed from 2 to 3, leader changed from 9f7ae4d079244d82a396af19c93b8cee (127.15.69.65) to 860478d07a3d4de6a3d2539b07fed3a5 (127.15.69.67). New cstate: current_term: 3 leader_uuid: "860478d07a3d4de6a3d2539b07fed3a5" committed_config { opid_index: -1 OBSOLETE_local: false peers { permanent_uuid: "9f7ae4d079244d82a396af19c93b8cee" member_type: VOTER last_known_addr { host: "127.15.69.65" port: 42871 } health_report { overall_health: UNKNOWN } } peers { permanent_uuid: "1d1ef39291a542fb80f17bcb94f37c56" member_type: VOTER last_known_addr { host: "127.15.69.66" port: 43873 } health_report { overall_health: UNKNOWN } } peers { permanent_uuid: "860478d07a3d4de6a3d2539b07fed3a5" member_type: VOTER last_known_addr { host: "127.15.69.67" port: 41089 } health_report { overall_health: HEALTHY } } }
I20260709 14:54:24.694099 16592 raft_consensus.cc:993] T 3b7c7f60e49445c6bee9bc90885b5c0b P 9f7ae4d079244d82a396af19c93b8cee: : Instructing follower 1d1ef39291a542fb80f17bcb94f37c56 to start an election
I20260709 14:54:24.694545 16554 raft_consensus.cc:1081] T 3b7c7f60e49445c6bee9bc90885b5c0b P 9f7ae4d079244d82a396af19c93b8cee [term 4 LEADER]: Signalling peer 1d1ef39291a542fb80f17bcb94f37c56 to start an election
I20260709 14:54:24.695924 16339 tablet_service.cc:2044] Received Run Leader Election RPC: tablet_id: "3b7c7f60e49445c6bee9bc90885b5c0b"
dest_uuid: "1d1ef39291a542fb80f17bcb94f37c56"
 from {username='slave'} at 127.0.0.1:53706
I20260709 14:54:24.696398 16339 raft_consensus.cc:493] T 3b7c7f60e49445c6bee9bc90885b5c0b P 1d1ef39291a542fb80f17bcb94f37c56 [term 4 FOLLOWER]: Starting forced leader election (received explicit request)
I20260709 14:54:24.696647 16339 raft_consensus.cc:3060] T 3b7c7f60e49445c6bee9bc90885b5c0b P 1d1ef39291a542fb80f17bcb94f37c56 [term 4 FOLLOWER]: Advancing to term 5
I20260709 14:54:24.700786 16339 raft_consensus.cc:515] T 3b7c7f60e49445c6bee9bc90885b5c0b P 1d1ef39291a542fb80f17bcb94f37c56 [term 5 FOLLOWER]: Starting forced leader election with config: opid_index: -1 OBSOLETE_local: false peers { permanent_uuid: "9f7ae4d079244d82a396af19c93b8cee" member_type: VOTER last_known_addr { host: "127.15.69.65" port: 42871 } } peers { permanent_uuid: "1d1ef39291a542fb80f17bcb94f37c56" member_type: VOTER last_known_addr { host: "127.15.69.66" port: 43873 } } peers { permanent_uuid: "860478d07a3d4de6a3d2539b07fed3a5" member_type: VOTER last_known_addr { host: "127.15.69.67" port: 41089 } }
I20260709 14:54:24.702140 16339 leader_election.cc:290] T 3b7c7f60e49445c6bee9bc90885b5c0b P 1d1ef39291a542fb80f17bcb94f37c56 [CANDIDATE]: Term 5 election: Requested vote from peers 9f7ae4d079244d82a396af19c93b8cee (127.15.69.65:42871), 860478d07a3d4de6a3d2539b07fed3a5 (127.15.69.67:41089)
I20260709 14:54:24.702991 16262 tablet_service.cc:1917] Received RequestConsensusVote() RPC: tablet_id: "3b7c7f60e49445c6bee9bc90885b5c0b" candidate_uuid: "1d1ef39291a542fb80f17bcb94f37c56" candidate_term: 5 candidate_status { last_received { term: 4 index: 4 } } ignore_live_leader: true dest_uuid: "9f7ae4d079244d82a396af19c93b8cee"
I20260709 14:54:24.703183 16414 tablet_service.cc:1917] Received RequestConsensusVote() RPC: tablet_id: "3b7c7f60e49445c6bee9bc90885b5c0b" candidate_uuid: "1d1ef39291a542fb80f17bcb94f37c56" candidate_term: 5 candidate_status { last_received { term: 4 index: 4 } } ignore_live_leader: true dest_uuid: "860478d07a3d4de6a3d2539b07fed3a5"
I20260709 14:54:24.703449 16262 raft_consensus.cc:3055] T 3b7c7f60e49445c6bee9bc90885b5c0b P 9f7ae4d079244d82a396af19c93b8cee [term 4 LEADER]: Stepping down as leader of term 4
I20260709 14:54:24.703603 16414 raft_consensus.cc:3060] T 3b7c7f60e49445c6bee9bc90885b5c0b P 860478d07a3d4de6a3d2539b07fed3a5 [term 4 FOLLOWER]: Advancing to term 5
I20260709 14:54:24.703760 16262 raft_consensus.cc:740] T 3b7c7f60e49445c6bee9bc90885b5c0b P 9f7ae4d079244d82a396af19c93b8cee [term 4 LEADER]: Becoming Follower/Learner. State: Replica: 9f7ae4d079244d82a396af19c93b8cee, State: Running, Role: LEADER
I20260709 14:54:24.704527 16262 consensus_queue.cc:260] T 3b7c7f60e49445c6bee9bc90885b5c0b P 9f7ae4d079244d82a396af19c93b8cee [NON_LEADER]: Queue going to NON_LEADER mode. State: All replicated index: 0, Majority replicated index: 4, Committed index: 4, Last appended: 4.4, Last appended by leader: 4, Current term: 4, Majority size: -1, State: 0, Mode: NON_LEADER, active raft config: opid_index: -1 OBSOLETE_local: false peers { permanent_uuid: "9f7ae4d079244d82a396af19c93b8cee" member_type: VOTER last_known_addr { host: "127.15.69.65" port: 42871 } } peers { permanent_uuid: "1d1ef39291a542fb80f17bcb94f37c56" member_type: VOTER last_known_addr { host: "127.15.69.66" port: 43873 } } peers { permanent_uuid: "860478d07a3d4de6a3d2539b07fed3a5" member_type: VOTER last_known_addr { host: "127.15.69.67" port: 41089 } }
I20260709 14:54:24.705401 16262 raft_consensus.cc:3060] T 3b7c7f60e49445c6bee9bc90885b5c0b P 9f7ae4d079244d82a396af19c93b8cee [term 4 FOLLOWER]: Advancing to term 5
I20260709 14:54:24.707672 16414 raft_consensus.cc:2468] T 3b7c7f60e49445c6bee9bc90885b5c0b P 860478d07a3d4de6a3d2539b07fed3a5 [term 5 FOLLOWER]: Leader election vote request: Granting yes vote for candidate 1d1ef39291a542fb80f17bcb94f37c56 in term 5.
I20260709 14:54:24.708742 16304 leader_election.cc:304] T 3b7c7f60e49445c6bee9bc90885b5c0b P 1d1ef39291a542fb80f17bcb94f37c56 [CANDIDATE]: Term 5 election: Election decided. Result: candidate won. Election summary: received 2 responses out of 3 voters: 2 yes votes; 0 no votes. yes voters: 1d1ef39291a542fb80f17bcb94f37c56, 860478d07a3d4de6a3d2539b07fed3a5; no voters: 
I20260709 14:54:24.709587 16589 raft_consensus.cc:2804] T 3b7c7f60e49445c6bee9bc90885b5c0b P 1d1ef39291a542fb80f17bcb94f37c56 [term 5 FOLLOWER]: Leader election won for term 5
I20260709 14:54:24.710026 16589 raft_consensus.cc:697] T 3b7c7f60e49445c6bee9bc90885b5c0b P 1d1ef39291a542fb80f17bcb94f37c56 [term 5 LEADER]: Becoming Leader. State: Replica: 1d1ef39291a542fb80f17bcb94f37c56, State: Running, Role: LEADER
I20260709 14:54:24.710748 16262 raft_consensus.cc:2468] T 3b7c7f60e49445c6bee9bc90885b5c0b P 9f7ae4d079244d82a396af19c93b8cee [term 5 FOLLOWER]: Leader election vote request: Granting yes vote for candidate 1d1ef39291a542fb80f17bcb94f37c56 in term 5.
I20260709 14:54:24.710896 16589 consensus_queue.cc:237] T 3b7c7f60e49445c6bee9bc90885b5c0b P 1d1ef39291a542fb80f17bcb94f37c56 [LEADER]: Queue going to LEADER mode. State: All replicated index: 0, Majority replicated index: 4, Committed index: 4, Last appended: 4.4, Last appended by leader: 4, Current term: 5, Majority size: 2, State: 0, Mode: LEADER, active raft config: opid_index: -1 OBSOLETE_local: false peers { permanent_uuid: "9f7ae4d079244d82a396af19c93b8cee" member_type: VOTER last_known_addr { host: "127.15.69.65" port: 42871 } } peers { permanent_uuid: "1d1ef39291a542fb80f17bcb94f37c56" member_type: VOTER last_known_addr { host: "127.15.69.66" port: 43873 } } peers { permanent_uuid: "860478d07a3d4de6a3d2539b07fed3a5" member_type: VOTER last_known_addr { host: "127.15.69.67" port: 41089 } }
I20260709 14:54:24.718040 16163 catalog_manager.cc:5697] T 3b7c7f60e49445c6bee9bc90885b5c0b P 1d1ef39291a542fb80f17bcb94f37c56 reported cstate change: term changed from 4 to 5, leader changed from 9f7ae4d079244d82a396af19c93b8cee (127.15.69.65) to 1d1ef39291a542fb80f17bcb94f37c56 (127.15.69.66). New cstate: current_term: 5 leader_uuid: "1d1ef39291a542fb80f17bcb94f37c56" committed_config { opid_index: -1 OBSOLETE_local: false peers { permanent_uuid: "9f7ae4d079244d82a396af19c93b8cee" member_type: VOTER last_known_addr { host: "127.15.69.65" port: 42871 } health_report { overall_health: UNKNOWN } } peers { permanent_uuid: "1d1ef39291a542fb80f17bcb94f37c56" member_type: VOTER last_known_addr { host: "127.15.69.66" port: 43873 } health_report { overall_health: HEALTHY } } peers { permanent_uuid: "860478d07a3d4de6a3d2539b07fed3a5" member_type: VOTER last_known_addr { host: "127.15.69.67" port: 41089 } health_report { overall_health: UNKNOWN } } }
I20260709 14:54:24.796248 16592 raft_consensus.cc:993] T 0dff9a9ab5294725afcd6171bc4a932b P 9f7ae4d079244d82a396af19c93b8cee: : Instructing follower 1d1ef39291a542fb80f17bcb94f37c56 to start an election
I20260709 14:54:24.796675 16554 raft_consensus.cc:1081] T 0dff9a9ab5294725afcd6171bc4a932b P 9f7ae4d079244d82a396af19c93b8cee [term 4 LEADER]: Signalling peer 1d1ef39291a542fb80f17bcb94f37c56 to start an election
I20260709 14:54:24.797932 16339 tablet_service.cc:2044] Received Run Leader Election RPC: tablet_id: "0dff9a9ab5294725afcd6171bc4a932b"
dest_uuid: "1d1ef39291a542fb80f17bcb94f37c56"
 from {username='slave'} at 127.0.0.1:53706
I20260709 14:54:24.798331 16339 raft_consensus.cc:493] T 0dff9a9ab5294725afcd6171bc4a932b P 1d1ef39291a542fb80f17bcb94f37c56 [term 4 FOLLOWER]: Starting forced leader election (received explicit request)
I20260709 14:54:24.798569 16339 raft_consensus.cc:3060] T 0dff9a9ab5294725afcd6171bc4a932b P 1d1ef39291a542fb80f17bcb94f37c56 [term 4 FOLLOWER]: Advancing to term 5
I20260709 14:54:24.802690 16339 raft_consensus.cc:515] T 0dff9a9ab5294725afcd6171bc4a932b P 1d1ef39291a542fb80f17bcb94f37c56 [term 5 FOLLOWER]: Starting forced leader election with config: opid_index: -1 OBSOLETE_local: false peers { permanent_uuid: "9f7ae4d079244d82a396af19c93b8cee" member_type: VOTER last_known_addr { host: "127.15.69.65" port: 42871 } } peers { permanent_uuid: "1d1ef39291a542fb80f17bcb94f37c56" member_type: VOTER last_known_addr { host: "127.15.69.66" port: 43873 } } peers { permanent_uuid: "860478d07a3d4de6a3d2539b07fed3a5" member_type: VOTER last_known_addr { host: "127.15.69.67" port: 41089 } }
I20260709 14:54:24.804028 16339 leader_election.cc:290] T 0dff9a9ab5294725afcd6171bc4a932b P 1d1ef39291a542fb80f17bcb94f37c56 [CANDIDATE]: Term 5 election: Requested vote from peers 9f7ae4d079244d82a396af19c93b8cee (127.15.69.65:42871), 860478d07a3d4de6a3d2539b07fed3a5 (127.15.69.67:41089)
I20260709 14:54:24.804714 16262 tablet_service.cc:1917] Received RequestConsensusVote() RPC: tablet_id: "0dff9a9ab5294725afcd6171bc4a932b" candidate_uuid: "1d1ef39291a542fb80f17bcb94f37c56" candidate_term: 5 candidate_status { last_received { term: 4 index: 4 } } ignore_live_leader: true dest_uuid: "9f7ae4d079244d82a396af19c93b8cee"
I20260709 14:54:24.804970 16414 tablet_service.cc:1917] Received RequestConsensusVote() RPC: tablet_id: "0dff9a9ab5294725afcd6171bc4a932b" candidate_uuid: "1d1ef39291a542fb80f17bcb94f37c56" candidate_term: 5 candidate_status { last_received { term: 4 index: 4 } } ignore_live_leader: true dest_uuid: "860478d07a3d4de6a3d2539b07fed3a5"
I20260709 14:54:24.805145 16262 raft_consensus.cc:3055] T 0dff9a9ab5294725afcd6171bc4a932b P 9f7ae4d079244d82a396af19c93b8cee [term 4 LEADER]: Stepping down as leader of term 4
I20260709 14:54:24.805393 16414 raft_consensus.cc:3060] T 0dff9a9ab5294725afcd6171bc4a932b P 860478d07a3d4de6a3d2539b07fed3a5 [term 4 FOLLOWER]: Advancing to term 5
I20260709 14:54:24.805404 16262 raft_consensus.cc:740] T 0dff9a9ab5294725afcd6171bc4a932b P 9f7ae4d079244d82a396af19c93b8cee [term 4 LEADER]: Becoming Follower/Learner. State: Replica: 9f7ae4d079244d82a396af19c93b8cee, State: Running, Role: LEADER
I20260709 14:54:24.806133 16262 consensus_queue.cc:260] T 0dff9a9ab5294725afcd6171bc4a932b P 9f7ae4d079244d82a396af19c93b8cee [NON_LEADER]: Queue going to NON_LEADER mode. State: All replicated index: 0, Majority replicated index: 4, Committed index: 4, Last appended: 4.4, Last appended by leader: 4, Current term: 4, Majority size: -1, State: 0, Mode: NON_LEADER, active raft config: opid_index: -1 OBSOLETE_local: false peers { permanent_uuid: "9f7ae4d079244d82a396af19c93b8cee" member_type: VOTER last_known_addr { host: "127.15.69.65" port: 42871 } } peers { permanent_uuid: "1d1ef39291a542fb80f17bcb94f37c56" member_type: VOTER last_known_addr { host: "127.15.69.66" port: 43873 } } peers { permanent_uuid: "860478d07a3d4de6a3d2539b07fed3a5" member_type: VOTER last_known_addr { host: "127.15.69.67" port: 41089 } }
I20260709 14:54:24.806928 16262 raft_consensus.cc:3060] T 0dff9a9ab5294725afcd6171bc4a932b P 9f7ae4d079244d82a396af19c93b8cee [term 4 FOLLOWER]: Advancing to term 5
I20260709 14:54:24.809350 16414 raft_consensus.cc:2468] T 0dff9a9ab5294725afcd6171bc4a932b P 860478d07a3d4de6a3d2539b07fed3a5 [term 5 FOLLOWER]: Leader election vote request: Granting yes vote for candidate 1d1ef39291a542fb80f17bcb94f37c56 in term 5.
I20260709 14:54:24.810197 16304 leader_election.cc:304] T 0dff9a9ab5294725afcd6171bc4a932b P 1d1ef39291a542fb80f17bcb94f37c56 [CANDIDATE]: Term 5 election: Election decided. Result: candidate won. Election summary: received 2 responses out of 3 voters: 2 yes votes; 0 no votes. yes voters: 1d1ef39291a542fb80f17bcb94f37c56, 860478d07a3d4de6a3d2539b07fed3a5; no voters: 
I20260709 14:54:24.810880 16589 raft_consensus.cc:2804] T 0dff9a9ab5294725afcd6171bc4a932b P 1d1ef39291a542fb80f17bcb94f37c56 [term 5 FOLLOWER]: Leader election won for term 5
I20260709 14:54:24.811272 16262 raft_consensus.cc:2468] T 0dff9a9ab5294725afcd6171bc4a932b P 9f7ae4d079244d82a396af19c93b8cee [term 5 FOLLOWER]: Leader election vote request: Granting yes vote for candidate 1d1ef39291a542fb80f17bcb94f37c56 in term 5.
I20260709 14:54:24.811328 16589 raft_consensus.cc:697] T 0dff9a9ab5294725afcd6171bc4a932b P 1d1ef39291a542fb80f17bcb94f37c56 [term 5 LEADER]: Becoming Leader. State: Replica: 1d1ef39291a542fb80f17bcb94f37c56, State: Running, Role: LEADER
I20260709 14:54:24.812291 16589 consensus_queue.cc:237] T 0dff9a9ab5294725afcd6171bc4a932b P 1d1ef39291a542fb80f17bcb94f37c56 [LEADER]: Queue going to LEADER mode. State: All replicated index: 0, Majority replicated index: 4, Committed index: 4, Last appended: 4.4, Last appended by leader: 4, Current term: 5, Majority size: 2, State: 0, Mode: LEADER, active raft config: opid_index: -1 OBSOLETE_local: false peers { permanent_uuid: "9f7ae4d079244d82a396af19c93b8cee" member_type: VOTER last_known_addr { host: "127.15.69.65" port: 42871 } } peers { permanent_uuid: "1d1ef39291a542fb80f17bcb94f37c56" member_type: VOTER last_known_addr { host: "127.15.69.66" port: 43873 } } peers { permanent_uuid: "860478d07a3d4de6a3d2539b07fed3a5" member_type: VOTER last_known_addr { host: "127.15.69.67" port: 41089 } }
I20260709 14:54:24.818346 16163 catalog_manager.cc:5697] T 0dff9a9ab5294725afcd6171bc4a932b P 1d1ef39291a542fb80f17bcb94f37c56 reported cstate change: term changed from 4 to 5, leader changed from 9f7ae4d079244d82a396af19c93b8cee (127.15.69.65) to 1d1ef39291a542fb80f17bcb94f37c56 (127.15.69.66). New cstate: current_term: 5 leader_uuid: "1d1ef39291a542fb80f17bcb94f37c56" committed_config { opid_index: -1 OBSOLETE_local: false peers { permanent_uuid: "9f7ae4d079244d82a396af19c93b8cee" member_type: VOTER last_known_addr { host: "127.15.69.65" port: 42871 } health_report { overall_health: UNKNOWN } } peers { permanent_uuid: "1d1ef39291a542fb80f17bcb94f37c56" member_type: VOTER last_known_addr { host: "127.15.69.66" port: 43873 } health_report { overall_health: HEALTHY } } peers { permanent_uuid: "860478d07a3d4de6a3d2539b07fed3a5" member_type: VOTER last_known_addr { host: "127.15.69.67" port: 41089 } health_report { overall_health: UNKNOWN } } }
I20260709 14:54:24.917763 16592 raft_consensus.cc:993] T 27a63b4830ae4502a7f42d0f5a1f58c5 P 9f7ae4d079244d82a396af19c93b8cee: : Instructing follower 860478d07a3d4de6a3d2539b07fed3a5 to start an election
I20260709 14:54:24.918166 16554 raft_consensus.cc:1081] T 27a63b4830ae4502a7f42d0f5a1f58c5 P 9f7ae4d079244d82a396af19c93b8cee [term 2 LEADER]: Signalling peer 860478d07a3d4de6a3d2539b07fed3a5 to start an election
I20260709 14:54:24.919497 16414 tablet_service.cc:2044] Received Run Leader Election RPC: tablet_id: "27a63b4830ae4502a7f42d0f5a1f58c5"
dest_uuid: "860478d07a3d4de6a3d2539b07fed3a5"
 from {username='slave'} at 127.0.0.1:55968
I20260709 14:54:24.919900 16414 raft_consensus.cc:493] T 27a63b4830ae4502a7f42d0f5a1f58c5 P 860478d07a3d4de6a3d2539b07fed3a5 [term 2 FOLLOWER]: Starting forced leader election (received explicit request)
I20260709 14:54:24.920145 16414 raft_consensus.cc:3060] T 27a63b4830ae4502a7f42d0f5a1f58c5 P 860478d07a3d4de6a3d2539b07fed3a5 [term 2 FOLLOWER]: Advancing to term 3
I20260709 14:54:24.923911 16414 raft_consensus.cc:515] T 27a63b4830ae4502a7f42d0f5a1f58c5 P 860478d07a3d4de6a3d2539b07fed3a5 [term 3 FOLLOWER]: Starting forced leader election with config: opid_index: -1 OBSOLETE_local: false peers { permanent_uuid: "9f7ae4d079244d82a396af19c93b8cee" member_type: VOTER last_known_addr { host: "127.15.69.65" port: 42871 } } peers { permanent_uuid: "1d1ef39291a542fb80f17bcb94f37c56" member_type: VOTER last_known_addr { host: "127.15.69.66" port: 43873 } } peers { permanent_uuid: "860478d07a3d4de6a3d2539b07fed3a5" member_type: VOTER last_known_addr { host: "127.15.69.67" port: 41089 } }
I20260709 14:54:24.925262 16414 leader_election.cc:290] T 27a63b4830ae4502a7f42d0f5a1f58c5 P 860478d07a3d4de6a3d2539b07fed3a5 [CANDIDATE]: Term 3 election: Requested vote from peers 9f7ae4d079244d82a396af19c93b8cee (127.15.69.65:42871), 1d1ef39291a542fb80f17bcb94f37c56 (127.15.69.66:43873)
I20260709 14:54:24.926074 16262 tablet_service.cc:1917] Received RequestConsensusVote() RPC: tablet_id: "27a63b4830ae4502a7f42d0f5a1f58c5" candidate_uuid: "860478d07a3d4de6a3d2539b07fed3a5" candidate_term: 3 candidate_status { last_received { term: 2 index: 2 } } ignore_live_leader: true dest_uuid: "9f7ae4d079244d82a396af19c93b8cee"
I20260709 14:54:24.926241 16339 tablet_service.cc:1917] Received RequestConsensusVote() RPC: tablet_id: "27a63b4830ae4502a7f42d0f5a1f58c5" candidate_uuid: "860478d07a3d4de6a3d2539b07fed3a5" candidate_term: 3 candidate_status { last_received { term: 2 index: 2 } } ignore_live_leader: true dest_uuid: "1d1ef39291a542fb80f17bcb94f37c56"
I20260709 14:54:24.926607 16262 raft_consensus.cc:3055] T 27a63b4830ae4502a7f42d0f5a1f58c5 P 9f7ae4d079244d82a396af19c93b8cee [term 2 LEADER]: Stepping down as leader of term 2
I20260709 14:54:24.926687 16339 raft_consensus.cc:3060] T 27a63b4830ae4502a7f42d0f5a1f58c5 P 1d1ef39291a542fb80f17bcb94f37c56 [term 2 FOLLOWER]: Advancing to term 3
I20260709 14:54:24.926965 16262 raft_consensus.cc:740] T 27a63b4830ae4502a7f42d0f5a1f58c5 P 9f7ae4d079244d82a396af19c93b8cee [term 2 LEADER]: Becoming Follower/Learner. State: Replica: 9f7ae4d079244d82a396af19c93b8cee, State: Running, Role: LEADER
I20260709 14:54:24.927747 16262 consensus_queue.cc:260] T 27a63b4830ae4502a7f42d0f5a1f58c5 P 9f7ae4d079244d82a396af19c93b8cee [NON_LEADER]: Queue going to NON_LEADER mode. State: All replicated index: 0, Majority replicated index: 2, Committed index: 2, Last appended: 2.2, Last appended by leader: 2, Current term: 2, Majority size: -1, State: 0, Mode: NON_LEADER, active raft config: opid_index: -1 OBSOLETE_local: false peers { permanent_uuid: "9f7ae4d079244d82a396af19c93b8cee" member_type: VOTER last_known_addr { host: "127.15.69.65" port: 42871 } } peers { permanent_uuid: "1d1ef39291a542fb80f17bcb94f37c56" member_type: VOTER last_known_addr { host: "127.15.69.66" port: 43873 } } peers { permanent_uuid: "860478d07a3d4de6a3d2539b07fed3a5" member_type: VOTER last_known_addr { host: "127.15.69.67" port: 41089 } }
I20260709 14:54:24.928949 16262 raft_consensus.cc:3060] T 27a63b4830ae4502a7f42d0f5a1f58c5 P 9f7ae4d079244d82a396af19c93b8cee [term 2 FOLLOWER]: Advancing to term 3
I20260709 14:54:24.932541 16339 raft_consensus.cc:2468] T 27a63b4830ae4502a7f42d0f5a1f58c5 P 1d1ef39291a542fb80f17bcb94f37c56 [term 3 FOLLOWER]: Leader election vote request: Granting yes vote for candidate 860478d07a3d4de6a3d2539b07fed3a5 in term 3.
I20260709 14:54:24.933468 16378 leader_election.cc:304] T 27a63b4830ae4502a7f42d0f5a1f58c5 P 860478d07a3d4de6a3d2539b07fed3a5 [CANDIDATE]: Term 3 election: Election decided. Result: candidate won. Election summary: received 2 responses out of 3 voters: 2 yes votes; 0 no votes. yes voters: 1d1ef39291a542fb80f17bcb94f37c56, 860478d07a3d4de6a3d2539b07fed3a5; no voters: 
I20260709 14:54:24.934100 16591 raft_consensus.cc:2804] T 27a63b4830ae4502a7f42d0f5a1f58c5 P 860478d07a3d4de6a3d2539b07fed3a5 [term 3 FOLLOWER]: Leader election won for term 3
I20260709 14:54:24.934314 16262 raft_consensus.cc:2468] T 27a63b4830ae4502a7f42d0f5a1f58c5 P 9f7ae4d079244d82a396af19c93b8cee [term 3 FOLLOWER]: Leader election vote request: Granting yes vote for candidate 860478d07a3d4de6a3d2539b07fed3a5 in term 3.
I20260709 14:54:24.934561 16591 raft_consensus.cc:697] T 27a63b4830ae4502a7f42d0f5a1f58c5 P 860478d07a3d4de6a3d2539b07fed3a5 [term 3 LEADER]: Becoming Leader. State: Replica: 860478d07a3d4de6a3d2539b07fed3a5, State: Running, Role: LEADER
I20260709 14:54:24.935446 16591 consensus_queue.cc:237] T 27a63b4830ae4502a7f42d0f5a1f58c5 P 860478d07a3d4de6a3d2539b07fed3a5 [LEADER]: Queue going to LEADER mode. State: All replicated index: 0, Majority replicated index: 2, Committed index: 2, Last appended: 2.2, Last appended by leader: 2, Current term: 3, Majority size: 2, State: 0, Mode: LEADER, active raft config: opid_index: -1 OBSOLETE_local: false peers { permanent_uuid: "9f7ae4d079244d82a396af19c93b8cee" member_type: VOTER last_known_addr { host: "127.15.69.65" port: 42871 } } peers { permanent_uuid: "1d1ef39291a542fb80f17bcb94f37c56" member_type: VOTER last_known_addr { host: "127.15.69.66" port: 43873 } } peers { permanent_uuid: "860478d07a3d4de6a3d2539b07fed3a5" member_type: VOTER last_known_addr { host: "127.15.69.67" port: 41089 } }
I20260709 14:54:24.942306 16163 catalog_manager.cc:5697] T 27a63b4830ae4502a7f42d0f5a1f58c5 P 860478d07a3d4de6a3d2539b07fed3a5 reported cstate change: term changed from 2 to 3, leader changed from 9f7ae4d079244d82a396af19c93b8cee (127.15.69.65) to 860478d07a3d4de6a3d2539b07fed3a5 (127.15.69.67). New cstate: current_term: 3 leader_uuid: "860478d07a3d4de6a3d2539b07fed3a5" committed_config { opid_index: -1 OBSOLETE_local: false peers { permanent_uuid: "9f7ae4d079244d82a396af19c93b8cee" member_type: VOTER last_known_addr { host: "127.15.69.65" port: 42871 } health_report { overall_health: UNKNOWN } } peers { permanent_uuid: "1d1ef39291a542fb80f17bcb94f37c56" member_type: VOTER last_known_addr { host: "127.15.69.66" port: 43873 } health_report { overall_health: UNKNOWN } } peers { permanent_uuid: "860478d07a3d4de6a3d2539b07fed3a5" member_type: VOTER last_known_addr { host: "127.15.69.67" port: 41089 } health_report { overall_health: HEALTHY } } }
I20260709 14:54:25.045089 16262 raft_consensus.cc:1275] T 05c5a632a33240239bbce57292d67546 P 9f7ae4d079244d82a396af19c93b8cee [term 3 FOLLOWER]: Refusing update from remote peer 860478d07a3d4de6a3d2539b07fed3a5: Log matching property violated. Preceding OpId in replica: term: 2 index: 2. Preceding OpId from leader: term: 3 index: 3. (index mismatch)
I20260709 14:54:25.046347 16591 consensus_queue.cc:1048] T 05c5a632a33240239bbce57292d67546 P 860478d07a3d4de6a3d2539b07fed3a5 [LEADER]: Connected to new peer: Peer: permanent_uuid: "9f7ae4d079244d82a396af19c93b8cee" member_type: VOTER last_known_addr { host: "127.15.69.65" port: 42871 }, Status: LMP_MISMATCH, Last received: 0.0, Next index: 3, Last known committed idx: 2, Time since last communication: 0.000s
I20260709 14:54:25.055439 16339 raft_consensus.cc:1275] T 05c5a632a33240239bbce57292d67546 P 1d1ef39291a542fb80f17bcb94f37c56 [term 3 FOLLOWER]: Refusing update from remote peer 860478d07a3d4de6a3d2539b07fed3a5: Log matching property violated. Preceding OpId in replica: term: 2 index: 2. Preceding OpId from leader: term: 3 index: 3. (index mismatch)
I20260709 14:54:25.056635 16591 consensus_queue.cc:1048] T 05c5a632a33240239bbce57292d67546 P 860478d07a3d4de6a3d2539b07fed3a5 [LEADER]: Connected to new peer: Peer: permanent_uuid: "1d1ef39291a542fb80f17bcb94f37c56" member_type: VOTER last_known_addr { host: "127.15.69.66" port: 43873 }, Status: LMP_MISMATCH, Last received: 0.0, Next index: 3, Last known committed idx: 2, Time since last communication: 0.000s
I20260709 14:54:25.120496 16414 raft_consensus.cc:1275] T 3b7c7f60e49445c6bee9bc90885b5c0b P 860478d07a3d4de6a3d2539b07fed3a5 [term 5 FOLLOWER]: Refusing update from remote peer 1d1ef39291a542fb80f17bcb94f37c56: Log matching property violated. Preceding OpId in replica: term: 4 index: 4. Preceding OpId from leader: term: 5 index: 5. (index mismatch)
I20260709 14:54:25.121523 16589 consensus_queue.cc:1048] T 3b7c7f60e49445c6bee9bc90885b5c0b P 1d1ef39291a542fb80f17bcb94f37c56 [LEADER]: Connected to new peer: Peer: permanent_uuid: "860478d07a3d4de6a3d2539b07fed3a5" member_type: VOTER last_known_addr { host: "127.15.69.67" port: 41089 }, Status: LMP_MISMATCH, Last received: 0.0, Next index: 5, Last known committed idx: 4, Time since last communication: 0.000s
I20260709 14:54:25.129508 16262 raft_consensus.cc:1275] T 3b7c7f60e49445c6bee9bc90885b5c0b P 9f7ae4d079244d82a396af19c93b8cee [term 5 FOLLOWER]: Refusing update from remote peer 1d1ef39291a542fb80f17bcb94f37c56: Log matching property violated. Preceding OpId in replica: term: 4 index: 4. Preceding OpId from leader: term: 5 index: 5. (index mismatch)
I20260709 14:54:25.131032 16609 consensus_queue.cc:1048] T 3b7c7f60e49445c6bee9bc90885b5c0b P 1d1ef39291a542fb80f17bcb94f37c56 [LEADER]: Connected to new peer: Peer: permanent_uuid: "9f7ae4d079244d82a396af19c93b8cee" member_type: VOTER last_known_addr { host: "127.15.69.65" port: 42871 }, Status: LMP_MISMATCH, Last received: 0.0, Next index: 5, Last known committed idx: 4, Time since last communication: 0.000s
I20260709 14:54:25.191180 16262 raft_consensus.cc:1275] T 0dff9a9ab5294725afcd6171bc4a932b P 9f7ae4d079244d82a396af19c93b8cee [term 5 FOLLOWER]: Refusing update from remote peer 1d1ef39291a542fb80f17bcb94f37c56: Log matching property violated. Preceding OpId in replica: term: 4 index: 4. Preceding OpId from leader: term: 5 index: 5. (index mismatch)
I20260709 14:54:25.192291 16609 consensus_queue.cc:1048] T 0dff9a9ab5294725afcd6171bc4a932b P 1d1ef39291a542fb80f17bcb94f37c56 [LEADER]: Connected to new peer: Peer: permanent_uuid: "9f7ae4d079244d82a396af19c93b8cee" member_type: VOTER last_known_addr { host: "127.15.69.65" port: 42871 }, Status: LMP_MISMATCH, Last received: 0.0, Next index: 5, Last known committed idx: 4, Time since last communication: 0.000s
I20260709 14:54:25.200048 16414 raft_consensus.cc:1275] T 0dff9a9ab5294725afcd6171bc4a932b P 860478d07a3d4de6a3d2539b07fed3a5 [term 5 FOLLOWER]: Refusing update from remote peer 1d1ef39291a542fb80f17bcb94f37c56: Log matching property violated. Preceding OpId in replica: term: 4 index: 4. Preceding OpId from leader: term: 5 index: 5. (index mismatch)
I20260709 14:54:25.201689 16609 consensus_queue.cc:1048] T 0dff9a9ab5294725afcd6171bc4a932b P 1d1ef39291a542fb80f17bcb94f37c56 [LEADER]: Connected to new peer: Peer: permanent_uuid: "860478d07a3d4de6a3d2539b07fed3a5" member_type: VOTER last_known_addr { host: "127.15.69.67" port: 41089 }, Status: LMP_MISMATCH, Last received: 0.0, Next index: 5, Last known committed idx: 4, Time since last communication: 0.000s
I20260709 14:54:25.382303 16340 raft_consensus.cc:1275] T 27a63b4830ae4502a7f42d0f5a1f58c5 P 1d1ef39291a542fb80f17bcb94f37c56 [term 3 FOLLOWER]: Refusing update from remote peer 860478d07a3d4de6a3d2539b07fed3a5: Log matching property violated. Preceding OpId in replica: term: 2 index: 2. Preceding OpId from leader: term: 3 index: 3. (index mismatch)
I20260709 14:54:25.383332 16591 consensus_queue.cc:1048] T 27a63b4830ae4502a7f42d0f5a1f58c5 P 860478d07a3d4de6a3d2539b07fed3a5 [LEADER]: Connected to new peer: Peer: permanent_uuid: "1d1ef39291a542fb80f17bcb94f37c56" member_type: VOTER last_known_addr { host: "127.15.69.66" port: 43873 }, Status: LMP_MISMATCH, Last received: 0.0, Next index: 3, Last known committed idx: 2, Time since last communication: 0.000s
I20260709 14:54:25.391469 16262 raft_consensus.cc:1275] T 27a63b4830ae4502a7f42d0f5a1f58c5 P 9f7ae4d079244d82a396af19c93b8cee [term 3 FOLLOWER]: Refusing update from remote peer 860478d07a3d4de6a3d2539b07fed3a5: Log matching property violated. Preceding OpId in replica: term: 2 index: 2. Preceding OpId from leader: term: 3 index: 3. (index mismatch)
I20260709 14:54:25.392956 16594 consensus_queue.cc:1048] T 27a63b4830ae4502a7f42d0f5a1f58c5 P 860478d07a3d4de6a3d2539b07fed3a5 [LEADER]: Connected to new peer: Peer: permanent_uuid: "9f7ae4d079244d82a396af19c93b8cee" member_type: VOTER last_known_addr { host: "127.15.69.65" port: 42871 }, Status: LMP_MISMATCH, Last received: 0.0, Next index: 3, Last known committed idx: 2, Time since last communication: 0.000s
I20260709 14:54:25.534919 15637 auto_leader_rebalancer.cc:141] leader rebalance for table test-workload
I20260709 14:54:25.540787 15637 tablet_server.cc:179] TabletServer@127.15.69.65:0 shutting down...
W20260709 14:54:25.545990 16306 proxy.cc:239] Call had error, refreshing address and retrying: Remote error: Service unavailable: service kudu.consensus.ConsensusService not registered on TabletServer [suppressed 4 similar messages]
W20260709 14:54:25.550199 16306 consensus_peers.cc:597] T 3b7c7f60e49445c6bee9bc90885b5c0b P 1d1ef39291a542fb80f17bcb94f37c56 -> Peer 9f7ae4d079244d82a396af19c93b8cee (127.15.69.65:42871): Couldn't send request to peer 9f7ae4d079244d82a396af19c93b8cee. Status: Remote error: Service unavailable: service kudu.consensus.ConsensusService not registered on TabletServer. This is attempt 1: this message will repeat every 5th retry.
I20260709 14:54:25.565857 15637 ts_tablet_manager.cc:1507] Shutting down tablet manager...
I20260709 14:54:25.566591 15637 tablet_replica.cc:333] T 1390f484cd414ddf9760aaa9ab5dbf72 P 9f7ae4d079244d82a396af19c93b8cee: stopping tablet replica
I20260709 14:54:25.567274 15637 raft_consensus.cc:2243] T 1390f484cd414ddf9760aaa9ab5dbf72 P 9f7ae4d079244d82a396af19c93b8cee [term 2 LEADER]: Raft consensus shutting down.
I20260709 14:54:25.567952 15637 raft_consensus.cc:2272] T 1390f484cd414ddf9760aaa9ab5dbf72 P 9f7ae4d079244d82a396af19c93b8cee [term 2 FOLLOWER]: Raft consensus is shut down!
I20260709 14:54:25.569746 15637 tablet_replica.cc:333] T 2b3043e5227542f88893e8d130453696 P 9f7ae4d079244d82a396af19c93b8cee: stopping tablet replica
I20260709 14:54:25.570258 15637 raft_consensus.cc:2243] T 2b3043e5227542f88893e8d130453696 P 9f7ae4d079244d82a396af19c93b8cee [term 1 FOLLOWER]: Raft consensus shutting down.
I20260709 14:54:25.570601 15637 raft_consensus.cc:2272] T 2b3043e5227542f88893e8d130453696 P 9f7ae4d079244d82a396af19c93b8cee [term 1 FOLLOWER]: Raft consensus is shut down!
I20260709 14:54:25.572224 15637 tablet_replica.cc:333] T e612a9af986647e2a1b782302fe13de1 P 9f7ae4d079244d82a396af19c93b8cee: stopping tablet replica
I20260709 14:54:25.572685 15637 raft_consensus.cc:2243] T e612a9af986647e2a1b782302fe13de1 P 9f7ae4d079244d82a396af19c93b8cee [term 2 LEADER]: Raft consensus shutting down.
I20260709 14:54:25.573348 15637 raft_consensus.cc:2272] T e612a9af986647e2a1b782302fe13de1 P 9f7ae4d079244d82a396af19c93b8cee [term 2 FOLLOWER]: Raft consensus is shut down!
I20260709 14:54:25.575047 15637 tablet_replica.cc:333] T 05c5a632a33240239bbce57292d67546 P 9f7ae4d079244d82a396af19c93b8cee: stopping tablet replica
I20260709 14:54:25.575487 15637 raft_consensus.cc:2243] T 05c5a632a33240239bbce57292d67546 P 9f7ae4d079244d82a396af19c93b8cee [term 3 FOLLOWER]: Raft consensus shutting down.
I20260709 14:54:25.575835 15637 raft_consensus.cc:2272] T 05c5a632a33240239bbce57292d67546 P 9f7ae4d079244d82a396af19c93b8cee [term 3 FOLLOWER]: Raft consensus is shut down!
I20260709 14:54:25.577809 15637 tablet_replica.cc:333] T b870e13ab70548da987e9228fd631614 P 9f7ae4d079244d82a396af19c93b8cee: stopping tablet replica
I20260709 14:54:25.578256 15637 raft_consensus.cc:2243] T b870e13ab70548da987e9228fd631614 P 9f7ae4d079244d82a396af19c93b8cee [term 2 LEADER]: Raft consensus shutting down.
I20260709 14:54:25.578866 15637 raft_consensus.cc:2272] T b870e13ab70548da987e9228fd631614 P 9f7ae4d079244d82a396af19c93b8cee [term 2 FOLLOWER]: Raft consensus is shut down!
I20260709 14:54:25.580453 15637 tablet_replica.cc:333] T 3c974b8f750448168d509ca983f07b7a P 9f7ae4d079244d82a396af19c93b8cee: stopping tablet replica
I20260709 14:54:25.580861 15637 raft_consensus.cc:2243] T 3c974b8f750448168d509ca983f07b7a P 9f7ae4d079244d82a396af19c93b8cee [term 1 FOLLOWER]: Raft consensus shutting down.
I20260709 14:54:25.581185 15637 raft_consensus.cc:2272] T 3c974b8f750448168d509ca983f07b7a P 9f7ae4d079244d82a396af19c93b8cee [term 1 FOLLOWER]: Raft consensus is shut down!
I20260709 14:54:25.582674 15637 tablet_replica.cc:333] T 27a63b4830ae4502a7f42d0f5a1f58c5 P 9f7ae4d079244d82a396af19c93b8cee: stopping tablet replica
I20260709 14:54:25.583096 15637 raft_consensus.cc:2243] T 27a63b4830ae4502a7f42d0f5a1f58c5 P 9f7ae4d079244d82a396af19c93b8cee [term 3 FOLLOWER]: Raft consensus shutting down.
I20260709 14:54:25.583426 15637 raft_consensus.cc:2272] T 27a63b4830ae4502a7f42d0f5a1f58c5 P 9f7ae4d079244d82a396af19c93b8cee [term 3 FOLLOWER]: Raft consensus is shut down!
I20260709 14:54:25.585474 15637 tablet_replica.cc:333] T 0dff9a9ab5294725afcd6171bc4a932b P 9f7ae4d079244d82a396af19c93b8cee: stopping tablet replica
I20260709 14:54:25.586076 15637 raft_consensus.cc:2243] T 0dff9a9ab5294725afcd6171bc4a932b P 9f7ae4d079244d82a396af19c93b8cee [term 5 FOLLOWER]: Raft consensus shutting down.
I20260709 14:54:25.586534 15637 raft_consensus.cc:2272] T 0dff9a9ab5294725afcd6171bc4a932b P 9f7ae4d079244d82a396af19c93b8cee [term 5 FOLLOWER]: Raft consensus is shut down!
I20260709 14:54:25.588788 15637 tablet_replica.cc:333] T 1cf7082728b34bdd84ad16bab540d9da P 9f7ae4d079244d82a396af19c93b8cee: stopping tablet replica
I20260709 14:54:25.589195 15637 raft_consensus.cc:2243] T 1cf7082728b34bdd84ad16bab540d9da P 9f7ae4d079244d82a396af19c93b8cee [term 2 LEADER]: Raft consensus shutting down.
I20260709 14:54:25.590008 15637 raft_consensus.cc:2272] T 1cf7082728b34bdd84ad16bab540d9da P 9f7ae4d079244d82a396af19c93b8cee [term 2 FOLLOWER]: Raft consensus is shut down!
I20260709 14:54:25.591993 15637 tablet_replica.cc:333] T 3b7c7f60e49445c6bee9bc90885b5c0b P 9f7ae4d079244d82a396af19c93b8cee: stopping tablet replica
I20260709 14:54:25.592559 15637 raft_consensus.cc:2243] T 3b7c7f60e49445c6bee9bc90885b5c0b P 9f7ae4d079244d82a396af19c93b8cee [term 5 FOLLOWER]: Raft consensus shutting down.
I20260709 14:54:25.592971 15637 raft_consensus.cc:2272] T 3b7c7f60e49445c6bee9bc90885b5c0b P 9f7ae4d079244d82a396af19c93b8cee [term 5 FOLLOWER]: Raft consensus is shut down!
I20260709 14:54:25.611429 15637 tablet_server.cc:196] TabletServer@127.15.69.65:0 shutdown complete.
I20260709 14:54:25.629415 15637 tablet_server.cc:179] TabletServer@127.15.69.66:0 shutting down...
W20260709 14:54:25.641629 16378 consensus_peers.cc:597] T 05c5a632a33240239bbce57292d67546 P 860478d07a3d4de6a3d2539b07fed3a5 -> Peer 1d1ef39291a542fb80f17bcb94f37c56 (127.15.69.66:43873): Couldn't send request to peer 1d1ef39291a542fb80f17bcb94f37c56. Status: Remote error: Service unavailable: service kudu.consensus.ConsensusService not registered on TabletServer. This is attempt 1: this message will repeat every 5th retry.
W20260709 14:54:25.646224 16378 consensus_peers.cc:597] T 2b3043e5227542f88893e8d130453696 P 860478d07a3d4de6a3d2539b07fed3a5 -> Peer 1d1ef39291a542fb80f17bcb94f37c56 (127.15.69.66:43873): Couldn't send request to peer 1d1ef39291a542fb80f17bcb94f37c56. Status: Remote error: Service unavailable: service kudu.consensus.ConsensusService not registered on TabletServer. This is attempt 1: this message will repeat every 5th retry.
W20260709 14:54:25.644608 16380 consensus_peers.cc:597] T 2b3043e5227542f88893e8d130453696 P 860478d07a3d4de6a3d2539b07fed3a5 -> Peer 9f7ae4d079244d82a396af19c93b8cee (127.15.69.65:42871): Couldn't send request to peer 9f7ae4d079244d82a396af19c93b8cee. Status: Network error: Client connection negotiation failed: client connection to 127.15.69.65:42871: connect: Connection refused (error 111). This is attempt 1: this message will repeat every 5th retry.
I20260709 14:54:25.655457 15637 ts_tablet_manager.cc:1507] Shutting down tablet manager...
I20260709 14:54:25.656064 15637 tablet_replica.cc:333] T 1390f484cd414ddf9760aaa9ab5dbf72 P 1d1ef39291a542fb80f17bcb94f37c56: stopping tablet replica
I20260709 14:54:25.656656 15637 raft_consensus.cc:2243] T 1390f484cd414ddf9760aaa9ab5dbf72 P 1d1ef39291a542fb80f17bcb94f37c56 [term 2 FOLLOWER]: Raft consensus shutting down.
I20260709 14:54:25.657083 15637 raft_consensus.cc:2272] T 1390f484cd414ddf9760aaa9ab5dbf72 P 1d1ef39291a542fb80f17bcb94f37c56 [term 2 FOLLOWER]: Raft consensus is shut down!
I20260709 14:54:25.658806 15637 tablet_replica.cc:333] T 2b3043e5227542f88893e8d130453696 P 1d1ef39291a542fb80f17bcb94f37c56: stopping tablet replica
I20260709 14:54:25.659291 15637 raft_consensus.cc:2243] T 2b3043e5227542f88893e8d130453696 P 1d1ef39291a542fb80f17bcb94f37c56 [term 1 FOLLOWER]: Raft consensus shutting down.
I20260709 14:54:25.659687 15637 raft_consensus.cc:2272] T 2b3043e5227542f88893e8d130453696 P 1d1ef39291a542fb80f17bcb94f37c56 [term 1 FOLLOWER]: Raft consensus is shut down!
I20260709 14:54:25.661300 15637 tablet_replica.cc:333] T e612a9af986647e2a1b782302fe13de1 P 1d1ef39291a542fb80f17bcb94f37c56: stopping tablet replica
I20260709 14:54:25.661943 15637 raft_consensus.cc:2243] T e612a9af986647e2a1b782302fe13de1 P 1d1ef39291a542fb80f17bcb94f37c56 [term 2 FOLLOWER]: Raft consensus shutting down.
I20260709 14:54:25.662330 15637 raft_consensus.cc:2272] T e612a9af986647e2a1b782302fe13de1 P 1d1ef39291a542fb80f17bcb94f37c56 [term 2 FOLLOWER]: Raft consensus is shut down!
I20260709 14:54:25.663914 15637 tablet_replica.cc:333] T 05c5a632a33240239bbce57292d67546 P 1d1ef39291a542fb80f17bcb94f37c56: stopping tablet replica
I20260709 14:54:25.664374 15637 raft_consensus.cc:2243] T 05c5a632a33240239bbce57292d67546 P 1d1ef39291a542fb80f17bcb94f37c56 [term 3 FOLLOWER]: Raft consensus shutting down.
I20260709 14:54:25.664736 15637 raft_consensus.cc:2272] T 05c5a632a33240239bbce57292d67546 P 1d1ef39291a542fb80f17bcb94f37c56 [term 3 FOLLOWER]: Raft consensus is shut down!
I20260709 14:54:25.666957 15637 tablet_replica.cc:333] T 3b7c7f60e49445c6bee9bc90885b5c0b P 1d1ef39291a542fb80f17bcb94f37c56: stopping tablet replica
I20260709 14:54:25.667431 15637 raft_consensus.cc:2243] T 3b7c7f60e49445c6bee9bc90885b5c0b P 1d1ef39291a542fb80f17bcb94f37c56 [term 5 LEADER]: Raft consensus shutting down.
I20260709 14:54:25.668069 15637 raft_consensus.cc:2272] T 3b7c7f60e49445c6bee9bc90885b5c0b P 1d1ef39291a542fb80f17bcb94f37c56 [term 5 FOLLOWER]: Raft consensus is shut down!
I20260709 14:54:25.670181 15637 tablet_replica.cc:333] T 1cf7082728b34bdd84ad16bab540d9da P 1d1ef39291a542fb80f17bcb94f37c56: stopping tablet replica
I20260709 14:54:25.670629 15637 raft_consensus.cc:2243] T 1cf7082728b34bdd84ad16bab540d9da P 1d1ef39291a542fb80f17bcb94f37c56 [term 2 FOLLOWER]: Raft consensus shutting down.
I20260709 14:54:25.671018 15637 raft_consensus.cc:2272] T 1cf7082728b34bdd84ad16bab540d9da P 1d1ef39291a542fb80f17bcb94f37c56 [term 2 FOLLOWER]: Raft consensus is shut down!
I20260709 14:54:25.672545 15637 tablet_replica.cc:333] T 0dff9a9ab5294725afcd6171bc4a932b P 1d1ef39291a542fb80f17bcb94f37c56: stopping tablet replica
I20260709 14:54:25.672974 15637 raft_consensus.cc:2243] T 0dff9a9ab5294725afcd6171bc4a932b P 1d1ef39291a542fb80f17bcb94f37c56 [term 5 LEADER]: Raft consensus shutting down.
I20260709 14:54:25.673620 15637 raft_consensus.cc:2272] T 0dff9a9ab5294725afcd6171bc4a932b P 1d1ef39291a542fb80f17bcb94f37c56 [term 5 FOLLOWER]: Raft consensus is shut down!
I20260709 14:54:25.675352 15637 tablet_replica.cc:333] T 27a63b4830ae4502a7f42d0f5a1f58c5 P 1d1ef39291a542fb80f17bcb94f37c56: stopping tablet replica
I20260709 14:54:25.675801 15637 raft_consensus.cc:2243] T 27a63b4830ae4502a7f42d0f5a1f58c5 P 1d1ef39291a542fb80f17bcb94f37c56 [term 3 FOLLOWER]: Raft consensus shutting down.
I20260709 14:54:25.676214 15637 raft_consensus.cc:2272] T 27a63b4830ae4502a7f42d0f5a1f58c5 P 1d1ef39291a542fb80f17bcb94f37c56 [term 3 FOLLOWER]: Raft consensus is shut down!
I20260709 14:54:25.677912 15637 tablet_replica.cc:333] T 3c974b8f750448168d509ca983f07b7a P 1d1ef39291a542fb80f17bcb94f37c56: stopping tablet replica
I20260709 14:54:25.678326 15637 raft_consensus.cc:2243] T 3c974b8f750448168d509ca983f07b7a P 1d1ef39291a542fb80f17bcb94f37c56 [term 1 LEADER]: Raft consensus shutting down.
I20260709 14:54:25.678995 15637 raft_consensus.cc:2272] T 3c974b8f750448168d509ca983f07b7a P 1d1ef39291a542fb80f17bcb94f37c56 [term 1 FOLLOWER]: Raft consensus is shut down!
I20260709 14:54:25.680538 15637 tablet_replica.cc:333] T b870e13ab70548da987e9228fd631614 P 1d1ef39291a542fb80f17bcb94f37c56: stopping tablet replica
I20260709 14:54:25.680940 15637 raft_consensus.cc:2243] T b870e13ab70548da987e9228fd631614 P 1d1ef39291a542fb80f17bcb94f37c56 [term 2 FOLLOWER]: Raft consensus shutting down.
I20260709 14:54:25.681356 15637 raft_consensus.cc:2272] T b870e13ab70548da987e9228fd631614 P 1d1ef39291a542fb80f17bcb94f37c56 [term 2 FOLLOWER]: Raft consensus is shut down!
I20260709 14:54:25.698711 15637 tablet_server.cc:196] TabletServer@127.15.69.66:0 shutdown complete.
I20260709 14:54:25.715642 15637 tablet_server.cc:179] TabletServer@127.15.69.67:0 shutting down...
I20260709 14:54:25.734617 15637 ts_tablet_manager.cc:1507] Shutting down tablet manager...
I20260709 14:54:25.735313 15637 tablet_replica.cc:333] T 1390f484cd414ddf9760aaa9ab5dbf72 P 860478d07a3d4de6a3d2539b07fed3a5: stopping tablet replica
I20260709 14:54:25.736253 15637 raft_consensus.cc:2243] T 1390f484cd414ddf9760aaa9ab5dbf72 P 860478d07a3d4de6a3d2539b07fed3a5 [term 2 FOLLOWER]: Raft consensus shutting down.
I20260709 14:54:25.736819 15637 raft_consensus.cc:2272] T 1390f484cd414ddf9760aaa9ab5dbf72 P 860478d07a3d4de6a3d2539b07fed3a5 [term 2 FOLLOWER]: Raft consensus is shut down!
I20260709 14:54:25.738611 15637 tablet_replica.cc:333] T 05c5a632a33240239bbce57292d67546 P 860478d07a3d4de6a3d2539b07fed3a5: stopping tablet replica
I20260709 14:54:25.739094 15637 raft_consensus.cc:2243] T 05c5a632a33240239bbce57292d67546 P 860478d07a3d4de6a3d2539b07fed3a5 [term 3 LEADER]: Raft consensus shutting down.
I20260709 14:54:25.739758 15637 raft_consensus.cc:2272] T 05c5a632a33240239bbce57292d67546 P 860478d07a3d4de6a3d2539b07fed3a5 [term 3 FOLLOWER]: Raft consensus is shut down!
I20260709 14:54:25.741690 15637 tablet_replica.cc:333] T 2b3043e5227542f88893e8d130453696 P 860478d07a3d4de6a3d2539b07fed3a5: stopping tablet replica
I20260709 14:54:25.742168 15637 raft_consensus.cc:2243] T 2b3043e5227542f88893e8d130453696 P 860478d07a3d4de6a3d2539b07fed3a5 [term 1 LEADER]: Raft consensus shutting down.
I20260709 14:54:25.742854 15637 raft_consensus.cc:2272] T 2b3043e5227542f88893e8d130453696 P 860478d07a3d4de6a3d2539b07fed3a5 [term 1 FOLLOWER]: Raft consensus is shut down!
I20260709 14:54:25.744534 15637 tablet_replica.cc:333] T e612a9af986647e2a1b782302fe13de1 P 860478d07a3d4de6a3d2539b07fed3a5: stopping tablet replica
I20260709 14:54:25.745002 15637 raft_consensus.cc:2243] T e612a9af986647e2a1b782302fe13de1 P 860478d07a3d4de6a3d2539b07fed3a5 [term 2 FOLLOWER]: Raft consensus shutting down.
I20260709 14:54:25.745368 15637 raft_consensus.cc:2272] T e612a9af986647e2a1b782302fe13de1 P 860478d07a3d4de6a3d2539b07fed3a5 [term 2 FOLLOWER]: Raft consensus is shut down!
I20260709 14:54:25.746949 15637 tablet_replica.cc:333] T 3b7c7f60e49445c6bee9bc90885b5c0b P 860478d07a3d4de6a3d2539b07fed3a5: stopping tablet replica
I20260709 14:54:25.747435 15637 raft_consensus.cc:2243] T 3b7c7f60e49445c6bee9bc90885b5c0b P 860478d07a3d4de6a3d2539b07fed3a5 [term 5 FOLLOWER]: Raft consensus shutting down.
I20260709 14:54:25.747812 15637 raft_consensus.cc:2272] T 3b7c7f60e49445c6bee9bc90885b5c0b P 860478d07a3d4de6a3d2539b07fed3a5 [term 5 FOLLOWER]: Raft consensus is shut down!
I20260709 14:54:25.749609 15637 tablet_replica.cc:333] T 1cf7082728b34bdd84ad16bab540d9da P 860478d07a3d4de6a3d2539b07fed3a5: stopping tablet replica
I20260709 14:54:25.750041 15637 raft_consensus.cc:2243] T 1cf7082728b34bdd84ad16bab540d9da P 860478d07a3d4de6a3d2539b07fed3a5 [term 2 FOLLOWER]: Raft consensus shutting down.
I20260709 14:54:25.750412 15637 raft_consensus.cc:2272] T 1cf7082728b34bdd84ad16bab540d9da P 860478d07a3d4de6a3d2539b07fed3a5 [term 2 FOLLOWER]: Raft consensus is shut down!
I20260709 14:54:25.751920 15637 tablet_replica.cc:333] T 3c974b8f750448168d509ca983f07b7a P 860478d07a3d4de6a3d2539b07fed3a5: stopping tablet replica
I20260709 14:54:25.752390 15637 raft_consensus.cc:2243] T 3c974b8f750448168d509ca983f07b7a P 860478d07a3d4de6a3d2539b07fed3a5 [term 1 FOLLOWER]: Raft consensus shutting down.
I20260709 14:54:25.752764 15637 raft_consensus.cc:2272] T 3c974b8f750448168d509ca983f07b7a P 860478d07a3d4de6a3d2539b07fed3a5 [term 1 FOLLOWER]: Raft consensus is shut down!
I20260709 14:54:25.754248 15637 tablet_replica.cc:333] T b870e13ab70548da987e9228fd631614 P 860478d07a3d4de6a3d2539b07fed3a5: stopping tablet replica
I20260709 14:54:25.754664 15637 raft_consensus.cc:2243] T b870e13ab70548da987e9228fd631614 P 860478d07a3d4de6a3d2539b07fed3a5 [term 2 FOLLOWER]: Raft consensus shutting down.
I20260709 14:54:25.754992 15637 raft_consensus.cc:2272] T b870e13ab70548da987e9228fd631614 P 860478d07a3d4de6a3d2539b07fed3a5 [term 2 FOLLOWER]: Raft consensus is shut down!
I20260709 14:54:25.756647 15637 tablet_replica.cc:333] T 27a63b4830ae4502a7f42d0f5a1f58c5 P 860478d07a3d4de6a3d2539b07fed3a5: stopping tablet replica
I20260709 14:54:25.757071 15637 raft_consensus.cc:2243] T 27a63b4830ae4502a7f42d0f5a1f58c5 P 860478d07a3d4de6a3d2539b07fed3a5 [term 3 LEADER]: Raft consensus shutting down.
I20260709 14:54:25.757805 15637 raft_consensus.cc:2272] T 27a63b4830ae4502a7f42d0f5a1f58c5 P 860478d07a3d4de6a3d2539b07fed3a5 [term 3 FOLLOWER]: Raft consensus is shut down!
I20260709 14:54:25.759477 15637 tablet_replica.cc:333] T 0dff9a9ab5294725afcd6171bc4a932b P 860478d07a3d4de6a3d2539b07fed3a5: stopping tablet replica
I20260709 14:54:25.759894 15637 raft_consensus.cc:2243] T 0dff9a9ab5294725afcd6171bc4a932b P 860478d07a3d4de6a3d2539b07fed3a5 [term 5 FOLLOWER]: Raft consensus shutting down.
