I20260709 14:54:14.976235 20061 raft_consensus.cc:359] T b1c0780c282f4e19b97117d7a0c639d8 P 454f0f030091402f88d82bc9bd82329e [term 0 FOLLOWER]: Replica starting. Triggering 0 pending ops. Active config: opid_index: -1 OBSOLETE_local: false peers { permanent_uuid: "fc2760050fed440b80cbc0e2bff41043" member_type: VOTER last_known_addr { host: "127.18.203.129" port: 35129 } } peers { permanent_uuid: "454f0f030091402f88d82bc9bd82329e" member_type: VOTER last_known_addr { host: "127.18.203.130" port: 44791 } } peers { permanent_uuid: "edbe2826b40d4fc89669ac57685af2e6" member_type: VOTER last_known_addr { host: "127.18.203.131" port: 35575 } }
I20260709 14:54:14.976857 20063 ts_tablet_manager.cc:1403] T b974f801a3fd427bac3c23b4a974f32c P edbe2826b40d4fc89669ac57685af2e6: Time spent bootstrapping tablet: real 0.045s	user 0.011s	sys 0.007s
I20260709 14:54:14.977244 20061 raft_consensus.cc:385] T b1c0780c282f4e19b97117d7a0c639d8 P 454f0f030091402f88d82bc9bd82329e [term 0 FOLLOWER]: Consensus starting up: Expiring failure detector timer to make a prompt election more likely
I20260709 14:54:14.977615 20061 raft_consensus.cc:740] T b1c0780c282f4e19b97117d7a0c639d8 P 454f0f030091402f88d82bc9bd82329e [term 0 FOLLOWER]: Becoming Follower/Learner. State: Replica: 454f0f030091402f88d82bc9bd82329e, State: Initialized, Role: FOLLOWER
I20260709 14:54:14.978430 20061 consensus_queue.cc:260] T b1c0780c282f4e19b97117d7a0c639d8 P 454f0f030091402f88d82bc9bd82329e [NON_LEADER]: Queue going to NON_LEADER mode. State: All replicated index: 0, Majority replicated index: 0, Committed index: 0, Last appended: 0.0, Last appended by leader: 0, Current term: 0, Majority size: -1, State: 0, Mode: NON_LEADER, active raft config: opid_index: -1 OBSOLETE_local: false peers { permanent_uuid: "fc2760050fed440b80cbc0e2bff41043" member_type: VOTER last_known_addr { host: "127.18.203.129" port: 35129 } } peers { permanent_uuid: "454f0f030091402f88d82bc9bd82329e" member_type: VOTER last_known_addr { host: "127.18.203.130" port: 44791 } } peers { permanent_uuid: "edbe2826b40d4fc89669ac57685af2e6" member_type: VOTER last_known_addr { host: "127.18.203.131" port: 35575 } }
I20260709 14:54:14.980652 20061 ts_tablet_manager.cc:1434] T b1c0780c282f4e19b97117d7a0c639d8 P 454f0f030091402f88d82bc9bd82329e: Time spent starting tablet: real 0.007s	user 0.005s	sys 0.000s
I20260709 14:54:14.981081 19872 tablet_service.cc:1917] Received RequestConsensusVote() RPC: tablet_id: "df2573357ec54ce7a3f4aa02e1176f64" candidate_uuid: "edbe2826b40d4fc89669ac57685af2e6" candidate_term: 1 candidate_status { last_received { term: 0 index: 0 } } ignore_live_leader: false dest_uuid: "fc2760050fed440b80cbc0e2bff41043" is_pre_election: true
I20260709 14:54:14.981662 20061 tablet_bootstrap.cc:492] T 57d31beb29c24fcdbba511db8f5add2d P 454f0f030091402f88d82bc9bd82329e: Bootstrap starting.
W20260709 14:54:14.982633 19984 leader_election.cc:343] T df2573357ec54ce7a3f4aa02e1176f64 P edbe2826b40d4fc89669ac57685af2e6 [CANDIDATE]: Term 1 pre-election: Tablet error from VoteRequest() call to peer fc2760050fed440b80cbc0e2bff41043 (127.18.203.129:35129): Illegal state: must be running to vote when last-logged opid is not known
I20260709 14:54:14.983068 19984 leader_election.cc:304] T df2573357ec54ce7a3f4aa02e1176f64 P edbe2826b40d4fc89669ac57685af2e6 [CANDIDATE]: Term 1 pre-election: Election decided. Result: candidate lost. Election summary: received 3 responses out of 3 voters: 1 yes votes; 2 no votes. yes voters: edbe2826b40d4fc89669ac57685af2e6; no voters: 454f0f030091402f88d82bc9bd82329e, fc2760050fed440b80cbc0e2bff41043
I20260709 14:54:14.983062 20063 raft_consensus.cc:359] T b974f801a3fd427bac3c23b4a974f32c P edbe2826b40d4fc89669ac57685af2e6 [term 0 FOLLOWER]: Replica starting. Triggering 0 pending ops. Active config: opid_index: -1 OBSOLETE_local: false peers { permanent_uuid: "fc2760050fed440b80cbc0e2bff41043" member_type: VOTER last_known_addr { host: "127.18.203.129" port: 35129 } } peers { permanent_uuid: "454f0f030091402f88d82bc9bd82329e" member_type: VOTER last_known_addr { host: "127.18.203.130" port: 44791 } } peers { permanent_uuid: "edbe2826b40d4fc89669ac57685af2e6" member_type: VOTER last_known_addr { host: "127.18.203.131" port: 35575 } }
I20260709 14:54:14.983842 20063 raft_consensus.cc:385] T b974f801a3fd427bac3c23b4a974f32c P edbe2826b40d4fc89669ac57685af2e6 [term 0 FOLLOWER]: Consensus starting up: Expiring failure detector timer to make a prompt election more likely
I20260709 14:54:14.984118 20063 raft_consensus.cc:740] T b974f801a3fd427bac3c23b4a974f32c P edbe2826b40d4fc89669ac57685af2e6 [term 0 FOLLOWER]: Becoming Follower/Learner. State: Replica: edbe2826b40d4fc89669ac57685af2e6, State: Initialized, Role: FOLLOWER
I20260709 14:54:14.984259 20071 raft_consensus.cc:2749] T df2573357ec54ce7a3f4aa02e1176f64 P edbe2826b40d4fc89669ac57685af2e6 [term 0 FOLLOWER]: Leader pre-election lost for term 1. Reason: could not achieve majority
I20260709 14:54:14.985175 20067 raft_consensus.cc:493] T 61a0f1e12b5a483e8951d42361fa6a4d P 454f0f030091402f88d82bc9bd82329e [term 0 FOLLOWER]: Starting pre-election (no leader contacted us within the election timeout)
I20260709 14:54:14.985678 20067 raft_consensus.cc:515] T 61a0f1e12b5a483e8951d42361fa6a4d P 454f0f030091402f88d82bc9bd82329e [term 0 FOLLOWER]: Starting pre-election with config: opid_index: -1 OBSOLETE_local: false peers { permanent_uuid: "fc2760050fed440b80cbc0e2bff41043" member_type: VOTER last_known_addr { host: "127.18.203.129" port: 35129 } } peers { permanent_uuid: "454f0f030091402f88d82bc9bd82329e" member_type: VOTER last_known_addr { host: "127.18.203.130" port: 44791 } } peers { permanent_uuid: "edbe2826b40d4fc89669ac57685af2e6" member_type: VOTER last_known_addr { host: "127.18.203.131" port: 35575 } }
I20260709 14:54:14.986320 20062 tablet_bootstrap.cc:492] T b974f801a3fd427bac3c23b4a974f32c P fc2760050fed440b80cbc0e2bff41043: No bootstrap required, opened a new log
I20260709 14:54:14.986052 20063 consensus_queue.cc:260] T b974f801a3fd427bac3c23b4a974f32c P edbe2826b40d4fc89669ac57685af2e6 [NON_LEADER]: Queue going to NON_LEADER mode. State: All replicated index: 0, Majority replicated index: 0, Committed index: 0, Last appended: 0.0, Last appended by leader: 0, Current term: 0, Majority size: -1, State: 0, Mode: NON_LEADER, active raft config: opid_index: -1 OBSOLETE_local: false peers { permanent_uuid: "fc2760050fed440b80cbc0e2bff41043" member_type: VOTER last_known_addr { host: "127.18.203.129" port: 35129 } } peers { permanent_uuid: "454f0f030091402f88d82bc9bd82329e" member_type: VOTER last_known_addr { host: "127.18.203.130" port: 44791 } } peers { permanent_uuid: "edbe2826b40d4fc89669ac57685af2e6" member_type: VOTER last_known_addr { host: "127.18.203.131" port: 35575 } }
I20260709 14:54:14.986747 20062 ts_tablet_manager.cc:1403] T b974f801a3fd427bac3c23b4a974f32c P fc2760050fed440b80cbc0e2bff41043: Time spent bootstrapping tablet: real 0.034s	user 0.006s	sys 0.009s
I20260709 14:54:14.988404 20061 tablet_bootstrap.cc:654] T 57d31beb29c24fcdbba511db8f5add2d P 454f0f030091402f88d82bc9bd82329e: Neither blocks nor log segments found. Creating new log.
I20260709 14:54:14.988524 20063 ts_tablet_manager.cc:1434] T b974f801a3fd427bac3c23b4a974f32c P edbe2826b40d4fc89669ac57685af2e6: Time spent starting tablet: real 0.011s	user 0.005s	sys 0.000s
I20260709 14:54:14.989542 20063 tablet_bootstrap.cc:492] T 57d31beb29c24fcdbba511db8f5add2d P edbe2826b40d4fc89669ac57685af2e6: Bootstrap starting.
I20260709 14:54:14.991596 20062 raft_consensus.cc:359] T b974f801a3fd427bac3c23b4a974f32c P fc2760050fed440b80cbc0e2bff41043 [term 0 FOLLOWER]: Replica starting. Triggering 0 pending ops. Active config: opid_index: -1 OBSOLETE_local: false peers { permanent_uuid: "fc2760050fed440b80cbc0e2bff41043" member_type: VOTER last_known_addr { host: "127.18.203.129" port: 35129 } } peers { permanent_uuid: "454f0f030091402f88d82bc9bd82329e" member_type: VOTER last_known_addr { host: "127.18.203.130" port: 44791 } } peers { permanent_uuid: "edbe2826b40d4fc89669ac57685af2e6" member_type: VOTER last_known_addr { host: "127.18.203.131" port: 35575 } }
I20260709 14:54:14.992321 20062 raft_consensus.cc:385] T b974f801a3fd427bac3c23b4a974f32c P fc2760050fed440b80cbc0e2bff41043 [term 0 FOLLOWER]: Consensus starting up: Expiring failure detector timer to make a prompt election more likely
I20260709 14:54:14.992619 20062 raft_consensus.cc:740] T b974f801a3fd427bac3c23b4a974f32c P fc2760050fed440b80cbc0e2bff41043 [term 0 FOLLOWER]: Becoming Follower/Learner. State: Replica: fc2760050fed440b80cbc0e2bff41043, State: Initialized, Role: FOLLOWER
I20260709 14:54:14.993484 20062 consensus_queue.cc:260] T b974f801a3fd427bac3c23b4a974f32c P fc2760050fed440b80cbc0e2bff41043 [NON_LEADER]: Queue going to NON_LEADER mode. State: All replicated index: 0, Majority replicated index: 0, Committed index: 0, Last appended: 0.0, Last appended by leader: 0, Current term: 0, Majority size: -1, State: 0, Mode: NON_LEADER, active raft config: opid_index: -1 OBSOLETE_local: false peers { permanent_uuid: "fc2760050fed440b80cbc0e2bff41043" member_type: VOTER last_known_addr { host: "127.18.203.129" port: 35129 } } peers { permanent_uuid: "454f0f030091402f88d82bc9bd82329e" member_type: VOTER last_known_addr { host: "127.18.203.130" port: 44791 } } peers { permanent_uuid: "edbe2826b40d4fc89669ac57685af2e6" member_type: VOTER last_known_addr { host: "127.18.203.131" port: 35575 } }
I20260709 14:54:14.996042 20063 tablet_bootstrap.cc:654] T 57d31beb29c24fcdbba511db8f5add2d P edbe2826b40d4fc89669ac57685af2e6: Neither blocks nor log segments found. Creating new log.
I20260709 14:54:14.996687 20068 raft_consensus.cc:493] T 61a0f1e12b5a483e8951d42361fa6a4d P fc2760050fed440b80cbc0e2bff41043 [term 0 FOLLOWER]: Starting pre-election (no leader contacted us within the election timeout)
I20260709 14:54:14.997169 20068 raft_consensus.cc:515] T 61a0f1e12b5a483e8951d42361fa6a4d P fc2760050fed440b80cbc0e2bff41043 [term 0 FOLLOWER]: Starting pre-election with config: opid_index: -1 OBSOLETE_local: false peers { permanent_uuid: "fc2760050fed440b80cbc0e2bff41043" member_type: VOTER last_known_addr { host: "127.18.203.129" port: 35129 } } peers { permanent_uuid: "454f0f030091402f88d82bc9bd82329e" member_type: VOTER last_known_addr { host: "127.18.203.130" port: 44791 } } peers { permanent_uuid: "edbe2826b40d4fc89669ac57685af2e6" member_type: VOTER last_known_addr { host: "127.18.203.131" port: 35575 } }
I20260709 14:54:15.010797 20068 leader_election.cc:290] T 61a0f1e12b5a483e8951d42361fa6a4d P fc2760050fed440b80cbc0e2bff41043 [CANDIDATE]: Term 1 pre-election: Requested pre-vote from peers 454f0f030091402f88d82bc9bd82329e (127.18.203.130:44791), edbe2826b40d4fc89669ac57685af2e6 (127.18.203.131:35575)
I20260709 14:54:15.011811 20067 leader_election.cc:290] T 61a0f1e12b5a483e8951d42361fa6a4d P 454f0f030091402f88d82bc9bd82329e [CANDIDATE]: Term 1 pre-election: Requested pre-vote from peers fc2760050fed440b80cbc0e2bff41043 (127.18.203.129:35129), edbe2826b40d4fc89669ac57685af2e6 (127.18.203.131:35575)
I20260709 14:54:15.020355 20062 ts_tablet_manager.cc:1434] T b974f801a3fd427bac3c23b4a974f32c P fc2760050fed440b80cbc0e2bff41043: Time spent starting tablet: real 0.033s	user 0.008s	sys 0.000s
I20260709 14:54:15.020521 20067 raft_consensus.cc:493] T b1c0780c282f4e19b97117d7a0c639d8 P 454f0f030091402f88d82bc9bd82329e [term 0 FOLLOWER]: Starting pre-election (no leader contacted us within the election timeout)
I20260709 14:54:15.022250 20067 raft_consensus.cc:515] T b1c0780c282f4e19b97117d7a0c639d8 P 454f0f030091402f88d82bc9bd82329e [term 0 FOLLOWER]: Starting pre-election with config: opid_index: -1 OBSOLETE_local: false peers { permanent_uuid: "fc2760050fed440b80cbc0e2bff41043" member_type: VOTER last_known_addr { host: "127.18.203.129" port: 35129 } } peers { permanent_uuid: "454f0f030091402f88d82bc9bd82329e" member_type: VOTER last_known_addr { host: "127.18.203.130" port: 44791 } } peers { permanent_uuid: "edbe2826b40d4fc89669ac57685af2e6" member_type: VOTER last_known_addr { host: "127.18.203.131" port: 35575 } }
I20260709 14:54:15.024744 20067 leader_election.cc:290] T b1c0780c282f4e19b97117d7a0c639d8 P 454f0f030091402f88d82bc9bd82329e [CANDIDATE]: Term 1 pre-election: Requested pre-vote from peers fc2760050fed440b80cbc0e2bff41043 (127.18.203.129:35129), edbe2826b40d4fc89669ac57685af2e6 (127.18.203.131:35575)
I20260709 14:54:15.031180 20062 tablet_bootstrap.cc:492] T c15c17b6358e44a4aaccf7bddc90c14b P fc2760050fed440b80cbc0e2bff41043: Bootstrap starting.
I20260709 14:54:15.035574 20068 raft_consensus.cc:493] T 8ef81f3eb5be467c9c77815d05535cbf P fc2760050fed440b80cbc0e2bff41043 [term 0 FOLLOWER]: Starting pre-election (no leader contacted us within the election timeout)
I20260709 14:54:15.036186 20068 raft_consensus.cc:515] T 8ef81f3eb5be467c9c77815d05535cbf P fc2760050fed440b80cbc0e2bff41043 [term 0 FOLLOWER]: Starting pre-election with config: opid_index: -1 OBSOLETE_local: false peers { permanent_uuid: "fc2760050fed440b80cbc0e2bff41043" member_type: VOTER last_known_addr { host: "127.18.203.129" port: 35129 } } peers { permanent_uuid: "454f0f030091402f88d82bc9bd82329e" member_type: VOTER last_known_addr { host: "127.18.203.130" port: 44791 } } peers { permanent_uuid: "edbe2826b40d4fc89669ac57685af2e6" member_type: VOTER last_known_addr { host: "127.18.203.131" port: 35575 } }
I20260709 14:54:15.041834 20071 raft_consensus.cc:493] T b974f801a3fd427bac3c23b4a974f32c P edbe2826b40d4fc89669ac57685af2e6 [term 0 FOLLOWER]: Starting pre-election (no leader contacted us within the election timeout)
I20260709 14:54:15.042435 20071 raft_consensus.cc:515] T b974f801a3fd427bac3c23b4a974f32c P edbe2826b40d4fc89669ac57685af2e6 [term 0 FOLLOWER]: Starting pre-election with config: opid_index: -1 OBSOLETE_local: false peers { permanent_uuid: "fc2760050fed440b80cbc0e2bff41043" member_type: VOTER last_known_addr { host: "127.18.203.129" port: 35129 } } peers { permanent_uuid: "454f0f030091402f88d82bc9bd82329e" member_type: VOTER last_known_addr { host: "127.18.203.130" port: 44791 } } peers { permanent_uuid: "edbe2826b40d4fc89669ac57685af2e6" member_type: VOTER last_known_addr { host: "127.18.203.131" port: 35575 } }
I20260709 14:54:15.046897 19947 tablet_service.cc:1917] Received RequestConsensusVote() RPC: tablet_id: "b974f801a3fd427bac3c23b4a974f32c" candidate_uuid: "edbe2826b40d4fc89669ac57685af2e6" candidate_term: 1 candidate_status { last_received { term: 0 index: 0 } } ignore_live_leader: false dest_uuid: "454f0f030091402f88d82bc9bd82329e" is_pre_election: true
I20260709 14:54:15.047709 19947 raft_consensus.cc:2468] T b974f801a3fd427bac3c23b4a974f32c P 454f0f030091402f88d82bc9bd82329e [term 0 FOLLOWER]: Leader pre-election vote request: Granting yes vote for candidate edbe2826b40d4fc89669ac57685af2e6 in term 0.
I20260709 14:54:15.048646 20071 leader_election.cc:290] T b974f801a3fd427bac3c23b4a974f32c P edbe2826b40d4fc89669ac57685af2e6 [CANDIDATE]: Term 1 pre-election: Requested pre-vote from peers fc2760050fed440b80cbc0e2bff41043 (127.18.203.129:35129), 454f0f030091402f88d82bc9bd82329e (127.18.203.130:44791)
I20260709 14:54:15.049911 19986 leader_election.cc:304] T b974f801a3fd427bac3c23b4a974f32c P edbe2826b40d4fc89669ac57685af2e6 [CANDIDATE]: Term 1 pre-election: Election decided. Result: candidate won. Election summary: received 2 responses out of 3 voters: 2 yes votes; 0 no votes. yes voters: 454f0f030091402f88d82bc9bd82329e, edbe2826b40d4fc89669ac57685af2e6; no voters: 
I20260709 14:54:15.052055 19946 tablet_service.cc:1917] Received RequestConsensusVote() RPC: tablet_id: "8ef81f3eb5be467c9c77815d05535cbf" candidate_uuid: "fc2760050fed440b80cbc0e2bff41043" candidate_term: 1 candidate_status { last_received { term: 0 index: 0 } } ignore_live_leader: false dest_uuid: "454f0f030091402f88d82bc9bd82329e" is_pre_election: true
I20260709 14:54:15.053906 19872 tablet_service.cc:1917] Received RequestConsensusVote() RPC: tablet_id: "b974f801a3fd427bac3c23b4a974f32c" candidate_uuid: "edbe2826b40d4fc89669ac57685af2e6" candidate_term: 1 candidate_status { last_received { term: 0 index: 0 } } ignore_live_leader: false dest_uuid: "fc2760050fed440b80cbc0e2bff41043" is_pre_election: true
I20260709 14:54:15.054544 19872 raft_consensus.cc:2468] T b974f801a3fd427bac3c23b4a974f32c P fc2760050fed440b80cbc0e2bff41043 [term 0 FOLLOWER]: Leader pre-election vote request: Granting yes vote for candidate edbe2826b40d4fc89669ac57685af2e6 in term 0.
I20260709 14:54:15.057667 20062 tablet_bootstrap.cc:654] T c15c17b6358e44a4aaccf7bddc90c14b P fc2760050fed440b80cbc0e2bff41043: Neither blocks nor log segments found. Creating new log.
I20260709 14:54:15.058254 20020 tablet_service.cc:1917] Received RequestConsensusVote() RPC: tablet_id: "b1c0780c282f4e19b97117d7a0c639d8" candidate_uuid: "454f0f030091402f88d82bc9bd82329e" candidate_term: 1 candidate_status { last_received { term: 0 index: 0 } } ignore_live_leader: false dest_uuid: "edbe2826b40d4fc89669ac57685af2e6" is_pre_election: true
I20260709 14:54:15.058574 20061 tablet_bootstrap.cc:492] T 57d31beb29c24fcdbba511db8f5add2d P 454f0f030091402f88d82bc9bd82329e: No bootstrap required, opened a new log
I20260709 14:54:15.057441 20021 tablet_service.cc:1917] Received RequestConsensusVote() RPC: tablet_id: "61a0f1e12b5a483e8951d42361fa6a4d" candidate_uuid: "454f0f030091402f88d82bc9bd82329e" candidate_term: 1 candidate_status { last_received { term: 0 index: 0 } } ignore_live_leader: false dest_uuid: "edbe2826b40d4fc89669ac57685af2e6" is_pre_election: true
I20260709 14:54:15.059273 20061 ts_tablet_manager.cc:1403] T 57d31beb29c24fcdbba511db8f5add2d P 454f0f030091402f88d82bc9bd82329e: Time spent bootstrapping tablet: real 0.078s	user 0.031s	sys 0.018s
W20260709 14:54:15.060559 19837 leader_election.cc:343] T 8ef81f3eb5be467c9c77815d05535cbf P fc2760050fed440b80cbc0e2bff41043 [CANDIDATE]: Term 1 pre-election: Tablet error from VoteRequest() call to peer 454f0f030091402f88d82bc9bd82329e (127.18.203.130:44791): Illegal state: must be running to vote when last-logged opid is not known
I20260709 14:54:15.061354 20063 tablet_bootstrap.cc:492] T 57d31beb29c24fcdbba511db8f5add2d P edbe2826b40d4fc89669ac57685af2e6: No bootstrap required, opened a new log
I20260709 14:54:15.061816 20063 ts_tablet_manager.cc:1403] T 57d31beb29c24fcdbba511db8f5add2d P edbe2826b40d4fc89669ac57685af2e6: Time spent bootstrapping tablet: real 0.072s	user 0.027s	sys 0.041s
I20260709 14:54:15.061558 19947 tablet_service.cc:1917] Received RequestConsensusVote() RPC: tablet_id: "61a0f1e12b5a483e8951d42361fa6a4d" candidate_uuid: "fc2760050fed440b80cbc0e2bff41043" candidate_term: 1 candidate_status { last_received { term: 0 index: 0 } } ignore_live_leader: false dest_uuid: "454f0f030091402f88d82bc9bd82329e" is_pre_election: true
I20260709 14:54:15.062381 19947 raft_consensus.cc:2468] T 61a0f1e12b5a483e8951d42361fa6a4d P 454f0f030091402f88d82bc9bd82329e [term 0 FOLLOWER]: Leader pre-election vote request: Granting yes vote for candidate fc2760050fed440b80cbc0e2bff41043 in term 0.
I20260709 14:54:15.062620 20061 raft_consensus.cc:359] T 57d31beb29c24fcdbba511db8f5add2d P 454f0f030091402f88d82bc9bd82329e [term 0 FOLLOWER]: Replica starting. Triggering 0 pending ops. Active config: opid_index: -1 OBSOLETE_local: false peers { permanent_uuid: "fc2760050fed440b80cbc0e2bff41043" member_type: VOTER last_known_addr { host: "127.18.203.129" port: 35129 } } peers { permanent_uuid: "454f0f030091402f88d82bc9bd82329e" member_type: VOTER last_known_addr { host: "127.18.203.130" port: 44791 } } peers { permanent_uuid: "edbe2826b40d4fc89669ac57685af2e6" member_type: VOTER last_known_addr { host: "127.18.203.131" port: 35575 } }
I20260709 14:54:15.063463 20061 raft_consensus.cc:385] T 57d31beb29c24fcdbba511db8f5add2d P 454f0f030091402f88d82bc9bd82329e [term 0 FOLLOWER]: Consensus starting up: Expiring failure detector timer to make a prompt election more likely
I20260709 14:54:15.063819 20061 raft_consensus.cc:740] T 57d31beb29c24fcdbba511db8f5add2d P 454f0f030091402f88d82bc9bd82329e [term 0 FOLLOWER]: Becoming Follower/Learner. State: Replica: 454f0f030091402f88d82bc9bd82329e, State: Initialized, Role: FOLLOWER
I20260709 14:54:15.064035 19837 leader_election.cc:304] T 61a0f1e12b5a483e8951d42361fa6a4d P fc2760050fed440b80cbc0e2bff41043 [CANDIDATE]: Term 1 pre-election: Election decided. Result: candidate won. Election summary: received 2 responses out of 3 voters: 2 yes votes; 0 no votes. yes voters: 454f0f030091402f88d82bc9bd82329e, fc2760050fed440b80cbc0e2bff41043; no voters: 
I20260709 14:54:15.064652 20063 raft_consensus.cc:359] T 57d31beb29c24fcdbba511db8f5add2d P edbe2826b40d4fc89669ac57685af2e6 [term 0 FOLLOWER]: Replica starting. Triggering 0 pending ops. Active config: opid_index: -1 OBSOLETE_local: false peers { permanent_uuid: "fc2760050fed440b80cbc0e2bff41043" member_type: VOTER last_known_addr { host: "127.18.203.129" port: 35129 } } peers { permanent_uuid: "454f0f030091402f88d82bc9bd82329e" member_type: VOTER last_known_addr { host: "127.18.203.130" port: 44791 } } peers { permanent_uuid: "edbe2826b40d4fc89669ac57685af2e6" member_type: VOTER last_known_addr { host: "127.18.203.131" port: 35575 } }
I20260709 14:54:15.064574 20061 consensus_queue.cc:260] T 57d31beb29c24fcdbba511db8f5add2d P 454f0f030091402f88d82bc9bd82329e [NON_LEADER]: Queue going to NON_LEADER mode. State: All replicated index: 0, Majority replicated index: 0, Committed index: 0, Last appended: 0.0, Last appended by leader: 0, Current term: 0, Majority size: -1, State: 0, Mode: NON_LEADER, active raft config: opid_index: -1 OBSOLETE_local: false peers { permanent_uuid: "fc2760050fed440b80cbc0e2bff41043" member_type: VOTER last_known_addr { host: "127.18.203.129" port: 35129 } } peers { permanent_uuid: "454f0f030091402f88d82bc9bd82329e" member_type: VOTER last_known_addr { host: "127.18.203.130" port: 44791 } } peers { permanent_uuid: "edbe2826b40d4fc89669ac57685af2e6" member_type: VOTER last_known_addr { host: "127.18.203.131" port: 35575 } }
I20260709 14:54:15.065620 20063 raft_consensus.cc:385] T 57d31beb29c24fcdbba511db8f5add2d P edbe2826b40d4fc89669ac57685af2e6 [term 0 FOLLOWER]: Consensus starting up: Expiring failure detector timer to make a prompt election more likely
I20260709 14:54:15.065964 20063 raft_consensus.cc:740] T 57d31beb29c24fcdbba511db8f5add2d P edbe2826b40d4fc89669ac57685af2e6 [term 0 FOLLOWER]: Becoming Follower/Learner. State: Replica: edbe2826b40d4fc89669ac57685af2e6, State: Initialized, Role: FOLLOWER
W20260709 14:54:15.066124 19913 leader_election.cc:343] T b1c0780c282f4e19b97117d7a0c639d8 P 454f0f030091402f88d82bc9bd82329e [CANDIDATE]: Term 1 pre-election: Tablet error from VoteRequest() call to peer edbe2826b40d4fc89669ac57685af2e6 (127.18.203.131:35575): Illegal state: must be running to vote when last-logged opid is not known
I20260709 14:54:15.066712 20063 consensus_queue.cc:260] T 57d31beb29c24fcdbba511db8f5add2d P edbe2826b40d4fc89669ac57685af2e6 [NON_LEADER]: Queue going to NON_LEADER mode. State: All replicated index: 0, Majority replicated index: 0, Committed index: 0, Last appended: 0.0, Last appended by leader: 0, Current term: 0, Majority size: -1, State: 0, Mode: NON_LEADER, active raft config: opid_index: -1 OBSOLETE_local: false peers { permanent_uuid: "fc2760050fed440b80cbc0e2bff41043" member_type: VOTER last_known_addr { host: "127.18.203.129" port: 35129 } } peers { permanent_uuid: "454f0f030091402f88d82bc9bd82329e" member_type: VOTER last_known_addr { host: "127.18.203.130" port: 44791 } } peers { permanent_uuid: "edbe2826b40d4fc89669ac57685af2e6" member_type: VOTER last_known_addr { host: "127.18.203.131" port: 35575 } }
W20260709 14:54:15.067657 19913 leader_election.cc:343] T 61a0f1e12b5a483e8951d42361fa6a4d P 454f0f030091402f88d82bc9bd82329e [CANDIDATE]: Term 1 pre-election: Tablet error from VoteRequest() call to peer edbe2826b40d4fc89669ac57685af2e6 (127.18.203.131:35575): Illegal state: must be running to vote when last-logged opid is not known
I20260709 14:54:15.068462 20071 raft_consensus.cc:2804] T b974f801a3fd427bac3c23b4a974f32c P edbe2826b40d4fc89669ac57685af2e6 [term 0 FOLLOWER]: Leader pre-election won for term 1
I20260709 14:54:15.070722 20071 raft_consensus.cc:493] T b974f801a3fd427bac3c23b4a974f32c P edbe2826b40d4fc89669ac57685af2e6 [term 0 FOLLOWER]: Starting leader election (no leader contacted us within the election timeout)
I20260709 14:54:15.071210 20071 raft_consensus.cc:3060] T b974f801a3fd427bac3c23b4a974f32c P edbe2826b40d4fc89669ac57685af2e6 [term 0 FOLLOWER]: Advancing to term 1
I20260709 14:54:15.076928 20061 ts_tablet_manager.cc:1434] T 57d31beb29c24fcdbba511db8f5add2d P 454f0f030091402f88d82bc9bd82329e: Time spent starting tablet: real 0.017s	user 0.007s	sys 0.000s
I20260709 14:54:15.082417 20061 tablet_bootstrap.cc:492] T df2573357ec54ce7a3f4aa02e1176f64 P 454f0f030091402f88d82bc9bd82329e: Bootstrap starting.
I20260709 14:54:15.041247 20068 leader_election.cc:290] T 8ef81f3eb5be467c9c77815d05535cbf P fc2760050fed440b80cbc0e2bff41043 [CANDIDATE]: Term 1 pre-election: Requested pre-vote from peers 454f0f030091402f88d82bc9bd82329e (127.18.203.130:44791), edbe2826b40d4fc89669ac57685af2e6 (127.18.203.131:35575)
I20260709 14:54:15.085968 20067 raft_consensus.cc:493] T 39814f8de12842eea1401ee11bb80347 P 454f0f030091402f88d82bc9bd82329e [term 0 FOLLOWER]: Starting pre-election (no leader contacted us within the election timeout)
I20260709 14:54:15.086439 20067 raft_consensus.cc:515] T 39814f8de12842eea1401ee11bb80347 P 454f0f030091402f88d82bc9bd82329e [term 0 FOLLOWER]: Starting pre-election with config: opid_index: -1 OBSOLETE_local: false peers { permanent_uuid: "fc2760050fed440b80cbc0e2bff41043" member_type: VOTER last_known_addr { host: "127.18.203.129" port: 35129 } } peers { permanent_uuid: "454f0f030091402f88d82bc9bd82329e" member_type: VOTER last_known_addr { host: "127.18.203.130" port: 44791 } } peers { permanent_uuid: "edbe2826b40d4fc89669ac57685af2e6" member_type: VOTER last_known_addr { host: "127.18.203.131" port: 35575 } }
I20260709 14:54:15.086807 20068 raft_consensus.cc:493] T b974f801a3fd427bac3c23b4a974f32c P fc2760050fed440b80cbc0e2bff41043 [term 0 FOLLOWER]: Starting pre-election (no leader contacted us within the election timeout)
I20260709 14:54:15.087438 20068 raft_consensus.cc:515] T b974f801a3fd427bac3c23b4a974f32c P fc2760050fed440b80cbc0e2bff41043 [term 0 FOLLOWER]: Starting pre-election with config: opid_index: -1 OBSOLETE_local: false peers { permanent_uuid: "fc2760050fed440b80cbc0e2bff41043" member_type: VOTER last_known_addr { host: "127.18.203.129" port: 35129 } } peers { permanent_uuid: "454f0f030091402f88d82bc9bd82329e" member_type: VOTER last_known_addr { host: "127.18.203.130" port: 44791 } } peers { permanent_uuid: "edbe2826b40d4fc89669ac57685af2e6" member_type: VOTER last_known_addr { host: "127.18.203.131" port: 35575 } }
I20260709 14:54:15.088536 20067 leader_election.cc:290] T 39814f8de12842eea1401ee11bb80347 P 454f0f030091402f88d82bc9bd82329e [CANDIDATE]: Term 1 pre-election: Requested pre-vote from peers fc2760050fed440b80cbc0e2bff41043 (127.18.203.129:35129), edbe2826b40d4fc89669ac57685af2e6 (127.18.203.131:35575)
I20260709 14:54:15.088728 20061 tablet_bootstrap.cc:654] T df2573357ec54ce7a3f4aa02e1176f64 P 454f0f030091402f88d82bc9bd82329e: Neither blocks nor log segments found. Creating new log.
I20260709 14:54:15.090440 20021 tablet_service.cc:1917] Received RequestConsensusVote() RPC: tablet_id: "39814f8de12842eea1401ee11bb80347" candidate_uuid: "454f0f030091402f88d82bc9bd82329e" candidate_term: 1 candidate_status { last_received { term: 0 index: 0 } } ignore_live_leader: false dest_uuid: "edbe2826b40d4fc89669ac57685af2e6" is_pre_election: true
I20260709 14:54:15.091236 20021 raft_consensus.cc:2468] T 39814f8de12842eea1401ee11bb80347 P edbe2826b40d4fc89669ac57685af2e6 [term 0 FOLLOWER]: Leader pre-election vote request: Granting yes vote for candidate 454f0f030091402f88d82bc9bd82329e in term 0.
I20260709 14:54:15.092752 19913 leader_election.cc:304] T 39814f8de12842eea1401ee11bb80347 P 454f0f030091402f88d82bc9bd82329e [CANDIDATE]: Term 1 pre-election: Election decided. Result: candidate won. Election summary: received 2 responses out of 3 voters: 2 yes votes; 0 no votes. yes voters: 454f0f030091402f88d82bc9bd82329e, edbe2826b40d4fc89669ac57685af2e6; no voters: 
I20260709 14:54:15.093930 20067 raft_consensus.cc:2804] T 39814f8de12842eea1401ee11bb80347 P 454f0f030091402f88d82bc9bd82329e [term 0 FOLLOWER]: Leader pre-election won for term 1
I20260709 14:54:15.094388 20067 raft_consensus.cc:493] T 39814f8de12842eea1401ee11bb80347 P 454f0f030091402f88d82bc9bd82329e [term 0 FOLLOWER]: Starting leader election (no leader contacted us within the election timeout)
I20260709 14:54:15.094801 20067 raft_consensus.cc:3060] T 39814f8de12842eea1401ee11bb80347 P 454f0f030091402f88d82bc9bd82329e [term 0 FOLLOWER]: Advancing to term 1
I20260709 14:54:15.124006 20068 leader_election.cc:290] T b974f801a3fd427bac3c23b4a974f32c P fc2760050fed440b80cbc0e2bff41043 [CANDIDATE]: Term 1 pre-election: Requested pre-vote from peers 454f0f030091402f88d82bc9bd82329e (127.18.203.130:44791), edbe2826b40d4fc89669ac57685af2e6 (127.18.203.131:35575)
I20260709 14:54:15.124812 20068 raft_consensus.cc:2804] T 61a0f1e12b5a483e8951d42361fa6a4d P fc2760050fed440b80cbc0e2bff41043 [term 0 FOLLOWER]: Leader pre-election won for term 1
I20260709 14:54:15.125277 20068 raft_consensus.cc:493] T 61a0f1e12b5a483e8951d42361fa6a4d P fc2760050fed440b80cbc0e2bff41043 [term 0 FOLLOWER]: Starting leader election (no leader contacted us within the election timeout)
I20260709 14:54:15.131170 20067 raft_consensus.cc:515] T 39814f8de12842eea1401ee11bb80347 P 454f0f030091402f88d82bc9bd82329e [term 1 FOLLOWER]: Starting leader election with config: opid_index: -1 OBSOLETE_local: false peers { permanent_uuid: "fc2760050fed440b80cbc0e2bff41043" member_type: VOTER last_known_addr { host: "127.18.203.129" port: 35129 } } peers { permanent_uuid: "454f0f030091402f88d82bc9bd82329e" member_type: VOTER last_known_addr { host: "127.18.203.130" port: 44791 } } peers { permanent_uuid: "edbe2826b40d4fc89669ac57685af2e6" member_type: VOTER last_known_addr { host: "127.18.203.131" port: 35575 } }
I20260709 14:54:15.142925 20090 raft_consensus.cc:493] T 57d31beb29c24fcdbba511db8f5add2d P edbe2826b40d4fc89669ac57685af2e6 [term 0 FOLLOWER]: Starting pre-election (no leader contacted us within the election timeout)
I20260709 14:54:15.143610 20090 raft_consensus.cc:515] T 57d31beb29c24fcdbba511db8f5add2d P edbe2826b40d4fc89669ac57685af2e6 [term 0 FOLLOWER]: Starting pre-election with config: opid_index: -1 OBSOLETE_local: false peers { permanent_uuid: "fc2760050fed440b80cbc0e2bff41043" member_type: VOTER last_known_addr { host: "127.18.203.129" port: 35129 } } peers { permanent_uuid: "454f0f030091402f88d82bc9bd82329e" member_type: VOTER last_known_addr { host: "127.18.203.130" port: 44791 } } peers { permanent_uuid: "edbe2826b40d4fc89669ac57685af2e6" member_type: VOTER last_known_addr { host: "127.18.203.131" port: 35575 } }
W20260709 14:54:15.145974 19837 outbound_call.cc:321] RPC callback for RPC call kudu.consensus.ConsensusService.RequestConsensusVote -> {remote=127.18.203.130:44791, user_credentials={real_user=slave}} blocked reactor thread for 82011.2us
I20260709 14:54:15.148192 19947 tablet_service.cc:1917] Received RequestConsensusVote() RPC: tablet_id: "b974f801a3fd427bac3c23b4a974f32c" candidate_uuid: "fc2760050fed440b80cbc0e2bff41043" candidate_term: 1 candidate_status { last_received { term: 0 index: 0 } } ignore_live_leader: false dest_uuid: "454f0f030091402f88d82bc9bd82329e" is_pre_election: true
I20260709 14:54:15.149084 19947 raft_consensus.cc:2468] T b974f801a3fd427bac3c23b4a974f32c P 454f0f030091402f88d82bc9bd82329e [term 0 FOLLOWER]: Leader pre-election vote request: Granting yes vote for candidate fc2760050fed440b80cbc0e2bff41043 in term 0.
I20260709 14:54:15.157727 19872 tablet_service.cc:1917] Received RequestConsensusVote() RPC: tablet_id: "57d31beb29c24fcdbba511db8f5add2d" candidate_uuid: "edbe2826b40d4fc89669ac57685af2e6" candidate_term: 1 candidate_status { last_received { term: 0 index: 0 } } ignore_live_leader: false dest_uuid: "fc2760050fed440b80cbc0e2bff41043" is_pre_election: true
W20260709 14:54:15.159785 19984 leader_election.cc:343] T 57d31beb29c24fcdbba511db8f5add2d P edbe2826b40d4fc89669ac57685af2e6 [CANDIDATE]: Term 1 pre-election: Tablet error from VoteRequest() call to peer fc2760050fed440b80cbc0e2bff41043 (127.18.203.129:35129): Illegal state: must be running to vote when last-logged opid is not known
I20260709 14:54:15.165498 19837 leader_election.cc:304] T b974f801a3fd427bac3c23b4a974f32c P fc2760050fed440b80cbc0e2bff41043 [CANDIDATE]: Term 1 pre-election: Election decided. Result: candidate won. Election summary: received 2 responses out of 3 voters: 2 yes votes; 0 no votes. yes voters: 454f0f030091402f88d82bc9bd82329e, fc2760050fed440b80cbc0e2bff41043; no voters: 
W20260709 14:54:15.166724 19818 auto_rebalancer.cc:288] Could not retrieve cluster info: Service unavailable: Tablet not running
I20260709 14:54:15.166699 20086 raft_consensus.cc:2804] T b974f801a3fd427bac3c23b4a974f32c P fc2760050fed440b80cbc0e2bff41043 [term 0 FOLLOWER]: Leader pre-election won for term 1
I20260709 14:54:15.125694 20068 raft_consensus.cc:3060] T 61a0f1e12b5a483e8951d42361fa6a4d P fc2760050fed440b80cbc0e2bff41043 [term 0 FOLLOWER]: Advancing to term 1
I20260709 14:54:15.167379 20086 raft_consensus.cc:493] T b974f801a3fd427bac3c23b4a974f32c P fc2760050fed440b80cbc0e2bff41043 [term 0 FOLLOWER]: Starting leader election (no leader contacted us within the election timeout)
I20260709 14:54:15.167870 20086 raft_consensus.cc:3060] T b974f801a3fd427bac3c23b4a974f32c P fc2760050fed440b80cbc0e2bff41043 [term 0 FOLLOWER]: Advancing to term 1
I20260709 14:54:15.171522 19872 tablet_service.cc:1917] Received RequestConsensusVote() RPC: tablet_id: "61a0f1e12b5a483e8951d42361fa6a4d" candidate_uuid: "454f0f030091402f88d82bc9bd82329e" candidate_term: 1 candidate_status { last_received { term: 0 index: 0 } } ignore_live_leader: false dest_uuid: "fc2760050fed440b80cbc0e2bff41043" is_pre_election: true
I20260709 14:54:15.173121 19871 tablet_service.cc:1917] Received RequestConsensusVote() RPC: tablet_id: "b1c0780c282f4e19b97117d7a0c639d8" candidate_uuid: "454f0f030091402f88d82bc9bd82329e" candidate_term: 1 candidate_status { last_received { term: 0 index: 0 } } ignore_live_leader: false dest_uuid: "fc2760050fed440b80cbc0e2bff41043" is_pre_election: true
I20260709 14:54:15.174098 20021 tablet_service.cc:1917] Received RequestConsensusVote() RPC: tablet_id: "61a0f1e12b5a483e8951d42361fa6a4d" candidate_uuid: "fc2760050fed440b80cbc0e2bff41043" candidate_term: 1 candidate_status { last_received { term: 0 index: 0 } } ignore_live_leader: false dest_uuid: "edbe2826b40d4fc89669ac57685af2e6" is_pre_election: true
I20260709 14:54:15.174813 19870 tablet_service.cc:1917] Received RequestConsensusVote() RPC: tablet_id: "39814f8de12842eea1401ee11bb80347" candidate_uuid: "454f0f030091402f88d82bc9bd82329e" candidate_term: 1 candidate_status { last_received { term: 0 index: 0 } } ignore_live_leader: false dest_uuid: "fc2760050fed440b80cbc0e2bff41043" is_pre_election: true
I20260709 14:54:15.176419 20021 tablet_service.cc:1917] Received RequestConsensusVote() RPC: tablet_id: "8ef81f3eb5be467c9c77815d05535cbf" candidate_uuid: "fc2760050fed440b80cbc0e2bff41043" candidate_term: 1 candidate_status { last_received { term: 0 index: 0 } } ignore_live_leader: false dest_uuid: "edbe2826b40d4fc89669ac57685af2e6" is_pre_election: true
I20260709 14:54:15.176357 19869 tablet_service.cc:1917] Received RequestConsensusVote() RPC: tablet_id: "39814f8de12842eea1401ee11bb80347" candidate_uuid: "454f0f030091402f88d82bc9bd82329e" candidate_term: 1 candidate_status { last_received { term: 0 index: 0 } } ignore_live_leader: false dest_uuid: "fc2760050fed440b80cbc0e2bff41043"
I20260709 14:54:15.178452 20021 tablet_service.cc:1917] Received RequestConsensusVote() RPC: tablet_id: "b974f801a3fd427bac3c23b4a974f32c" candidate_uuid: "fc2760050fed440b80cbc0e2bff41043" candidate_term: 1 candidate_status { last_received { term: 0 index: 0 } } ignore_live_leader: false dest_uuid: "edbe2826b40d4fc89669ac57685af2e6" is_pre_election: true
W20260709 14:54:15.179796 19910 leader_election.cc:343] T b1c0780c282f4e19b97117d7a0c639d8 P 454f0f030091402f88d82bc9bd82329e [CANDIDATE]: Term 1 pre-election: Tablet error from VoteRequest() call to peer fc2760050fed440b80cbc0e2bff41043 (127.18.203.129:35129): Illegal state: must be running to vote when last-logged opid is not known
I20260709 14:54:15.180245 19910 leader_election.cc:304] T b1c0780c282f4e19b97117d7a0c639d8 P 454f0f030091402f88d82bc9bd82329e [CANDIDATE]: Term 1 pre-election: Election decided. Result: candidate lost. Election summary: received 3 responses out of 3 voters: 1 yes votes; 2 no votes. yes voters: 454f0f030091402f88d82bc9bd82329e; no voters: edbe2826b40d4fc89669ac57685af2e6, fc2760050fed440b80cbc0e2bff41043
I20260709 14:54:15.180706 20086 raft_consensus.cc:515] T b974f801a3fd427bac3c23b4a974f32c P fc2760050fed440b80cbc0e2bff41043 [term 1 FOLLOWER]: Starting leader election with config: opid_index: -1 OBSOLETE_local: false peers { permanent_uuid: "fc2760050fed440b80cbc0e2bff41043" member_type: VOTER last_known_addr { host: "127.18.203.129" port: 35129 } } peers { permanent_uuid: "454f0f030091402f88d82bc9bd82329e" member_type: VOTER last_known_addr { host: "127.18.203.130" port: 44791 } } peers { permanent_uuid: "edbe2826b40d4fc89669ac57685af2e6" member_type: VOTER last_known_addr { host: "127.18.203.131" port: 35575 } }
I20260709 14:54:15.184038 19947 tablet_service.cc:1917] Received RequestConsensusVote() RPC: tablet_id: "b974f801a3fd427bac3c23b4a974f32c" candidate_uuid: "fc2760050fed440b80cbc0e2bff41043" candidate_term: 1 candidate_status { last_received { term: 0 index: 0 } } ignore_live_leader: false dest_uuid: "454f0f030091402f88d82bc9bd82329e"
I20260709 14:54:15.184758 19947 raft_consensus.cc:3060] T b974f801a3fd427bac3c23b4a974f32c P 454f0f030091402f88d82bc9bd82329e [term 0 FOLLOWER]: Advancing to term 1
W20260709 14:54:15.186444 19838 leader_election.cc:343] T 61a0f1e12b5a483e8951d42361fa6a4d P fc2760050fed440b80cbc0e2bff41043 [CANDIDATE]: Term 1 pre-election: Tablet error from VoteRequest() call to peer edbe2826b40d4fc89669ac57685af2e6 (127.18.203.131:35575): Illegal state: must be running to vote when last-logged opid is not known
W20260709 14:54:15.187400 19838 leader_election.cc:343] T 8ef81f3eb5be467c9c77815d05535cbf P fc2760050fed440b80cbc0e2bff41043 [CANDIDATE]: Term 1 pre-election: Tablet error from VoteRequest() call to peer edbe2826b40d4fc89669ac57685af2e6 (127.18.203.131:35575): Illegal state: must be running to vote when last-logged opid is not known
I20260709 14:54:15.187817 19838 leader_election.cc:304] T 8ef81f3eb5be467c9c77815d05535cbf P fc2760050fed440b80cbc0e2bff41043 [CANDIDATE]: Term 1 pre-election: Election decided. Result: candidate lost. Election summary: received 3 responses out of 3 voters: 1 yes votes; 2 no votes. yes voters: fc2760050fed440b80cbc0e2bff41043; no voters: 454f0f030091402f88d82bc9bd82329e, edbe2826b40d4fc89669ac57685af2e6
I20260709 14:54:15.190205 20020 tablet_service.cc:1917] Received RequestConsensusVote() RPC: tablet_id: "39814f8de12842eea1401ee11bb80347" candidate_uuid: "454f0f030091402f88d82bc9bd82329e" candidate_term: 1 candidate_status { last_received { term: 0 index: 0 } } ignore_live_leader: false dest_uuid: "edbe2826b40d4fc89669ac57685af2e6"
I20260709 14:54:15.190763 20020 raft_consensus.cc:3060] T 39814f8de12842eea1401ee11bb80347 P edbe2826b40d4fc89669ac57685af2e6 [term 0 FOLLOWER]: Advancing to term 1
I20260709 14:54:15.191855 19947 raft_consensus.cc:2468] T b974f801a3fd427bac3c23b4a974f32c P 454f0f030091402f88d82bc9bd82329e [term 1 FOLLOWER]: Leader election vote request: Granting yes vote for candidate fc2760050fed440b80cbc0e2bff41043 in term 1.
I20260709 14:54:15.193090 19837 leader_election.cc:304] T b974f801a3fd427bac3c23b4a974f32c P fc2760050fed440b80cbc0e2bff41043 [CANDIDATE]: Term 1 election: Election decided. Result: candidate won. Election summary: received 2 responses out of 3 voters: 2 yes votes; 0 no votes. yes voters: 454f0f030091402f88d82bc9bd82329e, fc2760050fed440b80cbc0e2bff41043; no voters: 
I20260709 14:54:15.197542 20086 leader_election.cc:290] T b974f801a3fd427bac3c23b4a974f32c P fc2760050fed440b80cbc0e2bff41043 [CANDIDATE]: Term 1 election: Requested vote from peers 454f0f030091402f88d82bc9bd82329e (127.18.203.130:44791), edbe2826b40d4fc89669ac57685af2e6 (127.18.203.131:35575)
I20260709 14:54:15.198746 20020 raft_consensus.cc:2468] T 39814f8de12842eea1401ee11bb80347 P edbe2826b40d4fc89669ac57685af2e6 [term 1 FOLLOWER]: Leader election vote request: Granting yes vote for candidate 454f0f030091402f88d82bc9bd82329e in term 1.
I20260709 14:54:15.200353 19913 leader_election.cc:304] T 39814f8de12842eea1401ee11bb80347 P 454f0f030091402f88d82bc9bd82329e [CANDIDATE]: Term 1 election: Election decided. Result: candidate won. Election summary: received 2 responses out of 3 voters: 2 yes votes; 0 no votes. yes voters: 454f0f030091402f88d82bc9bd82329e, edbe2826b40d4fc89669ac57685af2e6; no voters: 
I20260709 14:54:15.211148 20067 leader_election.cc:290] T 39814f8de12842eea1401ee11bb80347 P 454f0f030091402f88d82bc9bd82329e [CANDIDATE]: Term 1 election: Requested vote from peers fc2760050fed440b80cbc0e2bff41043 (127.18.203.129:35129), edbe2826b40d4fc89669ac57685af2e6 (127.18.203.131:35575)
I20260709 14:54:15.212926 20071 raft_consensus.cc:515] T b974f801a3fd427bac3c23b4a974f32c P edbe2826b40d4fc89669ac57685af2e6 [term 1 FOLLOWER]: Starting leader election with config: opid_index: -1 OBSOLETE_local: false peers { permanent_uuid: "fc2760050fed440b80cbc0e2bff41043" member_type: VOTER last_known_addr { host: "127.18.203.129" port: 35129 } } peers { permanent_uuid: "454f0f030091402f88d82bc9bd82329e" member_type: VOTER last_known_addr { host: "127.18.203.130" port: 44791 } } peers { permanent_uuid: "edbe2826b40d4fc89669ac57685af2e6" member_type: VOTER last_known_addr { host: "127.18.203.131" port: 35575 } }
I20260709 14:54:15.216671 19947 tablet_service.cc:1917] Received RequestConsensusVote() RPC: tablet_id: "57d31beb29c24fcdbba511db8f5add2d" candidate_uuid: "edbe2826b40d4fc89669ac57685af2e6" candidate_term: 1 candidate_status { last_received { term: 0 index: 0 } } ignore_live_leader: false dest_uuid: "454f0f030091402f88d82bc9bd82329e" is_pre_election: true
I20260709 14:54:15.220172 19947 raft_consensus.cc:2468] T 57d31beb29c24fcdbba511db8f5add2d P 454f0f030091402f88d82bc9bd82329e [term 0 FOLLOWER]: Leader pre-election vote request: Granting yes vote for candidate edbe2826b40d4fc89669ac57685af2e6 in term 0.
I20260709 14:54:15.221897 19986 leader_election.cc:304] T 57d31beb29c24fcdbba511db8f5add2d P edbe2826b40d4fc89669ac57685af2e6 [CANDIDATE]: Term 1 pre-election: Election decided. Result: candidate won. Election summary: received 3 responses out of 3 voters: 2 yes votes; 1 no votes. yes voters: 454f0f030091402f88d82bc9bd82329e, edbe2826b40d4fc89669ac57685af2e6; no voters: fc2760050fed440b80cbc0e2bff41043
I20260709 14:54:15.223762 20021 raft_consensus.cc:2393] T b974f801a3fd427bac3c23b4a974f32c P edbe2826b40d4fc89669ac57685af2e6 [term 1 FOLLOWER]: Leader pre-election vote request: Denying vote to candidate fc2760050fed440b80cbc0e2bff41043 in current term 1: Already voted for candidate edbe2826b40d4fc89669ac57685af2e6 in this term.
I20260709 14:54:15.211922 20067 raft_consensus.cc:2749] T b1c0780c282f4e19b97117d7a0c639d8 P 454f0f030091402f88d82bc9bd82329e [term 0 FOLLOWER]: Leader pre-election lost for term 1. Reason: could not achieve majority
I20260709 14:54:15.227996 20067 raft_consensus.cc:2804] T 39814f8de12842eea1401ee11bb80347 P 454f0f030091402f88d82bc9bd82329e [term 1 FOLLOWER]: Leader election won for term 1
I20260709 14:54:15.228593 20067 raft_consensus.cc:697] T 39814f8de12842eea1401ee11bb80347 P 454f0f030091402f88d82bc9bd82329e [term 1 LEADER]: Becoming Leader. State: Replica: 454f0f030091402f88d82bc9bd82329e, State: Running, Role: LEADER
I20260709 14:54:15.234854 19869 tablet_service.cc:1917] Received RequestConsensusVote() RPC: tablet_id: "b974f801a3fd427bac3c23b4a974f32c" candidate_uuid: "edbe2826b40d4fc89669ac57685af2e6" candidate_term: 1 candidate_status { last_received { term: 0 index: 0 } } ignore_live_leader: false dest_uuid: "fc2760050fed440b80cbc0e2bff41043"
I20260709 14:54:15.235913 19869 raft_consensus.cc:2393] T b974f801a3fd427bac3c23b4a974f32c P fc2760050fed440b80cbc0e2bff41043 [term 1 FOLLOWER]: Leader election vote request: Denying vote to candidate edbe2826b40d4fc89669ac57685af2e6 in current term 1: Already voted for candidate fc2760050fed440b80cbc0e2bff41043 in this term.
W20260709 14:54:15.238404 19910 outbound_call.cc:321] RPC callback for RPC call kudu.consensus.ConsensusService.RequestConsensusVote -> {remote=127.18.203.129:35129, user_credentials={real_user=slave}} blocked reactor thread for 58742.2us
W20260709 14:54:15.239461 19910 leader_election.cc:343] T 39814f8de12842eea1401ee11bb80347 P 454f0f030091402f88d82bc9bd82329e [CANDIDATE]: Term 1 pre-election: Tablet error from VoteRequest() call to peer fc2760050fed440b80cbc0e2bff41043 (127.18.203.129:35129): Illegal state: must be running to vote when last-logged opid is not known
W20260709 14:54:15.240574 19910 leader_election.cc:343] T 39814f8de12842eea1401ee11bb80347 P 454f0f030091402f88d82bc9bd82329e [CANDIDATE]: Term 1 election: Tablet error from VoteRequest() call to peer fc2760050fed440b80cbc0e2bff41043 (127.18.203.129:35129): Illegal state: must be running to vote when last-logged opid is not known
I20260709 14:54:15.219069 20090 leader_election.cc:290] T 57d31beb29c24fcdbba511db8f5add2d P edbe2826b40d4fc89669ac57685af2e6 [CANDIDATE]: Term 1 pre-election: Requested pre-vote from peers fc2760050fed440b80cbc0e2bff41043 (127.18.203.129:35129), 454f0f030091402f88d82bc9bd82329e (127.18.203.130:44791)
I20260709 14:54:15.241849 20090 raft_consensus.cc:2804] T 57d31beb29c24fcdbba511db8f5add2d P edbe2826b40d4fc89669ac57685af2e6 [term 0 FOLLOWER]: Leader pre-election won for term 1
I20260709 14:54:15.242312 20090 raft_consensus.cc:493] T 57d31beb29c24fcdbba511db8f5add2d P edbe2826b40d4fc89669ac57685af2e6 [term 0 FOLLOWER]: Starting leader election (no leader contacted us within the election timeout)
I20260709 14:54:15.242733 20090 raft_consensus.cc:3060] T 57d31beb29c24fcdbba511db8f5add2d P edbe2826b40d4fc89669ac57685af2e6 [term 0 FOLLOWER]: Advancing to term 1
W20260709 14:54:15.246215 19913 outbound_call.cc:321] RPC callback for RPC call kudu.consensus.ConsensusService.RequestConsensusVote -> {remote=127.18.203.131:35575, user_credentials={real_user=slave}} blocked reactor thread for 45976.7us
I20260709 14:54:15.252846 20068 raft_consensus.cc:515] T 61a0f1e12b5a483e8951d42361fa6a4d P fc2760050fed440b80cbc0e2bff41043 [term 1 FOLLOWER]: Starting leader election with config: opid_index: -1 OBSOLETE_local: false peers { permanent_uuid: "fc2760050fed440b80cbc0e2bff41043" member_type: VOTER last_known_addr { host: "127.18.203.129" port: 35129 } } peers { permanent_uuid: "454f0f030091402f88d82bc9bd82329e" member_type: VOTER last_known_addr { host: "127.18.203.130" port: 44791 } } peers { permanent_uuid: "edbe2826b40d4fc89669ac57685af2e6" member_type: VOTER last_known_addr { host: "127.18.203.131" port: 35575 } }
I20260709 14:54:15.254099 20088 raft_consensus.cc:2749] T 8ef81f3eb5be467c9c77815d05535cbf P fc2760050fed440b80cbc0e2bff41043 [term 0 FOLLOWER]: Leader pre-election lost for term 1. Reason: could not achieve majority
I20260709 14:54:15.254341 20086 raft_consensus.cc:2804] T b974f801a3fd427bac3c23b4a974f32c P fc2760050fed440b80cbc0e2bff41043 [term 1 FOLLOWER]: Leader election won for term 1
I20260709 14:54:15.254833 20086 raft_consensus.cc:697] T b974f801a3fd427bac3c23b4a974f32c P fc2760050fed440b80cbc0e2bff41043 [term 1 LEADER]: Becoming Leader. State: Replica: fc2760050fed440b80cbc0e2bff41043, State: Running, Role: LEADER
W20260709 14:54:15.255910 19838 outbound_call.cc:321] RPC callback for RPC call kudu.consensus.ConsensusService.RequestConsensusVote -> {remote=127.18.203.131:35575, user_credentials={real_user=slave}} blocked reactor thread for 68539.2us
I20260709 14:54:15.255637 20086 consensus_queue.cc:237] T b974f801a3fd427bac3c23b4a974f32c P fc2760050fed440b80cbc0e2bff41043 [LEADER]: Queue going to LEADER mode. State: All replicated index: 0, Majority replicated index: 0, Committed index: 0, Last appended: 0.0, Last appended by leader: 0, Current term: 1, Majority size: 2, State: 0, Mode: LEADER, active raft config: opid_index: -1 OBSOLETE_local: false peers { permanent_uuid: "fc2760050fed440b80cbc0e2bff41043" member_type: VOTER last_known_addr { host: "127.18.203.129" port: 35129 } } peers { permanent_uuid: "454f0f030091402f88d82bc9bd82329e" member_type: VOTER last_known_addr { host: "127.18.203.130" port: 44791 } } peers { permanent_uuid: "edbe2826b40d4fc89669ac57685af2e6" member_type: VOTER last_known_addr { host: "127.18.203.131" port: 35575 } }
I20260709 14:54:15.257531 20021 tablet_service.cc:1917] Received RequestConsensusVote() RPC: tablet_id: "b974f801a3fd427bac3c23b4a974f32c" candidate_uuid: "fc2760050fed440b80cbc0e2bff41043" candidate_term: 1 candidate_status { last_received { term: 0 index: 0 } } ignore_live_leader: false dest_uuid: "edbe2826b40d4fc89669ac57685af2e6"
