I20260709 14:54:28.854364 21604 catalog_manager.cc:5697] T 3bcffacb024f40aead779215b911966b P 6ee7d470fb234ec2be3274baf19f1a41 reported cstate change: term changed from 0 to 1, leader changed from <none> to 6ee7d470fb234ec2be3274baf19f1a41 (127.20.27.129). New cstate: current_term: 1 leader_uuid: "6ee7d470fb234ec2be3274baf19f1a41" committed_config { opid_index: -1 OBSOLETE_local: false peers { permanent_uuid: "6ee7d470fb234ec2be3274baf19f1a41" member_type: VOTER last_known_addr { host: "127.20.27.129" port: 39813 } health_report { overall_health: HEALTHY } } peers { permanent_uuid: "062213cd519545fabae2b68d6cc1f303" member_type: VOTER last_known_addr { host: "127.20.27.130" port: 41937 } health_report { overall_health: UNKNOWN } } peers { permanent_uuid: "228110ebeba7402e9521f600ced14ba4" member_type: VOTER last_known_addr { host: "127.20.27.131" port: 43669 } health_report { overall_health: UNKNOWN } } }
I20260709 14:54:28.871232 21604 catalog_manager.cc:5697] T 9cb4a270129e495790ba889ac29365c9 P 6ee7d470fb234ec2be3274baf19f1a41 reported cstate change: term changed from 0 to 1, leader changed from <none> to 6ee7d470fb234ec2be3274baf19f1a41 (127.20.27.129). New cstate: current_term: 1 leader_uuid: "6ee7d470fb234ec2be3274baf19f1a41" committed_config { opid_index: -1 OBSOLETE_local: false peers { permanent_uuid: "6ee7d470fb234ec2be3274baf19f1a41" member_type: VOTER last_known_addr { host: "127.20.27.129" port: 39813 } health_report { overall_health: HEALTHY } } peers { permanent_uuid: "062213cd519545fabae2b68d6cc1f303" member_type: VOTER last_known_addr { host: "127.20.27.130" port: 41937 } health_report { overall_health: UNKNOWN } } peers { permanent_uuid: "228110ebeba7402e9521f600ced14ba4" member_type: VOTER last_known_addr { host: "127.20.27.131" port: 43669 } health_report { overall_health: UNKNOWN } } }
I20260709 14:54:28.863147 21778 tablet_service.cc:1917] Received RequestConsensusVote() RPC: tablet_id: "71f7002db41c49dfa662b1ae0c7613a5" candidate_uuid: "6ee7d470fb234ec2be3274baf19f1a41" candidate_term: 1 candidate_status { last_received { term: 0 index: 0 } } ignore_live_leader: false dest_uuid: "062213cd519545fabae2b68d6cc1f303" is_pre_election: true
I20260709 14:54:28.863168 22096 raft_consensus.cc:3060] T ddf66626cd4e4c6d98ab4f3e854a2c9c P 062213cd519545fabae2b68d6cc1f303 [term 0 FOLLOWER]: Advancing to term 1
I20260709 14:54:28.869922 21705 tablet_service.cc:1917] Received RequestConsensusVote() RPC: tablet_id: "ddf66626cd4e4c6d98ab4f3e854a2c9c" candidate_uuid: "228110ebeba7402e9521f600ced14ba4" candidate_term: 1 candidate_status { last_received { term: 0 index: 0 } } ignore_live_leader: false dest_uuid: "6ee7d470fb234ec2be3274baf19f1a41" is_pre_election: true
I20260709 14:54:28.881632 21778 raft_consensus.cc:2468] T 71f7002db41c49dfa662b1ae0c7613a5 P 062213cd519545fabae2b68d6cc1f303 [term 0 FOLLOWER]: Leader pre-election vote request: Granting yes vote for candidate 6ee7d470fb234ec2be3274baf19f1a41 in term 0.
I20260709 14:54:28.883689 22065 leader_election.cc:290] T 42356220bfc34380a8274279134d89ed P 6ee7d470fb234ec2be3274baf19f1a41 [CANDIDATE]: Term 1 pre-election: Requested pre-vote from peers 062213cd519545fabae2b68d6cc1f303 (127.20.27.130:41937), 228110ebeba7402e9521f600ced14ba4 (127.20.27.131:43669)
I20260709 14:54:28.888757 21704 tablet_service.cc:1917] Received RequestConsensusVote() RPC: tablet_id: "137bd98b4749442a926600322aaf4695" candidate_uuid: "062213cd519545fabae2b68d6cc1f303" candidate_term: 1 candidate_status { last_received { term: 0 index: 0 } } ignore_live_leader: false dest_uuid: "6ee7d470fb234ec2be3274baf19f1a41" is_pre_election: true
I20260709 14:54:28.889603 21704 raft_consensus.cc:2393] T 137bd98b4749442a926600322aaf4695 P 6ee7d470fb234ec2be3274baf19f1a41 [term 1 FOLLOWER]: Leader pre-election vote request: Denying vote to candidate 062213cd519545fabae2b68d6cc1f303 in current term 1: Already voted for candidate 228110ebeba7402e9521f600ced14ba4 in this term.
I20260709 14:54:28.890419 21854 tablet_service.cc:1917] Received RequestConsensusVote() RPC: tablet_id: "137bd98b4749442a926600322aaf4695" candidate_uuid: "062213cd519545fabae2b68d6cc1f303" candidate_term: 1 candidate_status { last_received { term: 0 index: 0 } } ignore_live_leader: false dest_uuid: "228110ebeba7402e9521f600ced14ba4" is_pre_election: true
I20260709 14:54:28.891637 21899 tablet_bootstrap.cc:492] T e18743104662405eb8764da331eea41b P 6ee7d470fb234ec2be3274baf19f1a41: No bootstrap required, opened a new log
I20260709 14:54:28.892036 21899 ts_tablet_manager.cc:1403] T e18743104662405eb8764da331eea41b P 6ee7d470fb234ec2be3274baf19f1a41: Time spent bootstrapping tablet: real 0.306s	user 0.080s	sys 0.058s
I20260709 14:54:28.885401 21705 raft_consensus.cc:2468] T ddf66626cd4e4c6d98ab4f3e854a2c9c P 6ee7d470fb234ec2be3274baf19f1a41 [term 0 FOLLOWER]: Leader pre-election vote request: Granting yes vote for candidate 228110ebeba7402e9521f600ced14ba4 in term 0.
I20260709 14:54:28.885355 22058 leader_election.cc:290] T 137bd98b4749442a926600322aaf4695 P 062213cd519545fabae2b68d6cc1f303 [CANDIDATE]: Term 1 pre-election: Requested pre-vote from peers 6ee7d470fb234ec2be3274baf19f1a41 (127.20.27.129:39813), 228110ebeba7402e9521f600ced14ba4 (127.20.27.131:43669)
I20260709 14:54:28.896552 21856 tablet_service.cc:1917] Received RequestConsensusVote() RPC: tablet_id: "42356220bfc34380a8274279134d89ed" candidate_uuid: "6ee7d470fb234ec2be3274baf19f1a41" candidate_term: 1 candidate_status { last_received { term: 0 index: 0 } } ignore_live_leader: false dest_uuid: "228110ebeba7402e9521f600ced14ba4" is_pre_election: true
I20260709 14:54:28.903384 21777 raft_consensus.cc:2468] T 9cb4a270129e495790ba889ac29365c9 P 062213cd519545fabae2b68d6cc1f303 [term 1 FOLLOWER]: Leader election vote request: Granting yes vote for candidate 6ee7d470fb234ec2be3274baf19f1a41 in term 1.
I20260709 14:54:28.904953 21959 raft_consensus.cc:493] T 264870bcac8c4416b72a6008c308873d P 6ee7d470fb234ec2be3274baf19f1a41 [term 0 FOLLOWER]: Starting pre-election (no leader contacted us within the election timeout)
I20260709 14:54:28.918004 22096 raft_consensus.cc:515] T ddf66626cd4e4c6d98ab4f3e854a2c9c P 062213cd519545fabae2b68d6cc1f303 [term 1 FOLLOWER]: Starting leader election with config: opid_index: -1 OBSOLETE_local: false peers { permanent_uuid: "6ee7d470fb234ec2be3274baf19f1a41" member_type: VOTER last_known_addr { host: "127.20.27.129" port: 39813 } } peers { permanent_uuid: "062213cd519545fabae2b68d6cc1f303" member_type: VOTER last_known_addr { host: "127.20.27.130" port: 41937 } } peers { permanent_uuid: "228110ebeba7402e9521f600ced14ba4" member_type: VOTER last_known_addr { host: "127.20.27.131" port: 43669 } }
I20260709 14:54:28.935308 22096 leader_election.cc:290] T ddf66626cd4e4c6d98ab4f3e854a2c9c P 062213cd519545fabae2b68d6cc1f303 [CANDIDATE]: Term 1 election: Requested vote from peers 6ee7d470fb234ec2be3274baf19f1a41 (127.20.27.129:39813), 228110ebeba7402e9521f600ced14ba4 (127.20.27.131:43669)
W20260709 14:54:28.909281 21672 leader_election.cc:343] T 42356220bfc34380a8274279134d89ed P 6ee7d470fb234ec2be3274baf19f1a41 [CANDIDATE]: Term 1 pre-election: Tablet error from VoteRequest() call to peer 062213cd519545fabae2b68d6cc1f303 (127.20.27.130:41937): Illegal state: must be running to vote when last-logged opid is not known
W20260709 14:54:28.936789 21670 leader_election.cc:343] T 42356220bfc34380a8274279134d89ed P 6ee7d470fb234ec2be3274baf19f1a41 [CANDIDATE]: Term 1 pre-election: Tablet error from VoteRequest() call to peer 228110ebeba7402e9521f600ced14ba4 (127.20.27.131:43669): Illegal state: must be running to vote when last-logged opid is not known
I20260709 14:54:28.941346 21896 tablet_bootstrap.cc:654] T 71f7002db41c49dfa662b1ae0c7613a5 P 228110ebeba7402e9521f600ced14ba4: Neither blocks nor log segments found. Creating new log.
I20260709 14:54:28.945969 21856 tablet_service.cc:1917] Received RequestConsensusVote() RPC: tablet_id: "ddf66626cd4e4c6d98ab4f3e854a2c9c" candidate_uuid: "062213cd519545fabae2b68d6cc1f303" candidate_term: 1 candidate_status { last_received { term: 0 index: 0 } } ignore_live_leader: false dest_uuid: "228110ebeba7402e9521f600ced14ba4"
I20260709 14:54:28.941689 21670 leader_election.cc:304] T 42356220bfc34380a8274279134d89ed P 6ee7d470fb234ec2be3274baf19f1a41 [CANDIDATE]: Term 1 pre-election: Election decided. Result: candidate lost. Election summary: received 3 responses out of 3 voters: 1 yes votes; 2 no votes. yes voters: 6ee7d470fb234ec2be3274baf19f1a41; no voters: 062213cd519545fabae2b68d6cc1f303, 228110ebeba7402e9521f600ced14ba4
I20260709 14:54:28.947042 21991 raft_consensus.cc:2749] T 42356220bfc34380a8274279134d89ed P 6ee7d470fb234ec2be3274baf19f1a41 [term 0 FOLLOWER]: Leader pre-election lost for term 1. Reason: could not achieve majority
I20260709 14:54:28.947960 21897 tablet_bootstrap.cc:654] T e18743104662405eb8764da331eea41b P 062213cd519545fabae2b68d6cc1f303: Neither blocks nor log segments found. Creating new log.
I20260709 14:54:28.948776 21991 raft_consensus.cc:493] T 261aac5a0fce4b7d844f7b995d3cec18 P 6ee7d470fb234ec2be3274baf19f1a41 [term 0 FOLLOWER]: Starting pre-election (no leader contacted us within the election timeout)
I20260709 14:54:28.951200 21991 raft_consensus.cc:515] T 261aac5a0fce4b7d844f7b995d3cec18 P 6ee7d470fb234ec2be3274baf19f1a41 [term 0 FOLLOWER]: Starting pre-election with config: opid_index: -1 OBSOLETE_local: false peers { permanent_uuid: "6ee7d470fb234ec2be3274baf19f1a41" member_type: VOTER last_known_addr { host: "127.20.27.129" port: 39813 } } peers { permanent_uuid: "062213cd519545fabae2b68d6cc1f303" member_type: VOTER last_known_addr { host: "127.20.27.130" port: 41937 } } peers { permanent_uuid: "228110ebeba7402e9521f600ced14ba4" member_type: VOTER last_known_addr { host: "127.20.27.131" port: 43669 } }
I20260709 14:54:28.953189 21991 leader_election.cc:290] T 261aac5a0fce4b7d844f7b995d3cec18 P 6ee7d470fb234ec2be3274baf19f1a41 [CANDIDATE]: Term 1 pre-election: Requested pre-vote from peers 062213cd519545fabae2b68d6cc1f303 (127.20.27.130:41937), 228110ebeba7402e9521f600ced14ba4 (127.20.27.131:43669)
I20260709 14:54:28.955422 21854 tablet_service.cc:1917] Received RequestConsensusVote() RPC: tablet_id: "261aac5a0fce4b7d844f7b995d3cec18" candidate_uuid: "6ee7d470fb234ec2be3274baf19f1a41" candidate_term: 1 candidate_status { last_received { term: 0 index: 0 } } ignore_live_leader: false dest_uuid: "228110ebeba7402e9521f600ced14ba4" is_pre_election: true
I20260709 14:54:28.956054 21854 raft_consensus.cc:2468] T 261aac5a0fce4b7d844f7b995d3cec18 P 228110ebeba7402e9521f600ced14ba4 [term 0 FOLLOWER]: Leader pre-election vote request: Granting yes vote for candidate 6ee7d470fb234ec2be3274baf19f1a41 in term 0.
I20260709 14:54:28.957008 21670 leader_election.cc:304] T 261aac5a0fce4b7d844f7b995d3cec18 P 6ee7d470fb234ec2be3274baf19f1a41 [CANDIDATE]: Term 1 pre-election: Election decided. Result: candidate won. Election summary: received 2 responses out of 3 voters: 2 yes votes; 0 no votes. yes voters: 228110ebeba7402e9521f600ced14ba4, 6ee7d470fb234ec2be3274baf19f1a41; no voters: 
I20260709 14:54:28.936805 21959 raft_consensus.cc:515] T 264870bcac8c4416b72a6008c308873d P 6ee7d470fb234ec2be3274baf19f1a41 [term 0 FOLLOWER]: Starting pre-election with config: opid_index: -1 OBSOLETE_local: false peers { permanent_uuid: "6ee7d470fb234ec2be3274baf19f1a41" member_type: VOTER last_known_addr { host: "127.20.27.129" port: 39813 } } peers { permanent_uuid: "062213cd519545fabae2b68d6cc1f303" member_type: VOTER last_known_addr { host: "127.20.27.130" port: 41937 } } peers { permanent_uuid: "228110ebeba7402e9521f600ced14ba4" member_type: VOTER last_known_addr { host: "127.20.27.131" port: 43669 } }
I20260709 14:54:28.958150 22103 raft_consensus.cc:2804] T 261aac5a0fce4b7d844f7b995d3cec18 P 6ee7d470fb234ec2be3274baf19f1a41 [term 0 FOLLOWER]: Leader pre-election won for term 1
I20260709 14:54:28.958599 22103 raft_consensus.cc:493] T 261aac5a0fce4b7d844f7b995d3cec18 P 6ee7d470fb234ec2be3274baf19f1a41 [term 0 FOLLOWER]: Starting leader election (no leader contacted us within the election timeout)
I20260709 14:54:28.958945 22103 raft_consensus.cc:3060] T 261aac5a0fce4b7d844f7b995d3cec18 P 6ee7d470fb234ec2be3274baf19f1a41 [term 0 FOLLOWER]: Advancing to term 1
I20260709 14:54:28.959628 21959 leader_election.cc:290] T 264870bcac8c4416b72a6008c308873d P 6ee7d470fb234ec2be3274baf19f1a41 [CANDIDATE]: Term 1 pre-election: Requested pre-vote from peers 062213cd519545fabae2b68d6cc1f303 (127.20.27.130:41937), 228110ebeba7402e9521f600ced14ba4 (127.20.27.131:43669)
W20260709 14:54:28.960500 21672 outbound_call.cc:321] RPC callback for RPC call kudu.consensus.ConsensusService.RequestConsensusVote -> {remote=127.20.27.130:41937, user_credentials={real_user=slave}} blocked reactor thread for 54771.7us
I20260709 14:54:28.961138 21672 leader_election.cc:304] T 71f7002db41c49dfa662b1ae0c7613a5 P 6ee7d470fb234ec2be3274baf19f1a41 [CANDIDATE]: Term 1 pre-election: Election decided. Result: candidate won. Election summary: received 3 responses out of 3 voters: 2 yes votes; 1 no votes. yes voters: 062213cd519545fabae2b68d6cc1f303, 6ee7d470fb234ec2be3274baf19f1a41; no voters: 228110ebeba7402e9521f600ced14ba4
I20260709 14:54:28.963140 21854 tablet_service.cc:1917] Received RequestConsensusVote() RPC: tablet_id: "264870bcac8c4416b72a6008c308873d" candidate_uuid: "6ee7d470fb234ec2be3274baf19f1a41" candidate_term: 1 candidate_status { last_received { term: 0 index: 0 } } ignore_live_leader: false dest_uuid: "228110ebeba7402e9521f600ced14ba4" is_pre_election: true
I20260709 14:54:28.964995 21991 raft_consensus.cc:2804] T 71f7002db41c49dfa662b1ae0c7613a5 P 6ee7d470fb234ec2be3274baf19f1a41 [term 0 FOLLOWER]: Leader pre-election won for term 1
I20260709 14:54:28.966583 21991 raft_consensus.cc:493] T 71f7002db41c49dfa662b1ae0c7613a5 P 6ee7d470fb234ec2be3274baf19f1a41 [term 0 FOLLOWER]: Starting leader election (no leader contacted us within the election timeout)
I20260709 14:54:28.965943 21950 raft_consensus.cc:515] T ddf66626cd4e4c6d98ab4f3e854a2c9c P 228110ebeba7402e9521f600ced14ba4 [term 1 FOLLOWER]: Starting leader election with config: opid_index: -1 OBSOLETE_local: false peers { permanent_uuid: "6ee7d470fb234ec2be3274baf19f1a41" member_type: VOTER last_known_addr { host: "127.20.27.129" port: 39813 } } peers { permanent_uuid: "062213cd519545fabae2b68d6cc1f303" member_type: VOTER last_known_addr { host: "127.20.27.130" port: 41937 } } peers { permanent_uuid: "228110ebeba7402e9521f600ced14ba4" member_type: VOTER last_known_addr { host: "127.20.27.131" port: 43669 } }
I20260709 14:54:28.966936 21991 raft_consensus.cc:3060] T 71f7002db41c49dfa662b1ae0c7613a5 P 6ee7d470fb234ec2be3274baf19f1a41 [term 0 FOLLOWER]: Advancing to term 1
W20260709 14:54:28.967636 21670 leader_election.cc:343] T 264870bcac8c4416b72a6008c308873d P 6ee7d470fb234ec2be3274baf19f1a41 [CANDIDATE]: Term 1 pre-election: Tablet error from VoteRequest() call to peer 228110ebeba7402e9521f600ced14ba4 (127.20.27.131:43669): Illegal state: must be running to vote when last-logged opid is not known
I20260709 14:54:28.971482 21856 raft_consensus.cc:2393] T ddf66626cd4e4c6d98ab4f3e854a2c9c P 228110ebeba7402e9521f600ced14ba4 [term 1 FOLLOWER]: Leader election vote request: Denying vote to candidate 062213cd519545fabae2b68d6cc1f303 in current term 1: Already voted for candidate 228110ebeba7402e9521f600ced14ba4 in this term.
I20260709 14:54:28.978847 21917 consensus_queue.cc:1048] T 43c3e034a8c742f698df4409780763ed P 228110ebeba7402e9521f600ced14ba4 [LEADER]: Connected to new peer: Peer: permanent_uuid: "6ee7d470fb234ec2be3274baf19f1a41" member_type: VOTER last_known_addr { host: "127.20.27.129" port: 39813 }, Status: LMP_MISMATCH, Last received: 0.0, Next index: 1, Last known committed idx: 0, Time since last communication: 0.000s
I20260709 14:54:28.979701 22103 raft_consensus.cc:515] T 261aac5a0fce4b7d844f7b995d3cec18 P 6ee7d470fb234ec2be3274baf19f1a41 [term 1 FOLLOWER]: Starting leader election with config: opid_index: -1 OBSOLETE_local: false peers { permanent_uuid: "6ee7d470fb234ec2be3274baf19f1a41" member_type: VOTER last_known_addr { host: "127.20.27.129" port: 39813 } } peers { permanent_uuid: "062213cd519545fabae2b68d6cc1f303" member_type: VOTER last_known_addr { host: "127.20.27.130" port: 41937 } } peers { permanent_uuid: "228110ebeba7402e9521f600ced14ba4" member_type: VOTER last_known_addr { host: "127.20.27.131" port: 43669 } }
I20260709 14:54:28.980123 21899 raft_consensus.cc:359] T e18743104662405eb8764da331eea41b P 6ee7d470fb234ec2be3274baf19f1a41 [term 0 FOLLOWER]: Replica starting. Triggering 0 pending ops. Active config: opid_index: -1 OBSOLETE_local: false peers { permanent_uuid: "6ee7d470fb234ec2be3274baf19f1a41" member_type: VOTER last_known_addr { host: "127.20.27.129" port: 39813 } } peers { permanent_uuid: "062213cd519545fabae2b68d6cc1f303" member_type: VOTER last_known_addr { host: "127.20.27.130" port: 41937 } } peers { permanent_uuid: "228110ebeba7402e9521f600ced14ba4" member_type: VOTER last_known_addr { host: "127.20.27.131" port: 43669 } }
I20260709 14:54:28.980770 21899 raft_consensus.cc:385] T e18743104662405eb8764da331eea41b P 6ee7d470fb234ec2be3274baf19f1a41 [term 0 FOLLOWER]: Consensus starting up: Expiring failure detector timer to make a prompt election more likely
I20260709 14:54:28.981053 21899 raft_consensus.cc:740] T e18743104662405eb8764da331eea41b P 6ee7d470fb234ec2be3274baf19f1a41 [term 0 FOLLOWER]: Becoming Follower/Learner. State: Replica: 6ee7d470fb234ec2be3274baf19f1a41, State: Initialized, Role: FOLLOWER
I20260709 14:54:28.981864 22103 leader_election.cc:290] T 261aac5a0fce4b7d844f7b995d3cec18 P 6ee7d470fb234ec2be3274baf19f1a41 [CANDIDATE]: Term 1 election: Requested vote from peers 062213cd519545fabae2b68d6cc1f303 (127.20.27.130:41937), 228110ebeba7402e9521f600ced14ba4 (127.20.27.131:43669)
I20260709 14:54:28.982123 21748 leader_election.cc:304] T 137bd98b4749442a926600322aaf4695 P 062213cd519545fabae2b68d6cc1f303 [CANDIDATE]: Term 1 pre-election: Election decided. Result: candidate lost. Election summary: received 3 responses out of 3 voters: 1 yes votes; 2 no votes. yes voters: 062213cd519545fabae2b68d6cc1f303; no voters: 228110ebeba7402e9521f600ced14ba4, 6ee7d470fb234ec2be3274baf19f1a41
I20260709 14:54:28.984275 22096 raft_consensus.cc:3060] T 137bd98b4749442a926600322aaf4695 P 062213cd519545fabae2b68d6cc1f303 [term 0 FOLLOWER]: Advancing to term 1
I20260709 14:54:28.987653 21779 tablet_service.cc:1917] Received RequestConsensusVote() RPC: tablet_id: "261aac5a0fce4b7d844f7b995d3cec18" candidate_uuid: "6ee7d470fb234ec2be3274baf19f1a41" candidate_term: 1 candidate_status { last_received { term: 0 index: 0 } } ignore_live_leader: false dest_uuid: "062213cd519545fabae2b68d6cc1f303" is_pre_election: true
W20260709 14:54:28.989542 21653 auto_rebalancer.cc:288] Could not retrieve cluster info: Service unavailable: Tablet not running
I20260709 14:54:28.990116 21854 tablet_service.cc:1917] Received RequestConsensusVote() RPC: tablet_id: "261aac5a0fce4b7d844f7b995d3cec18" candidate_uuid: "6ee7d470fb234ec2be3274baf19f1a41" candidate_term: 1 candidate_status { last_received { term: 0 index: 0 } } ignore_live_leader: false dest_uuid: "228110ebeba7402e9521f600ced14ba4"
I20260709 14:54:28.990664 21854 raft_consensus.cc:3060] T 261aac5a0fce4b7d844f7b995d3cec18 P 228110ebeba7402e9521f600ced14ba4 [term 0 FOLLOWER]: Advancing to term 1
I20260709 14:54:28.991385 21991 raft_consensus.cc:515] T 71f7002db41c49dfa662b1ae0c7613a5 P 6ee7d470fb234ec2be3274baf19f1a41 [term 1 FOLLOWER]: Starting leader election with config: opid_index: -1 OBSOLETE_local: false peers { permanent_uuid: "6ee7d470fb234ec2be3274baf19f1a41" member_type: VOTER last_known_addr { host: "127.20.27.129" port: 39813 } } peers { permanent_uuid: "062213cd519545fabae2b68d6cc1f303" member_type: VOTER last_known_addr { host: "127.20.27.130" port: 41937 } } peers { permanent_uuid: "228110ebeba7402e9521f600ced14ba4" member_type: VOTER last_known_addr { host: "127.20.27.131" port: 43669 } }
I20260709 14:54:28.994889 21855 tablet_service.cc:1917] Received RequestConsensusVote() RPC: tablet_id: "71f7002db41c49dfa662b1ae0c7613a5" candidate_uuid: "6ee7d470fb234ec2be3274baf19f1a41" candidate_term: 1 candidate_status { last_received { term: 0 index: 0 } } ignore_live_leader: false dest_uuid: "228110ebeba7402e9521f600ced14ba4"
I20260709 14:54:28.996713 22096 raft_consensus.cc:2749] T 137bd98b4749442a926600322aaf4695 P 062213cd519545fabae2b68d6cc1f303 [term 1 FOLLOWER]: Leader pre-election lost for term 1. Reason: could not achieve majority
I20260709 14:54:28.996951 21991 leader_election.cc:290] T 71f7002db41c49dfa662b1ae0c7613a5 P 6ee7d470fb234ec2be3274baf19f1a41 [CANDIDATE]: Term 1 election: Requested vote from peers 062213cd519545fabae2b68d6cc1f303 (127.20.27.130:41937), 228110ebeba7402e9521f600ced14ba4 (127.20.27.131:43669)
I20260709 14:54:28.998754 21779 tablet_service.cc:1917] Received RequestConsensusVote() RPC: tablet_id: "264870bcac8c4416b72a6008c308873d" candidate_uuid: "6ee7d470fb234ec2be3274baf19f1a41" candidate_term: 1 candidate_status { last_received { term: 0 index: 0 } } ignore_live_leader: false dest_uuid: "062213cd519545fabae2b68d6cc1f303" is_pre_election: true
W20260709 14:54:29.000623 21670 leader_election.cc:343] T 71f7002db41c49dfa662b1ae0c7613a5 P 6ee7d470fb234ec2be3274baf19f1a41 [CANDIDATE]: Term 1 election: Tablet error from VoteRequest() call to peer 228110ebeba7402e9521f600ced14ba4 (127.20.27.131:43669): Illegal state: must be running to vote when last-logged opid is not known
I20260709 14:54:29.003189 21854 raft_consensus.cc:2468] T 261aac5a0fce4b7d844f7b995d3cec18 P 228110ebeba7402e9521f600ced14ba4 [term 1 FOLLOWER]: Leader election vote request: Granting yes vote for candidate 6ee7d470fb234ec2be3274baf19f1a41 in term 1.
I20260709 14:54:29.007161 21896 tablet_bootstrap.cc:492] T 71f7002db41c49dfa662b1ae0c7613a5 P 228110ebeba7402e9521f600ced14ba4: No bootstrap required, opened a new log
I20260709 14:54:29.007668 21896 ts_tablet_manager.cc:1403] T 71f7002db41c49dfa662b1ae0c7613a5 P 228110ebeba7402e9521f600ced14ba4: Time spent bootstrapping tablet: real 0.192s	user 0.009s	sys 0.013s
I20260709 14:54:29.007845 21670 leader_election.cc:304] T 261aac5a0fce4b7d844f7b995d3cec18 P 6ee7d470fb234ec2be3274baf19f1a41 [CANDIDATE]: Term 1 election: Election decided. Result: candidate won. Election summary: received 2 responses out of 3 voters: 2 yes votes; 0 no votes. yes voters: 228110ebeba7402e9521f600ced14ba4, 6ee7d470fb234ec2be3274baf19f1a41; no voters: 
I20260709 14:54:29.008723 21991 raft_consensus.cc:2804] T 261aac5a0fce4b7d844f7b995d3cec18 P 6ee7d470fb234ec2be3274baf19f1a41 [term 1 FOLLOWER]: Leader election won for term 1
I20260709 14:54:29.009402 21991 raft_consensus.cc:697] T 261aac5a0fce4b7d844f7b995d3cec18 P 6ee7d470fb234ec2be3274baf19f1a41 [term 1 LEADER]: Becoming Leader. State: Replica: 6ee7d470fb234ec2be3274baf19f1a41, State: Running, Role: LEADER
I20260709 14:54:29.010180 21991 consensus_queue.cc:237] T 261aac5a0fce4b7d844f7b995d3cec18 P 6ee7d470fb234ec2be3274baf19f1a41 [LEADER]: Queue going to LEADER mode. State: All replicated index: 0, Majority replicated index: 0, Committed index: 0, Last appended: 0.0, Last appended by leader: 0, Current term: 1, Majority size: 2, State: 0, Mode: LEADER, active raft config: opid_index: -1 OBSOLETE_local: false peers { permanent_uuid: "6ee7d470fb234ec2be3274baf19f1a41" member_type: VOTER last_known_addr { host: "127.20.27.129" port: 39813 } } peers { permanent_uuid: "062213cd519545fabae2b68d6cc1f303" member_type: VOTER last_known_addr { host: "127.20.27.130" port: 41937 } } peers { permanent_uuid: "228110ebeba7402e9521f600ced14ba4" member_type: VOTER last_known_addr { host: "127.20.27.131" port: 43669 } }
I20260709 14:54:29.011384 21779 tablet_service.cc:1917] Received RequestConsensusVote() RPC: tablet_id: "ddf66626cd4e4c6d98ab4f3e854a2c9c" candidate_uuid: "228110ebeba7402e9521f600ced14ba4" candidate_term: 1 candidate_status { last_received { term: 0 index: 0 } } ignore_live_leader: false dest_uuid: "062213cd519545fabae2b68d6cc1f303"
I20260709 14:54:29.012173 21779 raft_consensus.cc:2393] T ddf66626cd4e4c6d98ab4f3e854a2c9c P 062213cd519545fabae2b68d6cc1f303 [term 1 FOLLOWER]: Leader election vote request: Denying vote to candidate 228110ebeba7402e9521f600ced14ba4 in current term 1: Already voted for candidate 062213cd519545fabae2b68d6cc1f303 in this term.
I20260709 14:54:29.012889 21896 raft_consensus.cc:359] T 71f7002db41c49dfa662b1ae0c7613a5 P 228110ebeba7402e9521f600ced14ba4 [term 0 FOLLOWER]: Replica starting. Triggering 0 pending ops. Active config: opid_index: -1 OBSOLETE_local: false peers { permanent_uuid: "6ee7d470fb234ec2be3274baf19f1a41" member_type: VOTER last_known_addr { host: "127.20.27.129" port: 39813 } } peers { permanent_uuid: "062213cd519545fabae2b68d6cc1f303" member_type: VOTER last_known_addr { host: "127.20.27.130" port: 41937 } } peers { permanent_uuid: "228110ebeba7402e9521f600ced14ba4" member_type: VOTER last_known_addr { host: "127.20.27.131" port: 43669 } }
I20260709 14:54:29.013579 21896 raft_consensus.cc:385] T 71f7002db41c49dfa662b1ae0c7613a5 P 228110ebeba7402e9521f600ced14ba4 [term 0 FOLLOWER]: Consensus starting up: Expiring failure detector timer to make a prompt election more likely
I20260709 14:54:29.013857 21896 raft_consensus.cc:740] T 71f7002db41c49dfa662b1ae0c7613a5 P 228110ebeba7402e9521f600ced14ba4 [term 0 FOLLOWER]: Becoming Follower/Learner. State: Replica: 228110ebeba7402e9521f600ced14ba4, State: Initialized, Role: FOLLOWER
I20260709 14:54:29.014007 21897 tablet_bootstrap.cc:492] T e18743104662405eb8764da331eea41b P 062213cd519545fabae2b68d6cc1f303: No bootstrap required, opened a new log
I20260709 14:54:29.014515 21897 ts_tablet_manager.cc:1403] T e18743104662405eb8764da331eea41b P 062213cd519545fabae2b68d6cc1f303: Time spent bootstrapping tablet: real 0.208s	user 0.010s	sys 0.014s
I20260709 14:54:29.014547 21896 consensus_queue.cc:260] T 71f7002db41c49dfa662b1ae0c7613a5 P 228110ebeba7402e9521f600ced14ba4 [NON_LEADER]: Queue going to NON_LEADER mode. State: All replicated index: 0, Majority replicated index: 0, Committed index: 0, Last appended: 0.0, Last appended by leader: 0, Current term: 0, Majority size: -1, State: 0, Mode: NON_LEADER, active raft config: opid_index: -1 OBSOLETE_local: false peers { permanent_uuid: "6ee7d470fb234ec2be3274baf19f1a41" member_type: VOTER last_known_addr { host: "127.20.27.129" port: 39813 } } peers { permanent_uuid: "062213cd519545fabae2b68d6cc1f303" member_type: VOTER last_known_addr { host: "127.20.27.130" port: 41937 } } peers { permanent_uuid: "228110ebeba7402e9521f600ced14ba4" member_type: VOTER last_known_addr { host: "127.20.27.131" port: 43669 } }
I20260709 14:54:29.016747 21896 ts_tablet_manager.cc:1434] T 71f7002db41c49dfa662b1ae0c7613a5 P 228110ebeba7402e9521f600ced14ba4: Time spent starting tablet: real 0.009s	user 0.005s	sys 0.000s
I20260709 14:54:29.017587 21896 tablet_bootstrap.cc:492] T e18743104662405eb8764da331eea41b P 228110ebeba7402e9521f600ced14ba4: Bootstrap starting.
I20260709 14:54:29.018473 21897 raft_consensus.cc:359] T e18743104662405eb8764da331eea41b P 062213cd519545fabae2b68d6cc1f303 [term 0 FOLLOWER]: Replica starting. Triggering 0 pending ops. Active config: opid_index: -1 OBSOLETE_local: false peers { permanent_uuid: "6ee7d470fb234ec2be3274baf19f1a41" member_type: VOTER last_known_addr { host: "127.20.27.129" port: 39813 } } peers { permanent_uuid: "062213cd519545fabae2b68d6cc1f303" member_type: VOTER last_known_addr { host: "127.20.27.130" port: 41937 } } peers { permanent_uuid: "228110ebeba7402e9521f600ced14ba4" member_type: VOTER last_known_addr { host: "127.20.27.131" port: 43669 } }
I20260709 14:54:29.019717 21950 leader_election.cc:290] T ddf66626cd4e4c6d98ab4f3e854a2c9c P 228110ebeba7402e9521f600ced14ba4 [CANDIDATE]: Term 1 election: Requested vote from peers 6ee7d470fb234ec2be3274baf19f1a41 (127.20.27.129:39813), 062213cd519545fabae2b68d6cc1f303 (127.20.27.130:41937)
I20260709 14:54:29.020331 21897 raft_consensus.cc:385] T e18743104662405eb8764da331eea41b P 062213cd519545fabae2b68d6cc1f303 [term 0 FOLLOWER]: Consensus starting up: Expiring failure detector timer to make a prompt election more likely
I20260709 14:54:29.026961 21897 raft_consensus.cc:740] T e18743104662405eb8764da331eea41b P 062213cd519545fabae2b68d6cc1f303 [term 0 FOLLOWER]: Becoming Follower/Learner. State: Replica: 062213cd519545fabae2b68d6cc1f303, State: Initialized, Role: FOLLOWER
I20260709 14:54:29.024174 21899 consensus_queue.cc:260] T e18743104662405eb8764da331eea41b P 6ee7d470fb234ec2be3274baf19f1a41 [NON_LEADER]: Queue going to NON_LEADER mode. State: All replicated index: 0, Majority replicated index: 0, Committed index: 0, Last appended: 0.0, Last appended by leader: 0, Current term: 0, Majority size: -1, State: 0, Mode: NON_LEADER, active raft config: opid_index: -1 OBSOLETE_local: false peers { permanent_uuid: "6ee7d470fb234ec2be3274baf19f1a41" member_type: VOTER last_known_addr { host: "127.20.27.129" port: 39813 } } peers { permanent_uuid: "062213cd519545fabae2b68d6cc1f303" member_type: VOTER last_known_addr { host: "127.20.27.130" port: 41937 } } peers { permanent_uuid: "228110ebeba7402e9521f600ced14ba4" member_type: VOTER last_known_addr { host: "127.20.27.131" port: 43669 } }
I20260709 14:54:29.027689 21897 consensus_queue.cc:260] T e18743104662405eb8764da331eea41b P 062213cd519545fabae2b68d6cc1f303 [NON_LEADER]: Queue going to NON_LEADER mode. State: All replicated index: 0, Majority replicated index: 0, Committed index: 0, Last appended: 0.0, Last appended by leader: 0, Current term: 0, Majority size: -1, State: 0, Mode: NON_LEADER, active raft config: opid_index: -1 OBSOLETE_local: false peers { permanent_uuid: "6ee7d470fb234ec2be3274baf19f1a41" member_type: VOTER last_known_addr { host: "127.20.27.129" port: 39813 } } peers { permanent_uuid: "062213cd519545fabae2b68d6cc1f303" member_type: VOTER last_known_addr { host: "127.20.27.130" port: 41937 } } peers { permanent_uuid: "228110ebeba7402e9521f600ced14ba4" member_type: VOTER last_known_addr { host: "127.20.27.131" port: 43669 } }
I20260709 14:54:29.028841 21703 tablet_service.cc:1917] Received RequestConsensusVote() RPC: tablet_id: "ddf66626cd4e4c6d98ab4f3e854a2c9c" candidate_uuid: "228110ebeba7402e9521f600ced14ba4" candidate_term: 1 candidate_status { last_received { term: 0 index: 0 } } ignore_live_leader: false dest_uuid: "6ee7d470fb234ec2be3274baf19f1a41"
I20260709 14:54:29.029408 21703 raft_consensus.cc:3060] T ddf66626cd4e4c6d98ab4f3e854a2c9c P 6ee7d470fb234ec2be3274baf19f1a41 [term 0 FOLLOWER]: Advancing to term 1
I20260709 14:54:29.030128 21897 ts_tablet_manager.cc:1434] T e18743104662405eb8764da331eea41b P 062213cd519545fabae2b68d6cc1f303: Time spent starting tablet: real 0.015s	user 0.005s	sys 0.001s
I20260709 14:54:29.031026 21897 tablet_bootstrap.cc:492] T 261aac5a0fce4b7d844f7b995d3cec18 P 062213cd519545fabae2b68d6cc1f303: Bootstrap starting.
I20260709 14:54:29.036659 21897 tablet_bootstrap.cc:654] T 261aac5a0fce4b7d844f7b995d3cec18 P 062213cd519545fabae2b68d6cc1f303: Neither blocks nor log segments found. Creating new log.
I20260709 14:54:29.036742 21703 raft_consensus.cc:2468] T ddf66626cd4e4c6d98ab4f3e854a2c9c P 6ee7d470fb234ec2be3274baf19f1a41 [term 1 FOLLOWER]: Leader election vote request: Granting yes vote for candidate 228110ebeba7402e9521f600ced14ba4 in term 1.
I20260709 14:54:29.038789 21917 consensus_queue.cc:1048] T 137bd98b4749442a926600322aaf4695 P 228110ebeba7402e9521f600ced14ba4 [LEADER]: Connected to new peer: Peer: permanent_uuid: "062213cd519545fabae2b68d6cc1f303" member_type: VOTER last_known_addr { host: "127.20.27.130" port: 41937 }, Status: LMP_MISMATCH, Last received: 0.0, Next index: 1, Last known committed idx: 0, Time since last communication: 0.000s
I20260709 14:54:29.042776 21705 tablet_service.cc:1917] Received RequestConsensusVote() RPC: tablet_id: "ddf66626cd4e4c6d98ab4f3e854a2c9c" candidate_uuid: "062213cd519545fabae2b68d6cc1f303" candidate_term: 1 candidate_status { last_received { term: 0 index: 0 } } ignore_live_leader: false dest_uuid: "6ee7d470fb234ec2be3274baf19f1a41"
I20260709 14:54:29.043744 21705 raft_consensus.cc:2393] T ddf66626cd4e4c6d98ab4f3e854a2c9c P 6ee7d470fb234ec2be3274baf19f1a41 [term 1 FOLLOWER]: Leader election vote request: Denying vote to candidate 062213cd519545fabae2b68d6cc1f303 in current term 1: Already voted for candidate 228110ebeba7402e9521f600ced14ba4 in this term.
I20260709 14:54:29.044889 21950 raft_consensus.cc:493] T 71f7002db41c49dfa662b1ae0c7613a5 P 228110ebeba7402e9521f600ced14ba4 [term 0 FOLLOWER]: Starting pre-election (no leader contacted us within the election timeout)
I20260709 14:54:29.045408 21950 raft_consensus.cc:515] T 71f7002db41c49dfa662b1ae0c7613a5 P 228110ebeba7402e9521f600ced14ba4 [term 0 FOLLOWER]: Starting pre-election with config: opid_index: -1 OBSOLETE_local: false peers { permanent_uuid: "6ee7d470fb234ec2be3274baf19f1a41" member_type: VOTER last_known_addr { host: "127.20.27.129" port: 39813 } } peers { permanent_uuid: "062213cd519545fabae2b68d6cc1f303" member_type: VOTER last_known_addr { host: "127.20.27.130" port: 41937 } } peers { permanent_uuid: "228110ebeba7402e9521f600ced14ba4" member_type: VOTER last_known_addr { host: "127.20.27.131" port: 43669 } }
I20260709 14:54:29.048657 21899 ts_tablet_manager.cc:1434] T e18743104662405eb8764da331eea41b P 6ee7d470fb234ec2be3274baf19f1a41: Time spent starting tablet: real 0.156s	user 0.007s	sys 0.000s
I20260709 14:54:29.049746 21899 tablet_bootstrap.cc:492] T b2a0a766f2da4d038179eb02238e81fc P 6ee7d470fb234ec2be3274baf19f1a41: Bootstrap starting.
I20260709 14:54:29.054013 21777 tablet_service.cc:1917] Received RequestConsensusVote() RPC: tablet_id: "261aac5a0fce4b7d844f7b995d3cec18" candidate_uuid: "6ee7d470fb234ec2be3274baf19f1a41" candidate_term: 1 candidate_status { last_received { term: 0 index: 0 } } ignore_live_leader: false dest_uuid: "062213cd519545fabae2b68d6cc1f303"
I20260709 14:54:29.055055 21778 tablet_service.cc:1917] Received RequestConsensusVote() RPC: tablet_id: "71f7002db41c49dfa662b1ae0c7613a5" candidate_uuid: "228110ebeba7402e9521f600ced14ba4" candidate_term: 1 candidate_status { last_received { term: 0 index: 0 } } ignore_live_leader: false dest_uuid: "062213cd519545fabae2b68d6cc1f303" is_pre_election: true
I20260709 14:54:29.055845 21778 raft_consensus.cc:2468] T 71f7002db41c49dfa662b1ae0c7613a5 P 062213cd519545fabae2b68d6cc1f303 [term 0 FOLLOWER]: Leader pre-election vote request: Granting yes vote for candidate 228110ebeba7402e9521f600ced14ba4 in term 0.
I20260709 14:54:29.057327 21821 leader_election.cc:304] T 71f7002db41c49dfa662b1ae0c7613a5 P 228110ebeba7402e9521f600ced14ba4 [CANDIDATE]: Term 1 pre-election: Election decided. Result: candidate won. Election summary: received 2 responses out of 3 voters: 2 yes votes; 0 no votes. yes voters: 062213cd519545fabae2b68d6cc1f303, 228110ebeba7402e9521f600ced14ba4; no voters: 
I20260709 14:54:29.058545 21917 raft_consensus.cc:2804] T 71f7002db41c49dfa662b1ae0c7613a5 P 228110ebeba7402e9521f600ced14ba4 [term 0 FOLLOWER]: Leader pre-election won for term 1
I20260709 14:54:29.058988 21917 raft_consensus.cc:493] T 71f7002db41c49dfa662b1ae0c7613a5 P 228110ebeba7402e9521f600ced14ba4 [term 0 FOLLOWER]: Starting leader election (no leader contacted us within the election timeout)
I20260709 14:54:29.059414 21917 raft_consensus.cc:3060] T 71f7002db41c49dfa662b1ae0c7613a5 P 228110ebeba7402e9521f600ced14ba4 [term 0 FOLLOWER]: Advancing to term 1
I20260709 14:54:29.063858 21778 tablet_service.cc:1917] Received RequestConsensusVote() RPC: tablet_id: "71f7002db41c49dfa662b1ae0c7613a5" candidate_uuid: "6ee7d470fb234ec2be3274baf19f1a41" candidate_term: 1 candidate_status { last_received { term: 0 index: 0 } } ignore_live_leader: false dest_uuid: "062213cd519545fabae2b68d6cc1f303"
I20260709 14:54:29.064419 21778 raft_consensus.cc:3060] T 71f7002db41c49dfa662b1ae0c7613a5 P 062213cd519545fabae2b68d6cc1f303 [term 0 FOLLOWER]: Advancing to term 1
I20260709 14:54:29.075273 22076 consensus_queue.cc:1048] T 137bd98b4749442a926600322aaf4695 P 228110ebeba7402e9521f600ced14ba4 [LEADER]: Connected to new peer: Peer: permanent_uuid: "6ee7d470fb234ec2be3274baf19f1a41" member_type: VOTER last_known_addr { host: "127.20.27.129" port: 39813 }, Status: LMP_MISMATCH, Last received: 0.0, Next index: 1, Last known committed idx: 0, Time since last communication: 0.000s
I20260709 14:54:29.066191 21950 leader_election.cc:290] T 71f7002db41c49dfa662b1ae0c7613a5 P 228110ebeba7402e9521f600ced14ba4 [CANDIDATE]: Term 1 pre-election: Requested pre-vote from peers 6ee7d470fb234ec2be3274baf19f1a41 (127.20.27.129:39813), 062213cd519545fabae2b68d6cc1f303 (127.20.27.130:41937)
I20260709 14:54:29.075181 21917 raft_consensus.cc:515] T 71f7002db41c49dfa662b1ae0c7613a5 P 228110ebeba7402e9521f600ced14ba4 [term 1 FOLLOWER]: Starting leader election with config: opid_index: -1 OBSOLETE_local: false peers { permanent_uuid: "6ee7d470fb234ec2be3274baf19f1a41" member_type: VOTER last_known_addr { host: "127.20.27.129" port: 39813 } } peers { permanent_uuid: "062213cd519545fabae2b68d6cc1f303" member_type: VOTER last_known_addr { host: "127.20.27.130" port: 41937 } } peers { permanent_uuid: "228110ebeba7402e9521f600ced14ba4" member_type: VOTER last_known_addr { host: "127.20.27.131" port: 43669 } }
I20260709 14:54:29.085822 21896 tablet_bootstrap.cc:654] T e18743104662405eb8764da331eea41b P 228110ebeba7402e9521f600ced14ba4: Neither blocks nor log segments found. Creating new log.
I20260709 14:54:29.088601 21899 tablet_bootstrap.cc:654] T b2a0a766f2da4d038179eb02238e81fc P 6ee7d470fb234ec2be3274baf19f1a41: Neither blocks nor log segments found. Creating new log.
I20260709 14:54:29.090397 21748 leader_election.cc:304] T ddf66626cd4e4c6d98ab4f3e854a2c9c P 062213cd519545fabae2b68d6cc1f303 [CANDIDATE]: Term 1 election: Election decided. Result: candidate lost. Election summary: received 3 responses out of 3 voters: 1 yes votes; 2 no votes. yes voters: 062213cd519545fabae2b68d6cc1f303; no voters: 228110ebeba7402e9521f600ced14ba4, 6ee7d470fb234ec2be3274baf19f1a41
W20260709 14:54:29.091486 21672 leader_election.cc:343] T 261aac5a0fce4b7d844f7b995d3cec18 P 6ee7d470fb234ec2be3274baf19f1a41 [CANDIDATE]: Term 1 pre-election: Tablet error from VoteRequest() call to peer 062213cd519545fabae2b68d6cc1f303 (127.20.27.130:41937): Illegal state: must be running to vote when last-logged opid is not known
W20260709 14:54:29.094079 21672 leader_election.cc:343] T 264870bcac8c4416b72a6008c308873d P 6ee7d470fb234ec2be3274baf19f1a41 [CANDIDATE]: Term 1 pre-election: Tablet error from VoteRequest() call to peer 062213cd519545fabae2b68d6cc1f303 (127.20.27.130:41937): Illegal state: must be running to vote when last-logged opid is not known
I20260709 14:54:29.094604 21672 leader_election.cc:304] T 264870bcac8c4416b72a6008c308873d P 6ee7d470fb234ec2be3274baf19f1a41 [CANDIDATE]: Term 1 pre-election: Election decided. Result: candidate lost. Election summary: received 3 responses out of 3 voters: 1 yes votes; 2 no votes. yes voters: 6ee7d470fb234ec2be3274baf19f1a41; no voters: 062213cd519545fabae2b68d6cc1f303, 228110ebeba7402e9521f600ced14ba4
W20260709 14:54:29.097487 21672 leader_election.cc:343] T 261aac5a0fce4b7d844f7b995d3cec18 P 6ee7d470fb234ec2be3274baf19f1a41 [CANDIDATE]: Term 1 election: Tablet error from VoteRequest() call to peer 062213cd519545fabae2b68d6cc1f303 (127.20.27.130:41937): Illegal state: must be running to vote when last-logged opid is not known
I20260709 14:54:29.096334 22095 raft_consensus.cc:2749] T ddf66626cd4e4c6d98ab4f3e854a2c9c P 062213cd519545fabae2b68d6cc1f303 [term 1 FOLLOWER]: Leader election lost for term 1. Reason: could not achieve majority
I20260709 14:54:29.091252 21781 tablet_service.cc:1917] Received RequestConsensusVote() RPC: tablet_id: "71f7002db41c49dfa662b1ae0c7613a5" candidate_uuid: "228110ebeba7402e9521f600ced14ba4" candidate_term: 1 candidate_status { last_received { term: 0 index: 0 } } ignore_live_leader: false dest_uuid: "062213cd519545fabae2b68d6cc1f303"
I20260709 14:54:29.102823 22065 raft_consensus.cc:2749] T 264870bcac8c4416b72a6008c308873d P 6ee7d470fb234ec2be3274baf19f1a41 [term 0 FOLLOWER]: Leader pre-election lost for term 1. Reason: could not achieve majority
I20260709 14:54:29.088353 21917 leader_election.cc:290] T 71f7002db41c49dfa662b1ae0c7613a5 P 228110ebeba7402e9521f600ced14ba4 [CANDIDATE]: Term 1 election: Requested vote from peers 6ee7d470fb234ec2be3274baf19f1a41 (127.20.27.129:39813), 062213cd519545fabae2b68d6cc1f303 (127.20.27.130:41937)
I20260709 14:54:29.117889 21905 consensus_queue.cc:1048] T 9cb4a270129e495790ba889ac29365c9 P 6ee7d470fb234ec2be3274baf19f1a41 [LEADER]: Connected to new peer: Peer: permanent_uuid: "062213cd519545fabae2b68d6cc1f303" member_type: VOTER last_known_addr { host: "127.20.27.130" port: 41937 }, Status: LMP_MISMATCH, Last received: 0.0, Next index: 1, Last known committed idx: 0, Time since last communication: 0.001s
I20260709 14:54:29.120625 21703 tablet_service.cc:1917] Received RequestConsensusVote() RPC: tablet_id: "71f7002db41c49dfa662b1ae0c7613a5" candidate_uuid: "228110ebeba7402e9521f600ced14ba4" candidate_term: 1 candidate_status { last_received { term: 0 index: 0 } } ignore_live_leader: false dest_uuid: "6ee7d470fb234ec2be3274baf19f1a41" is_pre_election: true
I20260709 14:54:29.120023 21896 tablet_bootstrap.cc:492] T e18743104662405eb8764da331eea41b P 228110ebeba7402e9521f600ced14ba4: No bootstrap required, opened a new log
I20260709 14:54:29.118791 21778 raft_consensus.cc:2468] T 71f7002db41c49dfa662b1ae0c7613a5 P 062213cd519545fabae2b68d6cc1f303 [term 1 FOLLOWER]: Leader election vote request: Granting yes vote for candidate 6ee7d470fb234ec2be3274baf19f1a41 in term 1.
I20260709 14:54:29.121407 21703 raft_consensus.cc:2393] T 71f7002db41c49dfa662b1ae0c7613a5 P 6ee7d470fb234ec2be3274baf19f1a41 [term 1 FOLLOWER]: Leader pre-election vote request: Denying vote to candidate 228110ebeba7402e9521f600ced14ba4 in current term 1: Already voted for candidate 6ee7d470fb234ec2be3274baf19f1a41 in this term.
I20260709 14:54:29.121811 21896 ts_tablet_manager.cc:1403] T e18743104662405eb8764da331eea41b P 228110ebeba7402e9521f600ced14ba4: Time spent bootstrapping tablet: real 0.104s	user 0.012s	sys 0.002s
I20260709 14:54:29.124871 21672 leader_election.cc:304] T 71f7002db41c49dfa662b1ae0c7613a5 P 6ee7d470fb234ec2be3274baf19f1a41 [CANDIDATE]: Term 1 election: Election decided. Result: candidate won. Election summary: received 3 responses out of 3 voters: 2 yes votes; 1 no votes. yes voters: 062213cd519545fabae2b68d6cc1f303, 6ee7d470fb234ec2be3274baf19f1a41; no voters: 228110ebeba7402e9521f600ced14ba4
I20260709 14:54:29.124979 21896 raft_consensus.cc:359] T e18743104662405eb8764da331eea41b P 228110ebeba7402e9521f600ced14ba4 [term 0 FOLLOWER]: Replica starting. Triggering 0 pending ops. Active config: opid_index: -1 OBSOLETE_local: false peers { permanent_uuid: "6ee7d470fb234ec2be3274baf19f1a41" member_type: VOTER last_known_addr { host: "127.20.27.129" port: 39813 } } peers { permanent_uuid: "062213cd519545fabae2b68d6cc1f303" member_type: VOTER last_known_addr { host: "127.20.27.130" port: 41937 } } peers { permanent_uuid: "228110ebeba7402e9521f600ced14ba4" member_type: VOTER last_known_addr { host: "127.20.27.131" port: 43669 } }
I20260709 14:54:29.125897 21896 raft_consensus.cc:385] T e18743104662405eb8764da331eea41b P 228110ebeba7402e9521f600ced14ba4 [term 0 FOLLOWER]: Consensus starting up: Expiring failure detector timer to make a prompt election more likely
I20260709 14:54:29.126238 21896 raft_consensus.cc:740] T e18743104662405eb8764da331eea41b P 228110ebeba7402e9521f600ced14ba4 [term 0 FOLLOWER]: Becoming Follower/Learner. State: Replica: 228110ebeba7402e9521f600ced14ba4, State: Initialized, Role: FOLLOWER
I20260709 14:54:29.126710 22065 raft_consensus.cc:2804] T 71f7002db41c49dfa662b1ae0c7613a5 P 6ee7d470fb234ec2be3274baf19f1a41 [term 1 FOLLOWER]: Leader election won for term 1
I20260709 14:54:29.127661 21897 tablet_bootstrap.cc:492] T 261aac5a0fce4b7d844f7b995d3cec18 P 062213cd519545fabae2b68d6cc1f303: No bootstrap required, opened a new log
I20260709 14:54:29.127228 21896 consensus_queue.cc:260] T e18743104662405eb8764da331eea41b P 228110ebeba7402e9521f600ced14ba4 [NON_LEADER]: Queue going to NON_LEADER mode. State: All replicated index: 0, Majority replicated index: 0, Committed index: 0, Last appended: 0.0, Last appended by leader: 0, Current term: 0, Majority size: -1, State: 0, Mode: NON_LEADER, active raft config: opid_index: -1 OBSOLETE_local: false peers { permanent_uuid: "6ee7d470fb234ec2be3274baf19f1a41" member_type: VOTER last_known_addr { host: "127.20.27.129" port: 39813 } } peers { permanent_uuid: "062213cd519545fabae2b68d6cc1f303" member_type: VOTER last_known_addr { host: "127.20.27.130" port: 41937 } } peers { permanent_uuid: "228110ebeba7402e9521f600ced14ba4" member_type: VOTER last_known_addr { host: "127.20.27.131" port: 43669 } }
I20260709 14:54:29.127225 22065 raft_consensus.cc:697] T 71f7002db41c49dfa662b1ae0c7613a5 P 6ee7d470fb234ec2be3274baf19f1a41 [term 1 LEADER]: Becoming Leader. State: Replica: 6ee7d470fb234ec2be3274baf19f1a41, State: Running, Role: LEADER
I20260709 14:54:29.128096 21897 ts_tablet_manager.cc:1403] T 261aac5a0fce4b7d844f7b995d3cec18 P 062213cd519545fabae2b68d6cc1f303: Time spent bootstrapping tablet: real 0.097s	user 0.024s	sys 0.002s
I20260709 14:54:29.129616 21896 ts_tablet_manager.cc:1434] T e18743104662405eb8764da331eea41b P 228110ebeba7402e9521f600ced14ba4: Time spent starting tablet: real 0.007s	user 0.007s	sys 0.000s
I20260709 14:54:29.130765 21896 tablet_bootstrap.cc:492] T 264870bcac8c4416b72a6008c308873d P 228110ebeba7402e9521f600ced14ba4: Bootstrap starting.
I20260709 14:54:29.128664 22065 consensus_queue.cc:237] T 71f7002db41c49dfa662b1ae0c7613a5 P 6ee7d470fb234ec2be3274baf19f1a41 [LEADER]: Queue going to LEADER mode. State: All replicated index: 0, Majority replicated index: 0, Committed index: 0, Last appended: 0.0, Last appended by leader: 0, Current term: 1, Majority size: 2, State: 0, Mode: LEADER, active raft config: opid_index: -1 OBSOLETE_local: false peers { permanent_uuid: "6ee7d470fb234ec2be3274baf19f1a41" member_type: VOTER last_known_addr { host: "127.20.27.129" port: 39813 } } peers { permanent_uuid: "062213cd519545fabae2b68d6cc1f303" member_type: VOTER last_known_addr { host: "127.20.27.130" port: 41937 } } peers { permanent_uuid: "228110ebeba7402e9521f600ced14ba4" member_type: VOTER last_known_addr { host: "127.20.27.131" port: 43669 } }
I20260709 14:54:29.132923 21897 raft_consensus.cc:359] T 261aac5a0fce4b7d844f7b995d3cec18 P 062213cd519545fabae2b68d6cc1f303 [term 0 FOLLOWER]: Replica starting. Triggering 0 pending ops. Active config: opid_index: -1 OBSOLETE_local: false peers { permanent_uuid: "6ee7d470fb234ec2be3274baf19f1a41" member_type: VOTER last_known_addr { host: "127.20.27.129" port: 39813 } } peers { permanent_uuid: "062213cd519545fabae2b68d6cc1f303" member_type: VOTER last_known_addr { host: "127.20.27.130" port: 41937 } } peers { permanent_uuid: "228110ebeba7402e9521f600ced14ba4" member_type: VOTER last_known_addr { host: "127.20.27.131" port: 43669 } }
I20260709 14:54:29.133562 21897 raft_consensus.cc:385] T 261aac5a0fce4b7d844f7b995d3cec18 P 062213cd519545fabae2b68d6cc1f303 [term 0 FOLLOWER]: Consensus starting up: Expiring failure detector timer to make a prompt election more likely
I20260709 14:54:29.133826 21897 raft_consensus.cc:740] T 261aac5a0fce4b7d844f7b995d3cec18 P 062213cd519545fabae2b68d6cc1f303 [term 0 FOLLOWER]: Becoming Follower/Learner. State: Replica: 062213cd519545fabae2b68d6cc1f303, State: Initialized, Role: FOLLOWER
I20260709 14:54:29.136365 21897 consensus_queue.cc:260] T 261aac5a0fce4b7d844f7b995d3cec18 P 062213cd519545fabae2b68d6cc1f303 [NON_LEADER]: Queue going to NON_LEADER mode. State: All replicated index: 0, Majority replicated index: 0, Committed index: 0, Last appended: 0.0, Last appended by leader: 0, Current term: 0, Majority size: -1, State: 0, Mode: NON_LEADER, active raft config: opid_index: -1 OBSOLETE_local: false peers { permanent_uuid: "6ee7d470fb234ec2be3274baf19f1a41" member_type: VOTER last_known_addr { host: "127.20.27.129" port: 39813 } } peers { permanent_uuid: "062213cd519545fabae2b68d6cc1f303" member_type: VOTER last_known_addr { host: "127.20.27.130" port: 41937 } } peers { permanent_uuid: "228110ebeba7402e9521f600ced14ba4" member_type: VOTER last_known_addr { host: "127.20.27.131" port: 43669 } }
I20260709 14:54:29.142385 21897 ts_tablet_manager.cc:1434] T 261aac5a0fce4b7d844f7b995d3cec18 P 062213cd519545fabae2b68d6cc1f303: Time spent starting tablet: real 0.014s	user 0.004s	sys 0.001s
I20260709 14:54:29.145011 21897 tablet_bootstrap.cc:492] T 42356220bfc34380a8274279134d89ed P 062213cd519545fabae2b68d6cc1f303: Bootstrap starting.
W20260709 14:54:29.136533 21822 outbound_call.cc:321] RPC callback for RPC call kudu.consensus.ConsensusService.UpdateConsensus -> {remote=127.20.27.129:39813, user_credentials={real_user=slave}} blocked reactor thread for 61620us
I20260709 14:54:29.151702 21822 leader_election.cc:304] T ddf66626cd4e4c6d98ab4f3e854a2c9c P 228110ebeba7402e9521f600ced14ba4 [CANDIDATE]: Term 1 election: Election decided. Result: candidate won. Election summary: received 3 responses out of 3 voters: 2 yes votes; 1 no votes. yes voters: 228110ebeba7402e9521f600ced14ba4, 6ee7d470fb234ec2be3274baf19f1a41; no voters: 062213cd519545fabae2b68d6cc1f303
I20260709 14:54:29.153700 21950 raft_consensus.cc:2804] T ddf66626cd4e4c6d98ab4f3e854a2c9c P 228110ebeba7402e9521f600ced14ba4 [term 1 FOLLOWER]: Leader election won for term 1
