I20260709 14:54:22.972625 15365 consensus_queue.cc:1048] T d840d10f229d4638bee3836a75e447a8 P ae09d22a9c8547bb87efee82d8085e26 [LEADER]: Connected to new peer: Peer: permanent_uuid: "95acb07680d64204a3435b1570f82c5f" member_type: VOTER last_known_addr { host: "127.13.184.3" port: 34429 }, Status: LMP_MISMATCH, Last received: 0.0, Next index: 1, Last known committed idx: 0, Time since last communication: 0.000s
I20260709 14:54:22.973986 15341 tablet_bootstrap.cc:492] T 74e4dc703f0346dbb65a6348416640d2 P ae09d22a9c8547bb87efee82d8085e26: No bootstrap required, opened a new log
I20260709 14:54:22.974479 15341 ts_tablet_manager.cc:1403] T 74e4dc703f0346dbb65a6348416640d2 P ae09d22a9c8547bb87efee82d8085e26: Time spent bootstrapping tablet: real 0.250s	user 0.016s	sys 0.008s
I20260709 14:54:22.977782 15224 tablet_service.cc:1917] Received RequestConsensusVote() RPC: tablet_id: "ad537cb703e247fbabab5d9088581dd9" candidate_uuid: "ae09d22a9c8547bb87efee82d8085e26" candidate_term: 1 candidate_status { last_received { term: 0 index: 0 } } ignore_live_leader: false dest_uuid: "b4d3b1e4762c49d7b8a2bdd3cc631ec9" is_pre_election: true
I20260709 14:54:22.978385 15339 raft_consensus.cc:385] T 6cc05abd53554c39975b2c574ed8e791 P 95acb07680d64204a3435b1570f82c5f [term 0 FOLLOWER]: Consensus starting up: Expiring failure detector timer to make a prompt election more likely
I20260709 14:54:22.980576 15339 raft_consensus.cc:740] T 6cc05abd53554c39975b2c574ed8e791 P 95acb07680d64204a3435b1570f82c5f [term 0 FOLLOWER]: Becoming Follower/Learner. State: Replica: 95acb07680d64204a3435b1570f82c5f, State: Initialized, Role: FOLLOWER
I20260709 14:54:22.981410 15339 consensus_queue.cc:260] T 6cc05abd53554c39975b2c574ed8e791 P 95acb07680d64204a3435b1570f82c5f [NON_LEADER]: Queue going to NON_LEADER mode. State: All replicated index: 0, Majority replicated index: 0, Committed index: 0, Last appended: 0.0, Last appended by leader: 0, Current term: 0, Majority size: -1, State: 0, Mode: NON_LEADER, active raft config: opid_index: -1 OBSOLETE_local: false peers { permanent_uuid: "ae09d22a9c8547bb87efee82d8085e26" member_type: VOTER last_known_addr { host: "127.13.184.1" port: 43605 } } peers { permanent_uuid: "b4d3b1e4762c49d7b8a2bdd3cc631ec9" member_type: VOTER last_known_addr { host: "127.13.184.2" port: 37415 } } peers { permanent_uuid: "95acb07680d64204a3435b1570f82c5f" member_type: VOTER last_known_addr { host: "127.13.184.3" port: 34429 } }
I20260709 14:54:22.983798 15339 ts_tablet_manager.cc:1434] T 6cc05abd53554c39975b2c574ed8e791 P 95acb07680d64204a3435b1570f82c5f: Time spent starting tablet: real 0.030s	user 0.006s	sys 0.000s
I20260709 14:54:22.984750 15339 tablet_bootstrap.cc:492] T 6045e903851742f4a11ba5ba2b8bfaf3 P 95acb07680d64204a3435b1570f82c5f: Bootstrap starting.
I20260709 14:54:22.990000 15224 raft_consensus.cc:2468] T ad537cb703e247fbabab5d9088581dd9 P b4d3b1e4762c49d7b8a2bdd3cc631ec9 [term 0 FOLLOWER]: Leader pre-election vote request: Granting yes vote for candidate ae09d22a9c8547bb87efee82d8085e26 in term 0.
I20260709 14:54:22.991554 15114 leader_election.cc:304] T ad537cb703e247fbabab5d9088581dd9 P ae09d22a9c8547bb87efee82d8085e26 [CANDIDATE]: Term 1 pre-election: Election decided. Result: candidate won. Election summary: received 3 responses out of 3 voters: 2 yes votes; 1 no votes. yes voters: ae09d22a9c8547bb87efee82d8085e26, b4d3b1e4762c49d7b8a2bdd3cc631ec9; no voters: 95acb07680d64204a3435b1570f82c5f
I20260709 14:54:22.991986 15339 tablet_bootstrap.cc:654] T 6045e903851742f4a11ba5ba2b8bfaf3 P 95acb07680d64204a3435b1570f82c5f: Neither blocks nor log segments found. Creating new log.
I20260709 14:54:22.992712 15365 raft_consensus.cc:2804] T ad537cb703e247fbabab5d9088581dd9 P ae09d22a9c8547bb87efee82d8085e26 [term 0 FOLLOWER]: Leader pre-election won for term 1
I20260709 14:54:22.993145 15365 raft_consensus.cc:493] T ad537cb703e247fbabab5d9088581dd9 P ae09d22a9c8547bb87efee82d8085e26 [term 0 FOLLOWER]: Starting leader election (no leader contacted us within the election timeout)
I20260709 14:54:22.977514 15341 raft_consensus.cc:359] T 74e4dc703f0346dbb65a6348416640d2 P ae09d22a9c8547bb87efee82d8085e26 [term 0 FOLLOWER]: Replica starting. Triggering 0 pending ops. Active config: opid_index: -1 OBSOLETE_local: false peers { permanent_uuid: "ae09d22a9c8547bb87efee82d8085e26" member_type: VOTER last_known_addr { host: "127.13.184.1" port: 43605 } } peers { permanent_uuid: "b4d3b1e4762c49d7b8a2bdd3cc631ec9" member_type: VOTER last_known_addr { host: "127.13.184.2" port: 37415 } } peers { permanent_uuid: "95acb07680d64204a3435b1570f82c5f" member_type: VOTER last_known_addr { host: "127.13.184.3" port: 34429 } }
I20260709 14:54:22.995836 15341 raft_consensus.cc:385] T 74e4dc703f0346dbb65a6348416640d2 P ae09d22a9c8547bb87efee82d8085e26 [term 0 FOLLOWER]: Consensus starting up: Expiring failure detector timer to make a prompt election more likely
I20260709 14:54:22.993557 15365 raft_consensus.cc:3060] T ad537cb703e247fbabab5d9088581dd9 P ae09d22a9c8547bb87efee82d8085e26 [term 0 FOLLOWER]: Advancing to term 1
I20260709 14:54:23.003345 15340 tablet_bootstrap.cc:492] T 2192d58f5ae24cf1bec78c671c37a1b1 P b4d3b1e4762c49d7b8a2bdd3cc631ec9: No bootstrap required, opened a new log
I20260709 14:54:23.003865 15340 ts_tablet_manager.cc:1403] T 2192d58f5ae24cf1bec78c671c37a1b1 P b4d3b1e4762c49d7b8a2bdd3cc631ec9: Time spent bootstrapping tablet: real 0.162s	user 0.020s	sys 0.050s
I20260709 14:54:23.005119 15341 raft_consensus.cc:740] T 74e4dc703f0346dbb65a6348416640d2 P ae09d22a9c8547bb87efee82d8085e26 [term 0 FOLLOWER]: Becoming Follower/Learner. State: Replica: ae09d22a9c8547bb87efee82d8085e26, State: Initialized, Role: FOLLOWER
I20260709 14:54:23.014917 15341 consensus_queue.cc:260] T 74e4dc703f0346dbb65a6348416640d2 P ae09d22a9c8547bb87efee82d8085e26 [NON_LEADER]: Queue going to NON_LEADER mode. State: All replicated index: 0, Majority replicated index: 0, Committed index: 0, Last appended: 0.0, Last appended by leader: 0, Current term: 0, Majority size: -1, State: 0, Mode: NON_LEADER, active raft config: opid_index: -1 OBSOLETE_local: false peers { permanent_uuid: "ae09d22a9c8547bb87efee82d8085e26" member_type: VOTER last_known_addr { host: "127.13.184.1" port: 43605 } } peers { permanent_uuid: "b4d3b1e4762c49d7b8a2bdd3cc631ec9" member_type: VOTER last_known_addr { host: "127.13.184.2" port: 37415 } } peers { permanent_uuid: "95acb07680d64204a3435b1570f82c5f" member_type: VOTER last_known_addr { host: "127.13.184.3" port: 34429 } }
I20260709 14:54:23.017215 15341 ts_tablet_manager.cc:1434] T 74e4dc703f0346dbb65a6348416640d2 P ae09d22a9c8547bb87efee82d8085e26: Time spent starting tablet: real 0.042s	user 0.004s	sys 0.003s
I20260709 14:54:23.012368 15340 raft_consensus.cc:359] T 2192d58f5ae24cf1bec78c671c37a1b1 P b4d3b1e4762c49d7b8a2bdd3cc631ec9 [term 0 FOLLOWER]: Replica starting. Triggering 0 pending ops. Active config: opid_index: -1 OBSOLETE_local: false peers { permanent_uuid: "ae09d22a9c8547bb87efee82d8085e26" member_type: VOTER last_known_addr { host: "127.13.184.1" port: 43605 } } peers { permanent_uuid: "95acb07680d64204a3435b1570f82c5f" member_type: VOTER last_known_addr { host: "127.13.184.3" port: 34429 } } peers { permanent_uuid: "b4d3b1e4762c49d7b8a2bdd3cc631ec9" member_type: VOTER last_known_addr { host: "127.13.184.2" port: 37415 } }
I20260709 14:54:23.017648 15340 raft_consensus.cc:385] T 2192d58f5ae24cf1bec78c671c37a1b1 P b4d3b1e4762c49d7b8a2bdd3cc631ec9 [term 0 FOLLOWER]: Consensus starting up: Expiring failure detector timer to make a prompt election more likely
I20260709 14:54:23.017968 15340 raft_consensus.cc:740] T 2192d58f5ae24cf1bec78c671c37a1b1 P b4d3b1e4762c49d7b8a2bdd3cc631ec9 [term 0 FOLLOWER]: Becoming Follower/Learner. State: Replica: b4d3b1e4762c49d7b8a2bdd3cc631ec9, State: Initialized, Role: FOLLOWER
I20260709 14:54:23.018206 15373 consensus_queue.cc:1048] T 0c099c3f8c6841e6905cf0907c694c8f P 95acb07680d64204a3435b1570f82c5f [LEADER]: Connected to new peer: Peer: permanent_uuid: "b4d3b1e4762c49d7b8a2bdd3cc631ec9" member_type: VOTER last_known_addr { host: "127.13.184.2" port: 37415 }, Status: LMP_MISMATCH, Last received: 0.0, Next index: 1, Last known committed idx: 0, Time since last communication: 0.001s
I20260709 14:54:23.018651 15340 consensus_queue.cc:260] T 2192d58f5ae24cf1bec78c671c37a1b1 P b4d3b1e4762c49d7b8a2bdd3cc631ec9 [NON_LEADER]: Queue going to NON_LEADER mode. State: All replicated index: 0, Majority replicated index: 0, Committed index: 0, Last appended: 0.0, Last appended by leader: 0, Current term: 0, Majority size: -1, State: 0, Mode: NON_LEADER, active raft config: opid_index: -1 OBSOLETE_local: false peers { permanent_uuid: "ae09d22a9c8547bb87efee82d8085e26" member_type: VOTER last_known_addr { host: "127.13.184.1" port: 43605 } } peers { permanent_uuid: "95acb07680d64204a3435b1570f82c5f" member_type: VOTER last_known_addr { host: "127.13.184.3" port: 34429 } } peers { permanent_uuid: "b4d3b1e4762c49d7b8a2bdd3cc631ec9" member_type: VOTER last_known_addr { host: "127.13.184.2" port: 37415 } }
I20260709 14:54:23.021176 15340 ts_tablet_manager.cc:1434] T 2192d58f5ae24cf1bec78c671c37a1b1 P b4d3b1e4762c49d7b8a2bdd3cc631ec9: Time spent starting tablet: real 0.017s	user 0.005s	sys 0.001s
I20260709 14:54:23.007263 15365 raft_consensus.cc:515] T ad537cb703e247fbabab5d9088581dd9 P ae09d22a9c8547bb87efee82d8085e26 [term 1 FOLLOWER]: Starting leader election with config: opid_index: -1 OBSOLETE_local: false peers { permanent_uuid: "ae09d22a9c8547bb87efee82d8085e26" member_type: VOTER last_known_addr { host: "127.13.184.1" port: 43605 } } peers { permanent_uuid: "b4d3b1e4762c49d7b8a2bdd3cc631ec9" member_type: VOTER last_known_addr { host: "127.13.184.2" port: 37415 } } peers { permanent_uuid: "95acb07680d64204a3435b1570f82c5f" member_type: VOTER last_known_addr { host: "127.13.184.3" port: 34429 } }
I20260709 14:54:23.023576 15365 leader_election.cc:290] T ad537cb703e247fbabab5d9088581dd9 P ae09d22a9c8547bb87efee82d8085e26 [CANDIDATE]: Term 1 election: Requested vote from peers b4d3b1e4762c49d7b8a2bdd3cc631ec9 (127.13.184.2:37415), 95acb07680d64204a3435b1570f82c5f (127.13.184.3:34429)
I20260709 14:54:23.024820 15222 tablet_service.cc:1917] Received RequestConsensusVote() RPC: tablet_id: "ad537cb703e247fbabab5d9088581dd9" candidate_uuid: "ae09d22a9c8547bb87efee82d8085e26" candidate_term: 1 candidate_status { last_received { term: 0 index: 0 } } ignore_live_leader: false dest_uuid: "b4d3b1e4762c49d7b8a2bdd3cc631ec9"
I20260709 14:54:23.029841 15222 raft_consensus.cc:3060] T ad537cb703e247fbabab5d9088581dd9 P b4d3b1e4762c49d7b8a2bdd3cc631ec9 [term 0 FOLLOWER]: Advancing to term 1
I20260709 14:54:23.024827 15340 tablet_bootstrap.cc:492] T 6045e903851742f4a11ba5ba2b8bfaf3 P b4d3b1e4762c49d7b8a2bdd3cc631ec9: Bootstrap starting.
I20260709 14:54:23.039876 15222 raft_consensus.cc:2468] T ad537cb703e247fbabab5d9088581dd9 P b4d3b1e4762c49d7b8a2bdd3cc631ec9 [term 1 FOLLOWER]: Leader election vote request: Granting yes vote for candidate ae09d22a9c8547bb87efee82d8085e26 in term 1.
I20260709 14:54:23.027932 15373 raft_consensus.cc:493] T 6cc05abd53554c39975b2c574ed8e791 P 95acb07680d64204a3435b1570f82c5f [term 0 FOLLOWER]: Starting pre-election (no leader contacted us within the election timeout)
I20260709 14:54:23.044230 15373 raft_consensus.cc:515] T 6cc05abd53554c39975b2c574ed8e791 P 95acb07680d64204a3435b1570f82c5f [term 0 FOLLOWER]: Starting pre-election with config: opid_index: -1 OBSOLETE_local: false peers { permanent_uuid: "ae09d22a9c8547bb87efee82d8085e26" member_type: VOTER last_known_addr { host: "127.13.184.1" port: 43605 } } peers { permanent_uuid: "b4d3b1e4762c49d7b8a2bdd3cc631ec9" member_type: VOTER last_known_addr { host: "127.13.184.2" port: 37415 } } peers { permanent_uuid: "95acb07680d64204a3435b1570f82c5f" member_type: VOTER last_known_addr { host: "127.13.184.3" port: 34429 } }
I20260709 14:54:23.046592 15373 leader_election.cc:290] T 6cc05abd53554c39975b2c574ed8e791 P 95acb07680d64204a3435b1570f82c5f [CANDIDATE]: Term 1 pre-election: Requested pre-vote from peers ae09d22a9c8547bb87efee82d8085e26 (127.13.184.1:43605), b4d3b1e4762c49d7b8a2bdd3cc631ec9 (127.13.184.2:37415)
I20260709 14:54:23.025571 15341 tablet_bootstrap.cc:492] T 2192d58f5ae24cf1bec78c671c37a1b1 P ae09d22a9c8547bb87efee82d8085e26: Bootstrap starting.
I20260709 14:54:23.048913 15150 tablet_service.cc:1917] Received RequestConsensusVote() RPC: tablet_id: "6cc05abd53554c39975b2c574ed8e791" candidate_uuid: "95acb07680d64204a3435b1570f82c5f" candidate_term: 1 candidate_status { last_received { term: 0 index: 0 } } ignore_live_leader: false dest_uuid: "ae09d22a9c8547bb87efee82d8085e26" is_pre_election: true
W20260709 14:54:23.050813 15263 leader_election.cc:343] T 6cc05abd53554c39975b2c574ed8e791 P 95acb07680d64204a3435b1570f82c5f [CANDIDATE]: Term 1 pre-election: Tablet error from VoteRequest() call to peer ae09d22a9c8547bb87efee82d8085e26 (127.13.184.1:43605): Illegal state: must be running to vote when last-logged opid is not known
I20260709 14:54:23.048923 15225 tablet_service.cc:1917] Received RequestConsensusVote() RPC: tablet_id: "6cc05abd53554c39975b2c574ed8e791" candidate_uuid: "95acb07680d64204a3435b1570f82c5f" candidate_term: 1 candidate_status { last_received { term: 0 index: 0 } } ignore_live_leader: false dest_uuid: "b4d3b1e4762c49d7b8a2bdd3cc631ec9" is_pre_election: true
I20260709 14:54:23.051800 15298 tablet_service.cc:1917] Received RequestConsensusVote() RPC: tablet_id: "ad537cb703e247fbabab5d9088581dd9" candidate_uuid: "ae09d22a9c8547bb87efee82d8085e26" candidate_term: 1 candidate_status { last_received { term: 0 index: 0 } } ignore_live_leader: false dest_uuid: "95acb07680d64204a3435b1570f82c5f"
I20260709 14:54:23.043525 15365 raft_consensus.cc:493] T b70e755712bc489aadd23db10fe100b3 P ae09d22a9c8547bb87efee82d8085e26 [term 0 FOLLOWER]: Starting pre-election (no leader contacted us within the election timeout)
W20260709 14:54:23.052831 15263 leader_election.cc:343] T 6cc05abd53554c39975b2c574ed8e791 P 95acb07680d64204a3435b1570f82c5f [CANDIDATE]: Term 1 pre-election: Tablet error from VoteRequest() call to peer b4d3b1e4762c49d7b8a2bdd3cc631ec9 (127.13.184.2:37415): Illegal state: must be running to vote when last-logged opid is not known
I20260709 14:54:23.052522 15365 raft_consensus.cc:515] T b70e755712bc489aadd23db10fe100b3 P ae09d22a9c8547bb87efee82d8085e26 [term 0 FOLLOWER]: Starting pre-election with config: opid_index: -1 OBSOLETE_local: false peers { permanent_uuid: "ae09d22a9c8547bb87efee82d8085e26" member_type: VOTER last_known_addr { host: "127.13.184.1" port: 43605 } } peers { permanent_uuid: "b4d3b1e4762c49d7b8a2bdd3cc631ec9" member_type: VOTER last_known_addr { host: "127.13.184.2" port: 37415 } } peers { permanent_uuid: "95acb07680d64204a3435b1570f82c5f" member_type: VOTER last_known_addr { host: "127.13.184.3" port: 34429 } }
I20260709 14:54:23.053128 15340 tablet_bootstrap.cc:654] T 6045e903851742f4a11ba5ba2b8bfaf3 P b4d3b1e4762c49d7b8a2bdd3cc631ec9: Neither blocks nor log segments found. Creating new log.
I20260709 14:54:23.053268 15263 leader_election.cc:304] T 6cc05abd53554c39975b2c574ed8e791 P 95acb07680d64204a3435b1570f82c5f [CANDIDATE]: Term 1 pre-election: Election decided. Result: candidate lost. Election summary: received 3 responses out of 3 voters: 1 yes votes; 2 no votes. yes voters: 95acb07680d64204a3435b1570f82c5f; no voters: ae09d22a9c8547bb87efee82d8085e26, b4d3b1e4762c49d7b8a2bdd3cc631ec9
I20260709 14:54:23.054821 15373 raft_consensus.cc:2749] T 6cc05abd53554c39975b2c574ed8e791 P 95acb07680d64204a3435b1570f82c5f [term 0 FOLLOWER]: Leader pre-election lost for term 1. Reason: could not achieve majority
I20260709 14:54:23.054791 15365 leader_election.cc:290] T b70e755712bc489aadd23db10fe100b3 P ae09d22a9c8547bb87efee82d8085e26 [CANDIDATE]: Term 1 pre-election: Requested pre-vote from peers b4d3b1e4762c49d7b8a2bdd3cc631ec9 (127.13.184.2:37415), 95acb07680d64204a3435b1570f82c5f (127.13.184.3:34429)
I20260709 14:54:23.043068 15339 tablet_bootstrap.cc:492] T 6045e903851742f4a11ba5ba2b8bfaf3 P 95acb07680d64204a3435b1570f82c5f: No bootstrap required, opened a new log
I20260709 14:54:23.051913 15114 leader_election.cc:304] T ad537cb703e247fbabab5d9088581dd9 P ae09d22a9c8547bb87efee82d8085e26 [CANDIDATE]: Term 1 election: Election decided. Result: candidate won. Election summary: received 2 responses out of 3 voters: 2 yes votes; 0 no votes. yes voters: ae09d22a9c8547bb87efee82d8085e26, b4d3b1e4762c49d7b8a2bdd3cc631ec9; no voters: 
W20260709 14:54:23.059824 15116 leader_election.cc:343] T ad537cb703e247fbabab5d9088581dd9 P ae09d22a9c8547bb87efee82d8085e26 [CANDIDATE]: Term 1 election: Tablet error from VoteRequest() call to peer 95acb07680d64204a3435b1570f82c5f (127.13.184.3:34429): Illegal state: must be running to vote when last-logged opid is not known
I20260709 14:54:23.061304 15224 tablet_service.cc:1917] Received RequestConsensusVote() RPC: tablet_id: "b70e755712bc489aadd23db10fe100b3" candidate_uuid: "ae09d22a9c8547bb87efee82d8085e26" candidate_term: 1 candidate_status { last_received { term: 0 index: 0 } } ignore_live_leader: false dest_uuid: "b4d3b1e4762c49d7b8a2bdd3cc631ec9" is_pre_election: true
I20260709 14:54:23.062269 15299 tablet_service.cc:1917] Received RequestConsensusVote() RPC: tablet_id: "b70e755712bc489aadd23db10fe100b3" candidate_uuid: "ae09d22a9c8547bb87efee82d8085e26" candidate_term: 1 candidate_status { last_received { term: 0 index: 0 } } ignore_live_leader: false dest_uuid: "95acb07680d64204a3435b1570f82c5f" is_pre_election: true
I20260709 14:54:23.061641 15339 ts_tablet_manager.cc:1403] T 6045e903851742f4a11ba5ba2b8bfaf3 P 95acb07680d64204a3435b1570f82c5f: Time spent bootstrapping tablet: real 0.077s	user 0.011s	sys 0.002s
I20260709 14:54:23.062107 15392 raft_consensus.cc:2804] T ad537cb703e247fbabab5d9088581dd9 P ae09d22a9c8547bb87efee82d8085e26 [term 1 FOLLOWER]: Leader election won for term 1
I20260709 14:54:23.064188 15392 raft_consensus.cc:697] T ad537cb703e247fbabab5d9088581dd9 P ae09d22a9c8547bb87efee82d8085e26 [term 1 LEADER]: Becoming Leader. State: Replica: ae09d22a9c8547bb87efee82d8085e26, State: Running, Role: LEADER
I20260709 14:54:23.065121 15392 consensus_queue.cc:237] T ad537cb703e247fbabab5d9088581dd9 P ae09d22a9c8547bb87efee82d8085e26 [LEADER]: Queue going to LEADER mode. State: All replicated index: 0, Majority replicated index: 0, Committed index: 0, Last appended: 0.0, Last appended by leader: 0, Current term: 1, Majority size: 2, State: 0, Mode: LEADER, active raft config: opid_index: -1 OBSOLETE_local: false peers { permanent_uuid: "ae09d22a9c8547bb87efee82d8085e26" member_type: VOTER last_known_addr { host: "127.13.184.1" port: 43605 } } peers { permanent_uuid: "b4d3b1e4762c49d7b8a2bdd3cc631ec9" member_type: VOTER last_known_addr { host: "127.13.184.2" port: 37415 } } peers { permanent_uuid: "95acb07680d64204a3435b1570f82c5f" member_type: VOTER last_known_addr { host: "127.13.184.3" port: 34429 } }
I20260709 14:54:23.067539 15341 tablet_bootstrap.cc:654] T 2192d58f5ae24cf1bec78c671c37a1b1 P ae09d22a9c8547bb87efee82d8085e26: Neither blocks nor log segments found. Creating new log.
W20260709 14:54:23.068691 15114 leader_election.cc:343] T b70e755712bc489aadd23db10fe100b3 P ae09d22a9c8547bb87efee82d8085e26 [CANDIDATE]: Term 1 pre-election: Tablet error from VoteRequest() call to peer b4d3b1e4762c49d7b8a2bdd3cc631ec9 (127.13.184.2:37415): Illegal state: must be running to vote when last-logged opid is not known
W20260709 14:54:23.069682 15263 consensus_peers.cc:597] T 0c099c3f8c6841e6905cf0907c694c8f P 95acb07680d64204a3435b1570f82c5f -> Peer ae09d22a9c8547bb87efee82d8085e26 (127.13.184.1:43605): Couldn't send request to peer ae09d22a9c8547bb87efee82d8085e26. Error code: TABLET_NOT_RUNNING (12). Status: Illegal state: Tablet not RUNNING: INITIALIZED. This is attempt 1: this message will repeat every 5th retry.
I20260709 14:54:23.073643 15339 raft_consensus.cc:359] T 6045e903851742f4a11ba5ba2b8bfaf3 P 95acb07680d64204a3435b1570f82c5f [term 0 FOLLOWER]: Replica starting. Triggering 0 pending ops. Active config: opid_index: -1 OBSOLETE_local: false peers { permanent_uuid: "ae09d22a9c8547bb87efee82d8085e26" member_type: VOTER last_known_addr { host: "127.13.184.1" port: 43605 } } peers { permanent_uuid: "b4d3b1e4762c49d7b8a2bdd3cc631ec9" member_type: VOTER last_known_addr { host: "127.13.184.2" port: 37415 } } peers { permanent_uuid: "95acb07680d64204a3435b1570f82c5f" member_type: VOTER last_known_addr { host: "127.13.184.3" port: 34429 } }
I20260709 14:54:23.074512 15339 raft_consensus.cc:385] T 6045e903851742f4a11ba5ba2b8bfaf3 P 95acb07680d64204a3435b1570f82c5f [term 0 FOLLOWER]: Consensus starting up: Expiring failure detector timer to make a prompt election more likely
I20260709 14:54:23.075027 15339 raft_consensus.cc:740] T 6045e903851742f4a11ba5ba2b8bfaf3 P 95acb07680d64204a3435b1570f82c5f [term 0 FOLLOWER]: Becoming Follower/Learner. State: Replica: 95acb07680d64204a3435b1570f82c5f, State: Initialized, Role: FOLLOWER
I20260709 14:54:23.076344 15339 consensus_queue.cc:260] T 6045e903851742f4a11ba5ba2b8bfaf3 P 95acb07680d64204a3435b1570f82c5f [NON_LEADER]: Queue going to NON_LEADER mode. State: All replicated index: 0, Majority replicated index: 0, Committed index: 0, Last appended: 0.0, Last appended by leader: 0, Current term: 0, Majority size: -1, State: 0, Mode: NON_LEADER, active raft config: opid_index: -1 OBSOLETE_local: false peers { permanent_uuid: "ae09d22a9c8547bb87efee82d8085e26" member_type: VOTER last_known_addr { host: "127.13.184.1" port: 43605 } } peers { permanent_uuid: "b4d3b1e4762c49d7b8a2bdd3cc631ec9" member_type: VOTER last_known_addr { host: "127.13.184.2" port: 37415 } } peers { permanent_uuid: "95acb07680d64204a3435b1570f82c5f" member_type: VOTER last_known_addr { host: "127.13.184.3" port: 34429 } }
I20260709 14:54:23.080001 15339 ts_tablet_manager.cc:1434] T 6045e903851742f4a11ba5ba2b8bfaf3 P 95acb07680d64204a3435b1570f82c5f: Time spent starting tablet: real 0.017s	user 0.006s	sys 0.000s
I20260709 14:54:23.082644 15339 tablet_bootstrap.cc:492] T ad537cb703e247fbabab5d9088581dd9 P 95acb07680d64204a3435b1570f82c5f: Bootstrap starting.
I20260709 14:54:23.084502 15340 tablet_bootstrap.cc:492] T 6045e903851742f4a11ba5ba2b8bfaf3 P b4d3b1e4762c49d7b8a2bdd3cc631ec9: No bootstrap required, opened a new log
I20260709 14:54:23.086180 15340 ts_tablet_manager.cc:1403] T 6045e903851742f4a11ba5ba2b8bfaf3 P b4d3b1e4762c49d7b8a2bdd3cc631ec9: Time spent bootstrapping tablet: real 0.062s	user 0.014s	sys 0.003s
I20260709 14:54:23.088474 15340 raft_consensus.cc:359] T 6045e903851742f4a11ba5ba2b8bfaf3 P b4d3b1e4762c49d7b8a2bdd3cc631ec9 [term 0 FOLLOWER]: Replica starting. Triggering 0 pending ops. Active config: opid_index: -1 OBSOLETE_local: false peers { permanent_uuid: "ae09d22a9c8547bb87efee82d8085e26" member_type: VOTER last_known_addr { host: "127.13.184.1" port: 43605 } } peers { permanent_uuid: "b4d3b1e4762c49d7b8a2bdd3cc631ec9" member_type: VOTER last_known_addr { host: "127.13.184.2" port: 37415 } } peers { permanent_uuid: "95acb07680d64204a3435b1570f82c5f" member_type: VOTER last_known_addr { host: "127.13.184.3" port: 34429 } }
I20260709 14:54:23.089046 15340 raft_consensus.cc:385] T 6045e903851742f4a11ba5ba2b8bfaf3 P b4d3b1e4762c49d7b8a2bdd3cc631ec9 [term 0 FOLLOWER]: Consensus starting up: Expiring failure detector timer to make a prompt election more likely
I20260709 14:54:23.089462 15340 raft_consensus.cc:740] T 6045e903851742f4a11ba5ba2b8bfaf3 P b4d3b1e4762c49d7b8a2bdd3cc631ec9 [term 0 FOLLOWER]: Becoming Follower/Learner. State: Replica: b4d3b1e4762c49d7b8a2bdd3cc631ec9, State: Initialized, Role: FOLLOWER
I20260709 14:54:23.090370 15340 consensus_queue.cc:260] T 6045e903851742f4a11ba5ba2b8bfaf3 P b4d3b1e4762c49d7b8a2bdd3cc631ec9 [NON_LEADER]: Queue going to NON_LEADER mode. State: All replicated index: 0, Majority replicated index: 0, Committed index: 0, Last appended: 0.0, Last appended by leader: 0, Current term: 0, Majority size: -1, State: 0, Mode: NON_LEADER, active raft config: opid_index: -1 OBSOLETE_local: false peers { permanent_uuid: "ae09d22a9c8547bb87efee82d8085e26" member_type: VOTER last_known_addr { host: "127.13.184.1" port: 43605 } } peers { permanent_uuid: "b4d3b1e4762c49d7b8a2bdd3cc631ec9" member_type: VOTER last_known_addr { host: "127.13.184.2" port: 37415 } } peers { permanent_uuid: "95acb07680d64204a3435b1570f82c5f" member_type: VOTER last_known_addr { host: "127.13.184.3" port: 34429 } }
I20260709 14:54:23.093112 15340 ts_tablet_manager.cc:1434] T 6045e903851742f4a11ba5ba2b8bfaf3 P b4d3b1e4762c49d7b8a2bdd3cc631ec9: Time spent starting tablet: real 0.007s	user 0.000s	sys 0.004s
I20260709 14:54:23.094187 15340 tablet_bootstrap.cc:492] T b70e755712bc489aadd23db10fe100b3 P b4d3b1e4762c49d7b8a2bdd3cc631ec9: Bootstrap starting.
I20260709 14:54:23.095058 15339 tablet_bootstrap.cc:654] T ad537cb703e247fbabab5d9088581dd9 P 95acb07680d64204a3435b1570f82c5f: Neither blocks nor log segments found. Creating new log.
I20260709 14:54:23.096451 15046 catalog_manager.cc:5697] T ad537cb703e247fbabab5d9088581dd9 P ae09d22a9c8547bb87efee82d8085e26 reported cstate change: term changed from 0 to 1, leader changed from <none> to ae09d22a9c8547bb87efee82d8085e26 (127.13.184.1). New cstate: current_term: 1 leader_uuid: "ae09d22a9c8547bb87efee82d8085e26" committed_config { opid_index: -1 OBSOLETE_local: false peers { permanent_uuid: "ae09d22a9c8547bb87efee82d8085e26" member_type: VOTER last_known_addr { host: "127.13.184.1" port: 43605 } health_report { overall_health: HEALTHY } } peers { permanent_uuid: "b4d3b1e4762c49d7b8a2bdd3cc631ec9" member_type: VOTER last_known_addr { host: "127.13.184.2" port: 37415 } health_report { overall_health: UNKNOWN } } peers { permanent_uuid: "95acb07680d64204a3435b1570f82c5f" member_type: VOTER last_known_addr { host: "127.13.184.3" port: 34429 } health_report { overall_health: UNKNOWN } } }
I20260709 14:54:23.102029 15340 tablet_bootstrap.cc:654] T b70e755712bc489aadd23db10fe100b3 P b4d3b1e4762c49d7b8a2bdd3cc631ec9: Neither blocks nor log segments found. Creating new log.
I20260709 14:54:23.103477 15341 tablet_bootstrap.cc:492] T 2192d58f5ae24cf1bec78c671c37a1b1 P ae09d22a9c8547bb87efee82d8085e26: No bootstrap required, opened a new log
I20260709 14:54:23.103955 15341 ts_tablet_manager.cc:1403] T 2192d58f5ae24cf1bec78c671c37a1b1 P ae09d22a9c8547bb87efee82d8085e26: Time spent bootstrapping tablet: real 0.079s	user 0.028s	sys 0.009s
W20260709 14:54:23.107764 15116 leader_election.cc:343] T b70e755712bc489aadd23db10fe100b3 P ae09d22a9c8547bb87efee82d8085e26 [CANDIDATE]: Term 1 pre-election: Tablet error from VoteRequest() call to peer 95acb07680d64204a3435b1570f82c5f (127.13.184.3:34429): Illegal state: must be running to vote when last-logged opid is not known
I20260709 14:54:23.108196 15116 leader_election.cc:304] T b70e755712bc489aadd23db10fe100b3 P ae09d22a9c8547bb87efee82d8085e26 [CANDIDATE]: Term 1 pre-election: Election decided. Result: candidate lost. Election summary: received 3 responses out of 3 voters: 1 yes votes; 2 no votes. yes voters: ae09d22a9c8547bb87efee82d8085e26; no voters: 95acb07680d64204a3435b1570f82c5f, b4d3b1e4762c49d7b8a2bdd3cc631ec9
I20260709 14:54:23.108616 15341 raft_consensus.cc:359] T 2192d58f5ae24cf1bec78c671c37a1b1 P ae09d22a9c8547bb87efee82d8085e26 [term 0 FOLLOWER]: Replica starting. Triggering 0 pending ops. Active config: opid_index: -1 OBSOLETE_local: false peers { permanent_uuid: "ae09d22a9c8547bb87efee82d8085e26" member_type: VOTER last_known_addr { host: "127.13.184.1" port: 43605 } } peers { permanent_uuid: "95acb07680d64204a3435b1570f82c5f" member_type: VOTER last_known_addr { host: "127.13.184.3" port: 34429 } } peers { permanent_uuid: "b4d3b1e4762c49d7b8a2bdd3cc631ec9" member_type: VOTER last_known_addr { host: "127.13.184.2" port: 37415 } }
I20260709 14:54:23.109310 15341 raft_consensus.cc:385] T 2192d58f5ae24cf1bec78c671c37a1b1 P ae09d22a9c8547bb87efee82d8085e26 [term 0 FOLLOWER]: Consensus starting up: Expiring failure detector timer to make a prompt election more likely
I20260709 14:54:23.112434 15390 raft_consensus.cc:2749] T b70e755712bc489aadd23db10fe100b3 P ae09d22a9c8547bb87efee82d8085e26 [term 0 FOLLOWER]: Leader pre-election lost for term 1. Reason: could not achieve majority
I20260709 14:54:23.109613 15341 raft_consensus.cc:740] T 2192d58f5ae24cf1bec78c671c37a1b1 P ae09d22a9c8547bb87efee82d8085e26 [term 0 FOLLOWER]: Becoming Follower/Learner. State: Replica: ae09d22a9c8547bb87efee82d8085e26, State: Initialized, Role: FOLLOWER
I20260709 14:54:23.117489 15341 consensus_queue.cc:260] T 2192d58f5ae24cf1bec78c671c37a1b1 P ae09d22a9c8547bb87efee82d8085e26 [NON_LEADER]: Queue going to NON_LEADER mode. State: All replicated index: 0, Majority replicated index: 0, Committed index: 0, Last appended: 0.0, Last appended by leader: 0, Current term: 0, Majority size: -1, State: 0, Mode: NON_LEADER, active raft config: opid_index: -1 OBSOLETE_local: false peers { permanent_uuid: "ae09d22a9c8547bb87efee82d8085e26" member_type: VOTER last_known_addr { host: "127.13.184.1" port: 43605 } } peers { permanent_uuid: "95acb07680d64204a3435b1570f82c5f" member_type: VOTER last_known_addr { host: "127.13.184.3" port: 34429 } } peers { permanent_uuid: "b4d3b1e4762c49d7b8a2bdd3cc631ec9" member_type: VOTER last_known_addr { host: "127.13.184.2" port: 37415 } }
I20260709 14:54:23.120785 15339 tablet_bootstrap.cc:492] T ad537cb703e247fbabab5d9088581dd9 P 95acb07680d64204a3435b1570f82c5f: No bootstrap required, opened a new log
I20260709 14:54:23.121202 15339 ts_tablet_manager.cc:1403] T ad537cb703e247fbabab5d9088581dd9 P 95acb07680d64204a3435b1570f82c5f: Time spent bootstrapping tablet: real 0.039s	user 0.018s	sys 0.009s
I20260709 14:54:23.123697 15339 raft_consensus.cc:359] T ad537cb703e247fbabab5d9088581dd9 P 95acb07680d64204a3435b1570f82c5f [term 0 FOLLOWER]: Replica starting. Triggering 0 pending ops. Active config: opid_index: -1 OBSOLETE_local: false peers { permanent_uuid: "ae09d22a9c8547bb87efee82d8085e26" member_type: VOTER last_known_addr { host: "127.13.184.1" port: 43605 } } peers { permanent_uuid: "b4d3b1e4762c49d7b8a2bdd3cc631ec9" member_type: VOTER last_known_addr { host: "127.13.184.2" port: 37415 } } peers { permanent_uuid: "95acb07680d64204a3435b1570f82c5f" member_type: VOTER last_known_addr { host: "127.13.184.3" port: 34429 } }
I20260709 14:54:23.124320 15339 raft_consensus.cc:385] T ad537cb703e247fbabab5d9088581dd9 P 95acb07680d64204a3435b1570f82c5f [term 0 FOLLOWER]: Consensus starting up: Expiring failure detector timer to make a prompt election more likely
I20260709 14:54:23.124596 15339 raft_consensus.cc:740] T ad537cb703e247fbabab5d9088581dd9 P 95acb07680d64204a3435b1570f82c5f [term 0 FOLLOWER]: Becoming Follower/Learner. State: Replica: 95acb07680d64204a3435b1570f82c5f, State: Initialized, Role: FOLLOWER
I20260709 14:54:23.124925 15341 ts_tablet_manager.cc:1434] T 2192d58f5ae24cf1bec78c671c37a1b1 P ae09d22a9c8547bb87efee82d8085e26: Time spent starting tablet: real 0.021s	user 0.009s	sys 0.000s
I20260709 14:54:23.125337 15339 consensus_queue.cc:260] T ad537cb703e247fbabab5d9088581dd9 P 95acb07680d64204a3435b1570f82c5f [NON_LEADER]: Queue going to NON_LEADER mode. State: All replicated index: 0, Majority replicated index: 0, Committed index: 0, Last appended: 0.0, Last appended by leader: 0, Current term: 0, Majority size: -1, State: 0, Mode: NON_LEADER, active raft config: opid_index: -1 OBSOLETE_local: false peers { permanent_uuid: "ae09d22a9c8547bb87efee82d8085e26" member_type: VOTER last_known_addr { host: "127.13.184.1" port: 43605 } } peers { permanent_uuid: "b4d3b1e4762c49d7b8a2bdd3cc631ec9" member_type: VOTER last_known_addr { host: "127.13.184.2" port: 37415 } } peers { permanent_uuid: "95acb07680d64204a3435b1570f82c5f" member_type: VOTER last_known_addr { host: "127.13.184.3" port: 34429 } }
I20260709 14:54:23.126336 15341 tablet_bootstrap.cc:492] T 6cc05abd53554c39975b2c574ed8e791 P ae09d22a9c8547bb87efee82d8085e26: Bootstrap starting.
I20260709 14:54:23.127342 15339 ts_tablet_manager.cc:1434] T ad537cb703e247fbabab5d9088581dd9 P 95acb07680d64204a3435b1570f82c5f: Time spent starting tablet: real 0.006s	user 0.006s	sys 0.000s
I20260709 14:54:23.130424 15340 tablet_bootstrap.cc:492] T b70e755712bc489aadd23db10fe100b3 P b4d3b1e4762c49d7b8a2bdd3cc631ec9: No bootstrap required, opened a new log
I20260709 14:54:23.130857 15340 ts_tablet_manager.cc:1403] T b70e755712bc489aadd23db10fe100b3 P b4d3b1e4762c49d7b8a2bdd3cc631ec9: Time spent bootstrapping tablet: real 0.037s	user 0.020s	sys 0.013s
I20260709 14:54:23.133260 15340 raft_consensus.cc:359] T b70e755712bc489aadd23db10fe100b3 P b4d3b1e4762c49d7b8a2bdd3cc631ec9 [term 0 FOLLOWER]: Replica starting. Triggering 0 pending ops. Active config: opid_index: -1 OBSOLETE_local: false peers { permanent_uuid: "ae09d22a9c8547bb87efee82d8085e26" member_type: VOTER last_known_addr { host: "127.13.184.1" port: 43605 } } peers { permanent_uuid: "b4d3b1e4762c49d7b8a2bdd3cc631ec9" member_type: VOTER last_known_addr { host: "127.13.184.2" port: 37415 } } peers { permanent_uuid: "95acb07680d64204a3435b1570f82c5f" member_type: VOTER last_known_addr { host: "127.13.184.3" port: 34429 } }
I20260709 14:54:23.133643 15341 tablet_bootstrap.cc:654] T 6cc05abd53554c39975b2c574ed8e791 P ae09d22a9c8547bb87efee82d8085e26: Neither blocks nor log segments found. Creating new log.
I20260709 14:54:23.133881 15340 raft_consensus.cc:385] T b70e755712bc489aadd23db10fe100b3 P b4d3b1e4762c49d7b8a2bdd3cc631ec9 [term 0 FOLLOWER]: Consensus starting up: Expiring failure detector timer to make a prompt election more likely
I20260709 14:54:23.134197 15340 raft_consensus.cc:740] T b70e755712bc489aadd23db10fe100b3 P b4d3b1e4762c49d7b8a2bdd3cc631ec9 [term 0 FOLLOWER]: Becoming Follower/Learner. State: Replica: b4d3b1e4762c49d7b8a2bdd3cc631ec9, State: Initialized, Role: FOLLOWER
I20260709 14:54:23.134838 15345 raft_consensus.cc:493] T 1f481e35c2c447b9be343cb169a08813 P 95acb07680d64204a3435b1570f82c5f [term 0 FOLLOWER]: Starting pre-election (no leader contacted us within the election timeout)
I20260709 14:54:23.135424 15339 tablet_bootstrap.cc:492] T 39e9043f3593413f9d40b6212c1388fc P 95acb07680d64204a3435b1570f82c5f: Bootstrap starting.
I20260709 14:54:23.135366 15345 raft_consensus.cc:515] T 1f481e35c2c447b9be343cb169a08813 P 95acb07680d64204a3435b1570f82c5f [term 0 FOLLOWER]: Starting pre-election with config: opid_index: -1 OBSOLETE_local: false peers { permanent_uuid: "ae09d22a9c8547bb87efee82d8085e26" member_type: VOTER last_known_addr { host: "127.13.184.1" port: 43605 } } peers { permanent_uuid: "b4d3b1e4762c49d7b8a2bdd3cc631ec9" member_type: VOTER last_known_addr { host: "127.13.184.2" port: 37415 } } peers { permanent_uuid: "95acb07680d64204a3435b1570f82c5f" member_type: VOTER last_known_addr { host: "127.13.184.3" port: 34429 } }
I20260709 14:54:23.137993 15345 leader_election.cc:290] T 1f481e35c2c447b9be343cb169a08813 P 95acb07680d64204a3435b1570f82c5f [CANDIDATE]: Term 1 pre-election: Requested pre-vote from peers ae09d22a9c8547bb87efee82d8085e26 (127.13.184.1:43605), b4d3b1e4762c49d7b8a2bdd3cc631ec9 (127.13.184.2:37415)
I20260709 14:54:23.138610 15150 tablet_service.cc:1917] Received RequestConsensusVote() RPC: tablet_id: "1f481e35c2c447b9be343cb169a08813" candidate_uuid: "95acb07680d64204a3435b1570f82c5f" candidate_term: 1 candidate_status { last_received { term: 0 index: 0 } } ignore_live_leader: false dest_uuid: "ae09d22a9c8547bb87efee82d8085e26" is_pre_election: true
I20260709 14:54:23.140367 15339 tablet_bootstrap.cc:654] T 39e9043f3593413f9d40b6212c1388fc P 95acb07680d64204a3435b1570f82c5f: Neither blocks nor log segments found. Creating new log.
W20260709 14:54:23.140316 15263 leader_election.cc:343] T 1f481e35c2c447b9be343cb169a08813 P 95acb07680d64204a3435b1570f82c5f [CANDIDATE]: Term 1 pre-election: Tablet error from VoteRequest() call to peer ae09d22a9c8547bb87efee82d8085e26 (127.13.184.1:43605): Illegal state: must be running to vote when last-logged opid is not known
I20260709 14:54:23.141600 15224 tablet_service.cc:1917] Received RequestConsensusVote() RPC: tablet_id: "1f481e35c2c447b9be343cb169a08813" candidate_uuid: "95acb07680d64204a3435b1570f82c5f" candidate_term: 1 candidate_status { last_received { term: 0 index: 0 } } ignore_live_leader: false dest_uuid: "b4d3b1e4762c49d7b8a2bdd3cc631ec9" is_pre_election: true
I20260709 14:54:23.142248 15224 raft_consensus.cc:2468] T 1f481e35c2c447b9be343cb169a08813 P b4d3b1e4762c49d7b8a2bdd3cc631ec9 [term 0 FOLLOWER]: Leader pre-election vote request: Granting yes vote for candidate 95acb07680d64204a3435b1570f82c5f in term 0.
I20260709 14:54:23.143714 15263 leader_election.cc:304] T 1f481e35c2c447b9be343cb169a08813 P 95acb07680d64204a3435b1570f82c5f [CANDIDATE]: Term 1 pre-election: Election decided. Result: candidate won. Election summary: received 3 responses out of 3 voters: 2 yes votes; 1 no votes. yes voters: 95acb07680d64204a3435b1570f82c5f, b4d3b1e4762c49d7b8a2bdd3cc631ec9; no voters: ae09d22a9c8547bb87efee82d8085e26
I20260709 14:54:23.134840 15340 consensus_queue.cc:260] T b70e755712bc489aadd23db10fe100b3 P b4d3b1e4762c49d7b8a2bdd3cc631ec9 [NON_LEADER]: Queue going to NON_LEADER mode. State: All replicated index: 0, Majority replicated index: 0, Committed index: 0, Last appended: 0.0, Last appended by leader: 0, Current term: 0, Majority size: -1, State: 0, Mode: NON_LEADER, active raft config: opid_index: -1 OBSOLETE_local: false peers { permanent_uuid: "ae09d22a9c8547bb87efee82d8085e26" member_type: VOTER last_known_addr { host: "127.13.184.1" port: 43605 } } peers { permanent_uuid: "b4d3b1e4762c49d7b8a2bdd3cc631ec9" member_type: VOTER last_known_addr { host: "127.13.184.2" port: 37415 } } peers { permanent_uuid: "95acb07680d64204a3435b1570f82c5f" member_type: VOTER last_known_addr { host: "127.13.184.3" port: 34429 } }
I20260709 14:54:23.145097 15345 raft_consensus.cc:2804] T 1f481e35c2c447b9be343cb169a08813 P 95acb07680d64204a3435b1570f82c5f [term 0 FOLLOWER]: Leader pre-election won for term 1
I20260709 14:54:23.147044 15340 ts_tablet_manager.cc:1434] T b70e755712bc489aadd23db10fe100b3 P b4d3b1e4762c49d7b8a2bdd3cc631ec9: Time spent starting tablet: real 0.016s	user 0.007s	sys 0.000s
I20260709 14:54:23.145606 15345 raft_consensus.cc:493] T 1f481e35c2c447b9be343cb169a08813 P 95acb07680d64204a3435b1570f82c5f [term 0 FOLLOWER]: Starting leader election (no leader contacted us within the election timeout)
I20260709 14:54:23.148450 15340 tablet_bootstrap.cc:492] T 74e4dc703f0346dbb65a6348416640d2 P b4d3b1e4762c49d7b8a2bdd3cc631ec9: Bootstrap starting.
I20260709 14:54:23.148696 15345 raft_consensus.cc:3060] T 1f481e35c2c447b9be343cb169a08813 P 95acb07680d64204a3435b1570f82c5f [term 0 FOLLOWER]: Advancing to term 1
I20260709 14:54:23.156268 15341 tablet_bootstrap.cc:492] T 6cc05abd53554c39975b2c574ed8e791 P ae09d22a9c8547bb87efee82d8085e26: No bootstrap required, opened a new log
I20260709 14:54:23.156694 15341 ts_tablet_manager.cc:1403] T 6cc05abd53554c39975b2c574ed8e791 P ae09d22a9c8547bb87efee82d8085e26: Time spent bootstrapping tablet: real 0.031s	user 0.014s	sys 0.014s
I20260709 14:54:23.157439 15340 tablet_bootstrap.cc:654] T 74e4dc703f0346dbb65a6348416640d2 P b4d3b1e4762c49d7b8a2bdd3cc631ec9: Neither blocks nor log segments found. Creating new log.
I20260709 14:54:23.159380 15341 raft_consensus.cc:359] T 6cc05abd53554c39975b2c574ed8e791 P ae09d22a9c8547bb87efee82d8085e26 [term 0 FOLLOWER]: Replica starting. Triggering 0 pending ops. Active config: opid_index: -1 OBSOLETE_local: false peers { permanent_uuid: "ae09d22a9c8547bb87efee82d8085e26" member_type: VOTER last_known_addr { host: "127.13.184.1" port: 43605 } } peers { permanent_uuid: "b4d3b1e4762c49d7b8a2bdd3cc631ec9" member_type: VOTER last_known_addr { host: "127.13.184.2" port: 37415 } } peers { permanent_uuid: "95acb07680d64204a3435b1570f82c5f" member_type: VOTER last_known_addr { host: "127.13.184.3" port: 34429 } }
I20260709 14:54:23.160043 15339 tablet_bootstrap.cc:492] T 39e9043f3593413f9d40b6212c1388fc P 95acb07680d64204a3435b1570f82c5f: No bootstrap required, opened a new log
I20260709 14:54:23.160293 15341 raft_consensus.cc:385] T 6cc05abd53554c39975b2c574ed8e791 P ae09d22a9c8547bb87efee82d8085e26 [term 0 FOLLOWER]: Consensus starting up: Expiring failure detector timer to make a prompt election more likely
I20260709 14:54:23.160539 15339 ts_tablet_manager.cc:1403] T 39e9043f3593413f9d40b6212c1388fc P 95acb07680d64204a3435b1570f82c5f: Time spent bootstrapping tablet: real 0.025s	user 0.012s	sys 0.008s
I20260709 14:54:23.160804 15341 raft_consensus.cc:740] T 6cc05abd53554c39975b2c574ed8e791 P ae09d22a9c8547bb87efee82d8085e26 [term 0 FOLLOWER]: Becoming Follower/Learner. State: Replica: ae09d22a9c8547bb87efee82d8085e26, State: Initialized, Role: FOLLOWER
I20260709 14:54:23.161918 15341 consensus_queue.cc:260] T 6cc05abd53554c39975b2c574ed8e791 P ae09d22a9c8547bb87efee82d8085e26 [NON_LEADER]: Queue going to NON_LEADER mode. State: All replicated index: 0, Majority replicated index: 0, Committed index: 0, Last appended: 0.0, Last appended by leader: 0, Current term: 0, Majority size: -1, State: 0, Mode: NON_LEADER, active raft config: opid_index: -1 OBSOLETE_local: false peers { permanent_uuid: "ae09d22a9c8547bb87efee82d8085e26" member_type: VOTER last_known_addr { host: "127.13.184.1" port: 43605 } } peers { permanent_uuid: "b4d3b1e4762c49d7b8a2bdd3cc631ec9" member_type: VOTER last_known_addr { host: "127.13.184.2" port: 37415 } } peers { permanent_uuid: "95acb07680d64204a3435b1570f82c5f" member_type: VOTER last_known_addr { host: "127.13.184.3" port: 34429 } }
I20260709 14:54:23.163040 15339 raft_consensus.cc:359] T 39e9043f3593413f9d40b6212c1388fc P 95acb07680d64204a3435b1570f82c5f [term 0 FOLLOWER]: Replica starting. Triggering 0 pending ops. Active config: opid_index: -1 OBSOLETE_local: false peers { permanent_uuid: "ae09d22a9c8547bb87efee82d8085e26" member_type: VOTER last_known_addr { host: "127.13.184.1" port: 43605 } } peers { permanent_uuid: "b4d3b1e4762c49d7b8a2bdd3cc631ec9" member_type: VOTER last_known_addr { host: "127.13.184.2" port: 37415 } } peers { permanent_uuid: "95acb07680d64204a3435b1570f82c5f" member_type: VOTER last_known_addr { host: "127.13.184.3" port: 34429 } }
I20260709 14:54:23.163666 15339 raft_consensus.cc:385] T 39e9043f3593413f9d40b6212c1388fc P 95acb07680d64204a3435b1570f82c5f [term 0 FOLLOWER]: Consensus starting up: Expiring failure detector timer to make a prompt election more likely
I20260709 14:54:23.163916 15339 raft_consensus.cc:740] T 39e9043f3593413f9d40b6212c1388fc P 95acb07680d64204a3435b1570f82c5f [term 0 FOLLOWER]: Becoming Follower/Learner. State: Replica: 95acb07680d64204a3435b1570f82c5f, State: Initialized, Role: FOLLOWER
I20260709 14:54:23.164649 15339 consensus_queue.cc:260] T 39e9043f3593413f9d40b6212c1388fc P 95acb07680d64204a3435b1570f82c5f [NON_LEADER]: Queue going to NON_LEADER mode. State: All replicated index: 0, Majority replicated index: 0, Committed index: 0, Last appended: 0.0, Last appended by leader: 0, Current term: 0, Majority size: -1, State: 0, Mode: NON_LEADER, active raft config: opid_index: -1 OBSOLETE_local: false peers { permanent_uuid: "ae09d22a9c8547bb87efee82d8085e26" member_type: VOTER last_known_addr { host: "127.13.184.1" port: 43605 } } peers { permanent_uuid: "b4d3b1e4762c49d7b8a2bdd3cc631ec9" member_type: VOTER last_known_addr { host: "127.13.184.2" port: 37415 } } peers { permanent_uuid: "95acb07680d64204a3435b1570f82c5f" member_type: VOTER last_known_addr { host: "127.13.184.3" port: 34429 } }
I20260709 14:54:23.171837 15341 ts_tablet_manager.cc:1434] T 6cc05abd53554c39975b2c574ed8e791 P ae09d22a9c8547bb87efee82d8085e26: Time spent starting tablet: real 0.015s	user 0.008s	sys 0.000s
I20260709 14:54:23.172842 15370 raft_consensus.cc:493] T ad537cb703e247fbabab5d9088581dd9 P 95acb07680d64204a3435b1570f82c5f [term 0 FOLLOWER]: Starting pre-election (no leader contacted us within the election timeout)
I20260709 14:54:23.173206 15341 tablet_bootstrap.cc:492] T 1f481e35c2c447b9be343cb169a08813 P ae09d22a9c8547bb87efee82d8085e26: Bootstrap starting.
I20260709 14:54:23.173281 15370 raft_consensus.cc:515] T ad537cb703e247fbabab5d9088581dd9 P 95acb07680d64204a3435b1570f82c5f [term 0 FOLLOWER]: Starting pre-election with config: opid_index: -1 OBSOLETE_local: false peers { permanent_uuid: "ae09d22a9c8547bb87efee82d8085e26" member_type: VOTER last_known_addr { host: "127.13.184.1" port: 43605 } } peers { permanent_uuid: "b4d3b1e4762c49d7b8a2bdd3cc631ec9" member_type: VOTER last_known_addr { host: "127.13.184.2" port: 37415 } } peers { permanent_uuid: "95acb07680d64204a3435b1570f82c5f" member_type: VOTER last_known_addr { host: "127.13.184.3" port: 34429 } }
I20260709 14:54:23.174544 15345 raft_consensus.cc:515] T 1f481e35c2c447b9be343cb169a08813 P 95acb07680d64204a3435b1570f82c5f [term 1 FOLLOWER]: Starting leader election with config: opid_index: -1 OBSOLETE_local: false peers { permanent_uuid: "ae09d22a9c8547bb87efee82d8085e26" member_type: VOTER last_known_addr { host: "127.13.184.1" port: 43605 } } peers { permanent_uuid: "b4d3b1e4762c49d7b8a2bdd3cc631ec9" member_type: VOTER last_known_addr { host: "127.13.184.2" port: 37415 } } peers { permanent_uuid: "95acb07680d64204a3435b1570f82c5f" member_type: VOTER last_known_addr { host: "127.13.184.3" port: 34429 } }
I20260709 14:54:23.175542 15370 leader_election.cc:290] T ad537cb703e247fbabab5d9088581dd9 P 95acb07680d64204a3435b1570f82c5f [CANDIDATE]: Term 1 pre-election: Requested pre-vote from peers ae09d22a9c8547bb87efee82d8085e26 (127.13.184.1:43605), b4d3b1e4762c49d7b8a2bdd3cc631ec9 (127.13.184.2:37415)
I20260709 14:54:23.176959 15150 tablet_service.cc:1917] Received RequestConsensusVote() RPC: tablet_id: "ad537cb703e247fbabab5d9088581dd9" candidate_uuid: "95acb07680d64204a3435b1570f82c5f" candidate_term: 1 candidate_status { last_received { term: 0 index: 0 } } ignore_live_leader: false dest_uuid: "ae09d22a9c8547bb87efee82d8085e26" is_pre_election: true
I20260709 14:54:23.177634 15224 tablet_service.cc:1917] Received RequestConsensusVote() RPC: tablet_id: "ad537cb703e247fbabab5d9088581dd9" candidate_uuid: "95acb07680d64204a3435b1570f82c5f" candidate_term: 1 candidate_status { last_received { term: 0 index: 0 } } ignore_live_leader: false dest_uuid: "b4d3b1e4762c49d7b8a2bdd3cc631ec9" is_pre_election: true
I20260709 14:54:23.179427 15224 raft_consensus.cc:2393] T ad537cb703e247fbabab5d9088581dd9 P b4d3b1e4762c49d7b8a2bdd3cc631ec9 [term 1 FOLLOWER]: Leader pre-election vote request: Denying vote to candidate 95acb07680d64204a3435b1570f82c5f in current term 1: Already voted for candidate ae09d22a9c8547bb87efee82d8085e26 in this term.
I20260709 14:54:23.179867 15347 raft_consensus.cc:493] T 6045e903851742f4a11ba5ba2b8bfaf3 P b4d3b1e4762c49d7b8a2bdd3cc631ec9 [term 0 FOLLOWER]: Starting pre-election (no leader contacted us within the election timeout)
I20260709 14:54:23.180318 15347 raft_consensus.cc:515] T 6045e903851742f4a11ba5ba2b8bfaf3 P b4d3b1e4762c49d7b8a2bdd3cc631ec9 [term 0 FOLLOWER]: Starting pre-election with config: opid_index: -1 OBSOLETE_local: false peers { permanent_uuid: "ae09d22a9c8547bb87efee82d8085e26" member_type: VOTER last_known_addr { host: "127.13.184.1" port: 43605 } } peers { permanent_uuid: "b4d3b1e4762c49d7b8a2bdd3cc631ec9" member_type: VOTER last_known_addr { host: "127.13.184.2" port: 37415 } } peers { permanent_uuid: "95acb07680d64204a3435b1570f82c5f" member_type: VOTER last_known_addr { host: "127.13.184.3" port: 34429 } }
I20260709 14:54:23.180946 15263 leader_election.cc:304] T ad537cb703e247fbabab5d9088581dd9 P 95acb07680d64204a3435b1570f82c5f [CANDIDATE]: Term 1 pre-election: Election decided. Result: candidate lost. Election summary: received 3 responses out of 3 voters: 1 yes votes; 2 no votes. yes voters: 95acb07680d64204a3435b1570f82c5f; no voters: ae09d22a9c8547bb87efee82d8085e26, b4d3b1e4762c49d7b8a2bdd3cc631ec9
I20260709 14:54:23.182327 15347 leader_election.cc:290] T 6045e903851742f4a11ba5ba2b8bfaf3 P b4d3b1e4762c49d7b8a2bdd3cc631ec9 [CANDIDATE]: Term 1 pre-election: Requested pre-vote from peers ae09d22a9c8547bb87efee82d8085e26 (127.13.184.1:43605), 95acb07680d64204a3435b1570f82c5f (127.13.184.3:34429)
I20260709 14:54:23.179365 15339 ts_tablet_manager.cc:1434] T 39e9043f3593413f9d40b6212c1388fc P 95acb07680d64204a3435b1570f82c5f: Time spent starting tablet: real 0.019s	user 0.004s	sys 0.001s
I20260709 14:54:23.183378 15298 tablet_service.cc:1917] Received RequestConsensusVote() RPC: tablet_id: "6045e903851742f4a11ba5ba2b8bfaf3" candidate_uuid: "b4d3b1e4762c49d7b8a2bdd3cc631ec9" candidate_term: 1 candidate_status { last_received { term: 0 index: 0 } } ignore_live_leader: false dest_uuid: "95acb07680d64204a3435b1570f82c5f" is_pre_election: true
I20260709 14:54:23.183948 15298 raft_consensus.cc:2468] T 6045e903851742f4a11ba5ba2b8bfaf3 P 95acb07680d64204a3435b1570f82c5f [term 0 FOLLOWER]: Leader pre-election vote request: Granting yes vote for candidate b4d3b1e4762c49d7b8a2bdd3cc631ec9 in term 0.
I20260709 14:54:23.183826 15150 tablet_service.cc:1917] Received RequestConsensusVote() RPC: tablet_id: "6045e903851742f4a11ba5ba2b8bfaf3" candidate_uuid: "b4d3b1e4762c49d7b8a2bdd3cc631ec9" candidate_term: 1 candidate_status { last_received { term: 0 index: 0 } } ignore_live_leader: false dest_uuid: "ae09d22a9c8547bb87efee82d8085e26" is_pre_election: true
I20260709 14:54:23.184756 15150 raft_consensus.cc:2468] T 6045e903851742f4a11ba5ba2b8bfaf3 P ae09d22a9c8547bb87efee82d8085e26 [term 0 FOLLOWER]: Leader pre-election vote request: Granting yes vote for candidate b4d3b1e4762c49d7b8a2bdd3cc631ec9 in term 0.
