I20260709 14:54:09.490559 18917 tablet_service.cc:1511] Processing CreateTablet for tablet 20dfd8d3b18e4d9fa20a6842cb5475f1 (DEFAULT_TABLE table=test-workload [id=ff0cf22034754c93a07c5fe803c2d55b]), partition=RANGE (key) PARTITION 214748364 <= VALUES < 429496728
I20260709 14:54:09.489073 18918 data_dirs.cc:400] Could only allocate 1 dirs of requested 3 for tablet 96f5141c44094ff1a05965f1f882279d. 1 dirs total, 0 dirs full, 0 dirs failed
I20260709 14:54:09.497820 18914 data_dirs.cc:400] Could only allocate 1 dirs of requested 3 for tablet 4cd9292ce7b743b3a067330bc0082b77. 1 dirs total, 0 dirs full, 0 dirs failed
I20260709 14:54:09.501546 18916 data_dirs.cc:400] Could only allocate 1 dirs of requested 3 for tablet c88d0210331542b78d5086404dfe717c. 1 dirs total, 0 dirs full, 0 dirs failed
I20260709 14:54:09.502110 18915 data_dirs.cc:400] Could only allocate 1 dirs of requested 3 for tablet 5db96e47eae54b5a96ca3702bad1d318. 1 dirs total, 0 dirs full, 0 dirs failed
I20260709 14:54:09.501868 18844 tablet_service.cc:1511] Processing CreateTablet for tablet 96f5141c44094ff1a05965f1f882279d (DEFAULT_TABLE table=test-workload [id=ff0cf22034754c93a07c5fe803c2d55b]), partition=RANGE (key) PARTITION VALUES < 214748364
I20260709 14:54:09.503212 18844 data_dirs.cc:400] Could only allocate 1 dirs of requested 3 for tablet 96f5141c44094ff1a05965f1f882279d. 1 dirs total, 0 dirs full, 0 dirs failed
I20260709 14:54:09.504201 18917 data_dirs.cc:400] Could only allocate 1 dirs of requested 3 for tablet 20dfd8d3b18e4d9fa20a6842cb5475f1. 1 dirs total, 0 dirs full, 0 dirs failed
I20260709 14:54:09.510576 18841 tablet_service.cc:1511] Processing CreateTablet for tablet 5db96e47eae54b5a96ca3702bad1d318 (DEFAULT_TABLE table=test-workload [id=ff0cf22034754c93a07c5fe803c2d55b]), partition=RANGE (key) PARTITION 644245092 <= VALUES < 858993456
I20260709 14:54:09.512279 18841 data_dirs.cc:400] Could only allocate 1 dirs of requested 3 for tablet 5db96e47eae54b5a96ca3702bad1d318. 1 dirs total, 0 dirs full, 0 dirs failed
I20260709 14:54:09.512495 18840 tablet_service.cc:1511] Processing CreateTablet for tablet 4cd9292ce7b743b3a067330bc0082b77 (DEFAULT_TABLE table=test-workload [id=ff0cf22034754c93a07c5fe803c2d55b]), partition=RANGE (key) PARTITION 858993456 <= VALUES < 1073741820
I20260709 14:54:09.513703 18840 data_dirs.cc:400] Could only allocate 1 dirs of requested 3 for tablet 4cd9292ce7b743b3a067330bc0082b77. 1 dirs total, 0 dirs full, 0 dirs failed
I20260709 14:54:09.514071 18837 tablet_service.cc:1511] Processing CreateTablet for tablet 523e6b459b3b45acba267f6841f51dfa (DEFAULT_TABLE table=test-workload [id=ff0cf22034754c93a07c5fe803c2d55b]), partition=RANGE (key) PARTITION 1503238548 <= VALUES < 1717986912
I20260709 14:54:09.514948 18837 data_dirs.cc:400] Could only allocate 1 dirs of requested 3 for tablet 523e6b459b3b45acba267f6841f51dfa. 1 dirs total, 0 dirs full, 0 dirs failed
I20260709 14:54:09.517009 18836 tablet_service.cc:1511] Processing CreateTablet for tablet a37683e997264862b431d576b196495f (DEFAULT_TABLE table=test-workload [id=ff0cf22034754c93a07c5fe803c2d55b]), partition=RANGE (key) PARTITION 1717986912 <= VALUES < 1932735276
I20260709 14:54:09.518182 18836 data_dirs.cc:400] Could only allocate 1 dirs of requested 3 for tablet a37683e997264862b431d576b196495f. 1 dirs total, 0 dirs full, 0 dirs failed
I20260709 14:54:09.518278 18911 tablet_service.cc:1511] Processing CreateTablet for tablet 523e6b459b3b45acba267f6841f51dfa (DEFAULT_TABLE table=test-workload [id=ff0cf22034754c93a07c5fe803c2d55b]), partition=RANGE (key) PARTITION 1503238548 <= VALUES < 1717986912
I20260709 14:54:09.519536 18911 data_dirs.cc:400] Could only allocate 1 dirs of requested 3 for tablet 523e6b459b3b45acba267f6841f51dfa. 1 dirs total, 0 dirs full, 0 dirs failed
I20260709 14:54:09.519188 18838 tablet_service.cc:1511] Processing CreateTablet for tablet ebaa340238784dfd98498f341a60ce3d (DEFAULT_TABLE table=test-workload [id=ff0cf22034754c93a07c5fe803c2d55b]), partition=RANGE (key) PARTITION 1288490184 <= VALUES < 1503238548
I20260709 14:54:09.523129 18839 tablet_service.cc:1511] Processing CreateTablet for tablet 141b41fde9a34dda8c3d00899e212b24 (DEFAULT_TABLE table=test-workload [id=ff0cf22034754c93a07c5fe803c2d55b]), partition=RANGE (key) PARTITION 1073741820 <= VALUES < 1288490184
I20260709 14:54:09.523249 18912 tablet_service.cc:1511] Processing CreateTablet for tablet ebaa340238784dfd98498f341a60ce3d (DEFAULT_TABLE table=test-workload [id=ff0cf22034754c93a07c5fe803c2d55b]), partition=RANGE (key) PARTITION 1288490184 <= VALUES < 1503238548
I20260709 14:54:09.524463 18912 data_dirs.cc:400] Could only allocate 1 dirs of requested 3 for tablet ebaa340238784dfd98498f341a60ce3d. 1 dirs total, 0 dirs full, 0 dirs failed
I20260709 14:54:09.527218 18913 tablet_service.cc:1511] Processing CreateTablet for tablet 141b41fde9a34dda8c3d00899e212b24 (DEFAULT_TABLE table=test-workload [id=ff0cf22034754c93a07c5fe803c2d55b]), partition=RANGE (key) PARTITION 1073741820 <= VALUES < 1288490184
I20260709 14:54:09.528393 18913 data_dirs.cc:400] Could only allocate 1 dirs of requested 3 for tablet 141b41fde9a34dda8c3d00899e212b24. 1 dirs total, 0 dirs full, 0 dirs failed
I20260709 14:54:09.529177 18843 tablet_service.cc:1511] Processing CreateTablet for tablet 20dfd8d3b18e4d9fa20a6842cb5475f1 (DEFAULT_TABLE table=test-workload [id=ff0cf22034754c93a07c5fe803c2d55b]), partition=RANGE (key) PARTITION 214748364 <= VALUES < 429496728
I20260709 14:54:09.518226 18842 tablet_service.cc:1511] Processing CreateTablet for tablet c88d0210331542b78d5086404dfe717c (DEFAULT_TABLE table=test-workload [id=ff0cf22034754c93a07c5fe803c2d55b]), partition=RANGE (key) PARTITION 429496728 <= VALUES < 644245092
I20260709 14:54:09.533502 18839 data_dirs.cc:400] Could only allocate 1 dirs of requested 3 for tablet 141b41fde9a34dda8c3d00899e212b24. 1 dirs total, 0 dirs full, 0 dirs failed
I20260709 14:54:09.534090 18843 data_dirs.cc:400] Could only allocate 1 dirs of requested 3 for tablet 20dfd8d3b18e4d9fa20a6842cb5475f1. 1 dirs total, 0 dirs full, 0 dirs failed
I20260709 14:54:09.537195 18842 data_dirs.cc:400] Could only allocate 1 dirs of requested 3 for tablet c88d0210331542b78d5086404dfe717c. 1 dirs total, 0 dirs full, 0 dirs failed
I20260709 14:54:09.544456 18835 tablet_service.cc:1511] Processing CreateTablet for tablet 336394d6d92d4095976a3b4a7f0134a6 (DEFAULT_TABLE table=test-workload [id=ff0cf22034754c93a07c5fe803c2d55b]), partition=RANGE (key) PARTITION 1932735276 <= VALUES
I20260709 14:54:09.545789 18838 data_dirs.cc:400] Could only allocate 1 dirs of requested 3 for tablet ebaa340238784dfd98498f341a60ce3d. 1 dirs total, 0 dirs full, 0 dirs failed
I20260709 14:54:09.546981 18967 tablet_bootstrap.cc:492] T 5db96e47eae54b5a96ca3702bad1d318 P 171083871a80470daa22a1785dd6d0a3: Bootstrap starting.
I20260709 14:54:09.548923 18910 tablet_service.cc:1511] Processing CreateTablet for tablet a37683e997264862b431d576b196495f (DEFAULT_TABLE table=test-workload [id=ff0cf22034754c93a07c5fe803c2d55b]), partition=RANGE (key) PARTITION 1717986912 <= VALUES < 1932735276
I20260709 14:54:09.551838 18835 data_dirs.cc:400] Could only allocate 1 dirs of requested 3 for tablet 336394d6d92d4095976a3b4a7f0134a6. 1 dirs total, 0 dirs full, 0 dirs failed
I20260709 14:54:09.551883 18910 data_dirs.cc:400] Could only allocate 1 dirs of requested 3 for tablet a37683e997264862b431d576b196495f. 1 dirs total, 0 dirs full, 0 dirs failed
I20260709 14:54:09.587908 18968 tablet_bootstrap.cc:492] T 141b41fde9a34dda8c3d00899e212b24 P c36b0e09b50040beb3462354c01cbb7d: Bootstrap starting.
I20260709 14:54:09.594302 18761 tablet_service.cc:1511] Processing CreateTablet for tablet 336394d6d92d4095976a3b4a7f0134a6 (DEFAULT_TABLE table=test-workload [id=ff0cf22034754c93a07c5fe803c2d55b]), partition=RANGE (key) PARTITION 1932735276 <= VALUES
I20260709 14:54:09.595660 18761 data_dirs.cc:400] Could only allocate 1 dirs of requested 3 for tablet 336394d6d92d4095976a3b4a7f0134a6. 1 dirs total, 0 dirs full, 0 dirs failed
I20260709 14:54:09.598404 18969 tablet_bootstrap.cc:492] T 4cd9292ce7b743b3a067330bc0082b77 P b98558ac1eee4667aaa5dc34f716ed17: Bootstrap starting.
I20260709 14:54:09.615338 18913 tablet_service.cc:1511] Processing CreateTablet for tablet 336394d6d92d4095976a3b4a7f0134a6 (DEFAULT_TABLE table=test-workload [id=ff0cf22034754c93a07c5fe803c2d55b]), partition=RANGE (key) PARTITION 1932735276 <= VALUES
I20260709 14:54:09.616365 18968 tablet_bootstrap.cc:654] T 141b41fde9a34dda8c3d00899e212b24 P c36b0e09b50040beb3462354c01cbb7d: Neither blocks nor log segments found. Creating new log.
I20260709 14:54:09.616536 18913 data_dirs.cc:400] Could only allocate 1 dirs of requested 3 for tablet 336394d6d92d4095976a3b4a7f0134a6. 1 dirs total, 0 dirs full, 0 dirs failed
I20260709 14:54:09.632200 18967 tablet_bootstrap.cc:654] T 5db96e47eae54b5a96ca3702bad1d318 P 171083871a80470daa22a1785dd6d0a3: Neither blocks nor log segments found. Creating new log.
I20260709 14:54:09.636746 18969 tablet_bootstrap.cc:654] T 4cd9292ce7b743b3a067330bc0082b77 P b98558ac1eee4667aaa5dc34f716ed17: Neither blocks nor log segments found. Creating new log.
I20260709 14:54:09.645402 18967 tablet_bootstrap.cc:492] T 5db96e47eae54b5a96ca3702bad1d318 P 171083871a80470daa22a1785dd6d0a3: No bootstrap required, opened a new log
I20260709 14:54:09.646152 18967 ts_tablet_manager.cc:1403] T 5db96e47eae54b5a96ca3702bad1d318 P 171083871a80470daa22a1785dd6d0a3: Time spent bootstrapping tablet: real 0.100s	user 0.007s	sys 0.007s
I20260709 14:54:09.648147 18968 tablet_bootstrap.cc:492] T 141b41fde9a34dda8c3d00899e212b24 P c36b0e09b50040beb3462354c01cbb7d: No bootstrap required, opened a new log
I20260709 14:54:09.648582 18968 ts_tablet_manager.cc:1403] T 141b41fde9a34dda8c3d00899e212b24 P c36b0e09b50040beb3462354c01cbb7d: Time spent bootstrapping tablet: real 0.061s	user 0.010s	sys 0.000s
I20260709 14:54:09.648950 18967 raft_consensus.cc:359] T 5db96e47eae54b5a96ca3702bad1d318 P 171083871a80470daa22a1785dd6d0a3 [term 0 FOLLOWER]: Replica starting. Triggering 0 pending ops. Active config: opid_index: -1 OBSOLETE_local: false peers { permanent_uuid: "171083871a80470daa22a1785dd6d0a3" member_type: VOTER last_known_addr { host: "127.17.187.65" port: 44697 } } peers { permanent_uuid: "b98558ac1eee4667aaa5dc34f716ed17" member_type: VOTER last_known_addr { host: "127.17.187.66" port: 37531 } } peers { permanent_uuid: "c36b0e09b50040beb3462354c01cbb7d" member_type: VOTER last_known_addr { host: "127.17.187.67" port: 41571 } }
I20260709 14:54:09.649660 18967 raft_consensus.cc:385] T 5db96e47eae54b5a96ca3702bad1d318 P 171083871a80470daa22a1785dd6d0a3 [term 0 FOLLOWER]: Consensus starting up: Expiring failure detector timer to make a prompt election more likely
I20260709 14:54:09.649959 18967 raft_consensus.cc:740] T 5db96e47eae54b5a96ca3702bad1d318 P 171083871a80470daa22a1785dd6d0a3 [term 0 FOLLOWER]: Becoming Follower/Learner. State: Replica: 171083871a80470daa22a1785dd6d0a3, State: Initialized, Role: FOLLOWER
I20260709 14:54:09.650645 18967 consensus_queue.cc:260] T 5db96e47eae54b5a96ca3702bad1d318 P 171083871a80470daa22a1785dd6d0a3 [NON_LEADER]: Queue going to NON_LEADER mode. State: All replicated index: 0, Majority replicated index: 0, Committed index: 0, Last appended: 0.0, Last appended by leader: 0, Current term: 0, Majority size: -1, State: 0, Mode: NON_LEADER, active raft config: opid_index: -1 OBSOLETE_local: false peers { permanent_uuid: "171083871a80470daa22a1785dd6d0a3" member_type: VOTER last_known_addr { host: "127.17.187.65" port: 44697 } } peers { permanent_uuid: "b98558ac1eee4667aaa5dc34f716ed17" member_type: VOTER last_known_addr { host: "127.17.187.66" port: 37531 } } peers { permanent_uuid: "c36b0e09b50040beb3462354c01cbb7d" member_type: VOTER last_known_addr { host: "127.17.187.67" port: 41571 } }
I20260709 14:54:09.651896 18969 tablet_bootstrap.cc:492] T 4cd9292ce7b743b3a067330bc0082b77 P b98558ac1eee4667aaa5dc34f716ed17: No bootstrap required, opened a new log
I20260709 14:54:09.652004 18968 raft_consensus.cc:359] T 141b41fde9a34dda8c3d00899e212b24 P c36b0e09b50040beb3462354c01cbb7d [term 0 FOLLOWER]: Replica starting. Triggering 0 pending ops. Active config: opid_index: -1 OBSOLETE_local: false peers { permanent_uuid: "171083871a80470daa22a1785dd6d0a3" member_type: VOTER last_known_addr { host: "127.17.187.65" port: 44697 } } peers { permanent_uuid: "b98558ac1eee4667aaa5dc34f716ed17" member_type: VOTER last_known_addr { host: "127.17.187.66" port: 37531 } } peers { permanent_uuid: "c36b0e09b50040beb3462354c01cbb7d" member_type: VOTER last_known_addr { host: "127.17.187.67" port: 41571 } }
I20260709 14:54:09.652402 18969 ts_tablet_manager.cc:1403] T 4cd9292ce7b743b3a067330bc0082b77 P b98558ac1eee4667aaa5dc34f716ed17: Time spent bootstrapping tablet: real 0.055s	user 0.011s	sys 0.000s
I20260709 14:54:09.652618 18968 raft_consensus.cc:385] T 141b41fde9a34dda8c3d00899e212b24 P c36b0e09b50040beb3462354c01cbb7d [term 0 FOLLOWER]: Consensus starting up: Expiring failure detector timer to make a prompt election more likely
I20260709 14:54:09.652890 18968 raft_consensus.cc:740] T 141b41fde9a34dda8c3d00899e212b24 P c36b0e09b50040beb3462354c01cbb7d [term 0 FOLLOWER]: Becoming Follower/Learner. State: Replica: c36b0e09b50040beb3462354c01cbb7d, State: Initialized, Role: FOLLOWER
I20260709 14:54:09.653538 18968 consensus_queue.cc:260] T 141b41fde9a34dda8c3d00899e212b24 P c36b0e09b50040beb3462354c01cbb7d [NON_LEADER]: Queue going to NON_LEADER mode. State: All replicated index: 0, Majority replicated index: 0, Committed index: 0, Last appended: 0.0, Last appended by leader: 0, Current term: 0, Majority size: -1, State: 0, Mode: NON_LEADER, active raft config: opid_index: -1 OBSOLETE_local: false peers { permanent_uuid: "171083871a80470daa22a1785dd6d0a3" member_type: VOTER last_known_addr { host: "127.17.187.65" port: 44697 } } peers { permanent_uuid: "b98558ac1eee4667aaa5dc34f716ed17" member_type: VOTER last_known_addr { host: "127.17.187.66" port: 37531 } } peers { permanent_uuid: "c36b0e09b50040beb3462354c01cbb7d" member_type: VOTER last_known_addr { host: "127.17.187.67" port: 41571 } }
I20260709 14:54:09.654127 18804 heartbeater.cc:499] Master 127.17.187.126:41607 was elected leader, sending a full tablet report...
I20260709 14:54:09.654597 18967 ts_tablet_manager.cc:1434] T 5db96e47eae54b5a96ca3702bad1d318 P 171083871a80470daa22a1785dd6d0a3: Time spent starting tablet: real 0.008s	user 0.002s	sys 0.005s
I20260709 14:54:09.655441 18967 tablet_bootstrap.cc:492] T ebaa340238784dfd98498f341a60ce3d P 171083871a80470daa22a1785dd6d0a3: Bootstrap starting.
I20260709 14:54:09.655356 18969 raft_consensus.cc:359] T 4cd9292ce7b743b3a067330bc0082b77 P b98558ac1eee4667aaa5dc34f716ed17 [term 0 FOLLOWER]: Replica starting. Triggering 0 pending ops. Active config: opid_index: -1 OBSOLETE_local: false peers { permanent_uuid: "171083871a80470daa22a1785dd6d0a3" member_type: VOTER last_known_addr { host: "127.17.187.65" port: 44697 } } peers { permanent_uuid: "b98558ac1eee4667aaa5dc34f716ed17" member_type: VOTER last_known_addr { host: "127.17.187.66" port: 37531 } } peers { permanent_uuid: "c36b0e09b50040beb3462354c01cbb7d" member_type: VOTER last_known_addr { host: "127.17.187.67" port: 41571 } }
I20260709 14:54:09.656049 18969 raft_consensus.cc:385] T 4cd9292ce7b743b3a067330bc0082b77 P b98558ac1eee4667aaa5dc34f716ed17 [term 0 FOLLOWER]: Consensus starting up: Expiring failure detector timer to make a prompt election more likely
I20260709 14:54:09.656330 18969 raft_consensus.cc:740] T 4cd9292ce7b743b3a067330bc0082b77 P b98558ac1eee4667aaa5dc34f716ed17 [term 0 FOLLOWER]: Becoming Follower/Learner. State: Replica: b98558ac1eee4667aaa5dc34f716ed17, State: Initialized, Role: FOLLOWER
I20260709 14:54:09.656980 18969 consensus_queue.cc:260] T 4cd9292ce7b743b3a067330bc0082b77 P b98558ac1eee4667aaa5dc34f716ed17 [NON_LEADER]: Queue going to NON_LEADER mode. State: All replicated index: 0, Majority replicated index: 0, Committed index: 0, Last appended: 0.0, Last appended by leader: 0, Current term: 0, Majority size: -1, State: 0, Mode: NON_LEADER, active raft config: opid_index: -1 OBSOLETE_local: false peers { permanent_uuid: "171083871a80470daa22a1785dd6d0a3" member_type: VOTER last_known_addr { host: "127.17.187.65" port: 44697 } } peers { permanent_uuid: "b98558ac1eee4667aaa5dc34f716ed17" member_type: VOTER last_known_addr { host: "127.17.187.66" port: 37531 } } peers { permanent_uuid: "c36b0e09b50040beb3462354c01cbb7d" member_type: VOTER last_known_addr { host: "127.17.187.67" port: 41571 } }
I20260709 14:54:09.661749 18967 tablet_bootstrap.cc:654] T ebaa340238784dfd98498f341a60ce3d P 171083871a80470daa22a1785dd6d0a3: Neither blocks nor log segments found. Creating new log.
I20260709 14:54:09.665591 18953 heartbeater.cc:499] Master 127.17.187.126:41607 was elected leader, sending a full tablet report...
I20260709 14:54:09.666044 18968 ts_tablet_manager.cc:1434] T 141b41fde9a34dda8c3d00899e212b24 P c36b0e09b50040beb3462354c01cbb7d: Time spent starting tablet: real 0.017s	user 0.013s	sys 0.004s
I20260709 14:54:09.666954 18968 tablet_bootstrap.cc:492] T 4cd9292ce7b743b3a067330bc0082b77 P c36b0e09b50040beb3462354c01cbb7d: Bootstrap starting.
I20260709 14:54:09.672282 18879 heartbeater.cc:499] Master 127.17.187.126:41607 was elected leader, sending a full tablet report...
I20260709 14:54:09.673105 18968 tablet_bootstrap.cc:654] T 4cd9292ce7b743b3a067330bc0082b77 P c36b0e09b50040beb3462354c01cbb7d: Neither blocks nor log segments found. Creating new log.
I20260709 14:54:09.674173 18969 ts_tablet_manager.cc:1434] T 4cd9292ce7b743b3a067330bc0082b77 P b98558ac1eee4667aaa5dc34f716ed17: Time spent starting tablet: real 0.021s	user 0.008s	sys 0.010s
I20260709 14:54:09.676867 18969 tablet_bootstrap.cc:492] T 523e6b459b3b45acba267f6841f51dfa P b98558ac1eee4667aaa5dc34f716ed17: Bootstrap starting.
I20260709 14:54:09.677558 18967 tablet_bootstrap.cc:492] T ebaa340238784dfd98498f341a60ce3d P 171083871a80470daa22a1785dd6d0a3: No bootstrap required, opened a new log
I20260709 14:54:09.678112 18967 ts_tablet_manager.cc:1403] T ebaa340238784dfd98498f341a60ce3d P 171083871a80470daa22a1785dd6d0a3: Time spent bootstrapping tablet: real 0.023s	user 0.010s	sys 0.002s
I20260709 14:54:09.680840 18967 raft_consensus.cc:359] T ebaa340238784dfd98498f341a60ce3d P 171083871a80470daa22a1785dd6d0a3 [term 0 FOLLOWER]: Replica starting. Triggering 0 pending ops. Active config: opid_index: -1 OBSOLETE_local: false peers { permanent_uuid: "171083871a80470daa22a1785dd6d0a3" member_type: VOTER last_known_addr { host: "127.17.187.65" port: 44697 } } peers { permanent_uuid: "b98558ac1eee4667aaa5dc34f716ed17" member_type: VOTER last_known_addr { host: "127.17.187.66" port: 37531 } } peers { permanent_uuid: "c36b0e09b50040beb3462354c01cbb7d" member_type: VOTER last_known_addr { host: "127.17.187.67" port: 41571 } }
I20260709 14:54:09.681574 18967 raft_consensus.cc:385] T ebaa340238784dfd98498f341a60ce3d P 171083871a80470daa22a1785dd6d0a3 [term 0 FOLLOWER]: Consensus starting up: Expiring failure detector timer to make a prompt election more likely
I20260709 14:54:09.681870 18967 raft_consensus.cc:740] T ebaa340238784dfd98498f341a60ce3d P 171083871a80470daa22a1785dd6d0a3 [term 0 FOLLOWER]: Becoming Follower/Learner. State: Replica: 171083871a80470daa22a1785dd6d0a3, State: Initialized, Role: FOLLOWER
I20260709 14:54:09.682566 18967 consensus_queue.cc:260] T ebaa340238784dfd98498f341a60ce3d P 171083871a80470daa22a1785dd6d0a3 [NON_LEADER]: Queue going to NON_LEADER mode. State: All replicated index: 0, Majority replicated index: 0, Committed index: 0, Last appended: 0.0, Last appended by leader: 0, Current term: 0, Majority size: -1, State: 0, Mode: NON_LEADER, active raft config: opid_index: -1 OBSOLETE_local: false peers { permanent_uuid: "171083871a80470daa22a1785dd6d0a3" member_type: VOTER last_known_addr { host: "127.17.187.65" port: 44697 } } peers { permanent_uuid: "b98558ac1eee4667aaa5dc34f716ed17" member_type: VOTER last_known_addr { host: "127.17.187.66" port: 37531 } } peers { permanent_uuid: "c36b0e09b50040beb3462354c01cbb7d" member_type: VOTER last_known_addr { host: "127.17.187.67" port: 41571 } }
I20260709 14:54:09.683864 18969 tablet_bootstrap.cc:654] T 523e6b459b3b45acba267f6841f51dfa P b98558ac1eee4667aaa5dc34f716ed17: Neither blocks nor log segments found. Creating new log.
I20260709 14:54:09.684566 18967 ts_tablet_manager.cc:1434] T ebaa340238784dfd98498f341a60ce3d P 171083871a80470daa22a1785dd6d0a3: Time spent starting tablet: real 0.006s	user 0.002s	sys 0.001s
I20260709 14:54:09.685716 18967 tablet_bootstrap.cc:492] T 523e6b459b3b45acba267f6841f51dfa P 171083871a80470daa22a1785dd6d0a3: Bootstrap starting.
I20260709 14:54:09.691812 18967 tablet_bootstrap.cc:654] T 523e6b459b3b45acba267f6841f51dfa P 171083871a80470daa22a1785dd6d0a3: Neither blocks nor log segments found. Creating new log.
I20260709 14:54:09.693717 18968 tablet_bootstrap.cc:492] T 4cd9292ce7b743b3a067330bc0082b77 P c36b0e09b50040beb3462354c01cbb7d: No bootstrap required, opened a new log
I20260709 14:54:09.694180 18968 ts_tablet_manager.cc:1403] T 4cd9292ce7b743b3a067330bc0082b77 P c36b0e09b50040beb3462354c01cbb7d: Time spent bootstrapping tablet: real 0.027s	user 0.013s	sys 0.004s
I20260709 14:54:09.695120 18969 tablet_bootstrap.cc:492] T 523e6b459b3b45acba267f6841f51dfa P b98558ac1eee4667aaa5dc34f716ed17: No bootstrap required, opened a new log
I20260709 14:54:09.695617 18969 ts_tablet_manager.cc:1403] T 523e6b459b3b45acba267f6841f51dfa P b98558ac1eee4667aaa5dc34f716ed17: Time spent bootstrapping tablet: real 0.019s	user 0.013s	sys 0.003s
I20260709 14:54:09.697055 18968 raft_consensus.cc:359] T 4cd9292ce7b743b3a067330bc0082b77 P c36b0e09b50040beb3462354c01cbb7d [term 0 FOLLOWER]: Replica starting. Triggering 0 pending ops. Active config: opid_index: -1 OBSOLETE_local: false peers { permanent_uuid: "171083871a80470daa22a1785dd6d0a3" member_type: VOTER last_known_addr { host: "127.17.187.65" port: 44697 } } peers { permanent_uuid: "b98558ac1eee4667aaa5dc34f716ed17" member_type: VOTER last_known_addr { host: "127.17.187.66" port: 37531 } } peers { permanent_uuid: "c36b0e09b50040beb3462354c01cbb7d" member_type: VOTER last_known_addr { host: "127.17.187.67" port: 41571 } }
I20260709 14:54:09.697877 18968 raft_consensus.cc:385] T 4cd9292ce7b743b3a067330bc0082b77 P c36b0e09b50040beb3462354c01cbb7d [term 0 FOLLOWER]: Consensus starting up: Expiring failure detector timer to make a prompt election more likely
I20260709 14:54:09.698084 18973 raft_consensus.cc:493] T 5db96e47eae54b5a96ca3702bad1d318 P 171083871a80470daa22a1785dd6d0a3 [term 0 FOLLOWER]: Starting pre-election (no leader contacted us within the election timeout)
I20260709 14:54:09.698287 18968 raft_consensus.cc:740] T 4cd9292ce7b743b3a067330bc0082b77 P c36b0e09b50040beb3462354c01cbb7d [term 0 FOLLOWER]: Becoming Follower/Learner. State: Replica: c36b0e09b50040beb3462354c01cbb7d, State: Initialized, Role: FOLLOWER
I20260709 14:54:09.698515 18973 raft_consensus.cc:515] T 5db96e47eae54b5a96ca3702bad1d318 P 171083871a80470daa22a1785dd6d0a3 [term 0 FOLLOWER]: Starting pre-election with config: opid_index: -1 OBSOLETE_local: false peers { permanent_uuid: "171083871a80470daa22a1785dd6d0a3" member_type: VOTER last_known_addr { host: "127.17.187.65" port: 44697 } } peers { permanent_uuid: "b98558ac1eee4667aaa5dc34f716ed17" member_type: VOTER last_known_addr { host: "127.17.187.66" port: 37531 } } peers { permanent_uuid: "c36b0e09b50040beb3462354c01cbb7d" member_type: VOTER last_known_addr { host: "127.17.187.67" port: 41571 } }
I20260709 14:54:09.698621 18969 raft_consensus.cc:359] T 523e6b459b3b45acba267f6841f51dfa P b98558ac1eee4667aaa5dc34f716ed17 [term 0 FOLLOWER]: Replica starting. Triggering 0 pending ops. Active config: opid_index: -1 OBSOLETE_local: false peers { permanent_uuid: "171083871a80470daa22a1785dd6d0a3" member_type: VOTER last_known_addr { host: "127.17.187.65" port: 44697 } } peers { permanent_uuid: "b98558ac1eee4667aaa5dc34f716ed17" member_type: VOTER last_known_addr { host: "127.17.187.66" port: 37531 } } peers { permanent_uuid: "c36b0e09b50040beb3462354c01cbb7d" member_type: VOTER last_known_addr { host: "127.17.187.67" port: 41571 } }
I20260709 14:54:09.699401 18969 raft_consensus.cc:385] T 523e6b459b3b45acba267f6841f51dfa P b98558ac1eee4667aaa5dc34f716ed17 [term 0 FOLLOWER]: Consensus starting up: Expiring failure detector timer to make a prompt election more likely
I20260709 14:54:09.699049 18968 consensus_queue.cc:260] T 4cd9292ce7b743b3a067330bc0082b77 P c36b0e09b50040beb3462354c01cbb7d [NON_LEADER]: Queue going to NON_LEADER mode. State: All replicated index: 0, Majority replicated index: 0, Committed index: 0, Last appended: 0.0, Last appended by leader: 0, Current term: 0, Majority size: -1, State: 0, Mode: NON_LEADER, active raft config: opid_index: -1 OBSOLETE_local: false peers { permanent_uuid: "171083871a80470daa22a1785dd6d0a3" member_type: VOTER last_known_addr { host: "127.17.187.65" port: 44697 } } peers { permanent_uuid: "b98558ac1eee4667aaa5dc34f716ed17" member_type: VOTER last_known_addr { host: "127.17.187.66" port: 37531 } } peers { permanent_uuid: "c36b0e09b50040beb3462354c01cbb7d" member_type: VOTER last_known_addr { host: "127.17.187.67" port: 41571 } }
I20260709 14:54:09.699716 18969 raft_consensus.cc:740] T 523e6b459b3b45acba267f6841f51dfa P b98558ac1eee4667aaa5dc34f716ed17 [term 0 FOLLOWER]: Becoming Follower/Learner. State: Replica: b98558ac1eee4667aaa5dc34f716ed17, State: Initialized, Role: FOLLOWER
I20260709 14:54:09.700601 18969 consensus_queue.cc:260] T 523e6b459b3b45acba267f6841f51dfa P b98558ac1eee4667aaa5dc34f716ed17 [NON_LEADER]: Queue going to NON_LEADER mode. State: All replicated index: 0, Majority replicated index: 0, Committed index: 0, Last appended: 0.0, Last appended by leader: 0, Current term: 0, Majority size: -1, State: 0, Mode: NON_LEADER, active raft config: opid_index: -1 OBSOLETE_local: false peers { permanent_uuid: "171083871a80470daa22a1785dd6d0a3" member_type: VOTER last_known_addr { host: "127.17.187.65" port: 44697 } } peers { permanent_uuid: "b98558ac1eee4667aaa5dc34f716ed17" member_type: VOTER last_known_addr { host: "127.17.187.66" port: 37531 } } peers { permanent_uuid: "c36b0e09b50040beb3462354c01cbb7d" member_type: VOTER last_known_addr { host: "127.17.187.67" port: 41571 } }
I20260709 14:54:09.701270 18968 ts_tablet_manager.cc:1434] T 4cd9292ce7b743b3a067330bc0082b77 P c36b0e09b50040beb3462354c01cbb7d: Time spent starting tablet: real 0.007s	user 0.006s	sys 0.000s
I20260709 14:54:09.702683 18968 tablet_bootstrap.cc:492] T 5db96e47eae54b5a96ca3702bad1d318 P c36b0e09b50040beb3462354c01cbb7d: Bootstrap starting.
I20260709 14:54:09.703469 18969 ts_tablet_manager.cc:1434] T 523e6b459b3b45acba267f6841f51dfa P b98558ac1eee4667aaa5dc34f716ed17: Time spent starting tablet: real 0.008s	user 0.007s	sys 0.000s
I20260709 14:54:09.700975 18973 leader_election.cc:290] T 5db96e47eae54b5a96ca3702bad1d318 P 171083871a80470daa22a1785dd6d0a3 [CANDIDATE]: Term 1 pre-election: Requested pre-vote from peers b98558ac1eee4667aaa5dc34f716ed17 (127.17.187.66:37531), c36b0e09b50040beb3462354c01cbb7d (127.17.187.67:41571)
I20260709 14:54:09.704329 18969 tablet_bootstrap.cc:492] T 5db96e47eae54b5a96ca3702bad1d318 P b98558ac1eee4667aaa5dc34f716ed17: Bootstrap starting.
I20260709 14:54:09.709299 18968 tablet_bootstrap.cc:654] T 5db96e47eae54b5a96ca3702bad1d318 P c36b0e09b50040beb3462354c01cbb7d: Neither blocks nor log segments found. Creating new log.
I20260709 14:54:09.710526 18969 tablet_bootstrap.cc:654] T 5db96e47eae54b5a96ca3702bad1d318 P b98558ac1eee4667aaa5dc34f716ed17: Neither blocks nor log segments found. Creating new log.
I20260709 14:54:09.716395 18968 tablet_bootstrap.cc:492] T 5db96e47eae54b5a96ca3702bad1d318 P c36b0e09b50040beb3462354c01cbb7d: No bootstrap required, opened a new log
I20260709 14:54:09.716817 18968 ts_tablet_manager.cc:1403] T 5db96e47eae54b5a96ca3702bad1d318 P c36b0e09b50040beb3462354c01cbb7d: Time spent bootstrapping tablet: real 0.015s	user 0.007s	sys 0.004s
I20260709 14:54:09.719241 18967 tablet_bootstrap.cc:492] T 523e6b459b3b45acba267f6841f51dfa P 171083871a80470daa22a1785dd6d0a3: No bootstrap required, opened a new log
I20260709 14:54:09.719704 18967 ts_tablet_manager.cc:1403] T 523e6b459b3b45acba267f6841f51dfa P 171083871a80470daa22a1785dd6d0a3: Time spent bootstrapping tablet: real 0.034s	user 0.009s	sys 0.018s
I20260709 14:54:09.719406 18968 raft_consensus.cc:359] T 5db96e47eae54b5a96ca3702bad1d318 P c36b0e09b50040beb3462354c01cbb7d [term 0 FOLLOWER]: Replica starting. Triggering 0 pending ops. Active config: opid_index: -1 OBSOLETE_local: false peers { permanent_uuid: "171083871a80470daa22a1785dd6d0a3" member_type: VOTER last_known_addr { host: "127.17.187.65" port: 44697 } } peers { permanent_uuid: "b98558ac1eee4667aaa5dc34f716ed17" member_type: VOTER last_known_addr { host: "127.17.187.66" port: 37531 } } peers { permanent_uuid: "c36b0e09b50040beb3462354c01cbb7d" member_type: VOTER last_known_addr { host: "127.17.187.67" port: 41571 } }
I20260709 14:54:09.720109 18968 raft_consensus.cc:385] T 5db96e47eae54b5a96ca3702bad1d318 P c36b0e09b50040beb3462354c01cbb7d [term 0 FOLLOWER]: Consensus starting up: Expiring failure detector timer to make a prompt election more likely
I20260709 14:54:09.720400 18968 raft_consensus.cc:740] T 5db96e47eae54b5a96ca3702bad1d318 P c36b0e09b50040beb3462354c01cbb7d [term 0 FOLLOWER]: Becoming Follower/Learner. State: Replica: c36b0e09b50040beb3462354c01cbb7d, State: Initialized, Role: FOLLOWER
I20260709 14:54:09.721105 18968 consensus_queue.cc:260] T 5db96e47eae54b5a96ca3702bad1d318 P c36b0e09b50040beb3462354c01cbb7d [NON_LEADER]: Queue going to NON_LEADER mode. State: All replicated index: 0, Majority replicated index: 0, Committed index: 0, Last appended: 0.0, Last appended by leader: 0, Current term: 0, Majority size: -1, State: 0, Mode: NON_LEADER, active raft config: opid_index: -1 OBSOLETE_local: false peers { permanent_uuid: "171083871a80470daa22a1785dd6d0a3" member_type: VOTER last_known_addr { host: "127.17.187.65" port: 44697 } } peers { permanent_uuid: "b98558ac1eee4667aaa5dc34f716ed17" member_type: VOTER last_known_addr { host: "127.17.187.66" port: 37531 } } peers { permanent_uuid: "c36b0e09b50040beb3462354c01cbb7d" member_type: VOTER last_known_addr { host: "127.17.187.67" port: 41571 } }
I20260709 14:54:09.724231 18969 tablet_bootstrap.cc:492] T 5db96e47eae54b5a96ca3702bad1d318 P b98558ac1eee4667aaa5dc34f716ed17: No bootstrap required, opened a new log
I20260709 14:54:09.724810 18969 ts_tablet_manager.cc:1403] T 5db96e47eae54b5a96ca3702bad1d318 P b98558ac1eee4667aaa5dc34f716ed17: Time spent bootstrapping tablet: real 0.021s	user 0.003s	sys 0.008s
I20260709 14:54:09.724249 18967 raft_consensus.cc:359] T 523e6b459b3b45acba267f6841f51dfa P 171083871a80470daa22a1785dd6d0a3 [term 0 FOLLOWER]: Replica starting. Triggering 0 pending ops. Active config: opid_index: -1 OBSOLETE_local: false peers { permanent_uuid: "171083871a80470daa22a1785dd6d0a3" member_type: VOTER last_known_addr { host: "127.17.187.65" port: 44697 } } peers { permanent_uuid: "b98558ac1eee4667aaa5dc34f716ed17" member_type: VOTER last_known_addr { host: "127.17.187.66" port: 37531 } } peers { permanent_uuid: "c36b0e09b50040beb3462354c01cbb7d" member_type: VOTER last_known_addr { host: "127.17.187.67" port: 41571 } }
I20260709 14:54:09.725282 18967 raft_consensus.cc:385] T 523e6b459b3b45acba267f6841f51dfa P 171083871a80470daa22a1785dd6d0a3 [term 0 FOLLOWER]: Consensus starting up: Expiring failure detector timer to make a prompt election more likely
I20260709 14:54:09.725629 18967 raft_consensus.cc:740] T 523e6b459b3b45acba267f6841f51dfa P 171083871a80470daa22a1785dd6d0a3 [term 0 FOLLOWER]: Becoming Follower/Learner. State: Replica: 171083871a80470daa22a1785dd6d0a3, State: Initialized, Role: FOLLOWER
I20260709 14:54:09.726501 18967 consensus_queue.cc:260] T 523e6b459b3b45acba267f6841f51dfa P 171083871a80470daa22a1785dd6d0a3 [NON_LEADER]: Queue going to NON_LEADER mode. State: All replicated index: 0, Majority replicated index: 0, Committed index: 0, Last appended: 0.0, Last appended by leader: 0, Current term: 0, Majority size: -1, State: 0, Mode: NON_LEADER, active raft config: opid_index: -1 OBSOLETE_local: false peers { permanent_uuid: "171083871a80470daa22a1785dd6d0a3" member_type: VOTER last_known_addr { host: "127.17.187.65" port: 44697 } } peers { permanent_uuid: "b98558ac1eee4667aaa5dc34f716ed17" member_type: VOTER last_known_addr { host: "127.17.187.66" port: 37531 } } peers { permanent_uuid: "c36b0e09b50040beb3462354c01cbb7d" member_type: VOTER last_known_addr { host: "127.17.187.67" port: 41571 } }
I20260709 14:54:09.727172 18968 ts_tablet_manager.cc:1434] T 5db96e47eae54b5a96ca3702bad1d318 P c36b0e09b50040beb3462354c01cbb7d: Time spent starting tablet: real 0.010s	user 0.006s	sys 0.000s
I20260709 14:54:09.727481 18969 raft_consensus.cc:359] T 5db96e47eae54b5a96ca3702bad1d318 P b98558ac1eee4667aaa5dc34f716ed17 [term 0 FOLLOWER]: Replica starting. Triggering 0 pending ops. Active config: opid_index: -1 OBSOLETE_local: false peers { permanent_uuid: "171083871a80470daa22a1785dd6d0a3" member_type: VOTER last_known_addr { host: "127.17.187.65" port: 44697 } } peers { permanent_uuid: "b98558ac1eee4667aaa5dc34f716ed17" member_type: VOTER last_known_addr { host: "127.17.187.66" port: 37531 } } peers { permanent_uuid: "c36b0e09b50040beb3462354c01cbb7d" member_type: VOTER last_known_addr { host: "127.17.187.67" port: 41571 } }
I20260709 14:54:09.728082 18968 tablet_bootstrap.cc:492] T ebaa340238784dfd98498f341a60ce3d P c36b0e09b50040beb3462354c01cbb7d: Bootstrap starting.
I20260709 14:54:09.728137 18969 raft_consensus.cc:385] T 5db96e47eae54b5a96ca3702bad1d318 P b98558ac1eee4667aaa5dc34f716ed17 [term 0 FOLLOWER]: Consensus starting up: Expiring failure detector timer to make a prompt election more likely
I20260709 14:54:09.728546 18969 raft_consensus.cc:740] T 5db96e47eae54b5a96ca3702bad1d318 P b98558ac1eee4667aaa5dc34f716ed17 [term 0 FOLLOWER]: Becoming Follower/Learner. State: Replica: b98558ac1eee4667aaa5dc34f716ed17, State: Initialized, Role: FOLLOWER
I20260709 14:54:09.728776 18967 ts_tablet_manager.cc:1434] T 523e6b459b3b45acba267f6841f51dfa P 171083871a80470daa22a1785dd6d0a3: Time spent starting tablet: real 0.009s	user 0.004s	sys 0.004s
I20260709 14:54:09.729238 18969 consensus_queue.cc:260] T 5db96e47eae54b5a96ca3702bad1d318 P b98558ac1eee4667aaa5dc34f716ed17 [NON_LEADER]: Queue going to NON_LEADER mode. State: All replicated index: 0, Majority replicated index: 0, Committed index: 0, Last appended: 0.0, Last appended by leader: 0, Current term: 0, Majority size: -1, State: 0, Mode: NON_LEADER, active raft config: opid_index: -1 OBSOLETE_local: false peers { permanent_uuid: "171083871a80470daa22a1785dd6d0a3" member_type: VOTER last_known_addr { host: "127.17.187.65" port: 44697 } } peers { permanent_uuid: "b98558ac1eee4667aaa5dc34f716ed17" member_type: VOTER last_known_addr { host: "127.17.187.66" port: 37531 } } peers { permanent_uuid: "c36b0e09b50040beb3462354c01cbb7d" member_type: VOTER last_known_addr { host: "127.17.187.67" port: 41571 } }
I20260709 14:54:09.729781 18967 tablet_bootstrap.cc:492] T 4cd9292ce7b743b3a067330bc0082b77 P 171083871a80470daa22a1785dd6d0a3: Bootstrap starting.
I20260709 14:54:09.731251 18969 ts_tablet_manager.cc:1434] T 5db96e47eae54b5a96ca3702bad1d318 P b98558ac1eee4667aaa5dc34f716ed17: Time spent starting tablet: real 0.006s	user 0.006s	sys 0.000s
I20260709 14:54:09.732085 18969 tablet_bootstrap.cc:492] T 141b41fde9a34dda8c3d00899e212b24 P b98558ac1eee4667aaa5dc34f716ed17: Bootstrap starting.
I20260709 14:54:09.736373 18967 tablet_bootstrap.cc:654] T 4cd9292ce7b743b3a067330bc0082b77 P 171083871a80470daa22a1785dd6d0a3: Neither blocks nor log segments found. Creating new log.
I20260709 14:54:09.738036 18969 tablet_bootstrap.cc:654] T 141b41fde9a34dda8c3d00899e212b24 P b98558ac1eee4667aaa5dc34f716ed17: Neither blocks nor log segments found. Creating new log.
I20260709 14:54:09.738893 18968 tablet_bootstrap.cc:654] T ebaa340238784dfd98498f341a60ce3d P c36b0e09b50040beb3462354c01cbb7d: Neither blocks nor log segments found. Creating new log.
I20260709 14:54:09.751426 18974 raft_consensus.cc:493] T 141b41fde9a34dda8c3d00899e212b24 P c36b0e09b50040beb3462354c01cbb7d [term 0 FOLLOWER]: Starting pre-election (no leader contacted us within the election timeout)
I20260709 14:54:09.751958 18974 raft_consensus.cc:515] T 141b41fde9a34dda8c3d00899e212b24 P c36b0e09b50040beb3462354c01cbb7d [term 0 FOLLOWER]: Starting pre-election with config: opid_index: -1 OBSOLETE_local: false peers { permanent_uuid: "171083871a80470daa22a1785dd6d0a3" member_type: VOTER last_known_addr { host: "127.17.187.65" port: 44697 } } peers { permanent_uuid: "b98558ac1eee4667aaa5dc34f716ed17" member_type: VOTER last_known_addr { host: "127.17.187.66" port: 37531 } } peers { permanent_uuid: "c36b0e09b50040beb3462354c01cbb7d" member_type: VOTER last_known_addr { host: "127.17.187.67" port: 41571 } }
I20260709 14:54:09.761616 18974 leader_election.cc:290] T 141b41fde9a34dda8c3d00899e212b24 P c36b0e09b50040beb3462354c01cbb7d [CANDIDATE]: Term 1 pre-election: Requested pre-vote from peers 171083871a80470daa22a1785dd6d0a3 (127.17.187.65:44697), b98558ac1eee4667aaa5dc34f716ed17 (127.17.187.66:37531)
I20260709 14:54:09.766578 18854 tablet_service.cc:1917] Received RequestConsensusVote() RPC: tablet_id: "5db96e47eae54b5a96ca3702bad1d318" candidate_uuid: "171083871a80470daa22a1785dd6d0a3" candidate_term: 1 candidate_status { last_received { term: 0 index: 0 } } ignore_live_leader: false dest_uuid: "b98558ac1eee4667aaa5dc34f716ed17" is_pre_election: true
I20260709 14:54:09.767329 18854 raft_consensus.cc:2468] T 5db96e47eae54b5a96ca3702bad1d318 P b98558ac1eee4667aaa5dc34f716ed17 [term 0 FOLLOWER]: Leader pre-election vote request: Granting yes vote for candidate 171083871a80470daa22a1785dd6d0a3 in term 0.
I20260709 14:54:09.768738 18744 leader_election.cc:304] T 5db96e47eae54b5a96ca3702bad1d318 P 171083871a80470daa22a1785dd6d0a3 [CANDIDATE]: Term 1 pre-election: Election decided. Result: candidate won. Election summary: received 2 responses out of 3 voters: 2 yes votes; 0 no votes. yes voters: 171083871a80470daa22a1785dd6d0a3, b98558ac1eee4667aaa5dc34f716ed17; no voters: 
I20260709 14:54:09.769681 18973 raft_consensus.cc:2804] T 5db96e47eae54b5a96ca3702bad1d318 P 171083871a80470daa22a1785dd6d0a3 [term 0 FOLLOWER]: Leader pre-election won for term 1
I20260709 14:54:09.770043 18973 raft_consensus.cc:493] T 5db96e47eae54b5a96ca3702bad1d318 P 171083871a80470daa22a1785dd6d0a3 [term 0 FOLLOWER]: Starting leader election (no leader contacted us within the election timeout)
I20260709 14:54:09.770382 18973 raft_consensus.cc:3060] T 5db96e47eae54b5a96ca3702bad1d318 P 171083871a80470daa22a1785dd6d0a3 [term 0 FOLLOWER]: Advancing to term 1
I20260709 14:54:09.777345 18973 raft_consensus.cc:515] T 5db96e47eae54b5a96ca3702bad1d318 P 171083871a80470daa22a1785dd6d0a3 [term 1 FOLLOWER]: Starting leader election with config: opid_index: -1 OBSOLETE_local: false peers { permanent_uuid: "171083871a80470daa22a1785dd6d0a3" member_type: VOTER last_known_addr { host: "127.17.187.65" port: 44697 } } peers { permanent_uuid: "b98558ac1eee4667aaa5dc34f716ed17" member_type: VOTER last_known_addr { host: "127.17.187.66" port: 37531 } } peers { permanent_uuid: "c36b0e09b50040beb3462354c01cbb7d" member_type: VOTER last_known_addr { host: "127.17.187.67" port: 41571 } }
I20260709 14:54:09.777832 18779 tablet_service.cc:1917] Received RequestConsensusVote() RPC: tablet_id: "141b41fde9a34dda8c3d00899e212b24" candidate_uuid: "c36b0e09b50040beb3462354c01cbb7d" candidate_term: 1 candidate_status { last_received { term: 0 index: 0 } } ignore_live_leader: false dest_uuid: "171083871a80470daa22a1785dd6d0a3" is_pre_election: true
W20260709 14:54:09.779623 18891 leader_election.cc:343] T 141b41fde9a34dda8c3d00899e212b24 P c36b0e09b50040beb3462354c01cbb7d [CANDIDATE]: Term 1 pre-election: Tablet error from VoteRequest() call to peer 171083871a80470daa22a1785dd6d0a3 (127.17.187.65:44697): Illegal state: must be running to vote when last-logged opid is not known
I20260709 14:54:09.780498 18854 tablet_service.cc:1917] Received RequestConsensusVote() RPC: tablet_id: "5db96e47eae54b5a96ca3702bad1d318" candidate_uuid: "171083871a80470daa22a1785dd6d0a3" candidate_term: 1 candidate_status { last_received { term: 0 index: 0 } } ignore_live_leader: false dest_uuid: "b98558ac1eee4667aaa5dc34f716ed17"
I20260709 14:54:09.781121 18854 raft_consensus.cc:3060] T 5db96e47eae54b5a96ca3702bad1d318 P b98558ac1eee4667aaa5dc34f716ed17 [term 0 FOLLOWER]: Advancing to term 1
I20260709 14:54:09.788089 18854 raft_consensus.cc:2468] T 5db96e47eae54b5a96ca3702bad1d318 P b98558ac1eee4667aaa5dc34f716ed17 [term 1 FOLLOWER]: Leader election vote request: Granting yes vote for candidate 171083871a80470daa22a1785dd6d0a3 in term 1.
I20260709 14:54:09.789316 18744 leader_election.cc:304] T 5db96e47eae54b5a96ca3702bad1d318 P 171083871a80470daa22a1785dd6d0a3 [CANDIDATE]: Term 1 election: Election decided. Result: candidate won. Election summary: received 2 responses out of 3 voters: 2 yes votes; 0 no votes. yes voters: 171083871a80470daa22a1785dd6d0a3, b98558ac1eee4667aaa5dc34f716ed17; no voters: 
I20260709 14:54:09.790872 18989 raft_consensus.cc:2804] T 5db96e47eae54b5a96ca3702bad1d318 P 171083871a80470daa22a1785dd6d0a3 [term 1 FOLLOWER]: Leader election won for term 1
I20260709 14:54:09.791661 18973 leader_election.cc:290] T 5db96e47eae54b5a96ca3702bad1d318 P 171083871a80470daa22a1785dd6d0a3 [CANDIDATE]: Term 1 election: Requested vote from peers b98558ac1eee4667aaa5dc34f716ed17 (127.17.187.66:37531), c36b0e09b50040beb3462354c01cbb7d (127.17.187.67:41571)
I20260709 14:54:09.794572 18969 tablet_bootstrap.cc:492] T 141b41fde9a34dda8c3d00899e212b24 P b98558ac1eee4667aaa5dc34f716ed17: No bootstrap required, opened a new log
I20260709 14:54:09.795032 18969 ts_tablet_manager.cc:1403] T 141b41fde9a34dda8c3d00899e212b24 P b98558ac1eee4667aaa5dc34f716ed17: Time spent bootstrapping tablet: real 0.063s	user 0.023s	sys 0.036s
I20260709 14:54:09.797245 18989 raft_consensus.cc:697] T 5db96e47eae54b5a96ca3702bad1d318 P 171083871a80470daa22a1785dd6d0a3 [term 1 LEADER]: Becoming Leader. State: Replica: 171083871a80470daa22a1785dd6d0a3, State: Running, Role: LEADER
I20260709 14:54:09.797978 18975 raft_consensus.cc:493] T 4cd9292ce7b743b3a067330bc0082b77 P b98558ac1eee4667aaa5dc34f716ed17 [term 0 FOLLOWER]: Starting pre-election (no leader contacted us within the election timeout)
I20260709 14:54:09.798324 18969 raft_consensus.cc:359] T 141b41fde9a34dda8c3d00899e212b24 P b98558ac1eee4667aaa5dc34f716ed17 [term 0 FOLLOWER]: Replica starting. Triggering 0 pending ops. Active config: opid_index: -1 OBSOLETE_local: false peers { permanent_uuid: "171083871a80470daa22a1785dd6d0a3" member_type: VOTER last_known_addr { host: "127.17.187.65" port: 44697 } } peers { permanent_uuid: "b98558ac1eee4667aaa5dc34f716ed17" member_type: VOTER last_known_addr { host: "127.17.187.66" port: 37531 } } peers { permanent_uuid: "c36b0e09b50040beb3462354c01cbb7d" member_type: VOTER last_known_addr { host: "127.17.187.67" port: 41571 } }
I20260709 14:54:09.798424 18975 raft_consensus.cc:515] T 4cd9292ce7b743b3a067330bc0082b77 P b98558ac1eee4667aaa5dc34f716ed17 [term 0 FOLLOWER]: Starting pre-election with config: opid_index: -1 OBSOLETE_local: false peers { permanent_uuid: "171083871a80470daa22a1785dd6d0a3" member_type: VOTER last_known_addr { host: "127.17.187.65" port: 44697 } } peers { permanent_uuid: "b98558ac1eee4667aaa5dc34f716ed17" member_type: VOTER last_known_addr { host: "127.17.187.66" port: 37531 } } peers { permanent_uuid: "c36b0e09b50040beb3462354c01cbb7d" member_type: VOTER last_known_addr { host: "127.17.187.67" port: 41571 } }
I20260709 14:54:09.800814 18975 leader_election.cc:290] T 4cd9292ce7b743b3a067330bc0082b77 P b98558ac1eee4667aaa5dc34f716ed17 [CANDIDATE]: Term 1 pre-election: Requested pre-vote from peers 171083871a80470daa22a1785dd6d0a3 (127.17.187.65:44697), c36b0e09b50040beb3462354c01cbb7d (127.17.187.67:41571)
I20260709 14:54:09.807896 18989 consensus_queue.cc:237] T 5db96e47eae54b5a96ca3702bad1d318 P 171083871a80470daa22a1785dd6d0a3 [LEADER]: Queue going to LEADER mode. State: All replicated index: 0, Majority replicated index: 0, Committed index: 0, Last appended: 0.0, Last appended by leader: 0, Current term: 1, Majority size: 2, State: 0, Mode: LEADER, active raft config: opid_index: -1 OBSOLETE_local: false peers { permanent_uuid: "171083871a80470daa22a1785dd6d0a3" member_type: VOTER last_known_addr { host: "127.17.187.65" port: 44697 } } peers { permanent_uuid: "b98558ac1eee4667aaa5dc34f716ed17" member_type: VOTER last_known_addr { host: "127.17.187.66" port: 37531 } } peers { permanent_uuid: "c36b0e09b50040beb3462354c01cbb7d" member_type: VOTER last_known_addr { host: "127.17.187.67" port: 41571 } }
I20260709 14:54:09.810818 18969 raft_consensus.cc:385] T 141b41fde9a34dda8c3d00899e212b24 P b98558ac1eee4667aaa5dc34f716ed17 [term 0 FOLLOWER]: Consensus starting up: Expiring failure detector timer to make a prompt election more likely
I20260709 14:54:09.811164 18969 raft_consensus.cc:740] T 141b41fde9a34dda8c3d00899e212b24 P b98558ac1eee4667aaa5dc34f716ed17 [term 0 FOLLOWER]: Becoming Follower/Learner. State: Replica: b98558ac1eee4667aaa5dc34f716ed17, State: Initialized, Role: FOLLOWER
I20260709 14:54:09.811875 18969 consensus_queue.cc:260] T 141b41fde9a34dda8c3d00899e212b24 P b98558ac1eee4667aaa5dc34f716ed17 [NON_LEADER]: Queue going to NON_LEADER mode. State: All replicated index: 0, Majority replicated index: 0, Committed index: 0, Last appended: 0.0, Last appended by leader: 0, Current term: 0, Majority size: -1, State: 0, Mode: NON_LEADER, active raft config: opid_index: -1 OBSOLETE_local: false peers { permanent_uuid: "171083871a80470daa22a1785dd6d0a3" member_type: VOTER last_known_addr { host: "127.17.187.65" port: 44697 } } peers { permanent_uuid: "b98558ac1eee4667aaa5dc34f716ed17" member_type: VOTER last_known_addr { host: "127.17.187.66" port: 37531 } } peers { permanent_uuid: "c36b0e09b50040beb3462354c01cbb7d" member_type: VOTER last_known_addr { host: "127.17.187.67" port: 41571 } }
I20260709 14:54:09.820174 18969 ts_tablet_manager.cc:1434] T 141b41fde9a34dda8c3d00899e212b24 P b98558ac1eee4667aaa5dc34f716ed17: Time spent starting tablet: real 0.025s	user 0.006s	sys 0.001s
I20260709 14:54:09.820319 18854 tablet_service.cc:1917] Received RequestConsensusVote() RPC: tablet_id: "141b41fde9a34dda8c3d00899e212b24" candidate_uuid: "c36b0e09b50040beb3462354c01cbb7d" candidate_term: 1 candidate_status { last_received { term: 0 index: 0 } } ignore_live_leader: false dest_uuid: "b98558ac1eee4667aaa5dc34f716ed17" is_pre_election: true
I20260709 14:54:09.820984 18854 raft_consensus.cc:2468] T 141b41fde9a34dda8c3d00899e212b24 P b98558ac1eee4667aaa5dc34f716ed17 [term 0 FOLLOWER]: Leader pre-election vote request: Granting yes vote for candidate c36b0e09b50040beb3462354c01cbb7d in term 0.
I20260709 14:54:09.821121 18969 tablet_bootstrap.cc:492] T c88d0210331542b78d5086404dfe717c P b98558ac1eee4667aaa5dc34f716ed17: Bootstrap starting.
I20260709 14:54:09.824240 18893 leader_election.cc:304] T 141b41fde9a34dda8c3d00899e212b24 P c36b0e09b50040beb3462354c01cbb7d [CANDIDATE]: Term 1 pre-election: Election decided. Result: candidate won. Election summary: received 3 responses out of 3 voters: 2 yes votes; 1 no votes. yes voters: b98558ac1eee4667aaa5dc34f716ed17, c36b0e09b50040beb3462354c01cbb7d; no voters: 171083871a80470daa22a1785dd6d0a3
I20260709 14:54:09.827123 18974 raft_consensus.cc:2804] T 141b41fde9a34dda8c3d00899e212b24 P c36b0e09b50040beb3462354c01cbb7d [term 0 FOLLOWER]: Leader pre-election won for term 1
I20260709 14:54:09.827469 18974 raft_consensus.cc:493] T 141b41fde9a34dda8c3d00899e212b24 P c36b0e09b50040beb3462354c01cbb7d [term 0 FOLLOWER]: Starting leader election (no leader contacted us within the election timeout)
I20260709 14:54:09.827788 18974 raft_consensus.cc:3060] T 141b41fde9a34dda8c3d00899e212b24 P c36b0e09b50040beb3462354c01cbb7d [term 0 FOLLOWER]: Advancing to term 1
I20260709 14:54:09.836311 18974 raft_consensus.cc:515] T 141b41fde9a34dda8c3d00899e212b24 P c36b0e09b50040beb3462354c01cbb7d [term 1 FOLLOWER]: Starting leader election with config: opid_index: -1 OBSOLETE_local: false peers { permanent_uuid: "171083871a80470daa22a1785dd6d0a3" member_type: VOTER last_known_addr { host: "127.17.187.65" port: 44697 } } peers { permanent_uuid: "b98558ac1eee4667aaa5dc34f716ed17" member_type: VOTER last_known_addr { host: "127.17.187.66" port: 37531 } } peers { permanent_uuid: "c36b0e09b50040beb3462354c01cbb7d" member_type: VOTER last_known_addr { host: "127.17.187.67" port: 41571 } }
I20260709 14:54:09.840063 18969 tablet_bootstrap.cc:654] T c88d0210331542b78d5086404dfe717c P b98558ac1eee4667aaa5dc34f716ed17: Neither blocks nor log segments found. Creating new log.
I20260709 14:54:09.843246 18779 tablet_service.cc:1917] Received RequestConsensusVote() RPC: tablet_id: "141b41fde9a34dda8c3d00899e212b24" candidate_uuid: "c36b0e09b50040beb3462354c01cbb7d" candidate_term: 1 candidate_status { last_received { term: 0 index: 0 } } ignore_live_leader: false dest_uuid: "171083871a80470daa22a1785dd6d0a3"
W20260709 14:54:09.844825 18891 leader_election.cc:343] T 141b41fde9a34dda8c3d00899e212b24 P c36b0e09b50040beb3462354c01cbb7d [CANDIDATE]: Term 1 election: Tablet error from VoteRequest() call to peer 171083871a80470daa22a1785dd6d0a3 (127.17.187.65:44697): Illegal state: must be running to vote when last-logged opid is not known
