I20260709 14:45:49.084399   791 leader_election.cc:290] T e1af8c1f84944a7a8afdc6edcc41280b P 5e9fe2db0b11494098b685cc062695d2 [CANDIDATE]: Term 1 election: Requested vote from peers 3744a28065554828998ec5828dcc25b6 (127.0.107.193:33579), ea00d36e097749208b4f15de5acdf924 (127.0.107.194:45077)
I20260709 14:45:49.085531   639 tablet_service.cc:1917] Received RequestConsensusVote() RPC: tablet_id: "e1af8c1f84944a7a8afdc6edcc41280b" candidate_uuid: "5e9fe2db0b11494098b685cc062695d2" candidate_term: 1 candidate_status { last_received { term: 0 index: 0 } } ignore_live_leader: false dest_uuid: "ea00d36e097749208b4f15de5acdf924"
I20260709 14:45:49.086145   639 raft_consensus.cc:3060] T e1af8c1f84944a7a8afdc6edcc41280b P ea00d36e097749208b4f15de5acdf924 [term 0 FOLLOWER]: Advancing to term 1
I20260709 14:45:49.088231   791 consensus_queue.cc:1048] T ec67c8dec4f94a2db9b876fb854aad24 P 5e9fe2db0b11494098b685cc062695d2 [LEADER]: Connected to new peer: Peer: permanent_uuid: "3744a28065554828998ec5828dcc25b6" member_type: VOTER last_known_addr { host: "127.0.107.193" port: 33579 }, Status: LMP_MISMATCH, Last received: 0.0, Next index: 1, Last known committed idx: 0, Time since last communication: 0.000s
I20260709 14:45:49.092957   565 raft_consensus.cc:2468] T e1af8c1f84944a7a8afdc6edcc41280b P 3744a28065554828998ec5828dcc25b6 [term 1 FOLLOWER]: Leader election vote request: Granting yes vote for candidate 5e9fe2db0b11494098b685cc062695d2 in term 1.
I20260709 14:45:49.094257   679 leader_election.cc:304] T e1af8c1f84944a7a8afdc6edcc41280b P 5e9fe2db0b11494098b685cc062695d2 [CANDIDATE]: Term 1 election: Election decided. Result: candidate won. Election summary: received 2 responses out of 3 voters: 2 yes votes; 0 no votes. yes voters: 3744a28065554828998ec5828dcc25b6, 5e9fe2db0b11494098b685cc062695d2; no voters: 
I20260709 14:45:49.104045   639 raft_consensus.cc:2468] T e1af8c1f84944a7a8afdc6edcc41280b P ea00d36e097749208b4f15de5acdf924 [term 1 FOLLOWER]: Leader election vote request: Granting yes vote for candidate 5e9fe2db0b11494098b685cc062695d2 in term 1.
I20260709 14:45:49.110001   791 raft_consensus.cc:2804] T e1af8c1f84944a7a8afdc6edcc41280b P 5e9fe2db0b11494098b685cc062695d2 [term 1 FOLLOWER]: Leader election won for term 1
I20260709 14:45:49.110553   791 raft_consensus.cc:697] T e1af8c1f84944a7a8afdc6edcc41280b P 5e9fe2db0b11494098b685cc062695d2 [term 1 LEADER]: Becoming Leader. State: Replica: 5e9fe2db0b11494098b685cc062695d2, State: Running, Role: LEADER
I20260709 14:45:49.113539   791 consensus_queue.cc:237] T e1af8c1f84944a7a8afdc6edcc41280b P 5e9fe2db0b11494098b685cc062695d2 [LEADER]: Queue going to LEADER mode. State: All replicated index: 0, Majority replicated index: 0, Committed index: 0, Last appended: 0.0, Last appended by leader: 0, Current term: 1, Majority size: 2, State: 0, Mode: LEADER, active raft config: opid_index: -1 OBSOLETE_local: false peers { permanent_uuid: "3744a28065554828998ec5828dcc25b6" member_type: VOTER last_known_addr { host: "127.0.107.193" port: 33579 } } peers { permanent_uuid: "ea00d36e097749208b4f15de5acdf924" member_type: VOTER last_known_addr { host: "127.0.107.194" port: 45077 } } peers { permanent_uuid: "5e9fe2db0b11494098b685cc062695d2" member_type: VOTER last_known_addr { host: "127.0.107.195" port: 37685 } }
I20260709 14:45:49.122375   463 catalog_manager.cc:5697] T e1af8c1f84944a7a8afdc6edcc41280b P 5e9fe2db0b11494098b685cc062695d2 reported cstate change: term changed from 0 to 1, leader changed from <none> to 5e9fe2db0b11494098b685cc062695d2 (127.0.107.195). New cstate: current_term: 1 leader_uuid: "5e9fe2db0b11494098b685cc062695d2" committed_config { opid_index: -1 OBSOLETE_local: false peers { permanent_uuid: "3744a28065554828998ec5828dcc25b6" member_type: VOTER last_known_addr { host: "127.0.107.193" port: 33579 } health_report { overall_health: UNKNOWN } } peers { permanent_uuid: "ea00d36e097749208b4f15de5acdf924" member_type: VOTER last_known_addr { host: "127.0.107.194" port: 45077 } health_report { overall_health: UNKNOWN } } peers { permanent_uuid: "5e9fe2db0b11494098b685cc062695d2" member_type: VOTER last_known_addr { host: "127.0.107.195" port: 37685 } health_report { overall_health: HEALTHY } } }
I20260709 14:45:49.174649   790 consensus_queue.cc:1048] T 2642c73010da4848b7b5122dc6557450 P 3744a28065554828998ec5828dcc25b6 [LEADER]: Connected to new peer: Peer: permanent_uuid: "ea00d36e097749208b4f15de5acdf924" member_type: VOTER last_known_addr { host: "127.0.107.194" port: 45077 }, Status: LMP_MISMATCH, Last received: 0.0, Next index: 1, Last known committed idx: 0, Time since last communication: 0.000s
I20260709 14:45:49.190075   828 consensus_queue.cc:1048] T 2642c73010da4848b7b5122dc6557450 P 3744a28065554828998ec5828dcc25b6 [LEADER]: Connected to new peer: Peer: permanent_uuid: "5e9fe2db0b11494098b685cc062695d2" member_type: VOTER last_known_addr { host: "127.0.107.195" port: 37685 }, Status: LMP_MISMATCH, Last received: 0.0, Next index: 1, Last known committed idx: 0, Time since last communication: 0.000s
I20260709 14:45:49.219841   764 consensus_queue.cc:1048] T d78ebaba99254067ae368c26f0732f50 P ea00d36e097749208b4f15de5acdf924 [LEADER]: Connected to new peer: Peer: permanent_uuid: "5e9fe2db0b11494098b685cc062695d2" member_type: VOTER last_known_addr { host: "127.0.107.195" port: 37685 }, Status: LMP_MISMATCH, Last received: 0.0, Next index: 1, Last known committed idx: 0, Time since last communication: 0.001s
I20260709 14:45:49.232115   764 consensus_queue.cc:1048] T d78ebaba99254067ae368c26f0732f50 P ea00d36e097749208b4f15de5acdf924 [LEADER]: Connected to new peer: Peer: permanent_uuid: "3744a28065554828998ec5828dcc25b6" member_type: VOTER last_known_addr { host: "127.0.107.193" port: 33579 }, Status: LMP_MISMATCH, Last received: 0.0, Next index: 1, Last known committed idx: 0, Time since last communication: 0.000s
I20260709 14:45:49.236171   791 raft_consensus.cc:493] T e1a18b804b664d17a1c9f4ac89b475b2 P 5e9fe2db0b11494098b685cc062695d2 [term 0 FOLLOWER]: Starting pre-election (no leader contacted us within the election timeout)
I20260709 14:45:49.236743   791 raft_consensus.cc:515] T e1a18b804b664d17a1c9f4ac89b475b2 P 5e9fe2db0b11494098b685cc062695d2 [term 0 FOLLOWER]: Starting pre-election with config: opid_index: -1 OBSOLETE_local: false peers { permanent_uuid: "3744a28065554828998ec5828dcc25b6" member_type: VOTER last_known_addr { host: "127.0.107.193" port: 33579 } } peers { permanent_uuid: "ea00d36e097749208b4f15de5acdf924" member_type: VOTER last_known_addr { host: "127.0.107.194" port: 45077 } } peers { permanent_uuid: "5e9fe2db0b11494098b685cc062695d2" member_type: VOTER last_known_addr { host: "127.0.107.195" port: 37685 } }
I20260709 14:45:49.240407   565 tablet_service.cc:1917] Received RequestConsensusVote() RPC: tablet_id: "e1a18b804b664d17a1c9f4ac89b475b2" candidate_uuid: "5e9fe2db0b11494098b685cc062695d2" candidate_term: 1 candidate_status { last_received { term: 0 index: 0 } } ignore_live_leader: false dest_uuid: "3744a28065554828998ec5828dcc25b6" is_pre_election: true
I20260709 14:45:49.241062   565 raft_consensus.cc:2468] T e1a18b804b664d17a1c9f4ac89b475b2 P 3744a28065554828998ec5828dcc25b6 [term 0 FOLLOWER]: Leader pre-election vote request: Granting yes vote for candidate 5e9fe2db0b11494098b685cc062695d2 in term 0.
I20260709 14:45:49.242014   791 leader_election.cc:290] T e1a18b804b664d17a1c9f4ac89b475b2 P 5e9fe2db0b11494098b685cc062695d2 [CANDIDATE]: Term 1 pre-election: Requested pre-vote from peers 3744a28065554828998ec5828dcc25b6 (127.0.107.193:33579), ea00d36e097749208b4f15de5acdf924 (127.0.107.194:45077)
I20260709 14:45:49.242653   639 tablet_service.cc:1917] Received RequestConsensusVote() RPC: tablet_id: "e1a18b804b664d17a1c9f4ac89b475b2" candidate_uuid: "5e9fe2db0b11494098b685cc062695d2" candidate_term: 1 candidate_status { last_received { term: 0 index: 0 } } ignore_live_leader: false dest_uuid: "ea00d36e097749208b4f15de5acdf924" is_pre_election: true
I20260709 14:45:49.243346   639 raft_consensus.cc:2468] T e1a18b804b664d17a1c9f4ac89b475b2 P ea00d36e097749208b4f15de5acdf924 [term 0 FOLLOWER]: Leader pre-election vote request: Granting yes vote for candidate 5e9fe2db0b11494098b685cc062695d2 in term 0.
I20260709 14:45:49.244472   679 leader_election.cc:304] T e1a18b804b664d17a1c9f4ac89b475b2 P 5e9fe2db0b11494098b685cc062695d2 [CANDIDATE]: Term 1 pre-election: Election decided. Result: candidate won. Election summary: received 2 responses out of 3 voters: 2 yes votes; 0 no votes. yes voters: 3744a28065554828998ec5828dcc25b6, 5e9fe2db0b11494098b685cc062695d2; no voters: 
I20260709 14:45:49.247979   791 raft_consensus.cc:2804] T e1a18b804b664d17a1c9f4ac89b475b2 P 5e9fe2db0b11494098b685cc062695d2 [term 0 FOLLOWER]: Leader pre-election won for term 1
I20260709 14:45:49.248515   791 raft_consensus.cc:493] T e1a18b804b664d17a1c9f4ac89b475b2 P 5e9fe2db0b11494098b685cc062695d2 [term 0 FOLLOWER]: Starting leader election (no leader contacted us within the election timeout)
I20260709 14:45:49.248979   791 raft_consensus.cc:3060] T e1a18b804b664d17a1c9f4ac89b475b2 P 5e9fe2db0b11494098b685cc062695d2 [term 0 FOLLOWER]: Advancing to term 1
I20260709 14:45:49.261147   791 raft_consensus.cc:515] T e1a18b804b664d17a1c9f4ac89b475b2 P 5e9fe2db0b11494098b685cc062695d2 [term 1 FOLLOWER]: Starting leader election with config: opid_index: -1 OBSOLETE_local: false peers { permanent_uuid: "3744a28065554828998ec5828dcc25b6" member_type: VOTER last_known_addr { host: "127.0.107.193" port: 33579 } } peers { permanent_uuid: "ea00d36e097749208b4f15de5acdf924" member_type: VOTER last_known_addr { host: "127.0.107.194" port: 45077 } } peers { permanent_uuid: "5e9fe2db0b11494098b685cc062695d2" member_type: VOTER last_known_addr { host: "127.0.107.195" port: 37685 } }
I20260709 14:45:49.264976   791 leader_election.cc:290] T e1a18b804b664d17a1c9f4ac89b475b2 P 5e9fe2db0b11494098b685cc062695d2 [CANDIDATE]: Term 1 election: Requested vote from peers 3744a28065554828998ec5828dcc25b6 (127.0.107.193:33579), ea00d36e097749208b4f15de5acdf924 (127.0.107.194:45077)
I20260709 14:45:49.265545   639 tablet_service.cc:1917] Received RequestConsensusVote() RPC: tablet_id: "e1a18b804b664d17a1c9f4ac89b475b2" candidate_uuid: "5e9fe2db0b11494098b685cc062695d2" candidate_term: 1 candidate_status { last_received { term: 0 index: 0 } } ignore_live_leader: false dest_uuid: "ea00d36e097749208b4f15de5acdf924"
I20260709 14:45:49.266191   639 raft_consensus.cc:3060] T e1a18b804b664d17a1c9f4ac89b475b2 P ea00d36e097749208b4f15de5acdf924 [term 0 FOLLOWER]: Advancing to term 1
I20260709 14:45:49.267377   564 tablet_service.cc:1917] Received RequestConsensusVote() RPC: tablet_id: "e1a18b804b664d17a1c9f4ac89b475b2" candidate_uuid: "5e9fe2db0b11494098b685cc062695d2" candidate_term: 1 candidate_status { last_received { term: 0 index: 0 } } ignore_live_leader: false dest_uuid: "3744a28065554828998ec5828dcc25b6"
I20260709 14:45:49.268118   564 raft_consensus.cc:3060] T e1a18b804b664d17a1c9f4ac89b475b2 P 3744a28065554828998ec5828dcc25b6 [term 0 FOLLOWER]: Advancing to term 1
I20260709 14:45:49.273933   639 raft_consensus.cc:2468] T e1a18b804b664d17a1c9f4ac89b475b2 P ea00d36e097749208b4f15de5acdf924 [term 1 FOLLOWER]: Leader election vote request: Granting yes vote for candidate 5e9fe2db0b11494098b685cc062695d2 in term 1.
I20260709 14:45:49.276190   564 raft_consensus.cc:2468] T e1a18b804b664d17a1c9f4ac89b475b2 P 3744a28065554828998ec5828dcc25b6 [term 1 FOLLOWER]: Leader election vote request: Granting yes vote for candidate 5e9fe2db0b11494098b685cc062695d2 in term 1.
I20260709 14:45:49.276844   680 leader_election.cc:304] T e1a18b804b664d17a1c9f4ac89b475b2 P 5e9fe2db0b11494098b685cc062695d2 [CANDIDATE]: Term 1 election: Election decided. Result: candidate won. Election summary: received 2 responses out of 3 voters: 2 yes votes; 0 no votes. yes voters: 5e9fe2db0b11494098b685cc062695d2, ea00d36e097749208b4f15de5acdf924; no voters: 
I20260709 14:45:49.277858   791 raft_consensus.cc:2804] T e1a18b804b664d17a1c9f4ac89b475b2 P 5e9fe2db0b11494098b685cc062695d2 [term 1 FOLLOWER]: Leader election won for term 1
I20260709 14:45:49.278489   791 raft_consensus.cc:697] T e1a18b804b664d17a1c9f4ac89b475b2 P 5e9fe2db0b11494098b685cc062695d2 [term 1 LEADER]: Becoming Leader. State: Replica: 5e9fe2db0b11494098b685cc062695d2, State: Running, Role: LEADER
I20260709 14:45:49.279433   791 consensus_queue.cc:237] T e1a18b804b664d17a1c9f4ac89b475b2 P 5e9fe2db0b11494098b685cc062695d2 [LEADER]: Queue going to LEADER mode. State: All replicated index: 0, Majority replicated index: 0, Committed index: 0, Last appended: 0.0, Last appended by leader: 0, Current term: 1, Majority size: 2, State: 0, Mode: LEADER, active raft config: opid_index: -1 OBSOLETE_local: false peers { permanent_uuid: "3744a28065554828998ec5828dcc25b6" member_type: VOTER last_known_addr { host: "127.0.107.193" port: 33579 } } peers { permanent_uuid: "ea00d36e097749208b4f15de5acdf924" member_type: VOTER last_known_addr { host: "127.0.107.194" port: 45077 } } peers { permanent_uuid: "5e9fe2db0b11494098b685cc062695d2" member_type: VOTER last_known_addr { host: "127.0.107.195" port: 37685 } }
I20260709 14:45:49.288331   462 catalog_manager.cc:5697] T e1a18b804b664d17a1c9f4ac89b475b2 P 5e9fe2db0b11494098b685cc062695d2 reported cstate change: term changed from 0 to 1, leader changed from <none> to 5e9fe2db0b11494098b685cc062695d2 (127.0.107.195). New cstate: current_term: 1 leader_uuid: "5e9fe2db0b11494098b685cc062695d2" committed_config { opid_index: -1 OBSOLETE_local: false peers { permanent_uuid: "3744a28065554828998ec5828dcc25b6" member_type: VOTER last_known_addr { host: "127.0.107.193" port: 33579 } health_report { overall_health: UNKNOWN } } peers { permanent_uuid: "ea00d36e097749208b4f15de5acdf924" member_type: VOTER last_known_addr { host: "127.0.107.194" port: 45077 } health_report { overall_health: UNKNOWN } } peers { permanent_uuid: "5e9fe2db0b11494098b685cc062695d2" member_type: VOTER last_known_addr { host: "127.0.107.195" port: 37685 } health_report { overall_health: HEALTHY } } }
I20260709 14:45:49.367165   791 consensus_queue.cc:1048] T 39b4da608bb949a3bcafbfe6731197d8 P 5e9fe2db0b11494098b685cc062695d2 [LEADER]: Connected to new peer: Peer: permanent_uuid: "ea00d36e097749208b4f15de5acdf924" member_type: VOTER last_known_addr { host: "127.0.107.194" port: 45077 }, Status: LMP_MISMATCH, Last received: 0.0, Next index: 1, Last known committed idx: 0, Time since last communication: 0.000s
I20260709 14:45:49.380752   823 consensus_queue.cc:1048] T 39b4da608bb949a3bcafbfe6731197d8 P 5e9fe2db0b11494098b685cc062695d2 [LEADER]: Connected to new peer: Peer: permanent_uuid: "3744a28065554828998ec5828dcc25b6" member_type: VOTER last_known_addr { host: "127.0.107.193" port: 33579 }, Status: LMP_MISMATCH, Last received: 0.0, Next index: 1, Last known committed idx: 0, Time since last communication: 0.001s
I20260709 14:45:49.415766   823 consensus_queue.cc:1048] T 06f6c183284342aab74b5c8787b71405 P 5e9fe2db0b11494098b685cc062695d2 [LEADER]: Connected to new peer: Peer: permanent_uuid: "3744a28065554828998ec5828dcc25b6" member_type: VOTER last_known_addr { host: "127.0.107.193" port: 33579 }, Status: LMP_MISMATCH, Last received: 0.0, Next index: 1, Last known committed idx: 0, Time since last communication: 0.000s
I20260709 14:45:49.427030   791 consensus_queue.cc:1048] T 06f6c183284342aab74b5c8787b71405 P 5e9fe2db0b11494098b685cc062695d2 [LEADER]: Connected to new peer: Peer: permanent_uuid: "ea00d36e097749208b4f15de5acdf924" member_type: VOTER last_known_addr { host: "127.0.107.194" port: 45077 }, Status: LMP_MISMATCH, Last received: 0.0, Next index: 1, Last known committed idx: 0, Time since last communication: 0.000s
I20260709 14:45:49.493366   831 consensus_queue.cc:1048] T a8a813551dfd4673ade088991cd5fc59 P ea00d36e097749208b4f15de5acdf924 [LEADER]: Connected to new peer: Peer: permanent_uuid: "3744a28065554828998ec5828dcc25b6" member_type: VOTER last_known_addr { host: "127.0.107.193" port: 33579 }, Status: LMP_MISMATCH, Last received: 0.0, Next index: 1, Last known committed idx: 0, Time since last communication: 0.000s
I20260709 14:45:49.507102   764 consensus_queue.cc:1048] T a8a813551dfd4673ade088991cd5fc59 P ea00d36e097749208b4f15de5acdf924 [LEADER]: Connected to new peer: Peer: permanent_uuid: "5e9fe2db0b11494098b685cc062695d2" member_type: VOTER last_known_addr { host: "127.0.107.195" port: 37685 }, Status: LMP_MISMATCH, Last received: 0.0, Next index: 1, Last known committed idx: 0, Time since last communication: 0.000s
I20260709 14:45:49.527002   791 consensus_queue.cc:1048] T e1af8c1f84944a7a8afdc6edcc41280b P 5e9fe2db0b11494098b685cc062695d2 [LEADER]: Connected to new peer: Peer: permanent_uuid: "3744a28065554828998ec5828dcc25b6" member_type: VOTER last_known_addr { host: "127.0.107.193" port: 33579 }, Status: LMP_MISMATCH, Last received: 0.0, Next index: 1, Last known committed idx: 0, Time since last communication: 0.000s
I20260709 14:45:49.540266   766 consensus_queue.cc:1048] T e1af8c1f84944a7a8afdc6edcc41280b P 5e9fe2db0b11494098b685cc062695d2 [LEADER]: Connected to new peer: Peer: permanent_uuid: "ea00d36e097749208b4f15de5acdf924" member_type: VOTER last_known_addr { host: "127.0.107.194" port: 45077 }, Status: LMP_MISMATCH, Last received: 0.0, Next index: 1, Last known committed idx: 0, Time since last communication: 0.000s
I20260709 14:45:49.595335   714 tablet_service.cc:2072] Received LeaderStepDown RPC: tablet_id: "ec67c8dec4f94a2db9b876fb854aad24"
dest_uuid: "5e9fe2db0b11494098b685cc062695d2"
mode: GRACEFUL
new_leader_uuid: "3744a28065554828998ec5828dcc25b6"
 from {username='slave'} at 127.0.0.1:60268
I20260709 14:45:49.596086   714 raft_consensus.cc:606] T ec67c8dec4f94a2db9b876fb854aad24 P 5e9fe2db0b11494098b685cc062695d2 [term 1 LEADER]: Received request to transfer leadership to TS 3744a28065554828998ec5828dcc25b6
I20260709 14:45:49.604457   714 tablet_service.cc:2072] Received LeaderStepDown RPC: tablet_id: "e1a18b804b664d17a1c9f4ac89b475b2"
dest_uuid: "5e9fe2db0b11494098b685cc062695d2"
mode: GRACEFUL
new_leader_uuid: "3744a28065554828998ec5828dcc25b6"
 from {username='slave'} at 127.0.0.1:60268
I20260709 14:45:49.604992   714 raft_consensus.cc:606] T e1a18b804b664d17a1c9f4ac89b475b2 P 5e9fe2db0b11494098b685cc062695d2 [term 1 LEADER]: Received request to transfer leadership to TS 3744a28065554828998ec5828dcc25b6
I20260709 14:45:49.610114   714 tablet_service.cc:2072] Received LeaderStepDown RPC: tablet_id: "b228f9b8d08f4e6495c4ecd024408a1a"
dest_uuid: "5e9fe2db0b11494098b685cc062695d2"
mode: GRACEFUL
new_leader_uuid: "3744a28065554828998ec5828dcc25b6"
 from {username='slave'} at 127.0.0.1:60268
I20260709 14:45:49.610641   714 raft_consensus.cc:606] T b228f9b8d08f4e6495c4ecd024408a1a P 5e9fe2db0b11494098b685cc062695d2 [term 1 LEADER]: Received request to transfer leadership to TS 3744a28065554828998ec5828dcc25b6
I20260709 14:45:49.620509   714 tablet_service.cc:2072] Received LeaderStepDown RPC: tablet_id: "06f6c183284342aab74b5c8787b71405"
dest_uuid: "5e9fe2db0b11494098b685cc062695d2"
mode: GRACEFUL
new_leader_uuid: "ea00d36e097749208b4f15de5acdf924"
 from {username='slave'} at 127.0.0.1:60268
I20260709 14:45:49.621034   714 raft_consensus.cc:606] T 06f6c183284342aab74b5c8787b71405 P 5e9fe2db0b11494098b685cc062695d2 [term 1 LEADER]: Received request to transfer leadership to TS ea00d36e097749208b4f15de5acdf924
I20260709 14:45:49.625866   714 tablet_service.cc:2072] Received LeaderStepDown RPC: tablet_id: "39b4da608bb949a3bcafbfe6731197d8"
dest_uuid: "5e9fe2db0b11494098b685cc062695d2"
mode: GRACEFUL
new_leader_uuid: "ea00d36e097749208b4f15de5acdf924"
 from {username='slave'} at 127.0.0.1:60268
I20260709 14:45:49.626411   714 raft_consensus.cc:606] T 39b4da608bb949a3bcafbfe6731197d8 P 5e9fe2db0b11494098b685cc062695d2 [term 1 LEADER]: Received request to transfer leadership to TS ea00d36e097749208b4f15de5acdf924
I20260709 14:45:49.758508   825 raft_consensus.cc:993] T 39b4da608bb949a3bcafbfe6731197d8 P 5e9fe2db0b11494098b685cc062695d2: : Instructing follower ea00d36e097749208b4f15de5acdf924 to start an election
I20260709 14:45:49.759071   825 raft_consensus.cc:1081] T 39b4da608bb949a3bcafbfe6731197d8 P 5e9fe2db0b11494098b685cc062695d2 [term 1 LEADER]: Signalling peer ea00d36e097749208b4f15de5acdf924 to start an election
I20260709 14:45:49.761561   641 tablet_service.cc:2044] Received Run Leader Election RPC: tablet_id: "39b4da608bb949a3bcafbfe6731197d8"
dest_uuid: "ea00d36e097749208b4f15de5acdf924"
 from {username='slave'} at 127.0.0.1:49970
I20260709 14:45:49.762151   641 raft_consensus.cc:493] T 39b4da608bb949a3bcafbfe6731197d8 P ea00d36e097749208b4f15de5acdf924 [term 1 FOLLOWER]: Starting forced leader election (received explicit request)
I20260709 14:45:49.762516   641 raft_consensus.cc:3060] T 39b4da608bb949a3bcafbfe6731197d8 P ea00d36e097749208b4f15de5acdf924 [term 1 FOLLOWER]: Advancing to term 2
I20260709 14:45:49.769042   641 raft_consensus.cc:515] T 39b4da608bb949a3bcafbfe6731197d8 P ea00d36e097749208b4f15de5acdf924 [term 2 FOLLOWER]: Starting forced leader election with config: opid_index: -1 OBSOLETE_local: false peers { permanent_uuid: "3744a28065554828998ec5828dcc25b6" member_type: VOTER last_known_addr { host: "127.0.107.193" port: 33579 } } peers { permanent_uuid: "ea00d36e097749208b4f15de5acdf924" member_type: VOTER last_known_addr { host: "127.0.107.194" port: 45077 } } peers { permanent_uuid: "5e9fe2db0b11494098b685cc062695d2" member_type: VOTER last_known_addr { host: "127.0.107.195" port: 37685 } }
I20260709 14:45:49.772112   641 leader_election.cc:290] T 39b4da608bb949a3bcafbfe6731197d8 P ea00d36e097749208b4f15de5acdf924 [CANDIDATE]: Term 2 election: Requested vote from peers 3744a28065554828998ec5828dcc25b6 (127.0.107.193:33579), 5e9fe2db0b11494098b685cc062695d2 (127.0.107.195:37685)
I20260709 14:45:49.772358   564 tablet_service.cc:1917] Received RequestConsensusVote() RPC: tablet_id: "39b4da608bb949a3bcafbfe6731197d8" candidate_uuid: "ea00d36e097749208b4f15de5acdf924" candidate_term: 2 candidate_status { last_received { term: 1 index: 1 } } ignore_live_leader: true dest_uuid: "3744a28065554828998ec5828dcc25b6"
I20260709 14:45:49.772696   714 tablet_service.cc:1917] Received RequestConsensusVote() RPC: tablet_id: "39b4da608bb949a3bcafbfe6731197d8" candidate_uuid: "ea00d36e097749208b4f15de5acdf924" candidate_term: 2 candidate_status { last_received { term: 1 index: 1 } } ignore_live_leader: true dest_uuid: "5e9fe2db0b11494098b685cc062695d2"
I20260709 14:45:49.773012   564 raft_consensus.cc:3060] T 39b4da608bb949a3bcafbfe6731197d8 P 3744a28065554828998ec5828dcc25b6 [term 1 FOLLOWER]: Advancing to term 2
I20260709 14:45:49.773299   714 raft_consensus.cc:3055] T 39b4da608bb949a3bcafbfe6731197d8 P 5e9fe2db0b11494098b685cc062695d2 [term 1 LEADER]: Stepping down as leader of term 1
I20260709 14:45:49.773655   714 raft_consensus.cc:740] T 39b4da608bb949a3bcafbfe6731197d8 P 5e9fe2db0b11494098b685cc062695d2 [term 1 LEADER]: Becoming Follower/Learner. State: Replica: 5e9fe2db0b11494098b685cc062695d2, State: Running, Role: LEADER
I20260709 14:45:49.774435   714 consensus_queue.cc:260] T 39b4da608bb949a3bcafbfe6731197d8 P 5e9fe2db0b11494098b685cc062695d2 [NON_LEADER]: Queue going to NON_LEADER mode. State: All replicated index: 0, Majority replicated index: 1, Committed index: 1, Last appended: 1.1, Last appended by leader: 1, Current term: 1, Majority size: -1, State: 0, Mode: NON_LEADER, active raft config: opid_index: -1 OBSOLETE_local: false peers { permanent_uuid: "3744a28065554828998ec5828dcc25b6" member_type: VOTER last_known_addr { host: "127.0.107.193" port: 33579 } } peers { permanent_uuid: "ea00d36e097749208b4f15de5acdf924" member_type: VOTER last_known_addr { host: "127.0.107.194" port: 45077 } } peers { permanent_uuid: "5e9fe2db0b11494098b685cc062695d2" member_type: VOTER last_known_addr { host: "127.0.107.195" port: 37685 } }
I20260709 14:45:49.775755   714 raft_consensus.cc:3060] T 39b4da608bb949a3bcafbfe6731197d8 P 5e9fe2db0b11494098b685cc062695d2 [term 1 FOLLOWER]: Advancing to term 2
I20260709 14:45:49.778734   564 raft_consensus.cc:2468] T 39b4da608bb949a3bcafbfe6731197d8 P 3744a28065554828998ec5828dcc25b6 [term 2 FOLLOWER]: Leader election vote request: Granting yes vote for candidate ea00d36e097749208b4f15de5acdf924 in term 2.
I20260709 14:45:49.781308   605 leader_election.cc:304] T 39b4da608bb949a3bcafbfe6731197d8 P ea00d36e097749208b4f15de5acdf924 [CANDIDATE]: Term 2 election: Election decided. Result: candidate won. Election summary: received 2 responses out of 3 voters: 2 yes votes; 0 no votes. yes voters: 3744a28065554828998ec5828dcc25b6, ea00d36e097749208b4f15de5acdf924; no voters: 
I20260709 14:45:49.782363   764 raft_consensus.cc:2804] T 39b4da608bb949a3bcafbfe6731197d8 P ea00d36e097749208b4f15de5acdf924 [term 2 FOLLOWER]: Leader election won for term 2
I20260709 14:45:49.782891   764 raft_consensus.cc:697] T 39b4da608bb949a3bcafbfe6731197d8 P ea00d36e097749208b4f15de5acdf924 [term 2 LEADER]: Becoming Leader. State: Replica: ea00d36e097749208b4f15de5acdf924, State: Running, Role: LEADER
I20260709 14:45:49.783532   714 raft_consensus.cc:2468] T 39b4da608bb949a3bcafbfe6731197d8 P 5e9fe2db0b11494098b685cc062695d2 [term 2 FOLLOWER]: Leader election vote request: Granting yes vote for candidate ea00d36e097749208b4f15de5acdf924 in term 2.
I20260709 14:45:49.783806   764 consensus_queue.cc:237] T 39b4da608bb949a3bcafbfe6731197d8 P ea00d36e097749208b4f15de5acdf924 [LEADER]: Queue going to LEADER mode. State: All replicated index: 0, Majority replicated index: 1, Committed index: 1, Last appended: 1.1, Last appended by leader: 1, Current term: 2, Majority size: 2, State: 0, Mode: LEADER, active raft config: opid_index: -1 OBSOLETE_local: false peers { permanent_uuid: "3744a28065554828998ec5828dcc25b6" member_type: VOTER last_known_addr { host: "127.0.107.193" port: 33579 } } peers { permanent_uuid: "ea00d36e097749208b4f15de5acdf924" member_type: VOTER last_known_addr { host: "127.0.107.194" port: 45077 } } peers { permanent_uuid: "5e9fe2db0b11494098b685cc062695d2" member_type: VOTER last_known_addr { host: "127.0.107.195" port: 37685 } }
I20260709 14:45:49.791487   463 catalog_manager.cc:5697] T 39b4da608bb949a3bcafbfe6731197d8 P ea00d36e097749208b4f15de5acdf924 reported cstate change: term changed from 1 to 2, leader changed from 5e9fe2db0b11494098b685cc062695d2 (127.0.107.195) to ea00d36e097749208b4f15de5acdf924 (127.0.107.194). New cstate: current_term: 2 leader_uuid: "ea00d36e097749208b4f15de5acdf924" committed_config { opid_index: -1 OBSOLETE_local: false peers { permanent_uuid: "3744a28065554828998ec5828dcc25b6" member_type: VOTER last_known_addr { host: "127.0.107.193" port: 33579 } health_report { overall_health: UNKNOWN } } peers { permanent_uuid: "ea00d36e097749208b4f15de5acdf924" member_type: VOTER last_known_addr { host: "127.0.107.194" port: 45077 } health_report { overall_health: HEALTHY } } peers { permanent_uuid: "5e9fe2db0b11494098b685cc062695d2" member_type: VOTER last_known_addr { host: "127.0.107.195" port: 37685 } health_report { overall_health: UNKNOWN } } }
I20260709 14:45:49.835511   787 consensus_queue.cc:1048] T e1a18b804b664d17a1c9f4ac89b475b2 P 5e9fe2db0b11494098b685cc062695d2 [LEADER]: Connected to new peer: Peer: permanent_uuid: "ea00d36e097749208b4f15de5acdf924" member_type: VOTER last_known_addr { host: "127.0.107.194" port: 45077 }, Status: LMP_MISMATCH, Last received: 0.0, Next index: 1, Last known committed idx: 0, Time since last communication: 0.000s
I20260709 14:45:49.847390   823 consensus_queue.cc:1048] T e1a18b804b664d17a1c9f4ac89b475b2 P 5e9fe2db0b11494098b685cc062695d2 [LEADER]: Connected to new peer: Peer: permanent_uuid: "3744a28065554828998ec5828dcc25b6" member_type: VOTER last_known_addr { host: "127.0.107.193" port: 33579 }, Status: LMP_MISMATCH, Last received: 0.0, Next index: 1, Last known committed idx: 0, Time since last communication: 0.000s
I20260709 14:45:49.863129   787 raft_consensus.cc:993] T e1a18b804b664d17a1c9f4ac89b475b2 P 5e9fe2db0b11494098b685cc062695d2: : Instructing follower 3744a28065554828998ec5828dcc25b6 to start an election
I20260709 14:45:49.863596   823 raft_consensus.cc:1081] T e1a18b804b664d17a1c9f4ac89b475b2 P 5e9fe2db0b11494098b685cc062695d2 [term 1 LEADER]: Signalling peer 3744a28065554828998ec5828dcc25b6 to start an election
I20260709 14:45:49.865139   564 tablet_service.cc:2044] Received Run Leader Election RPC: tablet_id: "e1a18b804b664d17a1c9f4ac89b475b2"
dest_uuid: "3744a28065554828998ec5828dcc25b6"
 from {username='slave'} at 127.0.0.1:38576
I20260709 14:45:49.865659   564 raft_consensus.cc:493] T e1a18b804b664d17a1c9f4ac89b475b2 P 3744a28065554828998ec5828dcc25b6 [term 1 FOLLOWER]: Starting forced leader election (received explicit request)
I20260709 14:45:49.865998   564 raft_consensus.cc:3060] T e1a18b804b664d17a1c9f4ac89b475b2 P 3744a28065554828998ec5828dcc25b6 [term 1 FOLLOWER]: Advancing to term 2
I20260709 14:45:49.872025   564 raft_consensus.cc:515] T e1a18b804b664d17a1c9f4ac89b475b2 P 3744a28065554828998ec5828dcc25b6 [term 2 FOLLOWER]: Starting forced leader election with config: opid_index: -1 OBSOLETE_local: false peers { permanent_uuid: "3744a28065554828998ec5828dcc25b6" member_type: VOTER last_known_addr { host: "127.0.107.193" port: 33579 } } peers { permanent_uuid: "ea00d36e097749208b4f15de5acdf924" member_type: VOTER last_known_addr { host: "127.0.107.194" port: 45077 } } peers { permanent_uuid: "5e9fe2db0b11494098b685cc062695d2" member_type: VOTER last_known_addr { host: "127.0.107.195" port: 37685 } }
I20260709 14:45:49.874876   641 tablet_service.cc:1917] Received RequestConsensusVote() RPC: tablet_id: "e1a18b804b664d17a1c9f4ac89b475b2" candidate_uuid: "3744a28065554828998ec5828dcc25b6" candidate_term: 2 candidate_status { last_received { term: 1 index: 1 } } ignore_live_leader: true dest_uuid: "ea00d36e097749208b4f15de5acdf924"
I20260709 14:45:49.875314   564 leader_election.cc:290] T e1a18b804b664d17a1c9f4ac89b475b2 P 3744a28065554828998ec5828dcc25b6 [CANDIDATE]: Term 2 election: Requested vote from peers ea00d36e097749208b4f15de5acdf924 (127.0.107.194:45077), 5e9fe2db0b11494098b685cc062695d2 (127.0.107.195:37685)
I20260709 14:45:49.875577   641 raft_consensus.cc:3060] T e1a18b804b664d17a1c9f4ac89b475b2 P ea00d36e097749208b4f15de5acdf924 [term 1 FOLLOWER]: Advancing to term 2
I20260709 14:45:49.876139   714 tablet_service.cc:1917] Received RequestConsensusVote() RPC: tablet_id: "e1a18b804b664d17a1c9f4ac89b475b2" candidate_uuid: "3744a28065554828998ec5828dcc25b6" candidate_term: 2 candidate_status { last_received { term: 1 index: 1 } } ignore_live_leader: true dest_uuid: "5e9fe2db0b11494098b685cc062695d2"
I20260709 14:45:49.877135   714 raft_consensus.cc:3055] T e1a18b804b664d17a1c9f4ac89b475b2 P 5e9fe2db0b11494098b685cc062695d2 [term 1 LEADER]: Stepping down as leader of term 1
I20260709 14:45:49.877696   714 raft_consensus.cc:740] T e1a18b804b664d17a1c9f4ac89b475b2 P 5e9fe2db0b11494098b685cc062695d2 [term 1 LEADER]: Becoming Follower/Learner. State: Replica: 5e9fe2db0b11494098b685cc062695d2, State: Running, Role: LEADER
I20260709 14:45:49.879153   714 consensus_queue.cc:260] T e1a18b804b664d17a1c9f4ac89b475b2 P 5e9fe2db0b11494098b685cc062695d2 [NON_LEADER]: Queue going to NON_LEADER mode. State: All replicated index: 0, Majority replicated index: 1, Committed index: 1, Last appended: 1.1, Last appended by leader: 1, Current term: 1, Majority size: -1, State: 0, Mode: NON_LEADER, active raft config: opid_index: -1 OBSOLETE_local: false peers { permanent_uuid: "3744a28065554828998ec5828dcc25b6" member_type: VOTER last_known_addr { host: "127.0.107.193" port: 33579 } } peers { permanent_uuid: "ea00d36e097749208b4f15de5acdf924" member_type: VOTER last_known_addr { host: "127.0.107.194" port: 45077 } } peers { permanent_uuid: "5e9fe2db0b11494098b685cc062695d2" member_type: VOTER last_known_addr { host: "127.0.107.195" port: 37685 } }
I20260709 14:45:49.880977   714 raft_consensus.cc:3060] T e1a18b804b664d17a1c9f4ac89b475b2 P 5e9fe2db0b11494098b685cc062695d2 [term 1 FOLLOWER]: Advancing to term 2
I20260709 14:45:49.883649   641 raft_consensus.cc:2468] T e1a18b804b664d17a1c9f4ac89b475b2 P ea00d36e097749208b4f15de5acdf924 [term 2 FOLLOWER]: Leader election vote request: Granting yes vote for candidate 3744a28065554828998ec5828dcc25b6 in term 2.
I20260709 14:45:49.885356   531 leader_election.cc:304] T e1a18b804b664d17a1c9f4ac89b475b2 P 3744a28065554828998ec5828dcc25b6 [CANDIDATE]: Term 2 election: Election decided. Result: candidate won. Election summary: received 2 responses out of 3 voters: 2 yes votes; 0 no votes. yes voters: 3744a28065554828998ec5828dcc25b6, ea00d36e097749208b4f15de5acdf924; no voters: 
I20260709 14:45:49.886332   845 raft_consensus.cc:2804] T e1a18b804b664d17a1c9f4ac89b475b2 P 3744a28065554828998ec5828dcc25b6 [term 2 FOLLOWER]: Leader election won for term 2
I20260709 14:45:49.886785   845 raft_consensus.cc:697] T e1a18b804b664d17a1c9f4ac89b475b2 P 3744a28065554828998ec5828dcc25b6 [term 2 LEADER]: Becoming Leader. State: Replica: 3744a28065554828998ec5828dcc25b6, State: Running, Role: LEADER
I20260709 14:45:49.888064   714 raft_consensus.cc:2468] T e1a18b804b664d17a1c9f4ac89b475b2 P 5e9fe2db0b11494098b685cc062695d2 [term 2 FOLLOWER]: Leader election vote request: Granting yes vote for candidate 3744a28065554828998ec5828dcc25b6 in term 2.
I20260709 14:45:49.887620   845 consensus_queue.cc:237] T e1a18b804b664d17a1c9f4ac89b475b2 P 3744a28065554828998ec5828dcc25b6 [LEADER]: Queue going to LEADER mode. State: All replicated index: 0, Majority replicated index: 1, Committed index: 1, Last appended: 1.1, Last appended by leader: 1, Current term: 2, Majority size: 2, State: 0, Mode: LEADER, active raft config: opid_index: -1 OBSOLETE_local: false peers { permanent_uuid: "3744a28065554828998ec5828dcc25b6" member_type: VOTER last_known_addr { host: "127.0.107.193" port: 33579 } } peers { permanent_uuid: "ea00d36e097749208b4f15de5acdf924" member_type: VOTER last_known_addr { host: "127.0.107.194" port: 45077 } } peers { permanent_uuid: "5e9fe2db0b11494098b685cc062695d2" member_type: VOTER last_known_addr { host: "127.0.107.195" port: 37685 } }
I20260709 14:45:49.895265   463 catalog_manager.cc:5697] T e1a18b804b664d17a1c9f4ac89b475b2 P 3744a28065554828998ec5828dcc25b6 reported cstate change: term changed from 1 to 2, leader changed from 5e9fe2db0b11494098b685cc062695d2 (127.0.107.195) to 3744a28065554828998ec5828dcc25b6 (127.0.107.193). New cstate: current_term: 2 leader_uuid: "3744a28065554828998ec5828dcc25b6" committed_config { opid_index: -1 OBSOLETE_local: false peers { permanent_uuid: "3744a28065554828998ec5828dcc25b6" member_type: VOTER last_known_addr { host: "127.0.107.193" port: 33579 } health_report { overall_health: HEALTHY } } peers { permanent_uuid: "ea00d36e097749208b4f15de5acdf924" member_type: VOTER last_known_addr { host: "127.0.107.194" port: 45077 } health_report { overall_health: UNKNOWN } } peers { permanent_uuid: "5e9fe2db0b11494098b685cc062695d2" member_type: VOTER last_known_addr { host: "127.0.107.195" port: 37685 } health_report { overall_health: UNKNOWN } } }
I20260709 14:45:49.899397   787 raft_consensus.cc:993] T b228f9b8d08f4e6495c4ecd024408a1a P 5e9fe2db0b11494098b685cc062695d2: : Instructing follower 3744a28065554828998ec5828dcc25b6 to start an election
I20260709 14:45:49.899937   823 raft_consensus.cc:1081] T b228f9b8d08f4e6495c4ecd024408a1a P 5e9fe2db0b11494098b685cc062695d2 [term 1 LEADER]: Signalling peer 3744a28065554828998ec5828dcc25b6 to start an election
I20260709 14:45:49.902830   564 tablet_service.cc:2044] Received Run Leader Election RPC: tablet_id: "b228f9b8d08f4e6495c4ecd024408a1a"
dest_uuid: "3744a28065554828998ec5828dcc25b6"
 from {username='slave'} at 127.0.0.1:38576
I20260709 14:45:49.903967   564 raft_consensus.cc:493] T b228f9b8d08f4e6495c4ecd024408a1a P 3744a28065554828998ec5828dcc25b6 [term 1 FOLLOWER]: Starting forced leader election (received explicit request)
I20260709 14:45:49.904389   564 raft_consensus.cc:3060] T b228f9b8d08f4e6495c4ecd024408a1a P 3744a28065554828998ec5828dcc25b6 [term 1 FOLLOWER]: Advancing to term 2
I20260709 14:45:49.910892   564 raft_consensus.cc:515] T b228f9b8d08f4e6495c4ecd024408a1a P 3744a28065554828998ec5828dcc25b6 [term 2 FOLLOWER]: Starting forced leader election with config: opid_index: -1 OBSOLETE_local: false peers { permanent_uuid: "3744a28065554828998ec5828dcc25b6" member_type: VOTER last_known_addr { host: "127.0.107.193" port: 33579 } } peers { permanent_uuid: "ea00d36e097749208b4f15de5acdf924" member_type: VOTER last_known_addr { host: "127.0.107.194" port: 45077 } } peers { permanent_uuid: "5e9fe2db0b11494098b685cc062695d2" member_type: VOTER last_known_addr { host: "127.0.107.195" port: 37685 } }
I20260709 14:45:49.913188   564 leader_election.cc:290] T b228f9b8d08f4e6495c4ecd024408a1a P 3744a28065554828998ec5828dcc25b6 [CANDIDATE]: Term 2 election: Requested vote from peers ea00d36e097749208b4f15de5acdf924 (127.0.107.194:45077), 5e9fe2db0b11494098b685cc062695d2 (127.0.107.195:37685)
I20260709 14:45:49.914079   641 tablet_service.cc:1917] Received RequestConsensusVote() RPC: tablet_id: "b228f9b8d08f4e6495c4ecd024408a1a" candidate_uuid: "3744a28065554828998ec5828dcc25b6" candidate_term: 2 candidate_status { last_received { term: 1 index: 1 } } ignore_live_leader: true dest_uuid: "ea00d36e097749208b4f15de5acdf924"
I20260709 14:45:49.914279   714 tablet_service.cc:1917] Received RequestConsensusVote() RPC: tablet_id: "b228f9b8d08f4e6495c4ecd024408a1a" candidate_uuid: "3744a28065554828998ec5828dcc25b6" candidate_term: 2 candidate_status { last_received { term: 1 index: 1 } } ignore_live_leader: true dest_uuid: "5e9fe2db0b11494098b685cc062695d2"
I20260709 14:45:49.914655   641 raft_consensus.cc:3060] T b228f9b8d08f4e6495c4ecd024408a1a P ea00d36e097749208b4f15de5acdf924 [term 1 FOLLOWER]: Advancing to term 2
I20260709 14:45:49.914831   714 raft_consensus.cc:3055] T b228f9b8d08f4e6495c4ecd024408a1a P 5e9fe2db0b11494098b685cc062695d2 [term 1 LEADER]: Stepping down as leader of term 1
I20260709 14:45:49.915436   714 raft_consensus.cc:740] T b228f9b8d08f4e6495c4ecd024408a1a P 5e9fe2db0b11494098b685cc062695d2 [term 1 LEADER]: Becoming Follower/Learner. State: Replica: 5e9fe2db0b11494098b685cc062695d2, State: Running, Role: LEADER
I20260709 14:45:49.916257   714 consensus_queue.cc:260] T b228f9b8d08f4e6495c4ecd024408a1a P 5e9fe2db0b11494098b685cc062695d2 [NON_LEADER]: Queue going to NON_LEADER mode. State: All replicated index: 0, Majority replicated index: 1, Committed index: 1, Last appended: 1.1, Last appended by leader: 1, Current term: 1, Majority size: -1, State: 0, Mode: NON_LEADER, active raft config: opid_index: -1 OBSOLETE_local: false peers { permanent_uuid: "3744a28065554828998ec5828dcc25b6" member_type: VOTER last_known_addr { host: "127.0.107.193" port: 33579 } } peers { permanent_uuid: "ea00d36e097749208b4f15de5acdf924" member_type: VOTER last_known_addr { host: "127.0.107.194" port: 45077 } } peers { permanent_uuid: "5e9fe2db0b11494098b685cc062695d2" member_type: VOTER last_known_addr { host: "127.0.107.195" port: 37685 } }
I20260709 14:45:49.917491   714 raft_consensus.cc:3060] T b228f9b8d08f4e6495c4ecd024408a1a P 5e9fe2db0b11494098b685cc062695d2 [term 1 FOLLOWER]: Advancing to term 2
I20260709 14:45:49.920267   641 raft_consensus.cc:2468] T b228f9b8d08f4e6495c4ecd024408a1a P ea00d36e097749208b4f15de5acdf924 [term 2 FOLLOWER]: Leader election vote request: Granting yes vote for candidate 3744a28065554828998ec5828dcc25b6 in term 2.
I20260709 14:45:49.921391   531 leader_election.cc:304] T b228f9b8d08f4e6495c4ecd024408a1a P 3744a28065554828998ec5828dcc25b6 [CANDIDATE]: Term 2 election: Election decided. Result: candidate won. Election summary: received 2 responses out of 3 voters: 2 yes votes; 0 no votes. yes voters: 3744a28065554828998ec5828dcc25b6, ea00d36e097749208b4f15de5acdf924; no voters: 
I20260709 14:45:49.922194   845 raft_consensus.cc:2804] T b228f9b8d08f4e6495c4ecd024408a1a P 3744a28065554828998ec5828dcc25b6 [term 2 FOLLOWER]: Leader election won for term 2
I20260709 14:45:49.922688   845 raft_consensus.cc:697] T b228f9b8d08f4e6495c4ecd024408a1a P 3744a28065554828998ec5828dcc25b6 [term 2 LEADER]: Becoming Leader. State: Replica: 3744a28065554828998ec5828dcc25b6, State: Running, Role: LEADER
I20260709 14:45:49.923413   845 consensus_queue.cc:237] T b228f9b8d08f4e6495c4ecd024408a1a P 3744a28065554828998ec5828dcc25b6 [LEADER]: Queue going to LEADER mode. State: All replicated index: 0, Majority replicated index: 1, Committed index: 1, Last appended: 1.1, Last appended by leader: 1, Current term: 2, Majority size: 2, State: 0, Mode: LEADER, active raft config: opid_index: -1 OBSOLETE_local: false peers { permanent_uuid: "3744a28065554828998ec5828dcc25b6" member_type: VOTER last_known_addr { host: "127.0.107.193" port: 33579 } } peers { permanent_uuid: "ea00d36e097749208b4f15de5acdf924" member_type: VOTER last_known_addr { host: "127.0.107.194" port: 45077 } } peers { permanent_uuid: "5e9fe2db0b11494098b685cc062695d2" member_type: VOTER last_known_addr { host: "127.0.107.195" port: 37685 } }
I20260709 14:45:49.924161   714 raft_consensus.cc:2468] T b228f9b8d08f4e6495c4ecd024408a1a P 5e9fe2db0b11494098b685cc062695d2 [term 2 FOLLOWER]: Leader election vote request: Granting yes vote for candidate 3744a28065554828998ec5828dcc25b6 in term 2.
I20260709 14:45:49.930667   463 catalog_manager.cc:5697] T b228f9b8d08f4e6495c4ecd024408a1a P 3744a28065554828998ec5828dcc25b6 reported cstate change: term changed from 1 to 2, leader changed from 5e9fe2db0b11494098b685cc062695d2 (127.0.107.195) to 3744a28065554828998ec5828dcc25b6 (127.0.107.193). New cstate: current_term: 2 leader_uuid: "3744a28065554828998ec5828dcc25b6" committed_config { opid_index: -1 OBSOLETE_local: false peers { permanent_uuid: "3744a28065554828998ec5828dcc25b6" member_type: VOTER last_known_addr { host: "127.0.107.193" port: 33579 } health_report { overall_health: HEALTHY } } peers { permanent_uuid: "ea00d36e097749208b4f15de5acdf924" member_type: VOTER last_known_addr { host: "127.0.107.194" port: 45077 } health_report { overall_health: UNKNOWN } } peers { permanent_uuid: "5e9fe2db0b11494098b685cc062695d2" member_type: VOTER last_known_addr { host: "127.0.107.195" port: 37685 } health_report { overall_health: UNKNOWN } } }
I20260709 14:45:49.936259   766 raft_consensus.cc:993] T 06f6c183284342aab74b5c8787b71405 P 5e9fe2db0b11494098b685cc062695d2: : Instructing follower ea00d36e097749208b4f15de5acdf924 to start an election
I20260709 14:45:49.936870   766 raft_consensus.cc:1081] T 06f6c183284342aab74b5c8787b71405 P 5e9fe2db0b11494098b685cc062695d2 [term 1 LEADER]: Signalling peer ea00d36e097749208b4f15de5acdf924 to start an election
I20260709 14:45:49.941601   641 tablet_service.cc:2044] Received Run Leader Election RPC: tablet_id: "06f6c183284342aab74b5c8787b71405"
dest_uuid: "ea00d36e097749208b4f15de5acdf924"
 from {username='slave'} at 127.0.0.1:49970
I20260709 14:45:49.942230   641 raft_consensus.cc:493] T 06f6c183284342aab74b5c8787b71405 P ea00d36e097749208b4f15de5acdf924 [term 1 FOLLOWER]: Starting forced leader election (received explicit request)
I20260709 14:45:49.942677   641 raft_consensus.cc:3060] T 06f6c183284342aab74b5c8787b71405 P ea00d36e097749208b4f15de5acdf924 [term 1 FOLLOWER]: Advancing to term 2
I20260709 14:45:49.948310   641 raft_consensus.cc:515] T 06f6c183284342aab74b5c8787b71405 P ea00d36e097749208b4f15de5acdf924 [term 2 FOLLOWER]: Starting forced leader election with config: opid_index: -1 OBSOLETE_local: false peers { permanent_uuid: "3744a28065554828998ec5828dcc25b6" member_type: VOTER last_known_addr { host: "127.0.107.193" port: 33579 } } peers { permanent_uuid: "ea00d36e097749208b4f15de5acdf924" member_type: VOTER last_known_addr { host: "127.0.107.194" port: 45077 } } peers { permanent_uuid: "5e9fe2db0b11494098b685cc062695d2" member_type: VOTER last_known_addr { host: "127.0.107.195" port: 37685 } }
I20260709 14:45:49.950249   641 leader_election.cc:290] T 06f6c183284342aab74b5c8787b71405 P ea00d36e097749208b4f15de5acdf924 [CANDIDATE]: Term 2 election: Requested vote from peers 3744a28065554828998ec5828dcc25b6 (127.0.107.193:33579), 5e9fe2db0b11494098b685cc062695d2 (127.0.107.195:37685)
I20260709 14:45:49.951670   714 tablet_service.cc:1917] Received RequestConsensusVote() RPC: tablet_id: "06f6c183284342aab74b5c8787b71405" candidate_uuid: "ea00d36e097749208b4f15de5acdf924" candidate_term: 2 candidate_status { last_received { term: 1 index: 1 } } ignore_live_leader: true dest_uuid: "5e9fe2db0b11494098b685cc062695d2"
I20260709 14:45:49.952507   714 raft_consensus.cc:3055] T 06f6c183284342aab74b5c8787b71405 P 5e9fe2db0b11494098b685cc062695d2 [term 1 LEADER]: Stepping down as leader of term 1
I20260709 14:45:49.951748   564 tablet_service.cc:1917] Received RequestConsensusVote() RPC: tablet_id: "06f6c183284342aab74b5c8787b71405" candidate_uuid: "ea00d36e097749208b4f15de5acdf924" candidate_term: 2 candidate_status { last_received { term: 1 index: 1 } } ignore_live_leader: true dest_uuid: "3744a28065554828998ec5828dcc25b6"
I20260709 14:45:49.952823   714 raft_consensus.cc:740] T 06f6c183284342aab74b5c8787b71405 P 5e9fe2db0b11494098b685cc062695d2 [term 1 LEADER]: Becoming Follower/Learner. State: Replica: 5e9fe2db0b11494098b685cc062695d2, State: Running, Role: LEADER
I20260709 14:45:49.953193   564 raft_consensus.cc:3060] T 06f6c183284342aab74b5c8787b71405 P 3744a28065554828998ec5828dcc25b6 [term 1 FOLLOWER]: Advancing to term 2
I20260709 14:45:49.953910   714 consensus_queue.cc:260] T 06f6c183284342aab74b5c8787b71405 P 5e9fe2db0b11494098b685cc062695d2 [NON_LEADER]: Queue going to NON_LEADER mode. State: All replicated index: 0, Majority replicated index: 1, Committed index: 1, Last appended: 1.1, Last appended by leader: 1, Current term: 1, Majority size: -1, State: 0, Mode: NON_LEADER, active raft config: opid_index: -1 OBSOLETE_local: false peers { permanent_uuid: "3744a28065554828998ec5828dcc25b6" member_type: VOTER last_known_addr { host: "127.0.107.193" port: 33579 } } peers { permanent_uuid: "ea00d36e097749208b4f15de5acdf924" member_type: VOTER last_known_addr { host: "127.0.107.194" port: 45077 } } peers { permanent_uuid: "5e9fe2db0b11494098b685cc062695d2" member_type: VOTER last_known_addr { host: "127.0.107.195" port: 37685 } }
I20260709 14:45:49.955116   714 raft_consensus.cc:3060] T 06f6c183284342aab74b5c8787b71405 P 5e9fe2db0b11494098b685cc062695d2 [term 1 FOLLOWER]: Advancing to term 2
I20260709 14:45:49.960012   714 raft_consensus.cc:2468] T 06f6c183284342aab74b5c8787b71405 P 5e9fe2db0b11494098b685cc062695d2 [term 2 FOLLOWER]: Leader election vote request: Granting yes vote for candidate ea00d36e097749208b4f15de5acdf924 in term 2.
I20260709 14:45:49.961210   604 leader_election.cc:304] T 06f6c183284342aab74b5c8787b71405 P ea00d36e097749208b4f15de5acdf924 [CANDIDATE]: Term 2 election: Election decided. Result: candidate won. Election summary: received 2 responses out of 3 voters: 2 yes votes; 0 no votes. yes voters: 5e9fe2db0b11494098b685cc062695d2, ea00d36e097749208b4f15de5acdf924; no voters: 
I20260709 14:45:49.961966   764 raft_consensus.cc:2804] T 06f6c183284342aab74b5c8787b71405 P ea00d36e097749208b4f15de5acdf924 [term 2 FOLLOWER]: Leader election won for term 2
I20260709 14:45:49.962529   764 raft_consensus.cc:697] T 06f6c183284342aab74b5c8787b71405 P ea00d36e097749208b4f15de5acdf924 [term 2 LEADER]: Becoming Leader. State: Replica: ea00d36e097749208b4f15de5acdf924, State: Running, Role: LEADER
I20260709 14:45:49.962771   564 raft_consensus.cc:2468] T 06f6c183284342aab74b5c8787b71405 P 3744a28065554828998ec5828dcc25b6 [term 2 FOLLOWER]: Leader election vote request: Granting yes vote for candidate ea00d36e097749208b4f15de5acdf924 in term 2.
I20260709 14:45:49.963538   764 consensus_queue.cc:237] T 06f6c183284342aab74b5c8787b71405 P ea00d36e097749208b4f15de5acdf924 [LEADER]: Queue going to LEADER mode. State: All replicated index: 0, Majority replicated index: 1, Committed index: 1, Last appended: 1.1, Last appended by leader: 1, Current term: 2, Majority size: 2, State: 0, Mode: LEADER, active raft config: opid_index: -1 OBSOLETE_local: false peers { permanent_uuid: "3744a28065554828998ec5828dcc25b6" member_type: VOTER last_known_addr { host: "127.0.107.193" port: 33579 } } peers { permanent_uuid: "ea00d36e097749208b4f15de5acdf924" member_type: VOTER last_known_addr { host: "127.0.107.194" port: 45077 } } peers { permanent_uuid: "5e9fe2db0b11494098b685cc062695d2" member_type: VOTER last_known_addr { host: "127.0.107.195" port: 37685 } }
I20260709 14:45:49.966374   766 raft_consensus.cc:993] T ec67c8dec4f94a2db9b876fb854aad24 P 5e9fe2db0b11494098b685cc062695d2: : Instructing follower 3744a28065554828998ec5828dcc25b6 to start an election
I20260709 14:45:49.966856   766 raft_consensus.cc:1081] T ec67c8dec4f94a2db9b876fb854aad24 P 5e9fe2db0b11494098b685cc062695d2 [term 1 LEADER]: Signalling peer 3744a28065554828998ec5828dcc25b6 to start an election
I20260709 14:45:49.968611   564 tablet_service.cc:2044] Received Run Leader Election RPC: tablet_id: "ec67c8dec4f94a2db9b876fb854aad24"
dest_uuid: "3744a28065554828998ec5828dcc25b6"
 from {username='slave'} at 127.0.0.1:38576
I20260709 14:45:49.969230   564 raft_consensus.cc:493] T ec67c8dec4f94a2db9b876fb854aad24 P 3744a28065554828998ec5828dcc25b6 [term 1 FOLLOWER]: Starting forced leader election (received explicit request)
I20260709 14:45:49.969655   564 raft_consensus.cc:3060] T ec67c8dec4f94a2db9b876fb854aad24 P 3744a28065554828998ec5828dcc25b6 [term 1 FOLLOWER]: Advancing to term 2
