I20260709 14:54:19.030798  8651 tablet_service.cc:1917] Received RequestConsensusVote() RPC: tablet_id: "bdfc9458a27b4512abceab07103e6f64" candidate_uuid: "b2ed3e0e48024e2fba605d2c3e127e54" candidate_term: 1 candidate_status { last_received { term: 0 index: 0 } } ignore_live_leader: false dest_uuid: "12ce72a21cd1407cb44173ef2ab452b4" is_pre_election: true
I20260709 14:54:19.032073  8691 tablet_bootstrap.cc:492] T b8257d7bb21a4990a7382527df7fab7f P e62306ee3b2040d580d8eadcfed7b607: No bootstrap required, opened a new log
I20260709 14:54:19.032544  8691 ts_tablet_manager.cc:1403] T b8257d7bb21a4990a7382527df7fab7f P e62306ee3b2040d580d8eadcfed7b607: Time spent bootstrapping tablet: real 0.018s	user 0.015s	sys 0.000s
I20260709 14:54:19.032711  8468 leader_election.cc:304] T bdfc9458a27b4512abceab07103e6f64 P b2ed3e0e48024e2fba605d2c3e127e54 [CANDIDATE]: Term 1 pre-election: Election decided. Result: candidate lost. Election summary: received 3 responses out of 3 voters: 1 yes votes; 2 no votes. yes voters: b2ed3e0e48024e2fba605d2c3e127e54; no voters: 12ce72a21cd1407cb44173ef2ab452b4, e62306ee3b2040d580d8eadcfed7b607
I20260709 14:54:19.033573  8717 raft_consensus.cc:3060] T bdfc9458a27b4512abceab07103e6f64 P b2ed3e0e48024e2fba605d2c3e127e54 [term 0 FOLLOWER]: Advancing to term 1
I20260709 14:54:19.034909  8691 raft_consensus.cc:359] T b8257d7bb21a4990a7382527df7fab7f P e62306ee3b2040d580d8eadcfed7b607 [term 0 FOLLOWER]: Replica starting. Triggering 0 pending ops. Active config: opid_index: -1 OBSOLETE_local: false peers { permanent_uuid: "b2ed3e0e48024e2fba605d2c3e127e54" member_type: VOTER last_known_addr { host: "127.7.59.65" port: 39391 } } peers { permanent_uuid: "e62306ee3b2040d580d8eadcfed7b607" member_type: VOTER last_known_addr { host: "127.7.59.66" port: 38763 } } peers { permanent_uuid: "12ce72a21cd1407cb44173ef2ab452b4" member_type: VOTER last_known_addr { host: "127.7.59.67" port: 36875 } }
I20260709 14:54:19.036098  8691 raft_consensus.cc:385] T b8257d7bb21a4990a7382527df7fab7f P e62306ee3b2040d580d8eadcfed7b607 [term 0 FOLLOWER]: Consensus starting up: Expiring failure detector timer to make a prompt election more likely
I20260709 14:54:19.036373  8691 raft_consensus.cc:740] T b8257d7bb21a4990a7382527df7fab7f P e62306ee3b2040d580d8eadcfed7b607 [term 0 FOLLOWER]: Becoming Follower/Learner. State: Replica: e62306ee3b2040d580d8eadcfed7b607, State: Initialized, Role: FOLLOWER
I20260709 14:54:19.037089  8691 consensus_queue.cc:260] T b8257d7bb21a4990a7382527df7fab7f P e62306ee3b2040d580d8eadcfed7b607 [NON_LEADER]: Queue going to NON_LEADER mode. State: All replicated index: 0, Majority replicated index: 0, Committed index: 0, Last appended: 0.0, Last appended by leader: 0, Current term: 0, Majority size: -1, State: 0, Mode: NON_LEADER, active raft config: opid_index: -1 OBSOLETE_local: false peers { permanent_uuid: "b2ed3e0e48024e2fba605d2c3e127e54" member_type: VOTER last_known_addr { host: "127.7.59.65" port: 39391 } } peers { permanent_uuid: "e62306ee3b2040d580d8eadcfed7b607" member_type: VOTER last_known_addr { host: "127.7.59.66" port: 38763 } } peers { permanent_uuid: "12ce72a21cd1407cb44173ef2ab452b4" member_type: VOTER last_known_addr { host: "127.7.59.67" port: 36875 } }
I20260709 14:54:19.039021  8691 ts_tablet_manager.cc:1434] T b8257d7bb21a4990a7382527df7fab7f P e62306ee3b2040d580d8eadcfed7b607: Time spent starting tablet: real 0.006s	user 0.004s	sys 0.000s
I20260709 14:54:19.040568  8691 tablet_bootstrap.cc:492] T 3bf32eb4fd6546ed8366e8311286b0c2 P e62306ee3b2040d580d8eadcfed7b607: Bootstrap starting.
I20260709 14:54:19.041034  8717 raft_consensus.cc:2749] T bdfc9458a27b4512abceab07103e6f64 P b2ed3e0e48024e2fba605d2c3e127e54 [term 1 FOLLOWER]: Leader pre-election lost for term 1. Reason: could not achieve majority
I20260709 14:54:19.018332  8693 consensus_queue.cc:260] T 75e854399de649dda039aaf6d4465378 P 12ce72a21cd1407cb44173ef2ab452b4 [NON_LEADER]: Queue going to NON_LEADER mode. State: All replicated index: 0, Majority replicated index: 0, Committed index: 0, Last appended: 0.0, Last appended by leader: 0, Current term: 0, Majority size: -1, State: 0, Mode: NON_LEADER, active raft config: opid_index: -1 OBSOLETE_local: false peers { permanent_uuid: "b2ed3e0e48024e2fba605d2c3e127e54" member_type: VOTER last_known_addr { host: "127.7.59.65" port: 39391 } } peers { permanent_uuid: "e62306ee3b2040d580d8eadcfed7b607" member_type: VOTER last_known_addr { host: "127.7.59.66" port: 38763 } } peers { permanent_uuid: "12ce72a21cd1407cb44173ef2ab452b4" member_type: VOTER last_known_addr { host: "127.7.59.67" port: 36875 } }
I20260709 14:54:19.049664  8691 tablet_bootstrap.cc:654] T 3bf32eb4fd6546ed8366e8311286b0c2 P e62306ee3b2040d580d8eadcfed7b607: Neither blocks nor log segments found. Creating new log.
I20260709 14:54:19.057677  8693 ts_tablet_manager.cc:1434] T 75e854399de649dda039aaf6d4465378 P 12ce72a21cd1407cb44173ef2ab452b4: Time spent starting tablet: real 0.043s	user 0.006s	sys 0.001s
I20260709 14:54:19.059851  8691 tablet_bootstrap.cc:492] T 3bf32eb4fd6546ed8366e8311286b0c2 P e62306ee3b2040d580d8eadcfed7b607: No bootstrap required, opened a new log
I20260709 14:54:19.060298  8691 ts_tablet_manager.cc:1403] T 3bf32eb4fd6546ed8366e8311286b0c2 P e62306ee3b2040d580d8eadcfed7b607: Time spent bootstrapping tablet: real 0.020s	user 0.013s	sys 0.003s
I20260709 14:54:19.061018  8693 tablet_bootstrap.cc:492] T 073954868b5c4a1d9145af40ca95a43a P 12ce72a21cd1407cb44173ef2ab452b4: Bootstrap starting.
I20260709 14:54:19.062959  8691 raft_consensus.cc:359] T 3bf32eb4fd6546ed8366e8311286b0c2 P e62306ee3b2040d580d8eadcfed7b607 [term 0 FOLLOWER]: Replica starting. Triggering 0 pending ops. Active config: opid_index: -1 OBSOLETE_local: false peers { permanent_uuid: "b2ed3e0e48024e2fba605d2c3e127e54" member_type: VOTER last_known_addr { host: "127.7.59.65" port: 39391 } } peers { permanent_uuid: "e62306ee3b2040d580d8eadcfed7b607" member_type: VOTER last_known_addr { host: "127.7.59.66" port: 38763 } } peers { permanent_uuid: "12ce72a21cd1407cb44173ef2ab452b4" member_type: VOTER last_known_addr { host: "127.7.59.67" port: 36875 } }
I20260709 14:54:19.063593  8691 raft_consensus.cc:385] T 3bf32eb4fd6546ed8366e8311286b0c2 P e62306ee3b2040d580d8eadcfed7b607 [term 0 FOLLOWER]: Consensus starting up: Expiring failure detector timer to make a prompt election more likely
I20260709 14:54:19.063846  8691 raft_consensus.cc:740] T 3bf32eb4fd6546ed8366e8311286b0c2 P e62306ee3b2040d580d8eadcfed7b607 [term 0 FOLLOWER]: Becoming Follower/Learner. State: Replica: e62306ee3b2040d580d8eadcfed7b607, State: Initialized, Role: FOLLOWER
I20260709 14:54:19.064640  8691 consensus_queue.cc:260] T 3bf32eb4fd6546ed8366e8311286b0c2 P e62306ee3b2040d580d8eadcfed7b607 [NON_LEADER]: Queue going to NON_LEADER mode. State: All replicated index: 0, Majority replicated index: 0, Committed index: 0, Last appended: 0.0, Last appended by leader: 0, Current term: 0, Majority size: -1, State: 0, Mode: NON_LEADER, active raft config: opid_index: -1 OBSOLETE_local: false peers { permanent_uuid: "b2ed3e0e48024e2fba605d2c3e127e54" member_type: VOTER last_known_addr { host: "127.7.59.65" port: 39391 } } peers { permanent_uuid: "e62306ee3b2040d580d8eadcfed7b607" member_type: VOTER last_known_addr { host: "127.7.59.66" port: 38763 } } peers { permanent_uuid: "12ce72a21cd1407cb44173ef2ab452b4" member_type: VOTER last_known_addr { host: "127.7.59.67" port: 36875 } }
I20260709 14:54:19.066612  8691 ts_tablet_manager.cc:1434] T 3bf32eb4fd6546ed8366e8311286b0c2 P e62306ee3b2040d580d8eadcfed7b607: Time spent starting tablet: real 0.006s	user 0.004s	sys 0.000s
I20260709 14:54:19.067063  8896 raft_consensus.cc:493] T 9bfbc9a8f1bc4f4088eeb064283c5213 P e62306ee3b2040d580d8eadcfed7b607 [term 0 FOLLOWER]: Starting pre-election (no leader contacted us within the election timeout)
I20260709 14:54:19.067498  8896 raft_consensus.cc:515] T 9bfbc9a8f1bc4f4088eeb064283c5213 P e62306ee3b2040d580d8eadcfed7b607 [term 0 FOLLOWER]: Starting pre-election with config: opid_index: -1 OBSOLETE_local: false peers { permanent_uuid: "b2ed3e0e48024e2fba605d2c3e127e54" member_type: VOTER last_known_addr { host: "127.7.59.65" port: 39391 } } peers { permanent_uuid: "e62306ee3b2040d580d8eadcfed7b607" member_type: VOTER last_known_addr { host: "127.7.59.66" port: 38763 } } peers { permanent_uuid: "12ce72a21cd1407cb44173ef2ab452b4" member_type: VOTER last_known_addr { host: "127.7.59.67" port: 36875 } }
I20260709 14:54:19.069639  8896 leader_election.cc:290] T 9bfbc9a8f1bc4f4088eeb064283c5213 P e62306ee3b2040d580d8eadcfed7b607 [CANDIDATE]: Term 1 pre-election: Requested pre-vote from peers b2ed3e0e48024e2fba605d2c3e127e54 (127.7.59.65:39391), 12ce72a21cd1407cb44173ef2ab452b4 (127.7.59.67:36875)
I20260709 14:54:19.072153  8694 tablet_bootstrap.cc:492] T 073954868b5c4a1d9145af40ca95a43a P b2ed3e0e48024e2fba605d2c3e127e54: No bootstrap required, opened a new log
I20260709 14:54:19.072615  8694 ts_tablet_manager.cc:1403] T 073954868b5c4a1d9145af40ca95a43a P b2ed3e0e48024e2fba605d2c3e127e54: Time spent bootstrapping tablet: real 0.067s	user 0.025s	sys 0.029s
I20260709 14:54:19.073051  8649 tablet_service.cc:1917] Received RequestConsensusVote() RPC: tablet_id: "9bfbc9a8f1bc4f4088eeb064283c5213" candidate_uuid: "e62306ee3b2040d580d8eadcfed7b607" candidate_term: 1 candidate_status { last_received { term: 0 index: 0 } } ignore_live_leader: false dest_uuid: "12ce72a21cd1407cb44173ef2ab452b4" is_pre_election: true
I20260709 14:54:19.073429  8691 tablet_bootstrap.cc:492] T 073954868b5c4a1d9145af40ca95a43a P e62306ee3b2040d580d8eadcfed7b607: Bootstrap starting.
I20260709 14:54:19.072616  8499 tablet_service.cc:1917] Received RequestConsensusVote() RPC: tablet_id: "9bfbc9a8f1bc4f4088eeb064283c5213" candidate_uuid: "e62306ee3b2040d580d8eadcfed7b607" candidate_term: 1 candidate_status { last_received { term: 0 index: 0 } } ignore_live_leader: false dest_uuid: "b2ed3e0e48024e2fba605d2c3e127e54" is_pre_election: true
W20260709 14:54:19.074355  8543 leader_election.cc:343] T 9bfbc9a8f1bc4f4088eeb064283c5213 P e62306ee3b2040d580d8eadcfed7b607 [CANDIDATE]: Term 1 pre-election: Tablet error from VoteRequest() call to peer 12ce72a21cd1407cb44173ef2ab452b4 (127.7.59.67:36875): Illegal state: must be running to vote when last-logged opid is not known
I20260709 14:54:19.074609  8499 raft_consensus.cc:2468] T 9bfbc9a8f1bc4f4088eeb064283c5213 P b2ed3e0e48024e2fba605d2c3e127e54 [term 0 FOLLOWER]: Leader pre-election vote request: Granting yes vote for candidate e62306ee3b2040d580d8eadcfed7b607 in term 0.
I20260709 14:54:19.076730  8540 leader_election.cc:304] T 9bfbc9a8f1bc4f4088eeb064283c5213 P e62306ee3b2040d580d8eadcfed7b607 [CANDIDATE]: Term 1 pre-election: Election decided. Result: candidate won. Election summary: received 3 responses out of 3 voters: 2 yes votes; 1 no votes. yes voters: b2ed3e0e48024e2fba605d2c3e127e54, e62306ee3b2040d580d8eadcfed7b607; no voters: 12ce72a21cd1407cb44173ef2ab452b4
I20260709 14:54:19.077632  8896 raft_consensus.cc:2804] T 9bfbc9a8f1bc4f4088eeb064283c5213 P e62306ee3b2040d580d8eadcfed7b607 [term 0 FOLLOWER]: Leader pre-election won for term 1
I20260709 14:54:19.077972  8896 raft_consensus.cc:493] T 9bfbc9a8f1bc4f4088eeb064283c5213 P e62306ee3b2040d580d8eadcfed7b607 [term 0 FOLLOWER]: Starting leader election (no leader contacted us within the election timeout)
I20260709 14:54:19.078298  8896 raft_consensus.cc:3060] T 9bfbc9a8f1bc4f4088eeb064283c5213 P e62306ee3b2040d580d8eadcfed7b607 [term 0 FOLLOWER]: Advancing to term 1
I20260709 14:54:19.079145  8691 tablet_bootstrap.cc:654] T 073954868b5c4a1d9145af40ca95a43a P e62306ee3b2040d580d8eadcfed7b607: Neither blocks nor log segments found. Creating new log.
I20260709 14:54:19.078204  8694 raft_consensus.cc:359] T 073954868b5c4a1d9145af40ca95a43a P b2ed3e0e48024e2fba605d2c3e127e54 [term 0 FOLLOWER]: Replica starting. Triggering 0 pending ops. Active config: opid_index: -1 OBSOLETE_local: false peers { permanent_uuid: "b2ed3e0e48024e2fba605d2c3e127e54" member_type: VOTER last_known_addr { host: "127.7.59.65" port: 39391 } } peers { permanent_uuid: "e62306ee3b2040d580d8eadcfed7b607" member_type: VOTER last_known_addr { host: "127.7.59.66" port: 38763 } } peers { permanent_uuid: "12ce72a21cd1407cb44173ef2ab452b4" member_type: VOTER last_known_addr { host: "127.7.59.67" port: 36875 } }
I20260709 14:54:19.079739  8694 raft_consensus.cc:385] T 073954868b5c4a1d9145af40ca95a43a P b2ed3e0e48024e2fba605d2c3e127e54 [term 0 FOLLOWER]: Consensus starting up: Expiring failure detector timer to make a prompt election more likely
I20260709 14:54:19.080098  8694 raft_consensus.cc:740] T 073954868b5c4a1d9145af40ca95a43a P b2ed3e0e48024e2fba605d2c3e127e54 [term 0 FOLLOWER]: Becoming Follower/Learner. State: Replica: b2ed3e0e48024e2fba605d2c3e127e54, State: Initialized, Role: FOLLOWER
I20260709 14:54:19.080845  8694 consensus_queue.cc:260] T 073954868b5c4a1d9145af40ca95a43a P b2ed3e0e48024e2fba605d2c3e127e54 [NON_LEADER]: Queue going to NON_LEADER mode. State: All replicated index: 0, Majority replicated index: 0, Committed index: 0, Last appended: 0.0, Last appended by leader: 0, Current term: 0, Majority size: -1, State: 0, Mode: NON_LEADER, active raft config: opid_index: -1 OBSOLETE_local: false peers { permanent_uuid: "b2ed3e0e48024e2fba605d2c3e127e54" member_type: VOTER last_known_addr { host: "127.7.59.65" port: 39391 } } peers { permanent_uuid: "e62306ee3b2040d580d8eadcfed7b607" member_type: VOTER last_known_addr { host: "127.7.59.66" port: 38763 } } peers { permanent_uuid: "12ce72a21cd1407cb44173ef2ab452b4" member_type: VOTER last_known_addr { host: "127.7.59.67" port: 36875 } }
I20260709 14:54:19.082854  8694 ts_tablet_manager.cc:1434] T 073954868b5c4a1d9145af40ca95a43a P b2ed3e0e48024e2fba605d2c3e127e54: Time spent starting tablet: real 0.007s	user 0.005s	sys 0.000s
I20260709 14:54:19.089257  8693 tablet_bootstrap.cc:654] T 073954868b5c4a1d9145af40ca95a43a P 12ce72a21cd1407cb44173ef2ab452b4: Neither blocks nor log segments found. Creating new log.
I20260709 14:54:19.089805  8691 tablet_bootstrap.cc:492] T 073954868b5c4a1d9145af40ca95a43a P e62306ee3b2040d580d8eadcfed7b607: No bootstrap required, opened a new log
I20260709 14:54:19.090674  8691 ts_tablet_manager.cc:1403] T 073954868b5c4a1d9145af40ca95a43a P e62306ee3b2040d580d8eadcfed7b607: Time spent bootstrapping tablet: real 0.017s	user 0.010s	sys 0.005s
I20260709 14:54:19.091090  8896 raft_consensus.cc:515] T 9bfbc9a8f1bc4f4088eeb064283c5213 P e62306ee3b2040d580d8eadcfed7b607 [term 1 FOLLOWER]: Starting leader election with config: opid_index: -1 OBSOLETE_local: false peers { permanent_uuid: "b2ed3e0e48024e2fba605d2c3e127e54" member_type: VOTER last_known_addr { host: "127.7.59.65" port: 39391 } } peers { permanent_uuid: "e62306ee3b2040d580d8eadcfed7b607" member_type: VOTER last_known_addr { host: "127.7.59.66" port: 38763 } } peers { permanent_uuid: "12ce72a21cd1407cb44173ef2ab452b4" member_type: VOTER last_known_addr { host: "127.7.59.67" port: 36875 } }
I20260709 14:54:19.092991  8691 raft_consensus.cc:359] T 073954868b5c4a1d9145af40ca95a43a P e62306ee3b2040d580d8eadcfed7b607 [term 0 FOLLOWER]: Replica starting. Triggering 0 pending ops. Active config: opid_index: -1 OBSOLETE_local: false peers { permanent_uuid: "b2ed3e0e48024e2fba605d2c3e127e54" member_type: VOTER last_known_addr { host: "127.7.59.65" port: 39391 } } peers { permanent_uuid: "e62306ee3b2040d580d8eadcfed7b607" member_type: VOTER last_known_addr { host: "127.7.59.66" port: 38763 } } peers { permanent_uuid: "12ce72a21cd1407cb44173ef2ab452b4" member_type: VOTER last_known_addr { host: "127.7.59.67" port: 36875 } }
I20260709 14:54:19.093604  8691 raft_consensus.cc:385] T 073954868b5c4a1d9145af40ca95a43a P e62306ee3b2040d580d8eadcfed7b607 [term 0 FOLLOWER]: Consensus starting up: Expiring failure detector timer to make a prompt election more likely
I20260709 14:54:19.093689  8499 tablet_service.cc:1917] Received RequestConsensusVote() RPC: tablet_id: "9bfbc9a8f1bc4f4088eeb064283c5213" candidate_uuid: "e62306ee3b2040d580d8eadcfed7b607" candidate_term: 1 candidate_status { last_received { term: 0 index: 0 } } ignore_live_leader: false dest_uuid: "b2ed3e0e48024e2fba605d2c3e127e54"
I20260709 14:54:19.093876  8691 raft_consensus.cc:740] T 073954868b5c4a1d9145af40ca95a43a P e62306ee3b2040d580d8eadcfed7b607 [term 0 FOLLOWER]: Becoming Follower/Learner. State: Replica: e62306ee3b2040d580d8eadcfed7b607, State: Initialized, Role: FOLLOWER
I20260709 14:54:19.094336  8499 raft_consensus.cc:3060] T 9bfbc9a8f1bc4f4088eeb064283c5213 P b2ed3e0e48024e2fba605d2c3e127e54 [term 0 FOLLOWER]: Advancing to term 1
I20260709 14:54:19.094698  8691 consensus_queue.cc:260] T 073954868b5c4a1d9145af40ca95a43a P e62306ee3b2040d580d8eadcfed7b607 [NON_LEADER]: Queue going to NON_LEADER mode. State: All replicated index: 0, Majority replicated index: 0, Committed index: 0, Last appended: 0.0, Last appended by leader: 0, Current term: 0, Majority size: -1, State: 0, Mode: NON_LEADER, active raft config: opid_index: -1 OBSOLETE_local: false peers { permanent_uuid: "b2ed3e0e48024e2fba605d2c3e127e54" member_type: VOTER last_known_addr { host: "127.7.59.65" port: 39391 } } peers { permanent_uuid: "e62306ee3b2040d580d8eadcfed7b607" member_type: VOTER last_known_addr { host: "127.7.59.66" port: 38763 } } peers { permanent_uuid: "12ce72a21cd1407cb44173ef2ab452b4" member_type: VOTER last_known_addr { host: "127.7.59.67" port: 36875 } }
I20260709 14:54:19.098261  8651 raft_consensus.cc:3060] T 8362deefa8ab46b498994682fefb06ba P 12ce72a21cd1407cb44173ef2ab452b4 [term 0 FOLLOWER]: Advancing to term 1
I20260709 14:54:19.100278  8691 ts_tablet_manager.cc:1434] T 073954868b5c4a1d9145af40ca95a43a P e62306ee3b2040d580d8eadcfed7b607: Time spent starting tablet: real 0.009s	user 0.006s	sys 0.001s
I20260709 14:54:19.101164  8691 tablet_bootstrap.cc:492] T 01528b442d8a44aab5daf84af4adc8f6 P e62306ee3b2040d580d8eadcfed7b607: Bootstrap starting.
I20260709 14:54:19.107219  8691 tablet_bootstrap.cc:654] T 01528b442d8a44aab5daf84af4adc8f6 P e62306ee3b2040d580d8eadcfed7b607: Neither blocks nor log segments found. Creating new log.
I20260709 14:54:19.094257  8694 tablet_bootstrap.cc:492] T 201b363952da49748dea5eac662a433c P b2ed3e0e48024e2fba605d2c3e127e54: Bootstrap starting.
I20260709 14:54:19.121400  8694 tablet_bootstrap.cc:654] T 201b363952da49748dea5eac662a433c P b2ed3e0e48024e2fba605d2c3e127e54: Neither blocks nor log segments found. Creating new log.
I20260709 14:54:19.131422  8699 raft_consensus.cc:493] T bdfb04f2d9724d8eb0705d712038bc20 P 12ce72a21cd1407cb44173ef2ab452b4 [term 0 FOLLOWER]: Starting pre-election (no leader contacted us within the election timeout)
I20260709 14:54:19.131960  8699 raft_consensus.cc:515] T bdfb04f2d9724d8eb0705d712038bc20 P 12ce72a21cd1407cb44173ef2ab452b4 [term 0 FOLLOWER]: Starting pre-election with config: opid_index: -1 OBSOLETE_local: false peers { permanent_uuid: "b2ed3e0e48024e2fba605d2c3e127e54" member_type: VOTER last_known_addr { host: "127.7.59.65" port: 39391 } } peers { permanent_uuid: "e62306ee3b2040d580d8eadcfed7b607" member_type: VOTER last_known_addr { host: "127.7.59.66" port: 38763 } } peers { permanent_uuid: "12ce72a21cd1407cb44173ef2ab452b4" member_type: VOTER last_known_addr { host: "127.7.59.67" port: 36875 } }
I20260709 14:54:19.134724  8501 tablet_service.cc:1917] Received RequestConsensusVote() RPC: tablet_id: "bdfb04f2d9724d8eb0705d712038bc20" candidate_uuid: "12ce72a21cd1407cb44173ef2ab452b4" candidate_term: 1 candidate_status { last_received { term: 0 index: 0 } } ignore_live_leader: false dest_uuid: "b2ed3e0e48024e2fba605d2c3e127e54" is_pre_election: true
I20260709 14:54:19.135509  8501 raft_consensus.cc:2393] T bdfb04f2d9724d8eb0705d712038bc20 P b2ed3e0e48024e2fba605d2c3e127e54 [term 1 FOLLOWER]: Leader pre-election vote request: Denying vote to candidate 12ce72a21cd1407cb44173ef2ab452b4 in current term 1: Already voted for candidate e62306ee3b2040d580d8eadcfed7b607 in this term.
I20260709 14:54:19.135339  8574 tablet_service.cc:1917] Received RequestConsensusVote() RPC: tablet_id: "bdfb04f2d9724d8eb0705d712038bc20" candidate_uuid: "12ce72a21cd1407cb44173ef2ab452b4" candidate_term: 1 candidate_status { last_received { term: 0 index: 0 } } ignore_live_leader: false dest_uuid: "e62306ee3b2040d580d8eadcfed7b607" is_pre_election: true
I20260709 14:54:19.142225  8694 tablet_bootstrap.cc:492] T 201b363952da49748dea5eac662a433c P b2ed3e0e48024e2fba605d2c3e127e54: No bootstrap required, opened a new log
I20260709 14:54:19.142370  8614 leader_election.cc:304] T bdfb04f2d9724d8eb0705d712038bc20 P 12ce72a21cd1407cb44173ef2ab452b4 [CANDIDATE]: Term 1 pre-election: Election decided. Result: candidate lost. Election summary: received 3 responses out of 3 voters: 1 yes votes; 2 no votes. yes voters: 12ce72a21cd1407cb44173ef2ab452b4; no voters: b2ed3e0e48024e2fba605d2c3e127e54, e62306ee3b2040d580d8eadcfed7b607
I20260709 14:54:19.142798  8694 ts_tablet_manager.cc:1403] T 201b363952da49748dea5eac662a433c P b2ed3e0e48024e2fba605d2c3e127e54: Time spent bootstrapping tablet: real 0.049s	user 0.009s	sys 0.005s
I20260709 14:54:19.143174  8814 raft_consensus.cc:3060] T bdfb04f2d9724d8eb0705d712038bc20 P 12ce72a21cd1407cb44173ef2ab452b4 [term 0 FOLLOWER]: Advancing to term 1
I20260709 14:54:19.143329  8699 leader_election.cc:290] T bdfb04f2d9724d8eb0705d712038bc20 P 12ce72a21cd1407cb44173ef2ab452b4 [CANDIDATE]: Term 1 pre-election: Requested pre-vote from peers b2ed3e0e48024e2fba605d2c3e127e54 (127.7.59.65:39391), e62306ee3b2040d580d8eadcfed7b607 (127.7.59.66:38763)
I20260709 14:54:19.146299  8694 raft_consensus.cc:359] T 201b363952da49748dea5eac662a433c P b2ed3e0e48024e2fba605d2c3e127e54 [term 0 FOLLOWER]: Replica starting. Triggering 0 pending ops. Active config: opid_index: -1 OBSOLETE_local: false peers { permanent_uuid: "b2ed3e0e48024e2fba605d2c3e127e54" member_type: VOTER last_known_addr { host: "127.7.59.65" port: 39391 } } peers { permanent_uuid: "e62306ee3b2040d580d8eadcfed7b607" member_type: VOTER last_known_addr { host: "127.7.59.66" port: 38763 } } peers { permanent_uuid: "12ce72a21cd1407cb44173ef2ab452b4" member_type: VOTER last_known_addr { host: "127.7.59.67" port: 36875 } }
I20260709 14:54:19.150122  8694 raft_consensus.cc:385] T 201b363952da49748dea5eac662a433c P b2ed3e0e48024e2fba605d2c3e127e54 [term 0 FOLLOWER]: Consensus starting up: Expiring failure detector timer to make a prompt election more likely
I20260709 14:54:19.150470  8694 raft_consensus.cc:740] T 201b363952da49748dea5eac662a433c P b2ed3e0e48024e2fba605d2c3e127e54 [term 0 FOLLOWER]: Becoming Follower/Learner. State: Replica: b2ed3e0e48024e2fba605d2c3e127e54, State: Initialized, Role: FOLLOWER
I20260709 14:54:19.151433  8694 consensus_queue.cc:260] T 201b363952da49748dea5eac662a433c P b2ed3e0e48024e2fba605d2c3e127e54 [NON_LEADER]: Queue going to NON_LEADER mode. State: All replicated index: 0, Majority replicated index: 0, Committed index: 0, Last appended: 0.0, Last appended by leader: 0, Current term: 0, Majority size: -1, State: 0, Mode: NON_LEADER, active raft config: opid_index: -1 OBSOLETE_local: false peers { permanent_uuid: "b2ed3e0e48024e2fba605d2c3e127e54" member_type: VOTER last_known_addr { host: "127.7.59.65" port: 39391 } } peers { permanent_uuid: "e62306ee3b2040d580d8eadcfed7b607" member_type: VOTER last_known_addr { host: "127.7.59.66" port: 38763 } } peers { permanent_uuid: "12ce72a21cd1407cb44173ef2ab452b4" member_type: VOTER last_known_addr { host: "127.7.59.67" port: 36875 } }
I20260709 14:54:19.153914  8694 ts_tablet_manager.cc:1434] T 201b363952da49748dea5eac662a433c P b2ed3e0e48024e2fba605d2c3e127e54: Time spent starting tablet: real 0.011s	user 0.006s	sys 0.000s
I20260709 14:54:19.155638  8694 tablet_bootstrap.cc:492] T b8257d7bb21a4990a7382527df7fab7f P b2ed3e0e48024e2fba605d2c3e127e54: Bootstrap starting.
I20260709 14:54:19.161299  8694 tablet_bootstrap.cc:654] T b8257d7bb21a4990a7382527df7fab7f P b2ed3e0e48024e2fba605d2c3e127e54: Neither blocks nor log segments found. Creating new log.
I20260709 14:54:19.169713  8814 raft_consensus.cc:2749] T bdfb04f2d9724d8eb0705d712038bc20 P 12ce72a21cd1407cb44173ef2ab452b4 [term 1 FOLLOWER]: Leader pre-election lost for term 1. Reason: could not achieve majority
I20260709 14:54:19.174620  8900 raft_consensus.cc:493] T 073954868b5c4a1d9145af40ca95a43a P e62306ee3b2040d580d8eadcfed7b607 [term 0 FOLLOWER]: Starting pre-election (no leader contacted us within the election timeout)
I20260709 14:54:19.175158  8900 raft_consensus.cc:515] T 073954868b5c4a1d9145af40ca95a43a P e62306ee3b2040d580d8eadcfed7b607 [term 0 FOLLOWER]: Starting pre-election with config: opid_index: -1 OBSOLETE_local: false peers { permanent_uuid: "b2ed3e0e48024e2fba605d2c3e127e54" member_type: VOTER last_known_addr { host: "127.7.59.65" port: 39391 } } peers { permanent_uuid: "e62306ee3b2040d580d8eadcfed7b607" member_type: VOTER last_known_addr { host: "127.7.59.66" port: 38763 } } peers { permanent_uuid: "12ce72a21cd1407cb44173ef2ab452b4" member_type: VOTER last_known_addr { host: "127.7.59.67" port: 36875 } }
I20260709 14:54:19.177284  8900 leader_election.cc:290] T 073954868b5c4a1d9145af40ca95a43a P e62306ee3b2040d580d8eadcfed7b607 [CANDIDATE]: Term 1 pre-election: Requested pre-vote from peers b2ed3e0e48024e2fba605d2c3e127e54 (127.7.59.65:39391), 12ce72a21cd1407cb44173ef2ab452b4 (127.7.59.67:36875)
I20260709 14:54:19.186676  8649 tablet_service.cc:1917] Received RequestConsensusVote() RPC: tablet_id: "073954868b5c4a1d9145af40ca95a43a" candidate_uuid: "e62306ee3b2040d580d8eadcfed7b607" candidate_term: 1 candidate_status { last_received { term: 0 index: 0 } } ignore_live_leader: false dest_uuid: "12ce72a21cd1407cb44173ef2ab452b4" is_pre_election: true
I20260709 14:54:19.188195  8694 tablet_bootstrap.cc:492] T b8257d7bb21a4990a7382527df7fab7f P b2ed3e0e48024e2fba605d2c3e127e54: No bootstrap required, opened a new log
W20260709 14:54:19.188711  8543 leader_election.cc:343] T 073954868b5c4a1d9145af40ca95a43a P e62306ee3b2040d580d8eadcfed7b607 [CANDIDATE]: Term 1 pre-election: Tablet error from VoteRequest() call to peer 12ce72a21cd1407cb44173ef2ab452b4 (127.7.59.67:36875): Illegal state: must be running to vote when last-logged opid is not known
I20260709 14:54:19.188921  8694 ts_tablet_manager.cc:1403] T b8257d7bb21a4990a7382527df7fab7f P b2ed3e0e48024e2fba605d2c3e127e54: Time spent bootstrapping tablet: real 0.033s	user 0.013s	sys 0.000s
I20260709 14:54:19.191665  8694 raft_consensus.cc:359] T b8257d7bb21a4990a7382527df7fab7f P b2ed3e0e48024e2fba605d2c3e127e54 [term 0 FOLLOWER]: Replica starting. Triggering 0 pending ops. Active config: opid_index: -1 OBSOLETE_local: false peers { permanent_uuid: "b2ed3e0e48024e2fba605d2c3e127e54" member_type: VOTER last_known_addr { host: "127.7.59.65" port: 39391 } } peers { permanent_uuid: "e62306ee3b2040d580d8eadcfed7b607" member_type: VOTER last_known_addr { host: "127.7.59.66" port: 38763 } } peers { permanent_uuid: "12ce72a21cd1407cb44173ef2ab452b4" member_type: VOTER last_known_addr { host: "127.7.59.67" port: 36875 } }
I20260709 14:54:19.192479  8694 raft_consensus.cc:385] T b8257d7bb21a4990a7382527df7fab7f P b2ed3e0e48024e2fba605d2c3e127e54 [term 0 FOLLOWER]: Consensus starting up: Expiring failure detector timer to make a prompt election more likely
I20260709 14:54:19.192797  8694 raft_consensus.cc:740] T b8257d7bb21a4990a7382527df7fab7f P b2ed3e0e48024e2fba605d2c3e127e54 [term 0 FOLLOWER]: Becoming Follower/Learner. State: Replica: b2ed3e0e48024e2fba605d2c3e127e54, State: Initialized, Role: FOLLOWER
I20260709 14:54:19.193063  8699 consensus_queue.cc:1048] T bdfc9458a27b4512abceab07103e6f64 P 12ce72a21cd1407cb44173ef2ab452b4 [LEADER]: Connected to new peer: Peer: permanent_uuid: "e62306ee3b2040d580d8eadcfed7b607" member_type: VOTER last_known_addr { host: "127.7.59.66" port: 38763 }, Status: LMP_MISMATCH, Last received: 0.0, Next index: 1, Last known committed idx: 0, Time since last communication: 0.000s
I20260709 14:54:19.193428  8694 consensus_queue.cc:260] T b8257d7bb21a4990a7382527df7fab7f P b2ed3e0e48024e2fba605d2c3e127e54 [NON_LEADER]: Queue going to NON_LEADER mode. State: All replicated index: 0, Majority replicated index: 0, Committed index: 0, Last appended: 0.0, Last appended by leader: 0, Current term: 0, Majority size: -1, State: 0, Mode: NON_LEADER, active raft config: opid_index: -1 OBSOLETE_local: false peers { permanent_uuid: "b2ed3e0e48024e2fba605d2c3e127e54" member_type: VOTER last_known_addr { host: "127.7.59.65" port: 39391 } } peers { permanent_uuid: "e62306ee3b2040d580d8eadcfed7b607" member_type: VOTER last_known_addr { host: "127.7.59.66" port: 38763 } } peers { permanent_uuid: "12ce72a21cd1407cb44173ef2ab452b4" member_type: VOTER last_known_addr { host: "127.7.59.67" port: 36875 } }
I20260709 14:54:19.197131  8900 raft_consensus.cc:493] T d1893e9dd14f473fbab6efb144e30bfd P e62306ee3b2040d580d8eadcfed7b607 [term 0 FOLLOWER]: Starting pre-election (no leader contacted us within the election timeout)
I20260709 14:54:19.197577  8900 raft_consensus.cc:515] T d1893e9dd14f473fbab6efb144e30bfd P e62306ee3b2040d580d8eadcfed7b607 [term 0 FOLLOWER]: Starting pre-election with config: opid_index: -1 OBSOLETE_local: false peers { permanent_uuid: "b2ed3e0e48024e2fba605d2c3e127e54" member_type: VOTER last_known_addr { host: "127.7.59.65" port: 39391 } } peers { permanent_uuid: "e62306ee3b2040d580d8eadcfed7b607" member_type: VOTER last_known_addr { host: "127.7.59.66" port: 38763 } } peers { permanent_uuid: "12ce72a21cd1407cb44173ef2ab452b4" member_type: VOTER last_known_addr { host: "127.7.59.67" port: 36875 } }
I20260709 14:54:19.201047  8900 leader_election.cc:290] T d1893e9dd14f473fbab6efb144e30bfd P e62306ee3b2040d580d8eadcfed7b607 [CANDIDATE]: Term 1 pre-election: Requested pre-vote from peers b2ed3e0e48024e2fba605d2c3e127e54 (127.7.59.65:39391), 12ce72a21cd1407cb44173ef2ab452b4 (127.7.59.67:36875)
I20260709 14:54:19.202399  8650 tablet_service.cc:1917] Received RequestConsensusVote() RPC: tablet_id: "d1893e9dd14f473fbab6efb144e30bfd" candidate_uuid: "e62306ee3b2040d580d8eadcfed7b607" candidate_term: 1 candidate_status { last_received { term: 0 index: 0 } } ignore_live_leader: false dest_uuid: "12ce72a21cd1407cb44173ef2ab452b4" is_pre_election: true
W20260709 14:54:19.203805  8543 leader_election.cc:343] T d1893e9dd14f473fbab6efb144e30bfd P e62306ee3b2040d580d8eadcfed7b607 [CANDIDATE]: Term 1 pre-election: Tablet error from VoteRequest() call to peer 12ce72a21cd1407cb44173ef2ab452b4 (127.7.59.67:36875): Illegal state: must be running to vote when last-logged opid is not known
I20260709 14:54:19.205072  8694 ts_tablet_manager.cc:1434] T b8257d7bb21a4990a7382527df7fab7f P b2ed3e0e48024e2fba605d2c3e127e54: Time spent starting tablet: real 0.016s	user 0.005s	sys 0.000s
I20260709 14:54:19.222512  8501 tablet_service.cc:1917] Received RequestConsensusVote() RPC: tablet_id: "073954868b5c4a1d9145af40ca95a43a" candidate_uuid: "e62306ee3b2040d580d8eadcfed7b607" candidate_term: 1 candidate_status { last_received { term: 0 index: 0 } } ignore_live_leader: false dest_uuid: "b2ed3e0e48024e2fba605d2c3e127e54" is_pre_election: true
I20260709 14:54:19.223155  8501 raft_consensus.cc:2468] T 073954868b5c4a1d9145af40ca95a43a P b2ed3e0e48024e2fba605d2c3e127e54 [term 0 FOLLOWER]: Leader pre-election vote request: Granting yes vote for candidate e62306ee3b2040d580d8eadcfed7b607 in term 0.
W20260709 14:54:19.224921  8448 auto_rebalancer.cc:288] Could not retrieve cluster info: Service unavailable: Tablet not running
I20260709 14:54:19.229051  8694 tablet_bootstrap.cc:492] T af9666b7ae244d70891fef1f9e564ae2 P b2ed3e0e48024e2fba605d2c3e127e54: Bootstrap starting.
I20260709 14:54:19.229955  8898 consensus_queue.cc:1048] T c2e087e1043941679654ea042187b504 P e62306ee3b2040d580d8eadcfed7b607 [LEADER]: Connected to new peer: Peer: permanent_uuid: "b2ed3e0e48024e2fba605d2c3e127e54" member_type: VOTER last_known_addr { host: "127.7.59.65" port: 39391 }, Status: LMP_MISMATCH, Last received: 0.0, Next index: 1, Last known committed idx: 0, Time since last communication: 0.000s
I20260709 14:54:19.232976  8540 leader_election.cc:304] T 073954868b5c4a1d9145af40ca95a43a P e62306ee3b2040d580d8eadcfed7b607 [CANDIDATE]: Term 1 pre-election: Election decided. Result: candidate won. Election summary: received 3 responses out of 3 voters: 2 yes votes; 1 no votes. yes voters: b2ed3e0e48024e2fba605d2c3e127e54, e62306ee3b2040d580d8eadcfed7b607; no voters: 12ce72a21cd1407cb44173ef2ab452b4
I20260709 14:54:19.234928  8898 raft_consensus.cc:2804] T 073954868b5c4a1d9145af40ca95a43a P e62306ee3b2040d580d8eadcfed7b607 [term 0 FOLLOWER]: Leader pre-election won for term 1
I20260709 14:54:19.235291  8898 raft_consensus.cc:493] T 073954868b5c4a1d9145af40ca95a43a P e62306ee3b2040d580d8eadcfed7b607 [term 0 FOLLOWER]: Starting leader election (no leader contacted us within the election timeout)
I20260709 14:54:19.235615  8898 raft_consensus.cc:3060] T 073954868b5c4a1d9145af40ca95a43a P e62306ee3b2040d580d8eadcfed7b607 [term 0 FOLLOWER]: Advancing to term 1
I20260709 14:54:19.246316  8499 raft_consensus.cc:2468] T 9bfbc9a8f1bc4f4088eeb064283c5213 P b2ed3e0e48024e2fba605d2c3e127e54 [term 1 FOLLOWER]: Leader election vote request: Granting yes vote for candidate e62306ee3b2040d580d8eadcfed7b607 in term 1.
I20260709 14:54:19.247342  8501 tablet_service.cc:1917] Received RequestConsensusVote() RPC: tablet_id: "d1893e9dd14f473fbab6efb144e30bfd" candidate_uuid: "e62306ee3b2040d580d8eadcfed7b607" candidate_term: 1 candidate_status { last_received { term: 0 index: 0 } } ignore_live_leader: false dest_uuid: "b2ed3e0e48024e2fba605d2c3e127e54" is_pre_election: true
I20260709 14:54:19.249754  8501 raft_consensus.cc:2468] T d1893e9dd14f473fbab6efb144e30bfd P b2ed3e0e48024e2fba605d2c3e127e54 [term 0 FOLLOWER]: Leader pre-election vote request: Granting yes vote for candidate e62306ee3b2040d580d8eadcfed7b607 in term 0.
I20260709 14:54:19.251531  8902 raft_consensus.cc:493] T b8257d7bb21a4990a7382527df7fab7f P b2ed3e0e48024e2fba605d2c3e127e54 [term 0 FOLLOWER]: Starting pre-election (no leader contacted us within the election timeout)
I20260709 14:54:19.252048  8902 raft_consensus.cc:515] T b8257d7bb21a4990a7382527df7fab7f P b2ed3e0e48024e2fba605d2c3e127e54 [term 0 FOLLOWER]: Starting pre-election with config: opid_index: -1 OBSOLETE_local: false peers { permanent_uuid: "b2ed3e0e48024e2fba605d2c3e127e54" member_type: VOTER last_known_addr { host: "127.7.59.65" port: 39391 } } peers { permanent_uuid: "e62306ee3b2040d580d8eadcfed7b607" member_type: VOTER last_known_addr { host: "127.7.59.66" port: 38763 } } peers { permanent_uuid: "12ce72a21cd1407cb44173ef2ab452b4" member_type: VOTER last_known_addr { host: "127.7.59.67" port: 36875 } }
I20260709 14:54:19.256682  8540 leader_election.cc:304] T d1893e9dd14f473fbab6efb144e30bfd P e62306ee3b2040d580d8eadcfed7b607 [CANDIDATE]: Term 1 pre-election: Election decided. Result: candidate won. Election summary: received 3 responses out of 3 voters: 2 yes votes; 1 no votes. yes voters: b2ed3e0e48024e2fba605d2c3e127e54, e62306ee3b2040d580d8eadcfed7b607; no voters: 12ce72a21cd1407cb44173ef2ab452b4
I20260709 14:54:19.259644  8900 raft_consensus.cc:2804] T d1893e9dd14f473fbab6efb144e30bfd P e62306ee3b2040d580d8eadcfed7b607 [term 0 FOLLOWER]: Leader pre-election won for term 1
I20260709 14:54:19.260020  8900 raft_consensus.cc:493] T d1893e9dd14f473fbab6efb144e30bfd P e62306ee3b2040d580d8eadcfed7b607 [term 0 FOLLOWER]: Starting leader election (no leader contacted us within the election timeout)
I20260709 14:54:19.260411  8900 raft_consensus.cc:3060] T d1893e9dd14f473fbab6efb144e30bfd P e62306ee3b2040d580d8eadcfed7b607 [term 0 FOLLOWER]: Advancing to term 1
I20260709 14:54:19.286055  8697 raft_consensus.cc:493] T a2c1f3d2b35749dea707f036bf7c2316 P e62306ee3b2040d580d8eadcfed7b607 [term 0 FOLLOWER]: Starting pre-election (no leader contacted us within the election timeout)
I20260709 14:54:19.286650  8896 leader_election.cc:290] T 9bfbc9a8f1bc4f4088eeb064283c5213 P e62306ee3b2040d580d8eadcfed7b607 [CANDIDATE]: Term 1 election: Requested vote from peers b2ed3e0e48024e2fba605d2c3e127e54 (127.7.59.65:39391), 12ce72a21cd1407cb44173ef2ab452b4 (127.7.59.67:36875)
I20260709 14:54:19.286602  8697 raft_consensus.cc:515] T a2c1f3d2b35749dea707f036bf7c2316 P e62306ee3b2040d580d8eadcfed7b607 [term 0 FOLLOWER]: Starting pre-election with config: opid_index: -1 OBSOLETE_local: false peers { permanent_uuid: "b2ed3e0e48024e2fba605d2c3e127e54" member_type: VOTER last_known_addr { host: "127.7.59.65" port: 39391 } } peers { permanent_uuid: "e62306ee3b2040d580d8eadcfed7b607" member_type: VOTER last_known_addr { host: "127.7.59.66" port: 38763 } } peers { permanent_uuid: "12ce72a21cd1407cb44173ef2ab452b4" member_type: VOTER last_known_addr { host: "127.7.59.67" port: 36875 } }
I20260709 14:54:19.404690  8694 tablet_bootstrap.cc:654] T af9666b7ae244d70891fef1f9e564ae2 P b2ed3e0e48024e2fba605d2c3e127e54: Neither blocks nor log segments found. Creating new log.
I20260709 14:54:19.384721  8814 raft_consensus.cc:493] T 75e854399de649dda039aaf6d4465378 P 12ce72a21cd1407cb44173ef2ab452b4 [term 0 FOLLOWER]: Starting pre-election (no leader contacted us within the election timeout)
I20260709 14:54:19.409829  8902 leader_election.cc:290] T b8257d7bb21a4990a7382527df7fab7f P b2ed3e0e48024e2fba605d2c3e127e54 [CANDIDATE]: Term 1 pre-election: Requested pre-vote from peers e62306ee3b2040d580d8eadcfed7b607 (127.7.59.66:38763), 12ce72a21cd1407cb44173ef2ab452b4 (127.7.59.67:36875)
I20260709 14:54:19.303254  8649 tablet_service.cc:1917] Received RequestConsensusVote() RPC: tablet_id: "9bfbc9a8f1bc4f4088eeb064283c5213" candidate_uuid: "e62306ee3b2040d580d8eadcfed7b607" candidate_term: 1 candidate_status { last_received { term: 0 index: 0 } } ignore_live_leader: false dest_uuid: "12ce72a21cd1407cb44173ef2ab452b4"
I20260709 14:54:19.406836  8691 tablet_bootstrap.cc:492] T 01528b442d8a44aab5daf84af4adc8f6 P e62306ee3b2040d580d8eadcfed7b607: No bootstrap required, opened a new log
I20260709 14:54:19.349094  8898 raft_consensus.cc:515] T 073954868b5c4a1d9145af40ca95a43a P e62306ee3b2040d580d8eadcfed7b607 [term 1 FOLLOWER]: Starting leader election with config: opid_index: -1 OBSOLETE_local: false peers { permanent_uuid: "b2ed3e0e48024e2fba605d2c3e127e54" member_type: VOTER last_known_addr { host: "127.7.59.65" port: 39391 } } peers { permanent_uuid: "e62306ee3b2040d580d8eadcfed7b607" member_type: VOTER last_known_addr { host: "127.7.59.66" port: 38763 } } peers { permanent_uuid: "12ce72a21cd1407cb44173ef2ab452b4" member_type: VOTER last_known_addr { host: "127.7.59.67" port: 36875 } }
I20260709 14:54:19.413888  8691 ts_tablet_manager.cc:1403] T 01528b442d8a44aab5daf84af4adc8f6 P e62306ee3b2040d580d8eadcfed7b607: Time spent bootstrapping tablet: real 0.313s	user 0.073s	sys 0.089s
I20260709 14:54:19.416992  8691 raft_consensus.cc:359] T 01528b442d8a44aab5daf84af4adc8f6 P e62306ee3b2040d580d8eadcfed7b607 [term 0 FOLLOWER]: Replica starting. Triggering 0 pending ops. Active config: opid_index: -1 OBSOLETE_local: false peers { permanent_uuid: "b2ed3e0e48024e2fba605d2c3e127e54" member_type: VOTER last_known_addr { host: "127.7.59.65" port: 39391 } } peers { permanent_uuid: "e62306ee3b2040d580d8eadcfed7b607" member_type: VOTER last_known_addr { host: "127.7.59.66" port: 38763 } } peers { permanent_uuid: "12ce72a21cd1407cb44173ef2ab452b4" member_type: VOTER last_known_addr { host: "127.7.59.67" port: 36875 } }
I20260709 14:54:19.417469  8697 leader_election.cc:290] T a2c1f3d2b35749dea707f036bf7c2316 P e62306ee3b2040d580d8eadcfed7b607 [CANDIDATE]: Term 1 pre-election: Requested pre-vote from peers b2ed3e0e48024e2fba605d2c3e127e54 (127.7.59.65:39391), 12ce72a21cd1407cb44173ef2ab452b4 (127.7.59.67:36875)
I20260709 14:54:19.417670  8691 raft_consensus.cc:385] T 01528b442d8a44aab5daf84af4adc8f6 P e62306ee3b2040d580d8eadcfed7b607 [term 0 FOLLOWER]: Consensus starting up: Expiring failure detector timer to make a prompt election more likely
I20260709 14:54:19.300215  8900 raft_consensus.cc:515] T d1893e9dd14f473fbab6efb144e30bfd P e62306ee3b2040d580d8eadcfed7b607 [term 1 FOLLOWER]: Starting leader election with config: opid_index: -1 OBSOLETE_local: false peers { permanent_uuid: "b2ed3e0e48024e2fba605d2c3e127e54" member_type: VOTER last_known_addr { host: "127.7.59.65" port: 39391 } } peers { permanent_uuid: "e62306ee3b2040d580d8eadcfed7b607" member_type: VOTER last_known_addr { host: "127.7.59.66" port: 38763 } } peers { permanent_uuid: "12ce72a21cd1407cb44173ef2ab452b4" member_type: VOTER last_known_addr { host: "127.7.59.67" port: 36875 } }
I20260709 14:54:19.419943  8900 leader_election.cc:290] T d1893e9dd14f473fbab6efb144e30bfd P e62306ee3b2040d580d8eadcfed7b607 [CANDIDATE]: Term 1 election: Requested vote from peers b2ed3e0e48024e2fba605d2c3e127e54 (127.7.59.65:39391), 12ce72a21cd1407cb44173ef2ab452b4 (127.7.59.67:36875)
W20260709 14:54:19.418957  8540 outbound_call.cc:321] RPC callback for RPC call kudu.consensus.ConsensusService.RequestConsensusVote -> {remote=127.7.59.65:39391, user_credentials={real_user=slave}} blocked reactor thread for 162370us
I20260709 14:54:19.404774  8693 tablet_bootstrap.cc:492] T 073954868b5c4a1d9145af40ca95a43a P 12ce72a21cd1407cb44173ef2ab452b4: No bootstrap required, opened a new log
I20260709 14:54:19.423969  8693 ts_tablet_manager.cc:1403] T 073954868b5c4a1d9145af40ca95a43a P 12ce72a21cd1407cb44173ef2ab452b4: Time spent bootstrapping tablet: real 0.363s	user 0.033s	sys 0.084s
W20260709 14:54:19.402900  8468 consensus_peers.cc:597] T 376a93820a2b44c190f65fbc6298d9bf P b2ed3e0e48024e2fba605d2c3e127e54 -> Peer 12ce72a21cd1407cb44173ef2ab452b4 (127.7.59.67:36875): Couldn't send request to peer 12ce72a21cd1407cb44173ef2ab452b4. Error code: TABLET_NOT_RUNNING (12). Status: Illegal state: Tablet not RUNNING: INITIALIZED. This is attempt 1: this message will repeat every 5th retry.
I20260709 14:54:19.417961  8691 raft_consensus.cc:740] T 01528b442d8a44aab5daf84af4adc8f6 P e62306ee3b2040d580d8eadcfed7b607 [term 0 FOLLOWER]: Becoming Follower/Learner. State: Replica: e62306ee3b2040d580d8eadcfed7b607, State: Initialized, Role: FOLLOWER
I20260709 14:54:19.425978  8691 consensus_queue.cc:260] T 01528b442d8a44aab5daf84af4adc8f6 P e62306ee3b2040d580d8eadcfed7b607 [NON_LEADER]: Queue going to NON_LEADER mode. State: All replicated index: 0, Majority replicated index: 0, Committed index: 0, Last appended: 0.0, Last appended by leader: 0, Current term: 0, Majority size: -1, State: 0, Mode: NON_LEADER, active raft config: opid_index: -1 OBSOLETE_local: false peers { permanent_uuid: "b2ed3e0e48024e2fba605d2c3e127e54" member_type: VOTER last_known_addr { host: "127.7.59.65" port: 39391 } } peers { permanent_uuid: "e62306ee3b2040d580d8eadcfed7b607" member_type: VOTER last_known_addr { host: "127.7.59.66" port: 38763 } } peers { permanent_uuid: "12ce72a21cd1407cb44173ef2ab452b4" member_type: VOTER last_known_addr { host: "127.7.59.67" port: 36875 } }
I20260709 14:54:19.427933  8694 tablet_bootstrap.cc:492] T af9666b7ae244d70891fef1f9e564ae2 P b2ed3e0e48024e2fba605d2c3e127e54: No bootstrap required, opened a new log
I20260709 14:54:19.427979  8499 tablet_service.cc:1917] Received RequestConsensusVote() RPC: tablet_id: "a2c1f3d2b35749dea707f036bf7c2316" candidate_uuid: "e62306ee3b2040d580d8eadcfed7b607" candidate_term: 1 candidate_status { last_received { term: 0 index: 0 } } ignore_live_leader: false dest_uuid: "b2ed3e0e48024e2fba605d2c3e127e54" is_pre_election: true
I20260709 14:54:19.428617  8694 ts_tablet_manager.cc:1403] T af9666b7ae244d70891fef1f9e564ae2 P b2ed3e0e48024e2fba605d2c3e127e54: Time spent bootstrapping tablet: real 0.214s	user 0.009s	sys 0.045s
I20260709 14:54:19.429203  8697 raft_consensus.cc:493] T 201b363952da49748dea5eac662a433c P e62306ee3b2040d580d8eadcfed7b607 [term 0 FOLLOWER]: Starting pre-election (no leader contacted us within the election timeout)
I20260709 14:54:19.429391  8499 tablet_service.cc:1917] Received RequestConsensusVote() RPC: tablet_id: "d1893e9dd14f473fbab6efb144e30bfd" candidate_uuid: "e62306ee3b2040d580d8eadcfed7b607" candidate_term: 1 candidate_status { last_received { term: 0 index: 0 } } ignore_live_leader: false dest_uuid: "b2ed3e0e48024e2fba605d2c3e127e54"
I20260709 14:54:19.429916  8499 raft_consensus.cc:3060] T d1893e9dd14f473fbab6efb144e30bfd P b2ed3e0e48024e2fba605d2c3e127e54 [term 0 FOLLOWER]: Advancing to term 1
I20260709 14:54:19.429682  8697 raft_consensus.cc:515] T 201b363952da49748dea5eac662a433c P e62306ee3b2040d580d8eadcfed7b607 [term 0 FOLLOWER]: Starting pre-election with config: opid_index: -1 OBSOLETE_local: false peers { permanent_uuid: "b2ed3e0e48024e2fba605d2c3e127e54" member_type: VOTER last_known_addr { host: "127.7.59.65" port: 39391 } } peers { permanent_uuid: "e62306ee3b2040d580d8eadcfed7b607" member_type: VOTER last_known_addr { host: "127.7.59.66" port: 38763 } } peers { permanent_uuid: "12ce72a21cd1407cb44173ef2ab452b4" member_type: VOTER last_known_addr { host: "127.7.59.67" port: 36875 } }
I20260709 14:54:19.300530  8783 consensus_queue.cc:1048] T c2e087e1043941679654ea042187b504 P e62306ee3b2040d580d8eadcfed7b607 [LEADER]: Connected to new peer: Peer: permanent_uuid: "12ce72a21cd1407cb44173ef2ab452b4" member_type: VOTER last_known_addr { host: "127.7.59.67" port: 36875 }, Status: LMP_MISMATCH, Last received: 0.0, Next index: 1, Last known committed idx: 0, Time since last communication: 0.131s
I20260709 14:54:19.431526  8697 leader_election.cc:290] T 201b363952da49748dea5eac662a433c P e62306ee3b2040d580d8eadcfed7b607 [CANDIDATE]: Term 1 pre-election: Requested pre-vote from peers b2ed3e0e48024e2fba605d2c3e127e54 (127.7.59.65:39391), 12ce72a21cd1407cb44173ef2ab452b4 (127.7.59.67:36875)
I20260709 14:54:19.434099  8699 consensus_queue.cc:1048] T bdfc9458a27b4512abceab07103e6f64 P 12ce72a21cd1407cb44173ef2ab452b4 [LEADER]: Connected to new peer: Peer: permanent_uuid: "b2ed3e0e48024e2fba605d2c3e127e54" member_type: VOTER last_known_addr { host: "127.7.59.65" port: 39391 }, Status: LMP_MISMATCH, Last received: 0.0, Next index: 1, Last known committed idx: 0, Time since last communication: 0.000s
I20260709 14:54:19.434355  8814 raft_consensus.cc:515] T 75e854399de649dda039aaf6d4465378 P 12ce72a21cd1407cb44173ef2ab452b4 [term 0 FOLLOWER]: Starting pre-election with config: opid_index: -1 OBSOLETE_local: false peers { permanent_uuid: "b2ed3e0e48024e2fba605d2c3e127e54" member_type: VOTER last_known_addr { host: "127.7.59.65" port: 39391 } } peers { permanent_uuid: "e62306ee3b2040d580d8eadcfed7b607" member_type: VOTER last_known_addr { host: "127.7.59.66" port: 38763 } } peers { permanent_uuid: "12ce72a21cd1407cb44173ef2ab452b4" member_type: VOTER last_known_addr { host: "127.7.59.67" port: 36875 } }
I20260709 14:54:19.436260  8499 raft_consensus.cc:2468] T d1893e9dd14f473fbab6efb144e30bfd P b2ed3e0e48024e2fba605d2c3e127e54 [term 1 FOLLOWER]: Leader election vote request: Granting yes vote for candidate e62306ee3b2040d580d8eadcfed7b607 in term 1.
I20260709 14:54:19.436703  8814 leader_election.cc:290] T 75e854399de649dda039aaf6d4465378 P 12ce72a21cd1407cb44173ef2ab452b4 [CANDIDATE]: Term 1 pre-election: Requested pre-vote from peers b2ed3e0e48024e2fba605d2c3e127e54 (127.7.59.65:39391), e62306ee3b2040d580d8eadcfed7b607 (127.7.59.66:38763)
I20260709 14:54:19.437386  8650 raft_consensus.cc:3060] T 75e854399de649dda039aaf6d4465378 P 12ce72a21cd1407cb44173ef2ab452b4 [term 0 FOLLOWER]: Advancing to term 1
I20260709 14:54:19.441987  8898 leader_election.cc:290] T 073954868b5c4a1d9145af40ca95a43a P e62306ee3b2040d580d8eadcfed7b607 [CANDIDATE]: Term 1 election: Requested vote from peers b2ed3e0e48024e2fba605d2c3e127e54 (127.7.59.65:39391), 12ce72a21cd1407cb44173ef2ab452b4 (127.7.59.67:36875)
I20260709 14:54:19.443612  8649 tablet_service.cc:1917] Received RequestConsensusVote() RPC: tablet_id: "b8257d7bb21a4990a7382527df7fab7f" candidate_uuid: "b2ed3e0e48024e2fba605d2c3e127e54" candidate_term: 1 candidate_status { last_received { term: 0 index: 0 } } ignore_live_leader: false dest_uuid: "12ce72a21cd1407cb44173ef2ab452b4" is_pre_election: true
W20260709 14:54:19.445415  8468 leader_election.cc:343] T b8257d7bb21a4990a7382527df7fab7f P b2ed3e0e48024e2fba605d2c3e127e54 [CANDIDATE]: Term 1 pre-election: Tablet error from VoteRequest() call to peer 12ce72a21cd1407cb44173ef2ab452b4 (127.7.59.67:36875): Illegal state: must be running to vote when last-logged opid is not known
I20260709 14:54:19.441419  8693 raft_consensus.cc:359] T 073954868b5c4a1d9145af40ca95a43a P 12ce72a21cd1407cb44173ef2ab452b4 [term 0 FOLLOWER]: Replica starting. Triggering 0 pending ops. Active config: opid_index: -1 OBSOLETE_local: false peers { permanent_uuid: "b2ed3e0e48024e2fba605d2c3e127e54" member_type: VOTER last_known_addr { host: "127.7.59.65" port: 39391 } } peers { permanent_uuid: "e62306ee3b2040d580d8eadcfed7b607" member_type: VOTER last_known_addr { host: "127.7.59.66" port: 38763 } } peers { permanent_uuid: "12ce72a21cd1407cb44173ef2ab452b4" member_type: VOTER last_known_addr { host: "127.7.59.67" port: 36875 } }
I20260709 14:54:19.434048  8694 raft_consensus.cc:359] T af9666b7ae244d70891fef1f9e564ae2 P b2ed3e0e48024e2fba605d2c3e127e54 [term 0 FOLLOWER]: Replica starting. Triggering 0 pending ops. Active config: opid_index: -1 OBSOLETE_local: false peers { permanent_uuid: "b2ed3e0e48024e2fba605d2c3e127e54" member_type: VOTER last_known_addr { host: "127.7.59.65" port: 39391 } } peers { permanent_uuid: "e62306ee3b2040d580d8eadcfed7b607" member_type: VOTER last_known_addr { host: "127.7.59.66" port: 38763 } } peers { permanent_uuid: "12ce72a21cd1407cb44173ef2ab452b4" member_type: VOTER last_known_addr { host: "127.7.59.67" port: 36875 } }
