I20260709 14:54:05.932792 25747 raft_consensus.cc:2804] T 189bd75246b94823905c1b6d323378b5 P d69fa09790c24a4481cbce7e90d7362a [term 1 FOLLOWER]: Leader election won for term 1
I20260709 14:54:05.934417 25741 tablet_bootstrap.cc:492] T 6d61fc80bf25445189ea0e0e1deaa41e P 30bb00c479da45e38703211b654e4494: Bootstrap starting.
I20260709 14:54:05.934829 25747 raft_consensus.cc:697] T 189bd75246b94823905c1b6d323378b5 P d69fa09790c24a4481cbce7e90d7362a [term 1 LEADER]: Becoming Leader. State: Replica: d69fa09790c24a4481cbce7e90d7362a, State: Running, Role: LEADER
I20260709 14:54:05.936342 25747 consensus_queue.cc:237] T 189bd75246b94823905c1b6d323378b5 P d69fa09790c24a4481cbce7e90d7362a [LEADER]: Queue going to LEADER mode. State: All replicated index: 0, Majority replicated index: 0, Committed index: 0, Last appended: 0.0, Last appended by leader: 0, Current term: 1, Majority size: 2, State: 0, Mode: LEADER, active raft config: opid_index: -1 OBSOLETE_local: false peers { permanent_uuid: "30bb00c479da45e38703211b654e4494" member_type: VOTER last_known_addr { host: "127.24.87.129" port: 34449 } } peers { permanent_uuid: "d69fa09790c24a4481cbce7e90d7362a" member_type: VOTER last_known_addr { host: "127.24.87.130" port: 33291 } } peers { permanent_uuid: "0a8d8b22944b436eba06c9a2ff04468d" member_type: VOTER last_known_addr { host: "127.24.87.131" port: 45823 } }
I20260709 14:54:05.912985 25742 raft_consensus.cc:740] T 1c6ba4d5139e43299217a5eefed796af P d69fa09790c24a4481cbce7e90d7362a [term 0 FOLLOWER]: Becoming Follower/Learner. State: Replica: d69fa09790c24a4481cbce7e90d7362a, State: Initialized, Role: FOLLOWER
I20260709 14:54:05.943063 25701 raft_consensus.cc:2468] T 189bd75246b94823905c1b6d323378b5 P 0a8d8b22944b436eba06c9a2ff04468d [term 1 FOLLOWER]: Leader election vote request: Granting yes vote for candidate d69fa09790c24a4481cbce7e90d7362a in term 1.
I20260709 14:54:05.944260 25742 consensus_queue.cc:260] T 1c6ba4d5139e43299217a5eefed796af P d69fa09790c24a4481cbce7e90d7362a [NON_LEADER]: Queue going to NON_LEADER mode. State: All replicated index: 0, Majority replicated index: 0, Committed index: 0, Last appended: 0.0, Last appended by leader: 0, Current term: 0, Majority size: -1, State: 0, Mode: NON_LEADER, active raft config: opid_index: -1 OBSOLETE_local: false peers { permanent_uuid: "30bb00c479da45e38703211b654e4494" member_type: VOTER last_known_addr { host: "127.24.87.129" port: 34449 } } peers { permanent_uuid: "d69fa09790c24a4481cbce7e90d7362a" member_type: VOTER last_known_addr { host: "127.24.87.130" port: 33291 } } peers { permanent_uuid: "0a8d8b22944b436eba06c9a2ff04468d" member_type: VOTER last_known_addr { host: "127.24.87.131" port: 45823 } }
I20260709 14:54:05.946346 25742 ts_tablet_manager.cc:1434] T 1c6ba4d5139e43299217a5eefed796af P d69fa09790c24a4481cbce7e90d7362a: Time spent starting tablet: real 0.044s	user 0.005s	sys 0.002s
I20260709 14:54:05.946597 25741 tablet_bootstrap.cc:654] T 6d61fc80bf25445189ea0e0e1deaa41e P 30bb00c479da45e38703211b654e4494: Neither blocks nor log segments found. Creating new log.
I20260709 14:54:05.947270 25742 tablet_bootstrap.cc:492] T c35a98b3ff924638afb0d6575ed5018e P d69fa09790c24a4481cbce7e90d7362a: Bootstrap starting.
I20260709 14:54:05.954536 25742 tablet_bootstrap.cc:654] T c35a98b3ff924638afb0d6575ed5018e P d69fa09790c24a4481cbce7e90d7362a: Neither blocks nor log segments found. Creating new log.
I20260709 14:54:05.956269 25749 raft_consensus.cc:493] T e715f9accc174af597257088eb8bceaf P 30bb00c479da45e38703211b654e4494 [term 0 FOLLOWER]: Starting pre-election (no leader contacted us within the election timeout)
I20260709 14:54:05.958639 25749 raft_consensus.cc:515] T e715f9accc174af597257088eb8bceaf P 30bb00c479da45e38703211b654e4494 [term 0 FOLLOWER]: Starting pre-election with config: opid_index: -1 OBSOLETE_local: false peers { permanent_uuid: "30bb00c479da45e38703211b654e4494" member_type: VOTER last_known_addr { host: "127.24.87.129" port: 34449 } } peers { permanent_uuid: "d69fa09790c24a4481cbce7e90d7362a" member_type: VOTER last_known_addr { host: "127.24.87.130" port: 33291 } } peers { permanent_uuid: "0a8d8b22944b436eba06c9a2ff04468d" member_type: VOTER last_known_addr { host: "127.24.87.131" port: 45823 } }
I20260709 14:54:05.960990 25627 tablet_service.cc:1917] Received RequestConsensusVote() RPC: tablet_id: "1c6ba4d5139e43299217a5eefed796af" candidate_uuid: "30bb00c479da45e38703211b654e4494" candidate_term: 1 candidate_status { last_received { term: 0 index: 0 } } ignore_live_leader: false dest_uuid: "d69fa09790c24a4481cbce7e90d7362a" is_pre_election: true
I20260709 14:54:05.961689 25627 raft_consensus.cc:2468] T 1c6ba4d5139e43299217a5eefed796af P d69fa09790c24a4481cbce7e90d7362a [term 0 FOLLOWER]: Leader pre-election vote request: Granting yes vote for candidate 30bb00c479da45e38703211b654e4494 in term 0.
I20260709 14:54:05.961596 25749 leader_election.cc:290] T e715f9accc174af597257088eb8bceaf P 30bb00c479da45e38703211b654e4494 [CANDIDATE]: Term 1 pre-election: Requested pre-vote from peers d69fa09790c24a4481cbce7e90d7362a (127.24.87.130:33291), 0a8d8b22944b436eba06c9a2ff04468d (127.24.87.131:45823)
I20260709 14:54:05.964232 25777 raft_consensus.cc:493] T 6d61fc80bf25445189ea0e0e1deaa41e P 0a8d8b22944b436eba06c9a2ff04468d [term 0 FOLLOWER]: Starting pre-election (no leader contacted us within the election timeout)
I20260709 14:54:05.970600 25743 tablet_bootstrap.cc:492] T 2e4213c5d45d48b8872f314c6bfd108e P 0a8d8b22944b436eba06c9a2ff04468d: No bootstrap required, opened a new log
I20260709 14:54:05.971385 25743 ts_tablet_manager.cc:1403] T 2e4213c5d45d48b8872f314c6bfd108e P 0a8d8b22944b436eba06c9a2ff04468d: Time spent bootstrapping tablet: real 0.076s	user 0.019s	sys 0.021s
I20260709 14:54:05.965948 25777 raft_consensus.cc:515] T 6d61fc80bf25445189ea0e0e1deaa41e P 0a8d8b22944b436eba06c9a2ff04468d [term 0 FOLLOWER]: Starting pre-election with config: opid_index: -1 OBSOLETE_local: false peers { permanent_uuid: "30bb00c479da45e38703211b654e4494" member_type: VOTER last_known_addr { host: "127.24.87.129" port: 34449 } } peers { permanent_uuid: "d69fa09790c24a4481cbce7e90d7362a" member_type: VOTER last_known_addr { host: "127.24.87.130" port: 33291 } } peers { permanent_uuid: "0a8d8b22944b436eba06c9a2ff04468d" member_type: VOTER last_known_addr { host: "127.24.87.131" port: 45823 } }
I20260709 14:54:05.981904 25517 leader_election.cc:304] T 1c6ba4d5139e43299217a5eefed796af P 30bb00c479da45e38703211b654e4494 [CANDIDATE]: Term 1 pre-election: Election decided. Result: candidate won. Election summary: received 2 responses out of 3 voters: 2 yes votes; 0 no votes. yes voters: 30bb00c479da45e38703211b654e4494, d69fa09790c24a4481cbce7e90d7362a; no voters: 
I20260709 14:54:05.982276 25627 tablet_service.cc:1917] Received RequestConsensusVote() RPC: tablet_id: "e715f9accc174af597257088eb8bceaf" candidate_uuid: "30bb00c479da45e38703211b654e4494" candidate_term: 1 candidate_status { last_received { term: 0 index: 0 } } ignore_live_leader: false dest_uuid: "d69fa09790c24a4481cbce7e90d7362a" is_pre_election: true
I20260709 14:54:05.982877 25749 raft_consensus.cc:2804] T 1c6ba4d5139e43299217a5eefed796af P 30bb00c479da45e38703211b654e4494 [term 0 FOLLOWER]: Leader pre-election won for term 1
I20260709 14:54:05.983263 25700 tablet_service.cc:1917] Received RequestConsensusVote() RPC: tablet_id: "e715f9accc174af597257088eb8bceaf" candidate_uuid: "30bb00c479da45e38703211b654e4494" candidate_term: 1 candidate_status { last_received { term: 0 index: 0 } } ignore_live_leader: false dest_uuid: "0a8d8b22944b436eba06c9a2ff04468d" is_pre_election: true
I20260709 14:54:05.983491 25749 raft_consensus.cc:493] T 1c6ba4d5139e43299217a5eefed796af P 30bb00c479da45e38703211b654e4494 [term 0 FOLLOWER]: Starting leader election (no leader contacted us within the election timeout)
I20260709 14:54:05.982853 25701 tablet_service.cc:1917] Received RequestConsensusVote() RPC: tablet_id: "1c6ba4d5139e43299217a5eefed796af" candidate_uuid: "30bb00c479da45e38703211b654e4494" candidate_term: 1 candidate_status { last_received { term: 0 index: 0 } } ignore_live_leader: false dest_uuid: "0a8d8b22944b436eba06c9a2ff04468d" is_pre_election: true
I20260709 14:54:05.984334 25701 raft_consensus.cc:2468] T 1c6ba4d5139e43299217a5eefed796af P 0a8d8b22944b436eba06c9a2ff04468d [term 0 FOLLOWER]: Leader pre-election vote request: Granting yes vote for candidate 30bb00c479da45e38703211b654e4494 in term 0.
I20260709 14:54:05.983903 25749 raft_consensus.cc:3060] T 1c6ba4d5139e43299217a5eefed796af P 30bb00c479da45e38703211b654e4494 [term 0 FOLLOWER]: Advancing to term 1
W20260709 14:54:05.984874 25516 leader_election.cc:343] T e715f9accc174af597257088eb8bceaf P 30bb00c479da45e38703211b654e4494 [CANDIDATE]: Term 1 pre-election: Tablet error from VoteRequest() call to peer 0a8d8b22944b436eba06c9a2ff04468d (127.24.87.131:45823): Illegal state: must be running to vote when last-logged opid is not known
I20260709 14:54:05.994803 25777 leader_election.cc:290] T 6d61fc80bf25445189ea0e0e1deaa41e P 0a8d8b22944b436eba06c9a2ff04468d [CANDIDATE]: Term 1 pre-election: Requested pre-vote from peers 30bb00c479da45e38703211b654e4494 (127.24.87.129:34449), d69fa09790c24a4481cbce7e90d7362a (127.24.87.130:33291)
I20260709 14:54:05.995407 25450 catalog_manager.cc:5697] T c35a98b3ff924638afb0d6575ed5018e P 0a8d8b22944b436eba06c9a2ff04468d reported cstate change: term changed from 0 to 1, leader changed from <none> to 0a8d8b22944b436eba06c9a2ff04468d (127.24.87.131). New cstate: current_term: 1 leader_uuid: "0a8d8b22944b436eba06c9a2ff04468d" committed_config { opid_index: -1 OBSOLETE_local: false peers { permanent_uuid: "30bb00c479da45e38703211b654e4494" member_type: VOTER last_known_addr { host: "127.24.87.129" port: 34449 } health_report { overall_health: UNKNOWN } } peers { permanent_uuid: "d69fa09790c24a4481cbce7e90d7362a" member_type: VOTER last_known_addr { host: "127.24.87.130" port: 33291 } health_report { overall_health: UNKNOWN } } peers { permanent_uuid: "0a8d8b22944b436eba06c9a2ff04468d" member_type: VOTER last_known_addr { host: "127.24.87.131" port: 45823 } health_report { overall_health: HEALTHY } } }
I20260709 14:54:05.996651 25627 tablet_service.cc:1917] Received RequestConsensusVote() RPC: tablet_id: "6d61fc80bf25445189ea0e0e1deaa41e" candidate_uuid: "0a8d8b22944b436eba06c9a2ff04468d" candidate_term: 1 candidate_status { last_received { term: 0 index: 0 } } ignore_live_leader: false dest_uuid: "d69fa09790c24a4481cbce7e90d7362a" is_pre_election: true
W20260709 14:54:05.999104 25666 leader_election.cc:343] T 6d61fc80bf25445189ea0e0e1deaa41e P 0a8d8b22944b436eba06c9a2ff04468d [CANDIDATE]: Term 1 pre-election: Tablet error from VoteRequest() call to peer d69fa09790c24a4481cbce7e90d7362a (127.24.87.130:33291): Illegal state: must be running to vote when last-logged opid is not known
I20260709 14:54:05.998813 25743 raft_consensus.cc:359] T 2e4213c5d45d48b8872f314c6bfd108e P 0a8d8b22944b436eba06c9a2ff04468d [term 0 FOLLOWER]: Replica starting. Triggering 0 pending ops. Active config: opid_index: -1 OBSOLETE_local: false peers { permanent_uuid: "30bb00c479da45e38703211b654e4494" member_type: VOTER last_known_addr { host: "127.24.87.129" port: 34449 } } peers { permanent_uuid: "d69fa09790c24a4481cbce7e90d7362a" member_type: VOTER last_known_addr { host: "127.24.87.130" port: 33291 } } peers { permanent_uuid: "0a8d8b22944b436eba06c9a2ff04468d" member_type: VOTER last_known_addr { host: "127.24.87.131" port: 45823 } }
I20260709 14:54:06.000830 25743 raft_consensus.cc:385] T 2e4213c5d45d48b8872f314c6bfd108e P 0a8d8b22944b436eba06c9a2ff04468d [term 0 FOLLOWER]: Consensus starting up: Expiring failure detector timer to make a prompt election more likely
I20260709 14:54:06.001451 25743 raft_consensus.cc:740] T 2e4213c5d45d48b8872f314c6bfd108e P 0a8d8b22944b436eba06c9a2ff04468d [term 0 FOLLOWER]: Becoming Follower/Learner. State: Replica: 0a8d8b22944b436eba06c9a2ff04468d, State: Initialized, Role: FOLLOWER
I20260709 14:54:06.007948 25551 tablet_service.cc:1917] Received RequestConsensusVote() RPC: tablet_id: "6d61fc80bf25445189ea0e0e1deaa41e" candidate_uuid: "0a8d8b22944b436eba06c9a2ff04468d" candidate_term: 1 candidate_status { last_received { term: 0 index: 0 } } ignore_live_leader: false dest_uuid: "30bb00c479da45e38703211b654e4494" is_pre_election: true
W20260709 14:54:06.012208 25517 leader_election.cc:343] T e715f9accc174af597257088eb8bceaf P 30bb00c479da45e38703211b654e4494 [CANDIDATE]: Term 1 pre-election: Tablet error from VoteRequest() call to peer d69fa09790c24a4481cbce7e90d7362a (127.24.87.130:33291): Illegal state: must be running to vote when last-logged opid is not known
I20260709 14:54:06.012718 25517 leader_election.cc:304] T e715f9accc174af597257088eb8bceaf P 30bb00c479da45e38703211b654e4494 [CANDIDATE]: Term 1 pre-election: Election decided. Result: candidate lost. Election summary: received 3 responses out of 3 voters: 1 yes votes; 2 no votes. yes voters: 30bb00c479da45e38703211b654e4494; no voters: 0a8d8b22944b436eba06c9a2ff04468d, d69fa09790c24a4481cbce7e90d7362a
I20260709 14:54:06.013824 25743 consensus_queue.cc:260] T 2e4213c5d45d48b8872f314c6bfd108e P 0a8d8b22944b436eba06c9a2ff04468d [NON_LEADER]: Queue going to NON_LEADER mode. State: All replicated index: 0, Majority replicated index: 0, Committed index: 0, Last appended: 0.0, Last appended by leader: 0, Current term: 0, Majority size: -1, State: 0, Mode: NON_LEADER, active raft config: opid_index: -1 OBSOLETE_local: false peers { permanent_uuid: "30bb00c479da45e38703211b654e4494" member_type: VOTER last_known_addr { host: "127.24.87.129" port: 34449 } } peers { permanent_uuid: "d69fa09790c24a4481cbce7e90d7362a" member_type: VOTER last_known_addr { host: "127.24.87.130" port: 33291 } } peers { permanent_uuid: "0a8d8b22944b436eba06c9a2ff04468d" member_type: VOTER last_known_addr { host: "127.24.87.131" port: 45823 } }
I20260709 14:54:06.018451 25743 ts_tablet_manager.cc:1434] T 2e4213c5d45d48b8872f314c6bfd108e P 0a8d8b22944b436eba06c9a2ff04468d: Time spent starting tablet: real 0.047s	user 0.008s	sys 0.000s
I20260709 14:54:06.018749 25742 tablet_bootstrap.cc:492] T c35a98b3ff924638afb0d6575ed5018e P d69fa09790c24a4481cbce7e90d7362a: No bootstrap required, opened a new log
I20260709 14:54:06.019490 25743 tablet_bootstrap.cc:492] T fbc65b15b10742369d489fd6e1da1e90 P 0a8d8b22944b436eba06c9a2ff04468d: Bootstrap starting.
I20260709 14:54:06.019703 25742 ts_tablet_manager.cc:1403] T c35a98b3ff924638afb0d6575ed5018e P d69fa09790c24a4481cbce7e90d7362a: Time spent bootstrapping tablet: real 0.073s	user 0.013s	sys 0.001s
I20260709 14:54:06.015440 25749 raft_consensus.cc:515] T 1c6ba4d5139e43299217a5eefed796af P 30bb00c479da45e38703211b654e4494 [term 1 FOLLOWER]: Starting leader election with config: opid_index: -1 OBSOLETE_local: false peers { permanent_uuid: "30bb00c479da45e38703211b654e4494" member_type: VOTER last_known_addr { host: "127.24.87.129" port: 34449 } } peers { permanent_uuid: "d69fa09790c24a4481cbce7e90d7362a" member_type: VOTER last_known_addr { host: "127.24.87.130" port: 33291 } } peers { permanent_uuid: "0a8d8b22944b436eba06c9a2ff04468d" member_type: VOTER last_known_addr { host: "127.24.87.131" port: 45823 } }
I20260709 14:54:06.022890 25749 leader_election.cc:290] T 1c6ba4d5139e43299217a5eefed796af P 30bb00c479da45e38703211b654e4494 [CANDIDATE]: Term 1 election: Requested vote from peers d69fa09790c24a4481cbce7e90d7362a (127.24.87.130:33291), 0a8d8b22944b436eba06c9a2ff04468d (127.24.87.131:45823)
I20260709 14:54:06.023846 25749 raft_consensus.cc:2749] T e715f9accc174af597257088eb8bceaf P 30bb00c479da45e38703211b654e4494 [term 0 FOLLOWER]: Leader pre-election lost for term 1. Reason: could not achieve majority
I20260709 14:54:06.024114 25701 tablet_service.cc:1917] Received RequestConsensusVote() RPC: tablet_id: "1c6ba4d5139e43299217a5eefed796af" candidate_uuid: "30bb00c479da45e38703211b654e4494" candidate_term: 1 candidate_status { last_received { term: 0 index: 0 } } ignore_live_leader: false dest_uuid: "0a8d8b22944b436eba06c9a2ff04468d"
I20260709 14:54:06.024677 25701 raft_consensus.cc:3060] T 1c6ba4d5139e43299217a5eefed796af P 0a8d8b22944b436eba06c9a2ff04468d [term 0 FOLLOWER]: Advancing to term 1
I20260709 14:54:06.026599 25742 raft_consensus.cc:359] T c35a98b3ff924638afb0d6575ed5018e P d69fa09790c24a4481cbce7e90d7362a [term 0 FOLLOWER]: Replica starting. Triggering 0 pending ops. Active config: opid_index: -1 OBSOLETE_local: false peers { permanent_uuid: "30bb00c479da45e38703211b654e4494" member_type: VOTER last_known_addr { host: "127.24.87.129" port: 34449 } } peers { permanent_uuid: "d69fa09790c24a4481cbce7e90d7362a" member_type: VOTER last_known_addr { host: "127.24.87.130" port: 33291 } } peers { permanent_uuid: "0a8d8b22944b436eba06c9a2ff04468d" member_type: VOTER last_known_addr { host: "127.24.87.131" port: 45823 } }
I20260709 14:54:06.027607 25742 raft_consensus.cc:385] T c35a98b3ff924638afb0d6575ed5018e P d69fa09790c24a4481cbce7e90d7362a [term 0 FOLLOWER]: Consensus starting up: Expiring failure detector timer to make a prompt election more likely
I20260709 14:54:06.028012 25742 raft_consensus.cc:740] T c35a98b3ff924638afb0d6575ed5018e P d69fa09790c24a4481cbce7e90d7362a [term 0 FOLLOWER]: Becoming Follower/Learner. State: Replica: d69fa09790c24a4481cbce7e90d7362a, State: Initialized, Role: FOLLOWER
I20260709 14:54:06.029232 25742 consensus_queue.cc:260] T c35a98b3ff924638afb0d6575ed5018e P d69fa09790c24a4481cbce7e90d7362a [NON_LEADER]: Queue going to NON_LEADER mode. State: All replicated index: 0, Majority replicated index: 0, Committed index: 0, Last appended: 0.0, Last appended by leader: 0, Current term: 0, Majority size: -1, State: 0, Mode: NON_LEADER, active raft config: opid_index: -1 OBSOLETE_local: false peers { permanent_uuid: "30bb00c479da45e38703211b654e4494" member_type: VOTER last_known_addr { host: "127.24.87.129" port: 34449 } } peers { permanent_uuid: "d69fa09790c24a4481cbce7e90d7362a" member_type: VOTER last_known_addr { host: "127.24.87.130" port: 33291 } } peers { permanent_uuid: "0a8d8b22944b436eba06c9a2ff04468d" member_type: VOTER last_known_addr { host: "127.24.87.131" port: 45823 } }
I20260709 14:54:06.032023 25701 raft_consensus.cc:2468] T 1c6ba4d5139e43299217a5eefed796af P 0a8d8b22944b436eba06c9a2ff04468d [term 1 FOLLOWER]: Leader election vote request: Granting yes vote for candidate 30bb00c479da45e38703211b654e4494 in term 1.
I20260709 14:54:06.032261 25742 ts_tablet_manager.cc:1434] T c35a98b3ff924638afb0d6575ed5018e P d69fa09790c24a4481cbce7e90d7362a: Time spent starting tablet: real 0.012s	user 0.007s	sys 0.000s
I20260709 14:54:06.033304 25516 leader_election.cc:304] T 1c6ba4d5139e43299217a5eefed796af P 30bb00c479da45e38703211b654e4494 [CANDIDATE]: Term 1 election: Election decided. Result: candidate won. Election summary: received 2 responses out of 3 voters: 2 yes votes; 0 no votes. yes voters: 0a8d8b22944b436eba06c9a2ff04468d, 30bb00c479da45e38703211b654e4494; no voters: 
I20260709 14:54:06.034578 25749 raft_consensus.cc:2804] T 1c6ba4d5139e43299217a5eefed796af P 30bb00c479da45e38703211b654e4494 [term 1 FOLLOWER]: Leader election won for term 1
I20260709 14:54:06.035085 25749 raft_consensus.cc:697] T 1c6ba4d5139e43299217a5eefed796af P 30bb00c479da45e38703211b654e4494 [term 1 LEADER]: Becoming Leader. State: Replica: 30bb00c479da45e38703211b654e4494, State: Running, Role: LEADER
W20260709 14:54:06.036933 25664 leader_election.cc:343] T 6d61fc80bf25445189ea0e0e1deaa41e P 0a8d8b22944b436eba06c9a2ff04468d [CANDIDATE]: Term 1 pre-election: Tablet error from VoteRequest() call to peer 30bb00c479da45e38703211b654e4494 (127.24.87.129:34449): Illegal state: must be running to vote when last-logged opid is not known
I20260709 14:54:06.038318 25664 leader_election.cc:304] T 6d61fc80bf25445189ea0e0e1deaa41e P 0a8d8b22944b436eba06c9a2ff04468d [CANDIDATE]: Term 1 pre-election: Election decided. Result: candidate lost. Election summary: received 3 responses out of 3 voters: 1 yes votes; 2 no votes. yes voters: 0a8d8b22944b436eba06c9a2ff04468d; no voters: 30bb00c479da45e38703211b654e4494, d69fa09790c24a4481cbce7e90d7362a
I20260709 14:54:06.039840 25742 tablet_bootstrap.cc:492] T 6d61fc80bf25445189ea0e0e1deaa41e P d69fa09790c24a4481cbce7e90d7362a: Bootstrap starting.
I20260709 14:54:06.041579 25448 catalog_manager.cc:5697] T 189bd75246b94823905c1b6d323378b5 P d69fa09790c24a4481cbce7e90d7362a reported cstate change: term changed from 0 to 1, leader changed from <none> to d69fa09790c24a4481cbce7e90d7362a (127.24.87.130). New cstate: current_term: 1 leader_uuid: "d69fa09790c24a4481cbce7e90d7362a" committed_config { opid_index: -1 OBSOLETE_local: false peers { permanent_uuid: "30bb00c479da45e38703211b654e4494" member_type: VOTER last_known_addr { host: "127.24.87.129" port: 34449 } health_report { overall_health: UNKNOWN } } peers { permanent_uuid: "d69fa09790c24a4481cbce7e90d7362a" member_type: VOTER last_known_addr { host: "127.24.87.130" port: 33291 } health_report { overall_health: HEALTHY } } peers { permanent_uuid: "0a8d8b22944b436eba06c9a2ff04468d" member_type: VOTER last_known_addr { host: "127.24.87.131" port: 45823 } health_report { overall_health: UNKNOWN } } }
I20260709 14:54:06.043664 25743 tablet_bootstrap.cc:654] T fbc65b15b10742369d489fd6e1da1e90 P 0a8d8b22944b436eba06c9a2ff04468d: Neither blocks nor log segments found. Creating new log.
I20260709 14:54:06.045648 25777 raft_consensus.cc:2749] T 6d61fc80bf25445189ea0e0e1deaa41e P 0a8d8b22944b436eba06c9a2ff04468d [term 0 FOLLOWER]: Leader pre-election lost for term 1. Reason: could not achieve majority
I20260709 14:54:06.046729 25741 tablet_bootstrap.cc:492] T 6d61fc80bf25445189ea0e0e1deaa41e P 30bb00c479da45e38703211b654e4494: No bootstrap required, opened a new log
I20260709 14:54:06.047097 25741 ts_tablet_manager.cc:1403] T 6d61fc80bf25445189ea0e0e1deaa41e P 30bb00c479da45e38703211b654e4494: Time spent bootstrapping tablet: real 0.113s	user 0.040s	sys 0.032s
I20260709 14:54:06.036458 25749 consensus_queue.cc:237] T 1c6ba4d5139e43299217a5eefed796af P 30bb00c479da45e38703211b654e4494 [LEADER]: Queue going to LEADER mode. State: All replicated index: 0, Majority replicated index: 0, Committed index: 0, Last appended: 0.0, Last appended by leader: 0, Current term: 1, Majority size: 2, State: 0, Mode: LEADER, active raft config: opid_index: -1 OBSOLETE_local: false peers { permanent_uuid: "30bb00c479da45e38703211b654e4494" member_type: VOTER last_known_addr { host: "127.24.87.129" port: 34449 } } peers { permanent_uuid: "d69fa09790c24a4481cbce7e90d7362a" member_type: VOTER last_known_addr { host: "127.24.87.130" port: 33291 } } peers { permanent_uuid: "0a8d8b22944b436eba06c9a2ff04468d" member_type: VOTER last_known_addr { host: "127.24.87.131" port: 45823 } }
I20260709 14:54:06.048962 25627 tablet_service.cc:1917] Received RequestConsensusVote() RPC: tablet_id: "1c6ba4d5139e43299217a5eefed796af" candidate_uuid: "30bb00c479da45e38703211b654e4494" candidate_term: 1 candidate_status { last_received { term: 0 index: 0 } } ignore_live_leader: false dest_uuid: "d69fa09790c24a4481cbce7e90d7362a"
I20260709 14:54:06.049657 25627 raft_consensus.cc:3060] T 1c6ba4d5139e43299217a5eefed796af P d69fa09790c24a4481cbce7e90d7362a [term 0 FOLLOWER]: Advancing to term 1
I20260709 14:54:06.051604 25742 tablet_bootstrap.cc:654] T 6d61fc80bf25445189ea0e0e1deaa41e P d69fa09790c24a4481cbce7e90d7362a: Neither blocks nor log segments found. Creating new log.
I20260709 14:54:06.053980 25741 raft_consensus.cc:359] T 6d61fc80bf25445189ea0e0e1deaa41e P 30bb00c479da45e38703211b654e4494 [term 0 FOLLOWER]: Replica starting. Triggering 0 pending ops. Active config: opid_index: -1 OBSOLETE_local: false peers { permanent_uuid: "30bb00c479da45e38703211b654e4494" member_type: VOTER last_known_addr { host: "127.24.87.129" port: 34449 } } peers { permanent_uuid: "d69fa09790c24a4481cbce7e90d7362a" member_type: VOTER last_known_addr { host: "127.24.87.130" port: 33291 } } peers { permanent_uuid: "0a8d8b22944b436eba06c9a2ff04468d" member_type: VOTER last_known_addr { host: "127.24.87.131" port: 45823 } }
I20260709 14:54:06.054800 25741 raft_consensus.cc:385] T 6d61fc80bf25445189ea0e0e1deaa41e P 30bb00c479da45e38703211b654e4494 [term 0 FOLLOWER]: Consensus starting up: Expiring failure detector timer to make a prompt election more likely
I20260709 14:54:06.055145 25741 raft_consensus.cc:740] T 6d61fc80bf25445189ea0e0e1deaa41e P 30bb00c479da45e38703211b654e4494 [term 0 FOLLOWER]: Becoming Follower/Learner. State: Replica: 30bb00c479da45e38703211b654e4494, State: Initialized, Role: FOLLOWER
I20260709 14:54:06.057087 25741 consensus_queue.cc:260] T 6d61fc80bf25445189ea0e0e1deaa41e P 30bb00c479da45e38703211b654e4494 [NON_LEADER]: Queue going to NON_LEADER mode. State: All replicated index: 0, Majority replicated index: 0, Committed index: 0, Last appended: 0.0, Last appended by leader: 0, Current term: 0, Majority size: -1, State: 0, Mode: NON_LEADER, active raft config: opid_index: -1 OBSOLETE_local: false peers { permanent_uuid: "30bb00c479da45e38703211b654e4494" member_type: VOTER last_known_addr { host: "127.24.87.129" port: 34449 } } peers { permanent_uuid: "d69fa09790c24a4481cbce7e90d7362a" member_type: VOTER last_known_addr { host: "127.24.87.130" port: 33291 } } peers { permanent_uuid: "0a8d8b22944b436eba06c9a2ff04468d" member_type: VOTER last_known_addr { host: "127.24.87.131" port: 45823 } }
I20260709 14:54:06.059867 25741 ts_tablet_manager.cc:1434] T 6d61fc80bf25445189ea0e0e1deaa41e P 30bb00c479da45e38703211b654e4494: Time spent starting tablet: real 0.013s	user 0.007s	sys 0.000s
I20260709 14:54:06.061060 25741 tablet_bootstrap.cc:492] T fbc65b15b10742369d489fd6e1da1e90 P 30bb00c479da45e38703211b654e4494: Bootstrap starting.
I20260709 14:54:06.063953 25742 tablet_bootstrap.cc:492] T 6d61fc80bf25445189ea0e0e1deaa41e P d69fa09790c24a4481cbce7e90d7362a: No bootstrap required, opened a new log
I20260709 14:54:06.064507 25742 ts_tablet_manager.cc:1403] T 6d61fc80bf25445189ea0e0e1deaa41e P d69fa09790c24a4481cbce7e90d7362a: Time spent bootstrapping tablet: real 0.031s	user 0.017s	sys 0.000s
I20260709 14:54:06.067312 25741 tablet_bootstrap.cc:654] T fbc65b15b10742369d489fd6e1da1e90 P 30bb00c479da45e38703211b654e4494: Neither blocks nor log segments found. Creating new log.
I20260709 14:54:06.067219 25742 raft_consensus.cc:359] T 6d61fc80bf25445189ea0e0e1deaa41e P d69fa09790c24a4481cbce7e90d7362a [term 0 FOLLOWER]: Replica starting. Triggering 0 pending ops. Active config: opid_index: -1 OBSOLETE_local: false peers { permanent_uuid: "30bb00c479da45e38703211b654e4494" member_type: VOTER last_known_addr { host: "127.24.87.129" port: 34449 } } peers { permanent_uuid: "d69fa09790c24a4481cbce7e90d7362a" member_type: VOTER last_known_addr { host: "127.24.87.130" port: 33291 } } peers { permanent_uuid: "0a8d8b22944b436eba06c9a2ff04468d" member_type: VOTER last_known_addr { host: "127.24.87.131" port: 45823 } }
I20260709 14:54:06.067929 25742 raft_consensus.cc:385] T 6d61fc80bf25445189ea0e0e1deaa41e P d69fa09790c24a4481cbce7e90d7362a [term 0 FOLLOWER]: Consensus starting up: Expiring failure detector timer to make a prompt election more likely
I20260709 14:54:06.068233 25742 raft_consensus.cc:740] T 6d61fc80bf25445189ea0e0e1deaa41e P d69fa09790c24a4481cbce7e90d7362a [term 0 FOLLOWER]: Becoming Follower/Learner. State: Replica: d69fa09790c24a4481cbce7e90d7362a, State: Initialized, Role: FOLLOWER
I20260709 14:54:06.068408 25627 raft_consensus.cc:2468] T 1c6ba4d5139e43299217a5eefed796af P d69fa09790c24a4481cbce7e90d7362a [term 1 FOLLOWER]: Leader election vote request: Granting yes vote for candidate 30bb00c479da45e38703211b654e4494 in term 1.
I20260709 14:54:06.069017 25742 consensus_queue.cc:260] T 6d61fc80bf25445189ea0e0e1deaa41e P d69fa09790c24a4481cbce7e90d7362a [NON_LEADER]: Queue going to NON_LEADER mode. State: All replicated index: 0, Majority replicated index: 0, Committed index: 0, Last appended: 0.0, Last appended by leader: 0, Current term: 0, Majority size: -1, State: 0, Mode: NON_LEADER, active raft config: opid_index: -1 OBSOLETE_local: false peers { permanent_uuid: "30bb00c479da45e38703211b654e4494" member_type: VOTER last_known_addr { host: "127.24.87.129" port: 34449 } } peers { permanent_uuid: "d69fa09790c24a4481cbce7e90d7362a" member_type: VOTER last_known_addr { host: "127.24.87.130" port: 33291 } } peers { permanent_uuid: "0a8d8b22944b436eba06c9a2ff04468d" member_type: VOTER last_known_addr { host: "127.24.87.131" port: 45823 } }
I20260709 14:54:06.071974 25742 ts_tablet_manager.cc:1434] T 6d61fc80bf25445189ea0e0e1deaa41e P d69fa09790c24a4481cbce7e90d7362a: Time spent starting tablet: real 0.007s	user 0.008s	sys 0.000s
I20260709 14:54:06.073264 25742 tablet_bootstrap.cc:492] T e715f9accc174af597257088eb8bceaf P d69fa09790c24a4481cbce7e90d7362a: Bootstrap starting.
I20260709 14:54:06.079036 25741 tablet_bootstrap.cc:492] T fbc65b15b10742369d489fd6e1da1e90 P 30bb00c479da45e38703211b654e4494: No bootstrap required, opened a new log
I20260709 14:54:06.079582 25741 ts_tablet_manager.cc:1403] T fbc65b15b10742369d489fd6e1da1e90 P 30bb00c479da45e38703211b654e4494: Time spent bootstrapping tablet: real 0.019s	user 0.015s	sys 0.000s
I20260709 14:54:06.080590 25742 tablet_bootstrap.cc:654] T e715f9accc174af597257088eb8bceaf P d69fa09790c24a4481cbce7e90d7362a: Neither blocks nor log segments found. Creating new log.
I20260709 14:54:06.082355 25741 raft_consensus.cc:359] T fbc65b15b10742369d489fd6e1da1e90 P 30bb00c479da45e38703211b654e4494 [term 0 FOLLOWER]: Replica starting. Triggering 0 pending ops. Active config: opid_index: -1 OBSOLETE_local: false peers { permanent_uuid: "30bb00c479da45e38703211b654e4494" member_type: VOTER last_known_addr { host: "127.24.87.129" port: 34449 } } peers { permanent_uuid: "d69fa09790c24a4481cbce7e90d7362a" member_type: VOTER last_known_addr { host: "127.24.87.130" port: 33291 } } peers { permanent_uuid: "0a8d8b22944b436eba06c9a2ff04468d" member_type: VOTER last_known_addr { host: "127.24.87.131" port: 45823 } }
I20260709 14:54:06.083050 25741 raft_consensus.cc:385] T fbc65b15b10742369d489fd6e1da1e90 P 30bb00c479da45e38703211b654e4494 [term 0 FOLLOWER]: Consensus starting up: Expiring failure detector timer to make a prompt election more likely
I20260709 14:54:06.083343 25741 raft_consensus.cc:740] T fbc65b15b10742369d489fd6e1da1e90 P 30bb00c479da45e38703211b654e4494 [term 0 FOLLOWER]: Becoming Follower/Learner. State: Replica: 30bb00c479da45e38703211b654e4494, State: Initialized, Role: FOLLOWER
I20260709 14:54:06.084532 25741 consensus_queue.cc:260] T fbc65b15b10742369d489fd6e1da1e90 P 30bb00c479da45e38703211b654e4494 [NON_LEADER]: Queue going to NON_LEADER mode. State: All replicated index: 0, Majority replicated index: 0, Committed index: 0, Last appended: 0.0, Last appended by leader: 0, Current term: 0, Majority size: -1, State: 0, Mode: NON_LEADER, active raft config: opid_index: -1 OBSOLETE_local: false peers { permanent_uuid: "30bb00c479da45e38703211b654e4494" member_type: VOTER last_known_addr { host: "127.24.87.129" port: 34449 } } peers { permanent_uuid: "d69fa09790c24a4481cbce7e90d7362a" member_type: VOTER last_known_addr { host: "127.24.87.130" port: 33291 } } peers { permanent_uuid: "0a8d8b22944b436eba06c9a2ff04468d" member_type: VOTER last_known_addr { host: "127.24.87.131" port: 45823 } }
I20260709 14:54:06.087770 25741 ts_tablet_manager.cc:1434] T fbc65b15b10742369d489fd6e1da1e90 P 30bb00c479da45e38703211b654e4494: Time spent starting tablet: real 0.008s	user 0.008s	sys 0.000s
I20260709 14:54:06.091360 25742 tablet_bootstrap.cc:492] T e715f9accc174af597257088eb8bceaf P d69fa09790c24a4481cbce7e90d7362a: No bootstrap required, opened a new log
I20260709 14:54:06.091988 25742 ts_tablet_manager.cc:1403] T e715f9accc174af597257088eb8bceaf P d69fa09790c24a4481cbce7e90d7362a: Time spent bootstrapping tablet: real 0.019s	user 0.012s	sys 0.004s
I20260709 14:54:06.095659 25747 raft_consensus.cc:493] T 2e4213c5d45d48b8872f314c6bfd108e P d69fa09790c24a4481cbce7e90d7362a [term 0 FOLLOWER]: Starting pre-election (no leader contacted us within the election timeout)
I20260709 14:54:06.095928 25742 raft_consensus.cc:359] T e715f9accc174af597257088eb8bceaf P d69fa09790c24a4481cbce7e90d7362a [term 0 FOLLOWER]: Replica starting. Triggering 0 pending ops. Active config: opid_index: -1 OBSOLETE_local: false peers { permanent_uuid: "30bb00c479da45e38703211b654e4494" member_type: VOTER last_known_addr { host: "127.24.87.129" port: 34449 } } peers { permanent_uuid: "d69fa09790c24a4481cbce7e90d7362a" member_type: VOTER last_known_addr { host: "127.24.87.130" port: 33291 } } peers { permanent_uuid: "0a8d8b22944b436eba06c9a2ff04468d" member_type: VOTER last_known_addr { host: "127.24.87.131" port: 45823 } }
I20260709 14:54:06.096145 25747 raft_consensus.cc:515] T 2e4213c5d45d48b8872f314c6bfd108e P d69fa09790c24a4481cbce7e90d7362a [term 0 FOLLOWER]: Starting pre-election with config: opid_index: -1 OBSOLETE_local: false peers { permanent_uuid: "30bb00c479da45e38703211b654e4494" member_type: VOTER last_known_addr { host: "127.24.87.129" port: 34449 } } peers { permanent_uuid: "d69fa09790c24a4481cbce7e90d7362a" member_type: VOTER last_known_addr { host: "127.24.87.130" port: 33291 } } peers { permanent_uuid: "0a8d8b22944b436eba06c9a2ff04468d" member_type: VOTER last_known_addr { host: "127.24.87.131" port: 45823 } }
I20260709 14:54:06.096724 25742 raft_consensus.cc:385] T e715f9accc174af597257088eb8bceaf P d69fa09790c24a4481cbce7e90d7362a [term 0 FOLLOWER]: Consensus starting up: Expiring failure detector timer to make a prompt election more likely
I20260709 14:54:06.097134 25742 raft_consensus.cc:740] T e715f9accc174af597257088eb8bceaf P d69fa09790c24a4481cbce7e90d7362a [term 0 FOLLOWER]: Becoming Follower/Learner. State: Replica: d69fa09790c24a4481cbce7e90d7362a, State: Initialized, Role: FOLLOWER
I20260709 14:54:06.098272 25743 tablet_bootstrap.cc:492] T fbc65b15b10742369d489fd6e1da1e90 P 0a8d8b22944b436eba06c9a2ff04468d: No bootstrap required, opened a new log
I20260709 14:54:06.098834 25743 ts_tablet_manager.cc:1403] T fbc65b15b10742369d489fd6e1da1e90 P 0a8d8b22944b436eba06c9a2ff04468d: Time spent bootstrapping tablet: real 0.080s	user 0.028s	sys 0.026s
I20260709 14:54:06.098352 25742 consensus_queue.cc:260] T e715f9accc174af597257088eb8bceaf P d69fa09790c24a4481cbce7e90d7362a [NON_LEADER]: Queue going to NON_LEADER mode. State: All replicated index: 0, Majority replicated index: 0, Committed index: 0, Last appended: 0.0, Last appended by leader: 0, Current term: 0, Majority size: -1, State: 0, Mode: NON_LEADER, active raft config: opid_index: -1 OBSOLETE_local: false peers { permanent_uuid: "30bb00c479da45e38703211b654e4494" member_type: VOTER last_known_addr { host: "127.24.87.129" port: 34449 } } peers { permanent_uuid: "d69fa09790c24a4481cbce7e90d7362a" member_type: VOTER last_known_addr { host: "127.24.87.130" port: 33291 } } peers { permanent_uuid: "0a8d8b22944b436eba06c9a2ff04468d" member_type: VOTER last_known_addr { host: "127.24.87.131" port: 45823 } }
I20260709 14:54:06.100071 25701 tablet_service.cc:1917] Received RequestConsensusVote() RPC: tablet_id: "2e4213c5d45d48b8872f314c6bfd108e" candidate_uuid: "d69fa09790c24a4481cbce7e90d7362a" candidate_term: 1 candidate_status { last_received { term: 0 index: 0 } } ignore_live_leader: false dest_uuid: "0a8d8b22944b436eba06c9a2ff04468d" is_pre_election: true
I20260709 14:54:06.100770 25701 raft_consensus.cc:2468] T 2e4213c5d45d48b8872f314c6bfd108e P 0a8d8b22944b436eba06c9a2ff04468d [term 0 FOLLOWER]: Leader pre-election vote request: Granting yes vote for candidate d69fa09790c24a4481cbce7e90d7362a in term 0.
I20260709 14:54:06.101254 25742 ts_tablet_manager.cc:1434] T e715f9accc174af597257088eb8bceaf P d69fa09790c24a4481cbce7e90d7362a: Time spent starting tablet: real 0.009s	user 0.007s	sys 0.000s
I20260709 14:54:06.102016 25591 leader_election.cc:304] T 2e4213c5d45d48b8872f314c6bfd108e P d69fa09790c24a4481cbce7e90d7362a [CANDIDATE]: Term 1 pre-election: Election decided. Result: candidate won. Election summary: received 2 responses out of 3 voters: 2 yes votes; 0 no votes. yes voters: 0a8d8b22944b436eba06c9a2ff04468d, d69fa09790c24a4481cbce7e90d7362a; no voters: 
I20260709 14:54:06.102494 25742 tablet_bootstrap.cc:492] T fbc65b15b10742369d489fd6e1da1e90 P d69fa09790c24a4481cbce7e90d7362a: Bootstrap starting.
I20260709 14:54:06.102941 25762 raft_consensus.cc:2804] T 2e4213c5d45d48b8872f314c6bfd108e P d69fa09790c24a4481cbce7e90d7362a [term 0 FOLLOWER]: Leader pre-election won for term 1
I20260709 14:54:06.103312 25762 raft_consensus.cc:493] T 2e4213c5d45d48b8872f314c6bfd108e P d69fa09790c24a4481cbce7e90d7362a [term 0 FOLLOWER]: Starting leader election (no leader contacted us within the election timeout)
I20260709 14:54:06.103645 25762 raft_consensus.cc:3060] T 2e4213c5d45d48b8872f314c6bfd108e P d69fa09790c24a4481cbce7e90d7362a [term 0 FOLLOWER]: Advancing to term 1
I20260709 14:54:06.103580 25551 tablet_service.cc:1917] Received RequestConsensusVote() RPC: tablet_id: "2e4213c5d45d48b8872f314c6bfd108e" candidate_uuid: "d69fa09790c24a4481cbce7e90d7362a" candidate_term: 1 candidate_status { last_received { term: 0 index: 0 } } ignore_live_leader: false dest_uuid: "30bb00c479da45e38703211b654e4494" is_pre_election: true
I20260709 14:54:06.104254 25551 raft_consensus.cc:2468] T 2e4213c5d45d48b8872f314c6bfd108e P 30bb00c479da45e38703211b654e4494 [term 0 FOLLOWER]: Leader pre-election vote request: Granting yes vote for candidate d69fa09790c24a4481cbce7e90d7362a in term 0.
I20260709 14:54:06.098371 25747 leader_election.cc:290] T 2e4213c5d45d48b8872f314c6bfd108e P d69fa09790c24a4481cbce7e90d7362a [CANDIDATE]: Term 1 pre-election: Requested pre-vote from peers 30bb00c479da45e38703211b654e4494 (127.24.87.129:34449), 0a8d8b22944b436eba06c9a2ff04468d (127.24.87.131:45823)
I20260709 14:54:06.111541 25742 tablet_bootstrap.cc:654] T fbc65b15b10742369d489fd6e1da1e90 P d69fa09790c24a4481cbce7e90d7362a: Neither blocks nor log segments found. Creating new log.
I20260709 14:54:06.111972 25762 raft_consensus.cc:515] T 2e4213c5d45d48b8872f314c6bfd108e P d69fa09790c24a4481cbce7e90d7362a [term 1 FOLLOWER]: Starting leader election with config: opid_index: -1 OBSOLETE_local: false peers { permanent_uuid: "30bb00c479da45e38703211b654e4494" member_type: VOTER last_known_addr { host: "127.24.87.129" port: 34449 } } peers { permanent_uuid: "d69fa09790c24a4481cbce7e90d7362a" member_type: VOTER last_known_addr { host: "127.24.87.130" port: 33291 } } peers { permanent_uuid: "0a8d8b22944b436eba06c9a2ff04468d" member_type: VOTER last_known_addr { host: "127.24.87.131" port: 45823 } }
I20260709 14:54:06.102154 25743 raft_consensus.cc:359] T fbc65b15b10742369d489fd6e1da1e90 P 0a8d8b22944b436eba06c9a2ff04468d [term 0 FOLLOWER]: Replica starting. Triggering 0 pending ops. Active config: opid_index: -1 OBSOLETE_local: false peers { permanent_uuid: "30bb00c479da45e38703211b654e4494" member_type: VOTER last_known_addr { host: "127.24.87.129" port: 34449 } } peers { permanent_uuid: "d69fa09790c24a4481cbce7e90d7362a" member_type: VOTER last_known_addr { host: "127.24.87.130" port: 33291 } } peers { permanent_uuid: "0a8d8b22944b436eba06c9a2ff04468d" member_type: VOTER last_known_addr { host: "127.24.87.131" port: 45823 } }
I20260709 14:54:06.113678 25743 raft_consensus.cc:385] T fbc65b15b10742369d489fd6e1da1e90 P 0a8d8b22944b436eba06c9a2ff04468d [term 0 FOLLOWER]: Consensus starting up: Expiring failure detector timer to make a prompt election more likely
I20260709 14:54:06.114053 25743 raft_consensus.cc:740] T fbc65b15b10742369d489fd6e1da1e90 P 0a8d8b22944b436eba06c9a2ff04468d [term 0 FOLLOWER]: Becoming Follower/Learner. State: Replica: 0a8d8b22944b436eba06c9a2ff04468d, State: Initialized, Role: FOLLOWER
I20260709 14:54:06.116834 25551 tablet_service.cc:1917] Received RequestConsensusVote() RPC: tablet_id: "2e4213c5d45d48b8872f314c6bfd108e" candidate_uuid: "d69fa09790c24a4481cbce7e90d7362a" candidate_term: 1 candidate_status { last_received { term: 0 index: 0 } } ignore_live_leader: false dest_uuid: "30bb00c479da45e38703211b654e4494"
I20260709 14:54:06.117434 25551 raft_consensus.cc:3060] T 2e4213c5d45d48b8872f314c6bfd108e P 30bb00c479da45e38703211b654e4494 [term 0 FOLLOWER]: Advancing to term 1
I20260709 14:54:06.121898 25743 consensus_queue.cc:260] T fbc65b15b10742369d489fd6e1da1e90 P 0a8d8b22944b436eba06c9a2ff04468d [NON_LEADER]: Queue going to NON_LEADER mode. State: All replicated index: 0, Majority replicated index: 0, Committed index: 0, Last appended: 0.0, Last appended by leader: 0, Current term: 0, Majority size: -1, State: 0, Mode: NON_LEADER, active raft config: opid_index: -1 OBSOLETE_local: false peers { permanent_uuid: "30bb00c479da45e38703211b654e4494" member_type: VOTER last_known_addr { host: "127.24.87.129" port: 34449 } } peers { permanent_uuid: "d69fa09790c24a4481cbce7e90d7362a" member_type: VOTER last_known_addr { host: "127.24.87.130" port: 33291 } } peers { permanent_uuid: "0a8d8b22944b436eba06c9a2ff04468d" member_type: VOTER last_known_addr { host: "127.24.87.131" port: 45823 } }
I20260709 14:54:06.125865 25551 raft_consensus.cc:2468] T 2e4213c5d45d48b8872f314c6bfd108e P 30bb00c479da45e38703211b654e4494 [term 1 FOLLOWER]: Leader election vote request: Granting yes vote for candidate d69fa09790c24a4481cbce7e90d7362a in term 1.
I20260709 14:54:06.126293 25743 ts_tablet_manager.cc:1434] T fbc65b15b10742369d489fd6e1da1e90 P 0a8d8b22944b436eba06c9a2ff04468d: Time spent starting tablet: real 0.027s	user 0.007s	sys 0.000s
I20260709 14:54:06.127552 25590 leader_election.cc:304] T 2e4213c5d45d48b8872f314c6bfd108e P d69fa09790c24a4481cbce7e90d7362a [CANDIDATE]: Term 1 election: Election decided. Result: candidate won. Election summary: received 2 responses out of 3 voters: 2 yes votes; 0 no votes. yes voters: 30bb00c479da45e38703211b654e4494, d69fa09790c24a4481cbce7e90d7362a; no voters: 
I20260709 14:54:06.128629 25747 raft_consensus.cc:2804] T 2e4213c5d45d48b8872f314c6bfd108e P d69fa09790c24a4481cbce7e90d7362a [term 1 FOLLOWER]: Leader election won for term 1
I20260709 14:54:06.132319 25701 tablet_service.cc:1917] Received RequestConsensusVote() RPC: tablet_id: "2e4213c5d45d48b8872f314c6bfd108e" candidate_uuid: "d69fa09790c24a4481cbce7e90d7362a" candidate_term: 1 candidate_status { last_received { term: 0 index: 0 } } ignore_live_leader: false dest_uuid: "0a8d8b22944b436eba06c9a2ff04468d"
I20260709 14:54:06.123906 25762 leader_election.cc:290] T 2e4213c5d45d48b8872f314c6bfd108e P d69fa09790c24a4481cbce7e90d7362a [CANDIDATE]: Term 1 election: Requested vote from peers 30bb00c479da45e38703211b654e4494 (127.24.87.129:34449), 0a8d8b22944b436eba06c9a2ff04468d (127.24.87.131:45823)
I20260709 14:54:06.133090 25701 raft_consensus.cc:3060] T 2e4213c5d45d48b8872f314c6bfd108e P 0a8d8b22944b436eba06c9a2ff04468d [term 0 FOLLOWER]: Advancing to term 1
I20260709 14:54:06.138603 25762 consensus_queue.cc:1048] T 06dfba358c0e466aa5efb3d698415ca8 P d69fa09790c24a4481cbce7e90d7362a [LEADER]: Connected to new peer: Peer: permanent_uuid: "0a8d8b22944b436eba06c9a2ff04468d" member_type: VOTER last_known_addr { host: "127.24.87.131" port: 45823 }, Status: LMP_MISMATCH, Last received: 0.0, Next index: 1, Last known committed idx: 0, Time since last communication: 0.000s
I20260709 14:54:06.141103 25743 tablet_bootstrap.cc:492] T e715f9accc174af597257088eb8bceaf P 0a8d8b22944b436eba06c9a2ff04468d: Bootstrap starting.
I20260709 14:54:06.149410 25743 tablet_bootstrap.cc:654] T e715f9accc174af597257088eb8bceaf P 0a8d8b22944b436eba06c9a2ff04468d: Neither blocks nor log segments found. Creating new log.
I20260709 14:54:06.152978 25742 tablet_bootstrap.cc:492] T fbc65b15b10742369d489fd6e1da1e90 P d69fa09790c24a4481cbce7e90d7362a: No bootstrap required, opened a new log
I20260709 14:54:06.153578 25742 ts_tablet_manager.cc:1403] T fbc65b15b10742369d489fd6e1da1e90 P d69fa09790c24a4481cbce7e90d7362a: Time spent bootstrapping tablet: real 0.051s	user 0.017s	sys 0.031s
I20260709 14:54:06.149397 25450 catalog_manager.cc:5697] T 1c6ba4d5139e43299217a5eefed796af P 30bb00c479da45e38703211b654e4494 reported cstate change: term changed from 0 to 1, leader changed from <none> to 30bb00c479da45e38703211b654e4494 (127.24.87.129). New cstate: current_term: 1 leader_uuid: "30bb00c479da45e38703211b654e4494" committed_config { opid_index: -1 OBSOLETE_local: false peers { permanent_uuid: "30bb00c479da45e38703211b654e4494" member_type: VOTER last_known_addr { host: "127.24.87.129" port: 34449 } health_report { overall_health: HEALTHY } } peers { permanent_uuid: "d69fa09790c24a4481cbce7e90d7362a" member_type: VOTER last_known_addr { host: "127.24.87.130" port: 33291 } health_report { overall_health: UNKNOWN } } peers { permanent_uuid: "0a8d8b22944b436eba06c9a2ff04468d" member_type: VOTER last_known_addr { host: "127.24.87.131" port: 45823 } health_report { overall_health: UNKNOWN } } }
I20260709 14:54:06.157157 25742 raft_consensus.cc:359] T fbc65b15b10742369d489fd6e1da1e90 P d69fa09790c24a4481cbce7e90d7362a [term 0 FOLLOWER]: Replica starting. Triggering 0 pending ops. Active config: opid_index: -1 OBSOLETE_local: false peers { permanent_uuid: "30bb00c479da45e38703211b654e4494" member_type: VOTER last_known_addr { host: "127.24.87.129" port: 34449 } } peers { permanent_uuid: "d69fa09790c24a4481cbce7e90d7362a" member_type: VOTER last_known_addr { host: "127.24.87.130" port: 33291 } } peers { permanent_uuid: "0a8d8b22944b436eba06c9a2ff04468d" member_type: VOTER last_known_addr { host: "127.24.87.131" port: 45823 } }
I20260709 14:54:06.158146 25742 raft_consensus.cc:385] T fbc65b15b10742369d489fd6e1da1e90 P d69fa09790c24a4481cbce7e90d7362a [term 0 FOLLOWER]: Consensus starting up: Expiring failure detector timer to make a prompt election more likely
I20260709 14:54:06.158699 25742 raft_consensus.cc:740] T fbc65b15b10742369d489fd6e1da1e90 P d69fa09790c24a4481cbce7e90d7362a [term 0 FOLLOWER]: Becoming Follower/Learner. State: Replica: d69fa09790c24a4481cbce7e90d7362a, State: Initialized, Role: FOLLOWER
I20260709 14:54:06.159653 25742 consensus_queue.cc:260] T fbc65b15b10742369d489fd6e1da1e90 P d69fa09790c24a4481cbce7e90d7362a [NON_LEADER]: Queue going to NON_LEADER mode. State: All replicated index: 0, Majority replicated index: 0, Committed index: 0, Last appended: 0.0, Last appended by leader: 0, Current term: 0, Majority size: -1, State: 0, Mode: NON_LEADER, active raft config: opid_index: -1 OBSOLETE_local: false peers { permanent_uuid: "30bb00c479da45e38703211b654e4494" member_type: VOTER last_known_addr { host: "127.24.87.129" port: 34449 } } peers { permanent_uuid: "d69fa09790c24a4481cbce7e90d7362a" member_type: VOTER last_known_addr { host: "127.24.87.130" port: 33291 } } peers { permanent_uuid: "0a8d8b22944b436eba06c9a2ff04468d" member_type: VOTER last_known_addr { host: "127.24.87.131" port: 45823 } }
I20260709 14:54:06.162019 25742 ts_tablet_manager.cc:1434] T fbc65b15b10742369d489fd6e1da1e90 P d69fa09790c24a4481cbce7e90d7362a: Time spent starting tablet: real 0.008s	user 0.008s	sys 0.000s
I20260709 14:54:06.162927 25743 tablet_bootstrap.cc:492] T e715f9accc174af597257088eb8bceaf P 0a8d8b22944b436eba06c9a2ff04468d: No bootstrap required, opened a new log
I20260709 14:54:06.163371 25743 ts_tablet_manager.cc:1403] T e715f9accc174af597257088eb8bceaf P 0a8d8b22944b436eba06c9a2ff04468d: Time spent bootstrapping tablet: real 0.023s	user 0.011s	sys 0.006s
I20260709 14:54:06.163307 25701 raft_consensus.cc:2468] T 2e4213c5d45d48b8872f314c6bfd108e P 0a8d8b22944b436eba06c9a2ff04468d [term 1 FOLLOWER]: Leader election vote request: Granting yes vote for candidate d69fa09790c24a4481cbce7e90d7362a in term 1.
I20260709 14:54:06.165397 25747 raft_consensus.cc:697] T 2e4213c5d45d48b8872f314c6bfd108e P d69fa09790c24a4481cbce7e90d7362a [term 1 LEADER]: Becoming Leader. State: Replica: d69fa09790c24a4481cbce7e90d7362a, State: Running, Role: LEADER
I20260709 14:54:06.165532 25743 raft_consensus.cc:359] T e715f9accc174af597257088eb8bceaf P 0a8d8b22944b436eba06c9a2ff04468d [term 0 FOLLOWER]: Replica starting. Triggering 0 pending ops. Active config: opid_index: -1 OBSOLETE_local: false peers { permanent_uuid: "30bb00c479da45e38703211b654e4494" member_type: VOTER last_known_addr { host: "127.24.87.129" port: 34449 } } peers { permanent_uuid: "d69fa09790c24a4481cbce7e90d7362a" member_type: VOTER last_known_addr { host: "127.24.87.130" port: 33291 } } peers { permanent_uuid: "0a8d8b22944b436eba06c9a2ff04468d" member_type: VOTER last_known_addr { host: "127.24.87.131" port: 45823 } }
I20260709 14:54:06.166180 25743 raft_consensus.cc:385] T e715f9accc174af597257088eb8bceaf P 0a8d8b22944b436eba06c9a2ff04468d [term 0 FOLLOWER]: Consensus starting up: Expiring failure detector timer to make a prompt election more likely
I20260709 14:54:06.166427 25743 raft_consensus.cc:740] T e715f9accc174af597257088eb8bceaf P 0a8d8b22944b436eba06c9a2ff04468d [term 0 FOLLOWER]: Becoming Follower/Learner. State: Replica: 0a8d8b22944b436eba06c9a2ff04468d, State: Initialized, Role: FOLLOWER
