W20260709 14:54:18.184176 26151 leader_election.cc:343] T b5a9fe797d3d4bfa8363b365a3d9ef41 P bf49f5416ee344298e61e358e5ee50c5 [CANDIDATE]: Term 1 election: Tablet error from VoteRequest() call to peer fdc15091dfc841efab3cca529fbfc92d (127.24.87.129:35985): Illegal state: must be running to vote when last-logged opid is not known
I20260709 14:54:18.191331 26266 raft_consensus.cc:3060] T 60ee179e58af4a1197055ef06c4f31d8 P bb9e35a2f30540918b0d430ea3742504 [term 0 FOLLOWER]: Advancing to term 1
I20260709 14:54:18.193331 26293 leader_election.cc:290] T c1a39d4c5f46466e8bdc12fdab2c94f8 P bf49f5416ee344298e61e358e5ee50c5 [CANDIDATE]: Term 1 election: Requested vote from peers fdc15091dfc841efab3cca529fbfc92d (127.24.87.129:35985), bb9e35a2f30540918b0d430ea3742504 (127.24.87.130:36115)
I20260709 14:54:18.193147 26232 raft_consensus.cc:359] T 382d9093b28440519add4f6e95b64405 P bf49f5416ee344298e61e358e5ee50c5 [term 0 FOLLOWER]: Replica starting. Triggering 0 pending ops. Active config: opid_index: -1 OBSOLETE_local: false peers { permanent_uuid: "fdc15091dfc841efab3cca529fbfc92d" member_type: VOTER last_known_addr { host: "127.24.87.129" port: 35985 } } peers { permanent_uuid: "bb9e35a2f30540918b0d430ea3742504" member_type: VOTER last_known_addr { host: "127.24.87.130" port: 36115 } } peers { permanent_uuid: "bf49f5416ee344298e61e358e5ee50c5" member_type: VOTER last_known_addr { host: "127.24.87.131" port: 45831 } }
I20260709 14:54:18.193519 26036 tablet_service.cc:1917] Received RequestConsensusVote() RPC: tablet_id: "c1a39d4c5f46466e8bdc12fdab2c94f8" candidate_uuid: "bf49f5416ee344298e61e358e5ee50c5" candidate_term: 1 candidate_status { last_received { term: 0 index: 0 } } ignore_live_leader: false dest_uuid: "fdc15091dfc841efab3cca529fbfc92d"
I20260709 14:54:18.193713 26292 raft_consensus.cc:493] T e499d50820b74f3aa8e43fd73f3e5a0a P bf49f5416ee344298e61e358e5ee50c5 [term 0 FOLLOWER]: Starting pre-election (no leader contacted us within the election timeout)
I20260709 14:54:18.193894 26232 raft_consensus.cc:385] T 382d9093b28440519add4f6e95b64405 P bf49f5416ee344298e61e358e5ee50c5 [term 0 FOLLOWER]: Consensus starting up: Expiring failure detector timer to make a prompt election more likely
I20260709 14:54:18.186276 26112 raft_consensus.cc:2468] T b5a9fe797d3d4bfa8363b365a3d9ef41 P bb9e35a2f30540918b0d430ea3742504 [term 1 FOLLOWER]: Leader election vote request: Granting yes vote for candidate bf49f5416ee344298e61e358e5ee50c5 in term 1.
I20260709 14:54:18.194096 26036 raft_consensus.cc:3060] T c1a39d4c5f46466e8bdc12fdab2c94f8 P fdc15091dfc841efab3cca529fbfc92d [term 0 FOLLOWER]: Advancing to term 1
I20260709 14:54:18.194406 26232 raft_consensus.cc:740] T 382d9093b28440519add4f6e95b64405 P bf49f5416ee344298e61e358e5ee50c5 [term 0 FOLLOWER]: Becoming Follower/Learner. State: Replica: bf49f5416ee344298e61e358e5ee50c5, State: Initialized, Role: FOLLOWER
I20260709 14:54:18.174458 25935 catalog_manager.cc:5697] T f1cdd84d75c1435887836bae2398888d P bb9e35a2f30540918b0d430ea3742504 reported cstate change: term changed from 0 to 1, leader changed from <none> to bb9e35a2f30540918b0d430ea3742504 (127.24.87.130). New cstate: current_term: 1 leader_uuid: "bb9e35a2f30540918b0d430ea3742504" committed_config { opid_index: -1 OBSOLETE_local: false peers { permanent_uuid: "fdc15091dfc841efab3cca529fbfc92d" member_type: VOTER last_known_addr { host: "127.24.87.129" port: 35985 } health_report { overall_health: UNKNOWN } } peers { permanent_uuid: "bb9e35a2f30540918b0d430ea3742504" member_type: VOTER last_known_addr { host: "127.24.87.130" port: 36115 } health_report { overall_health: HEALTHY } } peers { permanent_uuid: "bf49f5416ee344298e61e358e5ee50c5" member_type: VOTER last_known_addr { host: "127.24.87.131" port: 45831 } health_report { overall_health: UNKNOWN } } }
I20260709 14:54:18.194193 26292 raft_consensus.cc:515] T e499d50820b74f3aa8e43fd73f3e5a0a P bf49f5416ee344298e61e358e5ee50c5 [term 0 FOLLOWER]: Starting pre-election with config: opid_index: -1 OBSOLETE_local: false peers { permanent_uuid: "fdc15091dfc841efab3cca529fbfc92d" member_type: VOTER last_known_addr { host: "127.24.87.129" port: 35985 } } peers { permanent_uuid: "bb9e35a2f30540918b0d430ea3742504" member_type: VOTER last_known_addr { host: "127.24.87.130" port: 36115 } } peers { permanent_uuid: "bf49f5416ee344298e61e358e5ee50c5" member_type: VOTER last_known_addr { host: "127.24.87.131" port: 45831 } }
I20260709 14:54:18.196563 26112 tablet_service.cc:1917] Received RequestConsensusVote() RPC: tablet_id: "c1a39d4c5f46466e8bdc12fdab2c94f8" candidate_uuid: "bf49f5416ee344298e61e358e5ee50c5" candidate_term: 1 candidate_status { last_received { term: 0 index: 0 } } ignore_live_leader: false dest_uuid: "bb9e35a2f30540918b0d430ea3742504"
I20260709 14:54:18.195063 26232 consensus_queue.cc:260] T 382d9093b28440519add4f6e95b64405 P bf49f5416ee344298e61e358e5ee50c5 [NON_LEADER]: Queue going to NON_LEADER mode. State: All replicated index: 0, Majority replicated index: 0, Committed index: 0, Last appended: 0.0, Last appended by leader: 0, Current term: 0, Majority size: -1, State: 0, Mode: NON_LEADER, active raft config: opid_index: -1 OBSOLETE_local: false peers { permanent_uuid: "fdc15091dfc841efab3cca529fbfc92d" member_type: VOTER last_known_addr { host: "127.24.87.129" port: 35985 } } peers { permanent_uuid: "bb9e35a2f30540918b0d430ea3742504" member_type: VOTER last_known_addr { host: "127.24.87.130" port: 36115 } } peers { permanent_uuid: "bf49f5416ee344298e61e358e5ee50c5" member_type: VOTER last_known_addr { host: "127.24.87.131" port: 45831 } }
I20260709 14:54:18.195531 26150 leader_election.cc:304] T b5a9fe797d3d4bfa8363b365a3d9ef41 P bf49f5416ee344298e61e358e5ee50c5 [CANDIDATE]: Term 1 election: Election decided. Result: candidate won. Election summary: received 3 responses out of 3 voters: 2 yes votes; 1 no votes. yes voters: bb9e35a2f30540918b0d430ea3742504, bf49f5416ee344298e61e358e5ee50c5; no voters: fdc15091dfc841efab3cca529fbfc92d
I20260709 14:54:18.198187 26292 leader_election.cc:290] T e499d50820b74f3aa8e43fd73f3e5a0a P bf49f5416ee344298e61e358e5ee50c5 [CANDIDATE]: Term 1 pre-election: Requested pre-vote from peers fdc15091dfc841efab3cca529fbfc92d (127.24.87.129:35985), bb9e35a2f30540918b0d430ea3742504 (127.24.87.130:36115)
I20260709 14:54:18.198958 26292 raft_consensus.cc:2804] T b5a9fe797d3d4bfa8363b365a3d9ef41 P bf49f5416ee344298e61e358e5ee50c5 [term 1 FOLLOWER]: Leader election won for term 1
I20260709 14:54:18.199177 26232 ts_tablet_manager.cc:1434] T 382d9093b28440519add4f6e95b64405 P bf49f5416ee344298e61e358e5ee50c5: Time spent starting tablet: real 0.010s	user 0.004s	sys 0.004s
I20260709 14:54:18.195775 26151 leader_election.cc:304] T 1268946b356248a19ca9a6364c5f73c6 P bf49f5416ee344298e61e358e5ee50c5 [CANDIDATE]: Term 1 election: Election decided. Result: candidate won. Election summary: received 2 responses out of 3 voters: 2 yes votes; 0 no votes. yes voters: bf49f5416ee344298e61e358e5ee50c5, fdc15091dfc841efab3cca529fbfc92d; no voters: 
I20260709 14:54:18.200168 26232 tablet_bootstrap.cc:492] T 8b1d39dd47d84722bd7b56238fa29d52 P bf49f5416ee344298e61e358e5ee50c5: Bootstrap starting.
I20260709 14:54:18.200403 26111 tablet_service.cc:1917] Received RequestConsensusVote() RPC: tablet_id: "e499d50820b74f3aa8e43fd73f3e5a0a" candidate_uuid: "bf49f5416ee344298e61e358e5ee50c5" candidate_term: 1 candidate_status { last_received { term: 0 index: 0 } } ignore_live_leader: false dest_uuid: "bb9e35a2f30540918b0d430ea3742504" is_pre_election: true
I20260709 14:54:18.200911 26242 raft_consensus.cc:2804] T 1268946b356248a19ca9a6364c5f73c6 P bf49f5416ee344298e61e358e5ee50c5 [term 1 FOLLOWER]: Leader election won for term 1
I20260709 14:54:18.201402 26242 raft_consensus.cc:697] T 1268946b356248a19ca9a6364c5f73c6 P bf49f5416ee344298e61e358e5ee50c5 [term 1 LEADER]: Becoming Leader. State: Replica: bf49f5416ee344298e61e358e5ee50c5, State: Running, Role: LEADER
W20260709 14:54:18.199002 26150 leader_election.cc:343] T c1a39d4c5f46466e8bdc12fdab2c94f8 P bf49f5416ee344298e61e358e5ee50c5 [CANDIDATE]: Term 1 election: Tablet error from VoteRequest() call to peer bb9e35a2f30540918b0d430ea3742504 (127.24.87.130:36115): Illegal state: must be running to vote when last-logged opid is not known
I20260709 14:54:18.202355 26036 raft_consensus.cc:2468] T c1a39d4c5f46466e8bdc12fdab2c94f8 P fdc15091dfc841efab3cca529fbfc92d [term 1 FOLLOWER]: Leader election vote request: Granting yes vote for candidate bf49f5416ee344298e61e358e5ee50c5 in term 1.
I20260709 14:54:18.202329 26242 consensus_queue.cc:237] T 1268946b356248a19ca9a6364c5f73c6 P bf49f5416ee344298e61e358e5ee50c5 [LEADER]: Queue going to LEADER mode. State: All replicated index: 0, Majority replicated index: 0, Committed index: 0, Last appended: 0.0, Last appended by leader: 0, Current term: 1, Majority size: 2, State: 0, Mode: LEADER, active raft config: opid_index: -1 OBSOLETE_local: false peers { permanent_uuid: "fdc15091dfc841efab3cca529fbfc92d" member_type: VOTER last_known_addr { host: "127.24.87.129" port: 35985 } } peers { permanent_uuid: "bb9e35a2f30540918b0d430ea3742504" member_type: VOTER last_known_addr { host: "127.24.87.130" port: 36115 } } peers { permanent_uuid: "bf49f5416ee344298e61e358e5ee50c5" member_type: VOTER last_known_addr { host: "127.24.87.131" port: 45831 } }
I20260709 14:54:18.205278 26151 leader_election.cc:304] T c1a39d4c5f46466e8bdc12fdab2c94f8 P bf49f5416ee344298e61e358e5ee50c5 [CANDIDATE]: Term 1 election: Election decided. Result: candidate won. Election summary: received 3 responses out of 3 voters: 2 yes votes; 1 no votes. yes voters: bf49f5416ee344298e61e358e5ee50c5, fdc15091dfc841efab3cca529fbfc92d; no voters: bb9e35a2f30540918b0d430ea3742504
I20260709 14:54:18.206120 26293 raft_consensus.cc:2804] T c1a39d4c5f46466e8bdc12fdab2c94f8 P bf49f5416ee344298e61e358e5ee50c5 [term 1 FOLLOWER]: Leader election won for term 1
I20260709 14:54:18.206568 26293 raft_consensus.cc:697] T c1a39d4c5f46466e8bdc12fdab2c94f8 P bf49f5416ee344298e61e358e5ee50c5 [term 1 LEADER]: Becoming Leader. State: Replica: bf49f5416ee344298e61e358e5ee50c5, State: Running, Role: LEADER
W20260709 14:54:18.206650 26150 leader_election.cc:343] T e499d50820b74f3aa8e43fd73f3e5a0a P bf49f5416ee344298e61e358e5ee50c5 [CANDIDATE]: Term 1 pre-election: Tablet error from VoteRequest() call to peer bb9e35a2f30540918b0d430ea3742504 (127.24.87.130:36115): Illegal state: must be running to vote when last-logged opid is not known
I20260709 14:54:18.207401 26293 consensus_queue.cc:237] T c1a39d4c5f46466e8bdc12fdab2c94f8 P bf49f5416ee344298e61e358e5ee50c5 [LEADER]: Queue going to LEADER mode. State: All replicated index: 0, Majority replicated index: 0, Committed index: 0, Last appended: 0.0, Last appended by leader: 0, Current term: 1, Majority size: 2, State: 0, Mode: LEADER, active raft config: opid_index: -1 OBSOLETE_local: false peers { permanent_uuid: "fdc15091dfc841efab3cca529fbfc92d" member_type: VOTER last_known_addr { host: "127.24.87.129" port: 35985 } } peers { permanent_uuid: "bb9e35a2f30540918b0d430ea3742504" member_type: VOTER last_known_addr { host: "127.24.87.130" port: 36115 } } peers { permanent_uuid: "bf49f5416ee344298e61e358e5ee50c5" member_type: VOTER last_known_addr { host: "127.24.87.131" port: 45831 } }
I20260709 14:54:18.210350 26036 tablet_service.cc:1917] Received RequestConsensusVote() RPC: tablet_id: "e499d50820b74f3aa8e43fd73f3e5a0a" candidate_uuid: "bf49f5416ee344298e61e358e5ee50c5" candidate_term: 1 candidate_status { last_received { term: 0 index: 0 } } ignore_live_leader: false dest_uuid: "fdc15091dfc841efab3cca529fbfc92d" is_pre_election: true
I20260709 14:54:18.210901 26035 raft_consensus.cc:2468] T 82fae8a531da4cb483c1d9facd0a7d6f P fdc15091dfc841efab3cca529fbfc92d [term 1 FOLLOWER]: Leader election vote request: Granting yes vote for candidate bb9e35a2f30540918b0d430ea3742504 in term 1.
I20260709 14:54:18.211086 26036 raft_consensus.cc:2468] T e499d50820b74f3aa8e43fd73f3e5a0a P fdc15091dfc841efab3cca529fbfc92d [term 0 FOLLOWER]: Leader pre-election vote request: Granting yes vote for candidate bf49f5416ee344298e61e358e5ee50c5 in term 0.
I20260709 14:54:18.212239 26077 leader_election.cc:304] T 82fae8a531da4cb483c1d9facd0a7d6f P bb9e35a2f30540918b0d430ea3742504 [CANDIDATE]: Term 1 election: Election decided. Result: candidate won. Election summary: received 3 responses out of 3 voters: 2 yes votes; 1 no votes. yes voters: bb9e35a2f30540918b0d430ea3742504, fdc15091dfc841efab3cca529fbfc92d; no voters: bf49f5416ee344298e61e358e5ee50c5
I20260709 14:54:18.212965 26277 raft_consensus.cc:2804] T 82fae8a531da4cb483c1d9facd0a7d6f P bb9e35a2f30540918b0d430ea3742504 [term 1 FOLLOWER]: Leader election won for term 1
I20260709 14:54:18.213501 26277 raft_consensus.cc:697] T 82fae8a531da4cb483c1d9facd0a7d6f P bb9e35a2f30540918b0d430ea3742504 [term 1 LEADER]: Becoming Leader. State: Replica: bb9e35a2f30540918b0d430ea3742504, State: Running, Role: LEADER
I20260709 14:54:18.213743 26151 leader_election.cc:304] T e499d50820b74f3aa8e43fd73f3e5a0a P bf49f5416ee344298e61e358e5ee50c5 [CANDIDATE]: Term 1 pre-election: Election decided. Result: candidate won. Election summary: received 3 responses out of 3 voters: 2 yes votes; 1 no votes. yes voters: bf49f5416ee344298e61e358e5ee50c5, fdc15091dfc841efab3cca529fbfc92d; no voters: bb9e35a2f30540918b0d430ea3742504
I20260709 14:54:18.214330 26277 consensus_queue.cc:237] T 82fae8a531da4cb483c1d9facd0a7d6f P bb9e35a2f30540918b0d430ea3742504 [LEADER]: Queue going to LEADER mode. State: All replicated index: 0, Majority replicated index: 0, Committed index: 0, Last appended: 0.0, Last appended by leader: 0, Current term: 1, Majority size: 2, State: 0, Mode: LEADER, active raft config: opid_index: -1 OBSOLETE_local: false peers { permanent_uuid: "fdc15091dfc841efab3cca529fbfc92d" member_type: VOTER last_known_addr { host: "127.24.87.129" port: 35985 } } peers { permanent_uuid: "bb9e35a2f30540918b0d430ea3742504" member_type: VOTER last_known_addr { host: "127.24.87.130" port: 36115 } } peers { permanent_uuid: "bf49f5416ee344298e61e358e5ee50c5" member_type: VOTER last_known_addr { host: "127.24.87.131" port: 45831 } }
I20260709 14:54:18.215548 26297 raft_consensus.cc:2804] T e499d50820b74f3aa8e43fd73f3e5a0a P bf49f5416ee344298e61e358e5ee50c5 [term 0 FOLLOWER]: Leader pre-election won for term 1
I20260709 14:54:18.215977 26297 raft_consensus.cc:493] T e499d50820b74f3aa8e43fd73f3e5a0a P bf49f5416ee344298e61e358e5ee50c5 [term 0 FOLLOWER]: Starting leader election (no leader contacted us within the election timeout)
I20260709 14:54:18.216382 26297 raft_consensus.cc:3060] T e499d50820b74f3aa8e43fd73f3e5a0a P bf49f5416ee344298e61e358e5ee50c5 [term 0 FOLLOWER]: Advancing to term 1
I20260709 14:54:18.216774 26292 raft_consensus.cc:697] T b5a9fe797d3d4bfa8363b365a3d9ef41 P bf49f5416ee344298e61e358e5ee50c5 [term 1 LEADER]: Becoming Leader. State: Replica: bf49f5416ee344298e61e358e5ee50c5, State: Running, Role: LEADER
I20260709 14:54:18.217721 26292 consensus_queue.cc:237] T b5a9fe797d3d4bfa8363b365a3d9ef41 P bf49f5416ee344298e61e358e5ee50c5 [LEADER]: Queue going to LEADER mode. State: All replicated index: 0, Majority replicated index: 0, Committed index: 0, Last appended: 0.0, Last appended by leader: 0, Current term: 1, Majority size: 2, State: 0, Mode: LEADER, active raft config: opid_index: -1 OBSOLETE_local: false peers { permanent_uuid: "fdc15091dfc841efab3cca529fbfc92d" member_type: VOTER last_known_addr { host: "127.24.87.129" port: 35985 } } peers { permanent_uuid: "bb9e35a2f30540918b0d430ea3742504" member_type: VOTER last_known_addr { host: "127.24.87.130" port: 36115 } } peers { permanent_uuid: "bf49f5416ee344298e61e358e5ee50c5" member_type: VOTER last_known_addr { host: "127.24.87.131" port: 45831 } }
I20260709 14:54:18.222368 26113 raft_consensus.cc:2468] T 1268946b356248a19ca9a6364c5f73c6 P bb9e35a2f30540918b0d430ea3742504 [term 1 FOLLOWER]: Leader election vote request: Granting yes vote for candidate bf49f5416ee344298e61e358e5ee50c5 in term 1.
I20260709 14:54:18.224339 26297 raft_consensus.cc:515] T e499d50820b74f3aa8e43fd73f3e5a0a P bf49f5416ee344298e61e358e5ee50c5 [term 1 FOLLOWER]: Starting leader election with config: opid_index: -1 OBSOLETE_local: false peers { permanent_uuid: "fdc15091dfc841efab3cca529fbfc92d" member_type: VOTER last_known_addr { host: "127.24.87.129" port: 35985 } } peers { permanent_uuid: "bb9e35a2f30540918b0d430ea3742504" member_type: VOTER last_known_addr { host: "127.24.87.130" port: 36115 } } peers { permanent_uuid: "bf49f5416ee344298e61e358e5ee50c5" member_type: VOTER last_known_addr { host: "127.24.87.131" port: 45831 } }
I20260709 14:54:18.183820 26227 raft_consensus.cc:359] T b5a9fe797d3d4bfa8363b365a3d9ef41 P fdc15091dfc841efab3cca529fbfc92d [term 0 FOLLOWER]: Replica starting. Triggering 0 pending ops. Active config: opid_index: -1 OBSOLETE_local: false peers { permanent_uuid: "fdc15091dfc841efab3cca529fbfc92d" member_type: VOTER last_known_addr { host: "127.24.87.129" port: 35985 } } peers { permanent_uuid: "bb9e35a2f30540918b0d430ea3742504" member_type: VOTER last_known_addr { host: "127.24.87.130" port: 36115 } } peers { permanent_uuid: "bf49f5416ee344298e61e358e5ee50c5" member_type: VOTER last_known_addr { host: "127.24.87.131" port: 45831 } }
I20260709 14:54:18.212949 26232 tablet_bootstrap.cc:654] T 8b1d39dd47d84722bd7b56238fa29d52 P bf49f5416ee344298e61e358e5ee50c5: Neither blocks nor log segments found. Creating new log.
I20260709 14:54:18.226470 26227 raft_consensus.cc:385] T b5a9fe797d3d4bfa8363b365a3d9ef41 P fdc15091dfc841efab3cca529fbfc92d [term 0 FOLLOWER]: Consensus starting up: Expiring failure detector timer to make a prompt election more likely
I20260709 14:54:18.226830 26227 raft_consensus.cc:740] T b5a9fe797d3d4bfa8363b365a3d9ef41 P fdc15091dfc841efab3cca529fbfc92d [term 0 FOLLOWER]: Becoming Follower/Learner. State: Replica: fdc15091dfc841efab3cca529fbfc92d, State: Initialized, Role: FOLLOWER
I20260709 14:54:18.227484 26227 consensus_queue.cc:260] T b5a9fe797d3d4bfa8363b365a3d9ef41 P fdc15091dfc841efab3cca529fbfc92d [NON_LEADER]: Queue going to NON_LEADER mode. State: All replicated index: 0, Majority replicated index: 0, Committed index: 0, Last appended: 0.0, Last appended by leader: 0, Current term: 0, Majority size: -1, State: 0, Mode: NON_LEADER, active raft config: opid_index: -1 OBSOLETE_local: false peers { permanent_uuid: "fdc15091dfc841efab3cca529fbfc92d" member_type: VOTER last_known_addr { host: "127.24.87.129" port: 35985 } } peers { permanent_uuid: "bb9e35a2f30540918b0d430ea3742504" member_type: VOTER last_known_addr { host: "127.24.87.130" port: 36115 } } peers { permanent_uuid: "bf49f5416ee344298e61e358e5ee50c5" member_type: VOTER last_known_addr { host: "127.24.87.131" port: 45831 } }
I20260709 14:54:18.228695 26297 leader_election.cc:290] T e499d50820b74f3aa8e43fd73f3e5a0a P bf49f5416ee344298e61e358e5ee50c5 [CANDIDATE]: Term 1 election: Requested vote from peers fdc15091dfc841efab3cca529fbfc92d (127.24.87.129:35985), bb9e35a2f30540918b0d430ea3742504 (127.24.87.130:36115)
I20260709 14:54:18.227811 26035 tablet_service.cc:1917] Received RequestConsensusVote() RPC: tablet_id: "e499d50820b74f3aa8e43fd73f3e5a0a" candidate_uuid: "bf49f5416ee344298e61e358e5ee50c5" candidate_term: 1 candidate_status { last_received { term: 0 index: 0 } } ignore_live_leader: false dest_uuid: "fdc15091dfc841efab3cca529fbfc92d"
I20260709 14:54:18.229879 26035 raft_consensus.cc:3060] T e499d50820b74f3aa8e43fd73f3e5a0a P fdc15091dfc841efab3cca529fbfc92d [term 0 FOLLOWER]: Advancing to term 1
I20260709 14:54:18.239589 26035 raft_consensus.cc:2468] T e499d50820b74f3aa8e43fd73f3e5a0a P fdc15091dfc841efab3cca529fbfc92d [term 1 FOLLOWER]: Leader election vote request: Granting yes vote for candidate bf49f5416ee344298e61e358e5ee50c5 in term 1.
I20260709 14:54:18.243644 26232 tablet_bootstrap.cc:492] T 8b1d39dd47d84722bd7b56238fa29d52 P bf49f5416ee344298e61e358e5ee50c5: No bootstrap required, opened a new log
I20260709 14:54:18.244024 26227 ts_tablet_manager.cc:1434] T b5a9fe797d3d4bfa8363b365a3d9ef41 P fdc15091dfc841efab3cca529fbfc92d: Time spent starting tablet: real 0.065s	user 0.004s	sys 0.002s
I20260709 14:54:18.244246 26232 ts_tablet_manager.cc:1403] T 8b1d39dd47d84722bd7b56238fa29d52 P bf49f5416ee344298e61e358e5ee50c5: Time spent bootstrapping tablet: real 0.044s	user 0.010s	sys 0.001s
I20260709 14:54:18.244398 26151 leader_election.cc:304] T e499d50820b74f3aa8e43fd73f3e5a0a P bf49f5416ee344298e61e358e5ee50c5 [CANDIDATE]: Term 1 election: Election decided. Result: candidate won. Election summary: received 2 responses out of 3 voters: 2 yes votes; 0 no votes. yes voters: bf49f5416ee344298e61e358e5ee50c5, fdc15091dfc841efab3cca529fbfc92d; no voters: 
I20260709 14:54:18.240350 26113 tablet_service.cc:1917] Received RequestConsensusVote() RPC: tablet_id: "e499d50820b74f3aa8e43fd73f3e5a0a" candidate_uuid: "bf49f5416ee344298e61e358e5ee50c5" candidate_term: 1 candidate_status { last_received { term: 0 index: 0 } } ignore_live_leader: false dest_uuid: "bb9e35a2f30540918b0d430ea3742504"
I20260709 14:54:18.242394 25933 catalog_manager.cc:5697] T 1268946b356248a19ca9a6364c5f73c6 P bf49f5416ee344298e61e358e5ee50c5 reported cstate change: term changed from 0 to 1, leader changed from <none> to bf49f5416ee344298e61e358e5ee50c5 (127.24.87.131). New cstate: current_term: 1 leader_uuid: "bf49f5416ee344298e61e358e5ee50c5" committed_config { opid_index: -1 OBSOLETE_local: false peers { permanent_uuid: "fdc15091dfc841efab3cca529fbfc92d" member_type: VOTER last_known_addr { host: "127.24.87.129" port: 35985 } health_report { overall_health: UNKNOWN } } peers { permanent_uuid: "bb9e35a2f30540918b0d430ea3742504" member_type: VOTER last_known_addr { host: "127.24.87.130" port: 36115 } health_report { overall_health: UNKNOWN } } peers { permanent_uuid: "bf49f5416ee344298e61e358e5ee50c5" member_type: VOTER last_known_addr { host: "127.24.87.131" port: 45831 } health_report { overall_health: HEALTHY } } }
I20260709 14:54:18.245298 26242 raft_consensus.cc:2804] T e499d50820b74f3aa8e43fd73f3e5a0a P bf49f5416ee344298e61e358e5ee50c5 [term 1 FOLLOWER]: Leader election won for term 1
I20260709 14:54:18.246165 26242 raft_consensus.cc:697] T e499d50820b74f3aa8e43fd73f3e5a0a P bf49f5416ee344298e61e358e5ee50c5 [term 1 LEADER]: Becoming Leader. State: Replica: bf49f5416ee344298e61e358e5ee50c5, State: Running, Role: LEADER
W20260709 14:54:18.247622 26150 leader_election.cc:343] T e499d50820b74f3aa8e43fd73f3e5a0a P bf49f5416ee344298e61e358e5ee50c5 [CANDIDATE]: Term 1 election: Tablet error from VoteRequest() call to peer bb9e35a2f30540918b0d430ea3742504 (127.24.87.130:36115): Illegal state: must be running to vote when last-logged opid is not known
I20260709 14:54:18.247430 26242 consensus_queue.cc:237] T e499d50820b74f3aa8e43fd73f3e5a0a P bf49f5416ee344298e61e358e5ee50c5 [LEADER]: Queue going to LEADER mode. State: All replicated index: 0, Majority replicated index: 0, Committed index: 0, Last appended: 0.0, Last appended by leader: 0, Current term: 1, Majority size: 2, State: 0, Mode: LEADER, active raft config: opid_index: -1 OBSOLETE_local: false peers { permanent_uuid: "fdc15091dfc841efab3cca529fbfc92d" member_type: VOTER last_known_addr { host: "127.24.87.129" port: 35985 } } peers { permanent_uuid: "bb9e35a2f30540918b0d430ea3742504" member_type: VOTER last_known_addr { host: "127.24.87.130" port: 36115 } } peers { permanent_uuid: "bf49f5416ee344298e61e358e5ee50c5" member_type: VOTER last_known_addr { host: "127.24.87.131" port: 45831 } }
I20260709 14:54:18.249563 26266 raft_consensus.cc:2749] T 60ee179e58af4a1197055ef06c4f31d8 P bb9e35a2f30540918b0d430ea3742504 [term 1 FOLLOWER]: Leader pre-election lost for term 1. Reason: could not achieve majority
I20260709 14:54:18.249886 26227 tablet_bootstrap.cc:492] T 4420c6152993460fa9a75bad82f22d3b P fdc15091dfc841efab3cca529fbfc92d: Bootstrap starting.
I20260709 14:54:18.248960 26232 raft_consensus.cc:359] T 8b1d39dd47d84722bd7b56238fa29d52 P bf49f5416ee344298e61e358e5ee50c5 [term 0 FOLLOWER]: Replica starting. Triggering 0 pending ops. Active config: opid_index: -1 OBSOLETE_local: false peers { permanent_uuid: "fdc15091dfc841efab3cca529fbfc92d" member_type: VOTER last_known_addr { host: "127.24.87.129" port: 35985 } } peers { permanent_uuid: "bb9e35a2f30540918b0d430ea3742504" member_type: VOTER last_known_addr { host: "127.24.87.130" port: 36115 } } peers { permanent_uuid: "bf49f5416ee344298e61e358e5ee50c5" member_type: VOTER last_known_addr { host: "127.24.87.131" port: 45831 } }
I20260709 14:54:18.251096 26232 raft_consensus.cc:385] T 8b1d39dd47d84722bd7b56238fa29d52 P bf49f5416ee344298e61e358e5ee50c5 [term 0 FOLLOWER]: Consensus starting up: Expiring failure detector timer to make a prompt election more likely
I20260709 14:54:18.251752 26293 raft_consensus.cc:493] T 4420c6152993460fa9a75bad82f22d3b P bf49f5416ee344298e61e358e5ee50c5 [term 0 FOLLOWER]: Starting pre-election (no leader contacted us within the election timeout)
I20260709 14:54:18.252238 26293 raft_consensus.cc:515] T 4420c6152993460fa9a75bad82f22d3b P bf49f5416ee344298e61e358e5ee50c5 [term 0 FOLLOWER]: Starting pre-election with config: opid_index: -1 OBSOLETE_local: false peers { permanent_uuid: "fdc15091dfc841efab3cca529fbfc92d" member_type: VOTER last_known_addr { host: "127.24.87.129" port: 35985 } } peers { permanent_uuid: "bb9e35a2f30540918b0d430ea3742504" member_type: VOTER last_known_addr { host: "127.24.87.130" port: 36115 } } peers { permanent_uuid: "bf49f5416ee344298e61e358e5ee50c5" member_type: VOTER last_known_addr { host: "127.24.87.131" port: 45831 } }
I20260709 14:54:18.251530 26232 raft_consensus.cc:740] T 8b1d39dd47d84722bd7b56238fa29d52 P bf49f5416ee344298e61e358e5ee50c5 [term 0 FOLLOWER]: Becoming Follower/Learner. State: Replica: bf49f5416ee344298e61e358e5ee50c5, State: Initialized, Role: FOLLOWER
I20260709 14:54:18.255956 26035 tablet_service.cc:1917] Received RequestConsensusVote() RPC: tablet_id: "4420c6152993460fa9a75bad82f22d3b" candidate_uuid: "bf49f5416ee344298e61e358e5ee50c5" candidate_term: 1 candidate_status { last_received { term: 0 index: 0 } } ignore_live_leader: false dest_uuid: "fdc15091dfc841efab3cca529fbfc92d" is_pre_election: true
W20260709 14:54:18.257483 26151 leader_election.cc:343] T 4420c6152993460fa9a75bad82f22d3b P bf49f5416ee344298e61e358e5ee50c5 [CANDIDATE]: Term 1 pre-election: Tablet error from VoteRequest() call to peer fdc15091dfc841efab3cca529fbfc92d (127.24.87.129:35985): Illegal state: must be running to vote when last-logged opid is not known
I20260709 14:54:18.259744 26113 tablet_service.cc:1917] Received RequestConsensusVote() RPC: tablet_id: "4420c6152993460fa9a75bad82f22d3b" candidate_uuid: "bf49f5416ee344298e61e358e5ee50c5" candidate_term: 1 candidate_status { last_received { term: 0 index: 0 } } ignore_live_leader: false dest_uuid: "bb9e35a2f30540918b0d430ea3742504" is_pre_election: true
I20260709 14:54:18.260566 26113 raft_consensus.cc:2468] T 4420c6152993460fa9a75bad82f22d3b P bb9e35a2f30540918b0d430ea3742504 [term 0 FOLLOWER]: Leader pre-election vote request: Granting yes vote for candidate bf49f5416ee344298e61e358e5ee50c5 in term 0.
I20260709 14:54:18.262331 26150 leader_election.cc:304] T 4420c6152993460fa9a75bad82f22d3b P bf49f5416ee344298e61e358e5ee50c5 [CANDIDATE]: Term 1 pre-election: Election decided. Result: candidate won. Election summary: received 3 responses out of 3 voters: 2 yes votes; 1 no votes. yes voters: bb9e35a2f30540918b0d430ea3742504, bf49f5416ee344298e61e358e5ee50c5; no voters: fdc15091dfc841efab3cca529fbfc92d
I20260709 14:54:18.263578 26297 raft_consensus.cc:2804] T 4420c6152993460fa9a75bad82f22d3b P bf49f5416ee344298e61e358e5ee50c5 [term 0 FOLLOWER]: Leader pre-election won for term 1
I20260709 14:54:18.264104 26297 raft_consensus.cc:493] T 4420c6152993460fa9a75bad82f22d3b P bf49f5416ee344298e61e358e5ee50c5 [term 0 FOLLOWER]: Starting leader election (no leader contacted us within the election timeout)
I20260709 14:54:18.264755 26297 raft_consensus.cc:3060] T 4420c6152993460fa9a75bad82f22d3b P bf49f5416ee344298e61e358e5ee50c5 [term 0 FOLLOWER]: Advancing to term 1
I20260709 14:54:18.264007 25936 catalog_manager.cc:5697] T 82fae8a531da4cb483c1d9facd0a7d6f P bb9e35a2f30540918b0d430ea3742504 reported cstate change: term changed from 0 to 1, leader changed from <none> to bb9e35a2f30540918b0d430ea3742504 (127.24.87.130). New cstate: current_term: 1 leader_uuid: "bb9e35a2f30540918b0d430ea3742504" committed_config { opid_index: -1 OBSOLETE_local: false peers { permanent_uuid: "fdc15091dfc841efab3cca529fbfc92d" member_type: VOTER last_known_addr { host: "127.24.87.129" port: 35985 } health_report { overall_health: UNKNOWN } } peers { permanent_uuid: "bb9e35a2f30540918b0d430ea3742504" member_type: VOTER last_known_addr { host: "127.24.87.130" port: 36115 } health_report { overall_health: HEALTHY } } peers { permanent_uuid: "bf49f5416ee344298e61e358e5ee50c5" member_type: VOTER last_known_addr { host: "127.24.87.131" port: 45831 } health_report { overall_health: UNKNOWN } } }
I20260709 14:54:18.288111 26293 leader_election.cc:290] T 4420c6152993460fa9a75bad82f22d3b P bf49f5416ee344298e61e358e5ee50c5 [CANDIDATE]: Term 1 pre-election: Requested pre-vote from peers fdc15091dfc841efab3cca529fbfc92d (127.24.87.129:35985), bb9e35a2f30540918b0d430ea3742504 (127.24.87.130:36115)
I20260709 14:54:18.379371 26232 consensus_queue.cc:260] T 8b1d39dd47d84722bd7b56238fa29d52 P bf49f5416ee344298e61e358e5ee50c5 [NON_LEADER]: Queue going to NON_LEADER mode. State: All replicated index: 0, Majority replicated index: 0, Committed index: 0, Last appended: 0.0, Last appended by leader: 0, Current term: 0, Majority size: -1, State: 0, Mode: NON_LEADER, active raft config: opid_index: -1 OBSOLETE_local: false peers { permanent_uuid: "fdc15091dfc841efab3cca529fbfc92d" member_type: VOTER last_known_addr { host: "127.24.87.129" port: 35985 } } peers { permanent_uuid: "bb9e35a2f30540918b0d430ea3742504" member_type: VOTER last_known_addr { host: "127.24.87.130" port: 36115 } } peers { permanent_uuid: "bf49f5416ee344298e61e358e5ee50c5" member_type: VOTER last_known_addr { host: "127.24.87.131" port: 45831 } }
I20260709 14:54:18.375677 26292 consensus_queue.cc:1048] T 60ee179e58af4a1197055ef06c4f31d8 P bf49f5416ee344298e61e358e5ee50c5 [LEADER]: Connected to new peer: Peer: permanent_uuid: "bb9e35a2f30540918b0d430ea3742504" member_type: VOTER last_known_addr { host: "127.24.87.130" port: 36115 }, Status: LMP_MISMATCH, Last received: 0.0, Next index: 1, Last known committed idx: 0, Time since last communication: 0.005s
I20260709 14:54:18.376272 26266 consensus_queue.cc:1048] T 33a5ce6c1dc04dd3bf5f93bd582c3372 P bb9e35a2f30540918b0d430ea3742504 [LEADER]: Connected to new peer: Peer: permanent_uuid: "fdc15091dfc841efab3cca529fbfc92d" member_type: VOTER last_known_addr { host: "127.24.87.129" port: 35985 }, Status: LMP_MISMATCH, Last received: 0.0, Next index: 1, Last known committed idx: 0, Time since last communication: 0.006s
W20260709 14:54:18.384717 26076 consensus_peers.cc:597] T 33a5ce6c1dc04dd3bf5f93bd582c3372 P bb9e35a2f30540918b0d430ea3742504 -> Peer bf49f5416ee344298e61e358e5ee50c5 (127.24.87.131:45831): Couldn't send request to peer bf49f5416ee344298e61e358e5ee50c5. Error code: TABLET_NOT_RUNNING (12). Status: Illegal state: Tablet not RUNNING: INITIALIZED. This is attempt 1: this message will repeat every 5th retry.
I20260709 14:54:18.385588 26227 tablet_bootstrap.cc:654] T 4420c6152993460fa9a75bad82f22d3b P fdc15091dfc841efab3cca529fbfc92d: Neither blocks nor log segments found. Creating new log.
I20260709 14:54:18.320155 26230 tablet_bootstrap.cc:492] T 0d98275d6ce442e896142641719ca6f1 P bb9e35a2f30540918b0d430ea3742504: No bootstrap required, opened a new log
I20260709 14:54:18.386404 26230 ts_tablet_manager.cc:1403] T 0d98275d6ce442e896142641719ca6f1 P bb9e35a2f30540918b0d430ea3742504: Time spent bootstrapping tablet: real 0.297s	user 0.039s	sys 0.034s
I20260709 14:54:18.386406 26232 ts_tablet_manager.cc:1434] T 8b1d39dd47d84722bd7b56238fa29d52 P bf49f5416ee344298e61e358e5ee50c5: Time spent starting tablet: real 0.142s	user 0.044s	sys 0.064s
I20260709 14:54:18.387601 26232 tablet_bootstrap.cc:492] T 8bc1f2cfafb04387a9f190662a9c43a7 P bf49f5416ee344298e61e358e5ee50c5: Bootstrap starting.
I20260709 14:54:18.323452 26297 raft_consensus.cc:515] T 4420c6152993460fa9a75bad82f22d3b P bf49f5416ee344298e61e358e5ee50c5 [term 1 FOLLOWER]: Starting leader election with config: opid_index: -1 OBSOLETE_local: false peers { permanent_uuid: "fdc15091dfc841efab3cca529fbfc92d" member_type: VOTER last_known_addr { host: "127.24.87.129" port: 35985 } } peers { permanent_uuid: "bb9e35a2f30540918b0d430ea3742504" member_type: VOTER last_known_addr { host: "127.24.87.130" port: 36115 } } peers { permanent_uuid: "bf49f5416ee344298e61e358e5ee50c5" member_type: VOTER last_known_addr { host: "127.24.87.131" port: 45831 } }
I20260709 14:54:18.406679 26297 leader_election.cc:290] T 4420c6152993460fa9a75bad82f22d3b P bf49f5416ee344298e61e358e5ee50c5 [CANDIDATE]: Term 1 election: Requested vote from peers fdc15091dfc841efab3cca529fbfc92d (127.24.87.129:35985), bb9e35a2f30540918b0d430ea3742504 (127.24.87.130:36115)
I20260709 14:54:18.404281 25935 catalog_manager.cc:5697] T e499d50820b74f3aa8e43fd73f3e5a0a P bf49f5416ee344298e61e358e5ee50c5 reported cstate change: term changed from 0 to 1, leader changed from <none> to bf49f5416ee344298e61e358e5ee50c5 (127.24.87.131). New cstate: current_term: 1 leader_uuid: "bf49f5416ee344298e61e358e5ee50c5" committed_config { opid_index: -1 OBSOLETE_local: false peers { permanent_uuid: "fdc15091dfc841efab3cca529fbfc92d" member_type: VOTER last_known_addr { host: "127.24.87.129" port: 35985 } health_report { overall_health: UNKNOWN } } peers { permanent_uuid: "bb9e35a2f30540918b0d430ea3742504" member_type: VOTER last_known_addr { host: "127.24.87.130" port: 36115 } health_report { overall_health: UNKNOWN } } peers { permanent_uuid: "bf49f5416ee344298e61e358e5ee50c5" member_type: VOTER last_known_addr { host: "127.24.87.131" port: 45831 } health_report { overall_health: HEALTHY } } }
I20260709 14:54:18.409657 26112 tablet_service.cc:1917] Received RequestConsensusVote() RPC: tablet_id: "4420c6152993460fa9a75bad82f22d3b" candidate_uuid: "bf49f5416ee344298e61e358e5ee50c5" candidate_term: 1 candidate_status { last_received { term: 0 index: 0 } } ignore_live_leader: false dest_uuid: "bb9e35a2f30540918b0d430ea3742504"
I20260709 14:54:18.409363 25935 catalog_manager.cc:5697] T c1a39d4c5f46466e8bdc12fdab2c94f8 P bf49f5416ee344298e61e358e5ee50c5 reported cstate change: term changed from 0 to 1, leader changed from <none> to bf49f5416ee344298e61e358e5ee50c5 (127.24.87.131). New cstate: current_term: 1 leader_uuid: "bf49f5416ee344298e61e358e5ee50c5" committed_config { opid_index: -1 OBSOLETE_local: false peers { permanent_uuid: "fdc15091dfc841efab3cca529fbfc92d" member_type: VOTER last_known_addr { host: "127.24.87.129" port: 35985 } health_report { overall_health: UNKNOWN } } peers { permanent_uuid: "bb9e35a2f30540918b0d430ea3742504" member_type: VOTER last_known_addr { host: "127.24.87.130" port: 36115 } health_report { overall_health: UNKNOWN } } peers { permanent_uuid: "bf49f5416ee344298e61e358e5ee50c5" member_type: VOTER last_known_addr { host: "127.24.87.131" port: 45831 } health_report { overall_health: HEALTHY } } }
I20260709 14:54:18.415896 26230 raft_consensus.cc:359] T 0d98275d6ce442e896142641719ca6f1 P bb9e35a2f30540918b0d430ea3742504 [term 0 FOLLOWER]: Replica starting. Triggering 0 pending ops. Active config: opid_index: -1 OBSOLETE_local: false peers { permanent_uuid: "fdc15091dfc841efab3cca529fbfc92d" member_type: VOTER last_known_addr { host: "127.24.87.129" port: 35985 } } peers { permanent_uuid: "bb9e35a2f30540918b0d430ea3742504" member_type: VOTER last_known_addr { host: "127.24.87.130" port: 36115 } } peers { permanent_uuid: "bf49f5416ee344298e61e358e5ee50c5" member_type: VOTER last_known_addr { host: "127.24.87.131" port: 45831 } }
I20260709 14:54:18.409771 26035 tablet_service.cc:1917] Received RequestConsensusVote() RPC: tablet_id: "4420c6152993460fa9a75bad82f22d3b" candidate_uuid: "bf49f5416ee344298e61e358e5ee50c5" candidate_term: 1 candidate_status { last_received { term: 0 index: 0 } } ignore_live_leader: false dest_uuid: "fdc15091dfc841efab3cca529fbfc92d"
I20260709 14:54:18.416591 26230 raft_consensus.cc:385] T 0d98275d6ce442e896142641719ca6f1 P bb9e35a2f30540918b0d430ea3742504 [term 0 FOLLOWER]: Consensus starting up: Expiring failure detector timer to make a prompt election more likely
I20260709 14:54:18.418287 26230 raft_consensus.cc:740] T 0d98275d6ce442e896142641719ca6f1 P bb9e35a2f30540918b0d430ea3742504 [term 0 FOLLOWER]: Becoming Follower/Learner. State: Replica: bb9e35a2f30540918b0d430ea3742504, State: Initialized, Role: FOLLOWER
I20260709 14:54:18.417447 26264 raft_consensus.cc:493] T b5a9fe797d3d4bfa8363b365a3d9ef41 P fdc15091dfc841efab3cca529fbfc92d [term 0 FOLLOWER]: Starting pre-election (no leader contacted us within the election timeout)
I20260709 14:54:18.419171 26264 raft_consensus.cc:515] T b5a9fe797d3d4bfa8363b365a3d9ef41 P fdc15091dfc841efab3cca529fbfc92d [term 0 FOLLOWER]: Starting pre-election with config: opid_index: -1 OBSOLETE_local: false peers { permanent_uuid: "fdc15091dfc841efab3cca529fbfc92d" member_type: VOTER last_known_addr { host: "127.24.87.129" port: 35985 } } peers { permanent_uuid: "bb9e35a2f30540918b0d430ea3742504" member_type: VOTER last_known_addr { host: "127.24.87.130" port: 36115 } } peers { permanent_uuid: "bf49f5416ee344298e61e358e5ee50c5" member_type: VOTER last_known_addr { host: "127.24.87.131" port: 45831 } }
W20260709 14:54:18.420491 26151 leader_election.cc:343] T 4420c6152993460fa9a75bad82f22d3b P bf49f5416ee344298e61e358e5ee50c5 [CANDIDATE]: Term 1 election: Tablet error from VoteRequest() call to peer fdc15091dfc841efab3cca529fbfc92d (127.24.87.129:35985): Illegal state: must be running to vote when last-logged opid is not known
I20260709 14:54:18.419811 26112 raft_consensus.cc:3060] T 4420c6152993460fa9a75bad82f22d3b P bb9e35a2f30540918b0d430ea3742504 [term 0 FOLLOWER]: Advancing to term 1
I20260709 14:54:18.421571 26230 consensus_queue.cc:260] T 0d98275d6ce442e896142641719ca6f1 P bb9e35a2f30540918b0d430ea3742504 [NON_LEADER]: Queue going to NON_LEADER mode. State: All replicated index: 0, Majority replicated index: 0, Committed index: 0, Last appended: 0.0, Last appended by leader: 0, Current term: 0, Majority size: -1, State: 0, Mode: NON_LEADER, active raft config: opid_index: -1 OBSOLETE_local: false peers { permanent_uuid: "fdc15091dfc841efab3cca529fbfc92d" member_type: VOTER last_known_addr { host: "127.24.87.129" port: 35985 } } peers { permanent_uuid: "bb9e35a2f30540918b0d430ea3742504" member_type: VOTER last_known_addr { host: "127.24.87.130" port: 36115 } } peers { permanent_uuid: "bf49f5416ee344298e61e358e5ee50c5" member_type: VOTER last_known_addr { host: "127.24.87.131" port: 45831 } }
I20260709 14:54:18.422785 26264 leader_election.cc:290] T b5a9fe797d3d4bfa8363b365a3d9ef41 P fdc15091dfc841efab3cca529fbfc92d [CANDIDATE]: Term 1 pre-election: Requested pre-vote from peers bb9e35a2f30540918b0d430ea3742504 (127.24.87.130:36115), bf49f5416ee344298e61e358e5ee50c5 (127.24.87.131:45831)
W20260709 14:54:18.424346 26001 consensus_peers.cc:597] T 108dce3086574e188d2de4aaec6770b9 P fdc15091dfc841efab3cca529fbfc92d -> Peer bf49f5416ee344298e61e358e5ee50c5 (127.24.87.131:45831): Couldn't send request to peer bf49f5416ee344298e61e358e5ee50c5. Error code: TABLET_NOT_RUNNING (12). Status: Illegal state: Tablet not RUNNING: INITIALIZED. This is attempt 1: this message will repeat every 5th retry.
I20260709 14:54:18.424511 26111 tablet_service.cc:1917] Received RequestConsensusVote() RPC: tablet_id: "b5a9fe797d3d4bfa8363b365a3d9ef41" candidate_uuid: "fdc15091dfc841efab3cca529fbfc92d" candidate_term: 1 candidate_status { last_received { term: 0 index: 0 } } ignore_live_leader: false dest_uuid: "bb9e35a2f30540918b0d430ea3742504" is_pre_election: true
I20260709 14:54:18.425304 26111 raft_consensus.cc:2393] T b5a9fe797d3d4bfa8363b365a3d9ef41 P bb9e35a2f30540918b0d430ea3742504 [term 1 FOLLOWER]: Leader pre-election vote request: Denying vote to candidate fdc15091dfc841efab3cca529fbfc92d in current term 1: Already voted for candidate bf49f5416ee344298e61e358e5ee50c5 in this term.
I20260709 14:54:18.424335 26230 ts_tablet_manager.cc:1434] T 0d98275d6ce442e896142641719ca6f1 P bb9e35a2f30540918b0d430ea3742504: Time spent starting tablet: real 0.038s	user 0.001s	sys 0.005s
I20260709 14:54:18.426923 26187 tablet_service.cc:1917] Received RequestConsensusVote() RPC: tablet_id: "b5a9fe797d3d4bfa8363b365a3d9ef41" candidate_uuid: "fdc15091dfc841efab3cca529fbfc92d" candidate_term: 1 candidate_status { last_received { term: 0 index: 0 } } ignore_live_leader: false dest_uuid: "bf49f5416ee344298e61e358e5ee50c5" is_pre_election: true
I20260709 14:54:18.427587 26230 tablet_bootstrap.cc:492] T 382d9093b28440519add4f6e95b64405 P bb9e35a2f30540918b0d430ea3742504: Bootstrap starting.
I20260709 14:54:18.417320 25935 catalog_manager.cc:5697] T b5a9fe797d3d4bfa8363b365a3d9ef41 P bf49f5416ee344298e61e358e5ee50c5 reported cstate change: term changed from 0 to 1, leader changed from <none> to bf49f5416ee344298e61e358e5ee50c5 (127.24.87.131). New cstate: current_term: 1 leader_uuid: "bf49f5416ee344298e61e358e5ee50c5" committed_config { opid_index: -1 OBSOLETE_local: false peers { permanent_uuid: "fdc15091dfc841efab3cca529fbfc92d" member_type: VOTER last_known_addr { host: "127.24.87.129" port: 35985 } health_report { overall_health: UNKNOWN } } peers { permanent_uuid: "bb9e35a2f30540918b0d430ea3742504" member_type: VOTER last_known_addr { host: "127.24.87.130" port: 36115 } health_report { overall_health: UNKNOWN } } peers { permanent_uuid: "bf49f5416ee344298e61e358e5ee50c5" member_type: VOTER last_known_addr { host: "127.24.87.131" port: 45831 } health_report { overall_health: HEALTHY } } }
I20260709 14:54:18.430919 26239 consensus_queue.cc:1048] T 32822b558f0646d6bd2b6d7ac3663827 P bb9e35a2f30540918b0d430ea3742504 [LEADER]: Connected to new peer: Peer: permanent_uuid: "bf49f5416ee344298e61e358e5ee50c5" member_type: VOTER last_known_addr { host: "127.24.87.131" port: 45831 }, Status: LMP_MISMATCH, Last received: 0.0, Next index: 1, Last known committed idx: 0, Time since last communication: 0.000s
I20260709 14:54:18.435374 26001 leader_election.cc:304] T b5a9fe797d3d4bfa8363b365a3d9ef41 P fdc15091dfc841efab3cca529fbfc92d [CANDIDATE]: Term 1 pre-election: Election decided. Result: candidate lost. Election summary: received 3 responses out of 3 voters: 1 yes votes; 2 no votes. yes voters: fdc15091dfc841efab3cca529fbfc92d; no voters: bb9e35a2f30540918b0d430ea3742504, bf49f5416ee344298e61e358e5ee50c5
I20260709 14:54:18.438277 26264 raft_consensus.cc:3060] T b5a9fe797d3d4bfa8363b365a3d9ef41 P fdc15091dfc841efab3cca529fbfc92d [term 0 FOLLOWER]: Advancing to term 1
I20260709 14:54:18.452741 26265 consensus_queue.cc:1048] T 108dce3086574e188d2de4aaec6770b9 P fdc15091dfc841efab3cca529fbfc92d [LEADER]: Connected to new peer: Peer: permanent_uuid: "bb9e35a2f30540918b0d430ea3742504" member_type: VOTER last_known_addr { host: "127.24.87.130" port: 36115 }, Status: LMP_MISMATCH, Last received: 0.0, Next index: 1, Last known committed idx: 0, Time since last communication: 0.000s
I20260709 14:54:18.458927 26264 raft_consensus.cc:2749] T b5a9fe797d3d4bfa8363b365a3d9ef41 P fdc15091dfc841efab3cca529fbfc92d [term 1 FOLLOWER]: Leader pre-election lost for term 1. Reason: could not achieve majority
W20260709 14:54:18.460788 25984 auto_rebalancer.cc:288] Could not retrieve cluster info: Service unavailable: Tablet not running
I20260709 14:54:18.457201 26112 raft_consensus.cc:2468] T 4420c6152993460fa9a75bad82f22d3b P bb9e35a2f30540918b0d430ea3742504 [term 1 FOLLOWER]: Leader election vote request: Granting yes vote for candidate bf49f5416ee344298e61e358e5ee50c5 in term 1.
I20260709 14:54:18.466260 26227 tablet_bootstrap.cc:492] T 4420c6152993460fa9a75bad82f22d3b P fdc15091dfc841efab3cca529fbfc92d: No bootstrap required, opened a new log
I20260709 14:54:18.471037 26227 ts_tablet_manager.cc:1403] T 4420c6152993460fa9a75bad82f22d3b P fdc15091dfc841efab3cca529fbfc92d: Time spent bootstrapping tablet: real 0.221s	user 0.019s	sys 0.008s
I20260709 14:54:18.479557 26232 tablet_bootstrap.cc:654] T 8bc1f2cfafb04387a9f190662a9c43a7 P bf49f5416ee344298e61e358e5ee50c5: Neither blocks nor log segments found. Creating new log.
I20260709 14:54:18.466420 26150 leader_election.cc:304] T 4420c6152993460fa9a75bad82f22d3b P bf49f5416ee344298e61e358e5ee50c5 [CANDIDATE]: Term 1 election: Election decided. Result: candidate won. Election summary: received 3 responses out of 3 voters: 2 yes votes; 1 no votes. yes voters: bb9e35a2f30540918b0d430ea3742504, bf49f5416ee344298e61e358e5ee50c5; no voters: fdc15091dfc841efab3cca529fbfc92d
I20260709 14:54:18.486245 26297 raft_consensus.cc:2804] T 4420c6152993460fa9a75bad82f22d3b P bf49f5416ee344298e61e358e5ee50c5 [term 1 FOLLOWER]: Leader election won for term 1
I20260709 14:54:18.486747 26297 raft_consensus.cc:697] T 4420c6152993460fa9a75bad82f22d3b P bf49f5416ee344298e61e358e5ee50c5 [term 1 LEADER]: Becoming Leader. State: Replica: bf49f5416ee344298e61e358e5ee50c5, State: Running, Role: LEADER
I20260709 14:54:18.487569 26297 consensus_queue.cc:237] T 4420c6152993460fa9a75bad82f22d3b P bf49f5416ee344298e61e358e5ee50c5 [LEADER]: Queue going to LEADER mode. State: All replicated index: 0, Majority replicated index: 0, Committed index: 0, Last appended: 0.0, Last appended by leader: 0, Current term: 1, Majority size: 2, State: 0, Mode: LEADER, active raft config: opid_index: -1 OBSOLETE_local: false peers { permanent_uuid: "fdc15091dfc841efab3cca529fbfc92d" member_type: VOTER last_known_addr { host: "127.24.87.129" port: 35985 } } peers { permanent_uuid: "bb9e35a2f30540918b0d430ea3742504" member_type: VOTER last_known_addr { host: "127.24.87.130" port: 36115 } } peers { permanent_uuid: "bf49f5416ee344298e61e358e5ee50c5" member_type: VOTER last_known_addr { host: "127.24.87.131" port: 45831 } }
I20260709 14:54:18.492364 26239 raft_consensus.cc:493] T 0d98275d6ce442e896142641719ca6f1 P bb9e35a2f30540918b0d430ea3742504 [term 0 FOLLOWER]: Starting pre-election (no leader contacted us within the election timeout)
I20260709 14:54:18.492899 26239 raft_consensus.cc:515] T 0d98275d6ce442e896142641719ca6f1 P bb9e35a2f30540918b0d430ea3742504 [term 0 FOLLOWER]: Starting pre-election with config: opid_index: -1 OBSOLETE_local: false peers { permanent_uuid: "fdc15091dfc841efab3cca529fbfc92d" member_type: VOTER last_known_addr { host: "127.24.87.129" port: 35985 } } peers { permanent_uuid: "bb9e35a2f30540918b0d430ea3742504" member_type: VOTER last_known_addr { host: "127.24.87.130" port: 36115 } } peers { permanent_uuid: "bf49f5416ee344298e61e358e5ee50c5" member_type: VOTER last_known_addr { host: "127.24.87.131" port: 45831 } }
I20260709 14:54:18.502020 26266 consensus_queue.cc:1048] T 27611adb89454cffbbba12407da71e1c P bb9e35a2f30540918b0d430ea3742504 [LEADER]: Connected to new peer: Peer: permanent_uuid: "fdc15091dfc841efab3cca529fbfc92d" member_type: VOTER last_known_addr { host: "127.24.87.129" port: 35985 }, Status: LMP_MISMATCH, Last received: 0.0, Next index: 1, Last known committed idx: 0, Time since last communication: 0.001s
I20260709 14:54:18.502095 26036 tablet_service.cc:1917] Received RequestConsensusVote() RPC: tablet_id: "0d98275d6ce442e896142641719ca6f1" candidate_uuid: "bb9e35a2f30540918b0d430ea3742504" candidate_term: 1 candidate_status { last_received { term: 0 index: 0 } } ignore_live_leader: false dest_uuid: "fdc15091dfc841efab3cca529fbfc92d" is_pre_election: true
I20260709 14:54:18.503338 26230 tablet_bootstrap.cc:654] T 382d9093b28440519add4f6e95b64405 P bb9e35a2f30540918b0d430ea3742504: Neither blocks nor log segments found. Creating new log.
I20260709 14:54:18.500399 26186 tablet_service.cc:1917] Received RequestConsensusVote() RPC: tablet_id: "0d98275d6ce442e896142641719ca6f1" candidate_uuid: "bb9e35a2f30540918b0d430ea3742504" candidate_term: 1 candidate_status { last_received { term: 0 index: 0 } } ignore_live_leader: false dest_uuid: "bf49f5416ee344298e61e358e5ee50c5" is_pre_election: true
I20260709 14:54:18.502970 26227 raft_consensus.cc:359] T 4420c6152993460fa9a75bad82f22d3b P fdc15091dfc841efab3cca529fbfc92d [term 0 FOLLOWER]: Replica starting. Triggering 0 pending ops. Active config: opid_index: -1 OBSOLETE_local: false peers { permanent_uuid: "fdc15091dfc841efab3cca529fbfc92d" member_type: VOTER last_known_addr { host: "127.24.87.129" port: 35985 } } peers { permanent_uuid: "bb9e35a2f30540918b0d430ea3742504" member_type: VOTER last_known_addr { host: "127.24.87.130" port: 36115 } } peers { permanent_uuid: "bf49f5416ee344298e61e358e5ee50c5" member_type: VOTER last_known_addr { host: "127.24.87.131" port: 45831 } }
I20260709 14:54:18.504412 26227 raft_consensus.cc:385] T 4420c6152993460fa9a75bad82f22d3b P fdc15091dfc841efab3cca529fbfc92d [term 0 FOLLOWER]: Consensus starting up: Expiring failure detector timer to make a prompt election more likely
I20260709 14:54:18.504683 26227 raft_consensus.cc:740] T 4420c6152993460fa9a75bad82f22d3b P fdc15091dfc841efab3cca529fbfc92d [term 0 FOLLOWER]: Becoming Follower/Learner. State: Replica: fdc15091dfc841efab3cca529fbfc92d, State: Initialized, Role: FOLLOWER
