I20260709 14:54:19.947867 19034 consensus_queue.cc:260] T 86bfc792b1cf409facdf2d5fba80a33c P efcd6ff009ef43d5aaa1ac0246a4a301 [NON_LEADER]: Queue going to NON_LEADER mode. State: All replicated index: 0, Majority replicated index: 0, Committed index: 0, Last appended: 0.0, Last appended by leader: 0, Current term: 0, Majority size: -1, State: 0, Mode: NON_LEADER, active raft config: opid_index: -1 OBSOLETE_local: false peers { permanent_uuid: "efcd6ff009ef43d5aaa1ac0246a4a301" member_type: VOTER last_known_addr { host: "127.17.73.65" port: 34329 } } peers { permanent_uuid: "04271737ce164b77a53c4efb3c26ab15" member_type: VOTER last_known_addr { host: "127.17.73.66" port: 42095 } } peers { permanent_uuid: "7493b34b6493433caa94a4d25f4487e2" member_type: VOTER last_known_addr { host: "127.17.73.67" port: 36393 } }
I20260709 14:54:19.950886 19034 ts_tablet_manager.cc:1434] T 86bfc792b1cf409facdf2d5fba80a33c P efcd6ff009ef43d5aaa1ac0246a4a301: Time spent starting tablet: real 0.011s	user 0.009s	sys 0.001s
I20260709 14:54:19.952221 19032 tablet_bootstrap.cc:654] T 74be007b0c574ad8b969bb2925e88f21 P 04271737ce164b77a53c4efb3c26ab15: Neither blocks nor log segments found. Creating new log.
I20260709 14:54:19.952320 19034 tablet_bootstrap.cc:492] T 360420c191224e8681763225bbc8786e P efcd6ff009ef43d5aaa1ac0246a4a301: Bootstrap starting.
I20260709 14:54:19.957571 19032 tablet_bootstrap.cc:492] T 74be007b0c574ad8b969bb2925e88f21 P 04271737ce164b77a53c4efb3c26ab15: No bootstrap required, opened a new log
I20260709 14:54:19.958081 19032 ts_tablet_manager.cc:1403] T 74be007b0c574ad8b969bb2925e88f21 P 04271737ce164b77a53c4efb3c26ab15: Time spent bootstrapping tablet: real 0.043s	user 0.006s	sys 0.007s
I20260709 14:54:19.959025 19266 raft_consensus.cc:493] T 87632b11b7a348e8945a44b89a949563 P efcd6ff009ef43d5aaa1ac0246a4a301 [term 0 FOLLOWER]: Starting pre-election (no leader contacted us within the election timeout)
I20260709 14:54:19.959297 19034 tablet_bootstrap.cc:654] T 360420c191224e8681763225bbc8786e P efcd6ff009ef43d5aaa1ac0246a4a301: Neither blocks nor log segments found. Creating new log.
I20260709 14:54:19.959936 19033 tablet_bootstrap.cc:492] T c552bea3b414491fab2b1e65fbfa7d08 P 7493b34b6493433caa94a4d25f4487e2: No bootstrap required, opened a new log
I20260709 14:54:19.959578 19266 raft_consensus.cc:515] T 87632b11b7a348e8945a44b89a949563 P efcd6ff009ef43d5aaa1ac0246a4a301 [term 0 FOLLOWER]: Starting pre-election with config: opid_index: -1 OBSOLETE_local: false peers { permanent_uuid: "efcd6ff009ef43d5aaa1ac0246a4a301" member_type: VOTER last_known_addr { host: "127.17.73.65" port: 34329 } } peers { permanent_uuid: "04271737ce164b77a53c4efb3c26ab15" member_type: VOTER last_known_addr { host: "127.17.73.66" port: 42095 } } peers { permanent_uuid: "7493b34b6493433caa94a4d25f4487e2" member_type: VOTER last_known_addr { host: "127.17.73.67" port: 36393 } }
I20260709 14:54:19.960547 19033 ts_tablet_manager.cc:1403] T c552bea3b414491fab2b1e65fbfa7d08 P 7493b34b6493433caa94a4d25f4487e2: Time spent bootstrapping tablet: real 0.026s	user 0.005s	sys 0.007s
I20260709 14:54:19.962963 18913 tablet_service.cc:1917] Received RequestConsensusVote() RPC: tablet_id: "87632b11b7a348e8945a44b89a949563" candidate_uuid: "efcd6ff009ef43d5aaa1ac0246a4a301" candidate_term: 1 candidate_status { last_received { term: 0 index: 0 } } ignore_live_leader: false dest_uuid: "04271737ce164b77a53c4efb3c26ab15" is_pre_election: true
I20260709 14:54:19.963671 18913 raft_consensus.cc:2468] T 87632b11b7a348e8945a44b89a949563 P 04271737ce164b77a53c4efb3c26ab15 [term 0 FOLLOWER]: Leader pre-election vote request: Granting yes vote for candidate efcd6ff009ef43d5aaa1ac0246a4a301 in term 0.
I20260709 14:54:19.964973 18807 leader_election.cc:304] T 87632b11b7a348e8945a44b89a949563 P efcd6ff009ef43d5aaa1ac0246a4a301 [CANDIDATE]: Term 1 pre-election: Election decided. Result: candidate won. Election summary: received 2 responses out of 3 voters: 2 yes votes; 0 no votes. yes voters: 04271737ce164b77a53c4efb3c26ab15, efcd6ff009ef43d5aaa1ac0246a4a301; no voters: 
I20260709 14:54:19.965962 19266 leader_election.cc:290] T 87632b11b7a348e8945a44b89a949563 P efcd6ff009ef43d5aaa1ac0246a4a301 [CANDIDATE]: Term 1 pre-election: Requested pre-vote from peers 04271737ce164b77a53c4efb3c26ab15 (127.17.73.66:42095), 7493b34b6493433caa94a4d25f4487e2 (127.17.73.67:36393)
I20260709 14:54:19.966465 19266 raft_consensus.cc:2804] T 87632b11b7a348e8945a44b89a949563 P efcd6ff009ef43d5aaa1ac0246a4a301 [term 0 FOLLOWER]: Leader pre-election won for term 1
I20260709 14:54:19.966802 19266 raft_consensus.cc:493] T 87632b11b7a348e8945a44b89a949563 P efcd6ff009ef43d5aaa1ac0246a4a301 [term 0 FOLLOWER]: Starting leader election (no leader contacted us within the election timeout)
I20260709 14:54:19.967123 19266 raft_consensus.cc:3060] T 87632b11b7a348e8945a44b89a949563 P efcd6ff009ef43d5aaa1ac0246a4a301 [term 0 FOLLOWER]: Advancing to term 1
I20260709 14:54:19.967155 19033 raft_consensus.cc:359] T c552bea3b414491fab2b1e65fbfa7d08 P 7493b34b6493433caa94a4d25f4487e2 [term 0 FOLLOWER]: Replica starting. Triggering 0 pending ops. Active config: opid_index: -1 OBSOLETE_local: false peers { permanent_uuid: "efcd6ff009ef43d5aaa1ac0246a4a301" member_type: VOTER last_known_addr { host: "127.17.73.65" port: 34329 } } peers { permanent_uuid: "04271737ce164b77a53c4efb3c26ab15" member_type: VOTER last_known_addr { host: "127.17.73.66" port: 42095 } } peers { permanent_uuid: "7493b34b6493433caa94a4d25f4487e2" member_type: VOTER last_known_addr { host: "127.17.73.67" port: 36393 } }
I20260709 14:54:19.969372 18987 tablet_service.cc:1917] Received RequestConsensusVote() RPC: tablet_id: "87632b11b7a348e8945a44b89a949563" candidate_uuid: "efcd6ff009ef43d5aaa1ac0246a4a301" candidate_term: 1 candidate_status { last_received { term: 0 index: 0 } } ignore_live_leader: false dest_uuid: "7493b34b6493433caa94a4d25f4487e2" is_pre_election: true
I20260709 14:54:19.976109 19033 raft_consensus.cc:385] T c552bea3b414491fab2b1e65fbfa7d08 P 7493b34b6493433caa94a4d25f4487e2 [term 0 FOLLOWER]: Consensus starting up: Expiring failure detector timer to make a prompt election more likely
I20260709 14:54:19.971235 19304 raft_consensus.cc:493] T a40e24307c0d41ecbf223143abff35a6 P efcd6ff009ef43d5aaa1ac0246a4a301 [term 0 FOLLOWER]: Starting pre-election (no leader contacted us within the election timeout)
I20260709 14:54:19.976567 19033 raft_consensus.cc:740] T c552bea3b414491fab2b1e65fbfa7d08 P 7493b34b6493433caa94a4d25f4487e2 [term 0 FOLLOWER]: Becoming Follower/Learner. State: Replica: 7493b34b6493433caa94a4d25f4487e2, State: Initialized, Role: FOLLOWER
I20260709 14:54:19.979791 19033 consensus_queue.cc:260] T c552bea3b414491fab2b1e65fbfa7d08 P 7493b34b6493433caa94a4d25f4487e2 [NON_LEADER]: Queue going to NON_LEADER mode. State: All replicated index: 0, Majority replicated index: 0, Committed index: 0, Last appended: 0.0, Last appended by leader: 0, Current term: 0, Majority size: -1, State: 0, Mode: NON_LEADER, active raft config: opid_index: -1 OBSOLETE_local: false peers { permanent_uuid: "efcd6ff009ef43d5aaa1ac0246a4a301" member_type: VOTER last_known_addr { host: "127.17.73.65" port: 34329 } } peers { permanent_uuid: "04271737ce164b77a53c4efb3c26ab15" member_type: VOTER last_known_addr { host: "127.17.73.66" port: 42095 } } peers { permanent_uuid: "7493b34b6493433caa94a4d25f4487e2" member_type: VOTER last_known_addr { host: "127.17.73.67" port: 36393 } }
I20260709 14:54:19.970338 19288 raft_consensus.cc:493] T 5c49bb76ea124da8bb987c109fcf8dc7 P 04271737ce164b77a53c4efb3c26ab15 [term 0 FOLLOWER]: Starting pre-election (no leader contacted us within the election timeout)
I20260709 14:54:19.982319 19288 raft_consensus.cc:515] T 5c49bb76ea124da8bb987c109fcf8dc7 P 04271737ce164b77a53c4efb3c26ab15 [term 0 FOLLOWER]: Starting pre-election with config: opid_index: -1 OBSOLETE_local: false peers { permanent_uuid: "efcd6ff009ef43d5aaa1ac0246a4a301" member_type: VOTER last_known_addr { host: "127.17.73.65" port: 34329 } } peers { permanent_uuid: "04271737ce164b77a53c4efb3c26ab15" member_type: VOTER last_known_addr { host: "127.17.73.66" port: 42095 } } peers { permanent_uuid: "7493b34b6493433caa94a4d25f4487e2" member_type: VOTER last_known_addr { host: "127.17.73.67" port: 36393 } }
I20260709 14:54:19.986148 19033 ts_tablet_manager.cc:1434] T c552bea3b414491fab2b1e65fbfa7d08 P 7493b34b6493433caa94a4d25f4487e2: Time spent starting tablet: real 0.024s	user 0.006s	sys 0.001s
I20260709 14:54:19.986889 18841 tablet_service.cc:1917] Received RequestConsensusVote() RPC: tablet_id: "5c49bb76ea124da8bb987c109fcf8dc7" candidate_uuid: "04271737ce164b77a53c4efb3c26ab15" candidate_term: 1 candidate_status { last_received { term: 0 index: 0 } } ignore_live_leader: false dest_uuid: "efcd6ff009ef43d5aaa1ac0246a4a301" is_pre_election: true
I20260709 14:54:19.987087 18990 tablet_service.cc:1917] Received RequestConsensusVote() RPC: tablet_id: "5c49bb76ea124da8bb987c109fcf8dc7" candidate_uuid: "04271737ce164b77a53c4efb3c26ab15" candidate_term: 1 candidate_status { last_received { term: 0 index: 0 } } ignore_live_leader: false dest_uuid: "7493b34b6493433caa94a4d25f4487e2" is_pre_election: true
I20260709 14:54:19.976985 19304 raft_consensus.cc:515] T a40e24307c0d41ecbf223143abff35a6 P efcd6ff009ef43d5aaa1ac0246a4a301 [term 0 FOLLOWER]: Starting pre-election with config: opid_index: -1 OBSOLETE_local: false peers { permanent_uuid: "efcd6ff009ef43d5aaa1ac0246a4a301" member_type: VOTER last_known_addr { host: "127.17.73.65" port: 34329 } } peers { permanent_uuid: "04271737ce164b77a53c4efb3c26ab15" member_type: VOTER last_known_addr { host: "127.17.73.66" port: 42095 } } peers { permanent_uuid: "7493b34b6493433caa94a4d25f4487e2" member_type: VOTER last_known_addr { host: "127.17.73.67" port: 36393 } }
I20260709 14:54:19.987339 19033 tablet_bootstrap.cc:492] T 5c49bb76ea124da8bb987c109fcf8dc7 P 7493b34b6493433caa94a4d25f4487e2: Bootstrap starting.
W20260709 14:54:19.988539 18881 leader_election.cc:343] T 5c49bb76ea124da8bb987c109fcf8dc7 P 04271737ce164b77a53c4efb3c26ab15 [CANDIDATE]: Term 1 pre-election: Tablet error from VoteRequest() call to peer 7493b34b6493433caa94a4d25f4487e2 (127.17.73.67:36393): Illegal state: must be running to vote when last-logged opid is not known
I20260709 14:54:19.981611 19115 consensus_queue.cc:1048] T 8d2294b9155f403a924e97b09ac1e71e P 7493b34b6493433caa94a4d25f4487e2 [LEADER]: Connected to new peer: Peer: permanent_uuid: "efcd6ff009ef43d5aaa1ac0246a4a301" member_type: VOTER last_known_addr { host: "127.17.73.65" port: 34329 }, Status: LMP_MISMATCH, Last received: 0.0, Next index: 1, Last known committed idx: 0, Time since last communication: 0.008s
W20260709 14:54:19.989971 18883 leader_election.cc:343] T 5c49bb76ea124da8bb987c109fcf8dc7 P 04271737ce164b77a53c4efb3c26ab15 [CANDIDATE]: Term 1 pre-election: Tablet error from VoteRequest() call to peer efcd6ff009ef43d5aaa1ac0246a4a301 (127.17.73.65:34329): Illegal state: must be running to vote when last-logged opid is not known
I20260709 14:54:19.990362 18883 leader_election.cc:304] T 5c49bb76ea124da8bb987c109fcf8dc7 P 04271737ce164b77a53c4efb3c26ab15 [CANDIDATE]: Term 1 pre-election: Election decided. Result: candidate lost. Election summary: received 3 responses out of 3 voters: 1 yes votes; 2 no votes. yes voters: 04271737ce164b77a53c4efb3c26ab15; no voters: 7493b34b6493433caa94a4d25f4487e2, efcd6ff009ef43d5aaa1ac0246a4a301
I20260709 14:54:19.991127 19223 raft_consensus.cc:2749] T 5c49bb76ea124da8bb987c109fcf8dc7 P 04271737ce164b77a53c4efb3c26ab15 [term 0 FOLLOWER]: Leader pre-election lost for term 1. Reason: could not achieve majority
I20260709 14:54:19.991823 19288 leader_election.cc:290] T 5c49bb76ea124da8bb987c109fcf8dc7 P 04271737ce164b77a53c4efb3c26ab15 [CANDIDATE]: Term 1 pre-election: Requested pre-vote from peers efcd6ff009ef43d5aaa1ac0246a4a301 (127.17.73.65:34329), 7493b34b6493433caa94a4d25f4487e2 (127.17.73.67:36393)
I20260709 14:54:19.996344 18987 raft_consensus.cc:2468] T 87632b11b7a348e8945a44b89a949563 P 7493b34b6493433caa94a4d25f4487e2 [term 0 FOLLOWER]: Leader pre-election vote request: Granting yes vote for candidate efcd6ff009ef43d5aaa1ac0246a4a301 in term 0.
I20260709 14:54:19.997591 19032 raft_consensus.cc:359] T 74be007b0c574ad8b969bb2925e88f21 P 04271737ce164b77a53c4efb3c26ab15 [term 0 FOLLOWER]: Replica starting. Triggering 0 pending ops. Active config: opid_index: -1 OBSOLETE_local: false peers { permanent_uuid: "efcd6ff009ef43d5aaa1ac0246a4a301" member_type: VOTER last_known_addr { host: "127.17.73.65" port: 34329 } } peers { permanent_uuid: "04271737ce164b77a53c4efb3c26ab15" member_type: VOTER last_known_addr { host: "127.17.73.66" port: 42095 } } peers { permanent_uuid: "7493b34b6493433caa94a4d25f4487e2" member_type: VOTER last_known_addr { host: "127.17.73.67" port: 36393 } }
I20260709 14:54:19.999191 19266 raft_consensus.cc:515] T 87632b11b7a348e8945a44b89a949563 P efcd6ff009ef43d5aaa1ac0246a4a301 [term 1 FOLLOWER]: Starting leader election with config: opid_index: -1 OBSOLETE_local: false peers { permanent_uuid: "efcd6ff009ef43d5aaa1ac0246a4a301" member_type: VOTER last_known_addr { host: "127.17.73.65" port: 34329 } } peers { permanent_uuid: "04271737ce164b77a53c4efb3c26ab15" member_type: VOTER last_known_addr { host: "127.17.73.66" port: 42095 } } peers { permanent_uuid: "7493b34b6493433caa94a4d25f4487e2" member_type: VOTER last_known_addr { host: "127.17.73.67" port: 36393 } }
I20260709 14:54:20.000077 19033 tablet_bootstrap.cc:654] T 5c49bb76ea124da8bb987c109fcf8dc7 P 7493b34b6493433caa94a4d25f4487e2: Neither blocks nor log segments found. Creating new log.
I20260709 14:54:20.000977 18913 tablet_service.cc:1917] Received RequestConsensusVote() RPC: tablet_id: "a40e24307c0d41ecbf223143abff35a6" candidate_uuid: "efcd6ff009ef43d5aaa1ac0246a4a301" candidate_term: 1 candidate_status { last_received { term: 0 index: 0 } } ignore_live_leader: false dest_uuid: "04271737ce164b77a53c4efb3c26ab15" is_pre_election: true
I20260709 14:54:20.009680 18913 raft_consensus.cc:2393] T a40e24307c0d41ecbf223143abff35a6 P 04271737ce164b77a53c4efb3c26ab15 [term 1 FOLLOWER]: Leader pre-election vote request: Denying vote to candidate efcd6ff009ef43d5aaa1ac0246a4a301 in current term 1: Already voted for candidate 7493b34b6493433caa94a4d25f4487e2 in this term.
I20260709 14:54:20.002377 18918 tablet_service.cc:1917] Received RequestConsensusVote() RPC: tablet_id: "87632b11b7a348e8945a44b89a949563" candidate_uuid: "efcd6ff009ef43d5aaa1ac0246a4a301" candidate_term: 1 candidate_status { last_received { term: 0 index: 0 } } ignore_live_leader: false dest_uuid: "04271737ce164b77a53c4efb3c26ab15"
I20260709 14:54:20.010614 18918 raft_consensus.cc:3060] T 87632b11b7a348e8945a44b89a949563 P 04271737ce164b77a53c4efb3c26ab15 [term 0 FOLLOWER]: Advancing to term 1
W20260709 14:54:20.013437 18944 tablet.cc:2406] T 44364fc960454e8ca7040b28104d1800 P 04271737ce164b77a53c4efb3c26ab15: Can't schedule compaction. Clean time has not been advanced past its initial value.
I20260709 14:54:20.018288 19304 leader_election.cc:290] T a40e24307c0d41ecbf223143abff35a6 P efcd6ff009ef43d5aaa1ac0246a4a301 [CANDIDATE]: Term 1 pre-election: Requested pre-vote from peers 04271737ce164b77a53c4efb3c26ab15 (127.17.73.66:42095), 7493b34b6493433caa94a4d25f4487e2 (127.17.73.67:36393)
I20260709 14:54:20.023475 18918 raft_consensus.cc:2468] T 87632b11b7a348e8945a44b89a949563 P 04271737ce164b77a53c4efb3c26ab15 [term 1 FOLLOWER]: Leader election vote request: Granting yes vote for candidate efcd6ff009ef43d5aaa1ac0246a4a301 in term 1.
I20260709 14:54:20.025391 18807 leader_election.cc:304] T 87632b11b7a348e8945a44b89a949563 P efcd6ff009ef43d5aaa1ac0246a4a301 [CANDIDATE]: Term 1 election: Election decided. Result: candidate won. Election summary: received 2 responses out of 3 voters: 2 yes votes; 0 no votes. yes voters: 04271737ce164b77a53c4efb3c26ab15, efcd6ff009ef43d5aaa1ac0246a4a301; no voters: 
I20260709 14:54:20.026369 19304 raft_consensus.cc:2804] T 87632b11b7a348e8945a44b89a949563 P efcd6ff009ef43d5aaa1ac0246a4a301 [term 1 FOLLOWER]: Leader election won for term 1
I20260709 14:54:20.026854 19304 raft_consensus.cc:697] T 87632b11b7a348e8945a44b89a949563 P efcd6ff009ef43d5aaa1ac0246a4a301 [term 1 LEADER]: Becoming Leader. State: Replica: efcd6ff009ef43d5aaa1ac0246a4a301, State: Running, Role: LEADER
I20260709 14:54:20.027731 19304 consensus_queue.cc:237] T 87632b11b7a348e8945a44b89a949563 P efcd6ff009ef43d5aaa1ac0246a4a301 [LEADER]: Queue going to LEADER mode. State: All replicated index: 0, Majority replicated index: 0, Committed index: 0, Last appended: 0.0, Last appended by leader: 0, Current term: 1, Majority size: 2, State: 0, Mode: LEADER, active raft config: opid_index: -1 OBSOLETE_local: false peers { permanent_uuid: "efcd6ff009ef43d5aaa1ac0246a4a301" member_type: VOTER last_known_addr { host: "127.17.73.65" port: 34329 } } peers { permanent_uuid: "04271737ce164b77a53c4efb3c26ab15" member_type: VOTER last_known_addr { host: "127.17.73.66" port: 42095 } } peers { permanent_uuid: "7493b34b6493433caa94a4d25f4487e2" member_type: VOTER last_known_addr { host: "127.17.73.67" port: 36393 } }
I20260709 14:54:20.030107 19034 tablet_bootstrap.cc:492] T 360420c191224e8681763225bbc8786e P efcd6ff009ef43d5aaa1ac0246a4a301: No bootstrap required, opened a new log
I20260709 14:54:20.030709 19034 ts_tablet_manager.cc:1403] T 360420c191224e8681763225bbc8786e P efcd6ff009ef43d5aaa1ac0246a4a301: Time spent bootstrapping tablet: real 0.079s	user 0.032s	sys 0.038s
I20260709 14:54:20.033370 19034 raft_consensus.cc:359] T 360420c191224e8681763225bbc8786e P efcd6ff009ef43d5aaa1ac0246a4a301 [term 0 FOLLOWER]: Replica starting. Triggering 0 pending ops. Active config: opid_index: -1 OBSOLETE_local: false peers { permanent_uuid: "efcd6ff009ef43d5aaa1ac0246a4a301" member_type: VOTER last_known_addr { host: "127.17.73.65" port: 34329 } } peers { permanent_uuid: "04271737ce164b77a53c4efb3c26ab15" member_type: VOTER last_known_addr { host: "127.17.73.66" port: 42095 } } peers { permanent_uuid: "7493b34b6493433caa94a4d25f4487e2" member_type: VOTER last_known_addr { host: "127.17.73.67" port: 36393 } }
I20260709 14:54:20.034051 19034 raft_consensus.cc:385] T 360420c191224e8681763225bbc8786e P efcd6ff009ef43d5aaa1ac0246a4a301 [term 0 FOLLOWER]: Consensus starting up: Expiring failure detector timer to make a prompt election more likely
I20260709 14:54:20.034337 19034 raft_consensus.cc:740] T 360420c191224e8681763225bbc8786e P efcd6ff009ef43d5aaa1ac0246a4a301 [term 0 FOLLOWER]: Becoming Follower/Learner. State: Replica: efcd6ff009ef43d5aaa1ac0246a4a301, State: Initialized, Role: FOLLOWER
I20260709 14:54:20.034365 19115 consensus_queue.cc:1048] T 8d2294b9155f403a924e97b09ac1e71e P 7493b34b6493433caa94a4d25f4487e2 [LEADER]: Connected to new peer: Peer: permanent_uuid: "04271737ce164b77a53c4efb3c26ab15" member_type: VOTER last_known_addr { host: "127.17.73.66" port: 42095 }, Status: LMP_MISMATCH, Last received: 0.0, Next index: 1, Last known committed idx: 0, Time since last communication: 0.000s
I20260709 14:54:20.035086 19034 consensus_queue.cc:260] T 360420c191224e8681763225bbc8786e P efcd6ff009ef43d5aaa1ac0246a4a301 [NON_LEADER]: Queue going to NON_LEADER mode. State: All replicated index: 0, Majority replicated index: 0, Committed index: 0, Last appended: 0.0, Last appended by leader: 0, Current term: 0, Majority size: -1, State: 0, Mode: NON_LEADER, active raft config: opid_index: -1 OBSOLETE_local: false peers { permanent_uuid: "efcd6ff009ef43d5aaa1ac0246a4a301" member_type: VOTER last_known_addr { host: "127.17.73.65" port: 34329 } } peers { permanent_uuid: "04271737ce164b77a53c4efb3c26ab15" member_type: VOTER last_known_addr { host: "127.17.73.66" port: 42095 } } peers { permanent_uuid: "7493b34b6493433caa94a4d25f4487e2" member_type: VOTER last_known_addr { host: "127.17.73.67" port: 36393 } }
I20260709 14:54:20.003257 19266 leader_election.cc:290] T 87632b11b7a348e8945a44b89a949563 P efcd6ff009ef43d5aaa1ac0246a4a301 [CANDIDATE]: Term 1 election: Requested vote from peers 04271737ce164b77a53c4efb3c26ab15 (127.17.73.66:42095), 7493b34b6493433caa94a4d25f4487e2 (127.17.73.67:36393)
I20260709 14:54:19.998374 19032 raft_consensus.cc:385] T 74be007b0c574ad8b969bb2925e88f21 P 04271737ce164b77a53c4efb3c26ab15 [term 0 FOLLOWER]: Consensus starting up: Expiring failure detector timer to make a prompt election more likely
I20260709 14:54:20.036613 19032 raft_consensus.cc:740] T 74be007b0c574ad8b969bb2925e88f21 P 04271737ce164b77a53c4efb3c26ab15 [term 0 FOLLOWER]: Becoming Follower/Learner. State: Replica: 04271737ce164b77a53c4efb3c26ab15, State: Initialized, Role: FOLLOWER
I20260709 14:54:20.037562 19032 consensus_queue.cc:260] T 74be007b0c574ad8b969bb2925e88f21 P 04271737ce164b77a53c4efb3c26ab15 [NON_LEADER]: Queue going to NON_LEADER mode. State: All replicated index: 0, Majority replicated index: 0, Committed index: 0, Last appended: 0.0, Last appended by leader: 0, Current term: 0, Majority size: -1, State: 0, Mode: NON_LEADER, active raft config: opid_index: -1 OBSOLETE_local: false peers { permanent_uuid: "efcd6ff009ef43d5aaa1ac0246a4a301" member_type: VOTER last_known_addr { host: "127.17.73.65" port: 34329 } } peers { permanent_uuid: "04271737ce164b77a53c4efb3c26ab15" member_type: VOTER last_known_addr { host: "127.17.73.66" port: 42095 } } peers { permanent_uuid: "7493b34b6493433caa94a4d25f4487e2" member_type: VOTER last_known_addr { host: "127.17.73.67" port: 36393 } }
I20260709 14:54:20.037925 19034 ts_tablet_manager.cc:1434] T 360420c191224e8681763225bbc8786e P efcd6ff009ef43d5aaa1ac0246a4a301: Time spent starting tablet: real 0.007s	user 0.008s	sys 0.000s
I20260709 14:54:20.037961 18990 tablet_service.cc:1917] Received RequestConsensusVote() RPC: tablet_id: "a40e24307c0d41ecbf223143abff35a6" candidate_uuid: "efcd6ff009ef43d5aaa1ac0246a4a301" candidate_term: 1 candidate_status { last_received { term: 0 index: 0 } } ignore_live_leader: false dest_uuid: "7493b34b6493433caa94a4d25f4487e2" is_pre_election: true
I20260709 14:54:20.039193 19034 tablet_bootstrap.cc:492] T 60b4b51a1a5148bdbfc44cf8e641e2a1 P efcd6ff009ef43d5aaa1ac0246a4a301: Bootstrap starting.
I20260709 14:54:20.039475 19032 ts_tablet_manager.cc:1434] T 74be007b0c574ad8b969bb2925e88f21 P 04271737ce164b77a53c4efb3c26ab15: Time spent starting tablet: real 0.081s	user 0.006s	sys 0.000s
I20260709 14:54:20.045728 19034 tablet_bootstrap.cc:654] T 60b4b51a1a5148bdbfc44cf8e641e2a1 P efcd6ff009ef43d5aaa1ac0246a4a301: Neither blocks nor log segments found. Creating new log.
I20260709 14:54:20.046883 19288 raft_consensus.cc:493] T 44364fc960454e8ca7040b28104d1800 P 04271737ce164b77a53c4efb3c26ab15 [term 0 FOLLOWER]: Starting pre-election (no leader contacted us within the election timeout)
I20260709 14:54:20.047004 18987 tablet_service.cc:1917] Received RequestConsensusVote() RPC: tablet_id: "87632b11b7a348e8945a44b89a949563" candidate_uuid: "efcd6ff009ef43d5aaa1ac0246a4a301" candidate_term: 1 candidate_status { last_received { term: 0 index: 0 } } ignore_live_leader: false dest_uuid: "7493b34b6493433caa94a4d25f4487e2"
I20260709 14:54:20.047750 18987 raft_consensus.cc:3060] T 87632b11b7a348e8945a44b89a949563 P 7493b34b6493433caa94a4d25f4487e2 [term 0 FOLLOWER]: Advancing to term 1
I20260709 14:54:20.047573 19288 raft_consensus.cc:515] T 44364fc960454e8ca7040b28104d1800 P 04271737ce164b77a53c4efb3c26ab15 [term 0 FOLLOWER]: Starting pre-election with config: opid_index: -1 OBSOLETE_local: false peers { permanent_uuid: "efcd6ff009ef43d5aaa1ac0246a4a301" member_type: VOTER last_known_addr { host: "127.17.73.65" port: 34329 } } peers { permanent_uuid: "04271737ce164b77a53c4efb3c26ab15" member_type: VOTER last_known_addr { host: "127.17.73.66" port: 42095 } } peers { permanent_uuid: "7493b34b6493433caa94a4d25f4487e2" member_type: VOTER last_known_addr { host: "127.17.73.67" port: 36393 } }
I20260709 14:54:20.049808 19288 leader_election.cc:290] T 44364fc960454e8ca7040b28104d1800 P 04271737ce164b77a53c4efb3c26ab15 [CANDIDATE]: Term 1 pre-election: Requested pre-vote from peers efcd6ff009ef43d5aaa1ac0246a4a301 (127.17.73.65:34329), 7493b34b6493433caa94a4d25f4487e2 (127.17.73.67:36393)
I20260709 14:54:20.052006 18990 tablet_service.cc:1917] Received RequestConsensusVote() RPC: tablet_id: "44364fc960454e8ca7040b28104d1800" candidate_uuid: "04271737ce164b77a53c4efb3c26ab15" candidate_term: 1 candidate_status { last_received { term: 0 index: 0 } } ignore_live_leader: false dest_uuid: "7493b34b6493433caa94a4d25f4487e2" is_pre_election: true
I20260709 14:54:20.053128 18806 leader_election.cc:304] T a40e24307c0d41ecbf223143abff35a6 P efcd6ff009ef43d5aaa1ac0246a4a301 [CANDIDATE]: Term 1 pre-election: Election decided. Result: candidate lost. Election summary: received 3 responses out of 3 voters: 1 yes votes; 2 no votes. yes voters: efcd6ff009ef43d5aaa1ac0246a4a301; no voters: 04271737ce164b77a53c4efb3c26ab15, 7493b34b6493433caa94a4d25f4487e2
W20260709 14:54:20.053862 18881 leader_election.cc:343] T 44364fc960454e8ca7040b28104d1800 P 04271737ce164b77a53c4efb3c26ab15 [CANDIDATE]: Term 1 pre-election: Tablet error from VoteRequest() call to peer 7493b34b6493433caa94a4d25f4487e2 (127.17.73.67:36393): Illegal state: must be running to vote when last-logged opid is not known
I20260709 14:54:20.054672 18841 tablet_service.cc:1917] Received RequestConsensusVote() RPC: tablet_id: "44364fc960454e8ca7040b28104d1800" candidate_uuid: "04271737ce164b77a53c4efb3c26ab15" candidate_term: 1 candidate_status { last_received { term: 0 index: 0 } } ignore_live_leader: false dest_uuid: "efcd6ff009ef43d5aaa1ac0246a4a301" is_pre_election: true
I20260709 14:54:20.057435 19304 raft_consensus.cc:3060] T a40e24307c0d41ecbf223143abff35a6 P efcd6ff009ef43d5aaa1ac0246a4a301 [term 0 FOLLOWER]: Advancing to term 1
I20260709 14:54:20.060379 19034 tablet_bootstrap.cc:492] T 60b4b51a1a5148bdbfc44cf8e641e2a1 P efcd6ff009ef43d5aaa1ac0246a4a301: No bootstrap required, opened a new log
I20260709 14:54:20.060652 18841 raft_consensus.cc:3060] T 86bfc792b1cf409facdf2d5fba80a33c P efcd6ff009ef43d5aaa1ac0246a4a301 [term 0 FOLLOWER]: Advancing to term 1
I20260709 14:54:20.060932 19034 ts_tablet_manager.cc:1403] T 60b4b51a1a5148bdbfc44cf8e641e2a1 P efcd6ff009ef43d5aaa1ac0246a4a301: Time spent bootstrapping tablet: real 0.022s	user 0.007s	sys 0.009s
I20260709 14:54:20.064477 19034 raft_consensus.cc:359] T 60b4b51a1a5148bdbfc44cf8e641e2a1 P efcd6ff009ef43d5aaa1ac0246a4a301 [term 0 FOLLOWER]: Replica starting. Triggering 0 pending ops. Active config: opid_index: -1 OBSOLETE_local: false peers { permanent_uuid: "efcd6ff009ef43d5aaa1ac0246a4a301" member_type: VOTER last_known_addr { host: "127.17.73.65" port: 34329 } } peers { permanent_uuid: "04271737ce164b77a53c4efb3c26ab15" member_type: VOTER last_known_addr { host: "127.17.73.66" port: 42095 } } peers { permanent_uuid: "7493b34b6493433caa94a4d25f4487e2" member_type: VOTER last_known_addr { host: "127.17.73.67" port: 36393 } }
I20260709 14:54:20.065142 19034 raft_consensus.cc:385] T 60b4b51a1a5148bdbfc44cf8e641e2a1 P efcd6ff009ef43d5aaa1ac0246a4a301 [term 0 FOLLOWER]: Consensus starting up: Expiring failure detector timer to make a prompt election more likely
I20260709 14:54:20.065435 19034 raft_consensus.cc:740] T 60b4b51a1a5148bdbfc44cf8e641e2a1 P efcd6ff009ef43d5aaa1ac0246a4a301 [term 0 FOLLOWER]: Becoming Follower/Learner. State: Replica: efcd6ff009ef43d5aaa1ac0246a4a301, State: Initialized, Role: FOLLOWER
I20260709 14:54:20.066144 19089 consensus_queue.cc:1048] T c8d7fd1d27c64df39f38f5134a74ddb0 P efcd6ff009ef43d5aaa1ac0246a4a301 [LEADER]: Connected to new peer: Peer: permanent_uuid: "04271737ce164b77a53c4efb3c26ab15" member_type: VOTER last_known_addr { host: "127.17.73.66" port: 42095 }, Status: LMP_MISMATCH, Last received: 0.0, Next index: 1, Last known committed idx: 0, Time since last communication: 0.000s
I20260709 14:54:20.066061 19034 consensus_queue.cc:260] T 60b4b51a1a5148bdbfc44cf8e641e2a1 P efcd6ff009ef43d5aaa1ac0246a4a301 [NON_LEADER]: Queue going to NON_LEADER mode. State: All replicated index: 0, Majority replicated index: 0, Committed index: 0, Last appended: 0.0, Last appended by leader: 0, Current term: 0, Majority size: -1, State: 0, Mode: NON_LEADER, active raft config: opid_index: -1 OBSOLETE_local: false peers { permanent_uuid: "efcd6ff009ef43d5aaa1ac0246a4a301" member_type: VOTER last_known_addr { host: "127.17.73.65" port: 34329 } } peers { permanent_uuid: "04271737ce164b77a53c4efb3c26ab15" member_type: VOTER last_known_addr { host: "127.17.73.66" port: 42095 } } peers { permanent_uuid: "7493b34b6493433caa94a4d25f4487e2" member_type: VOTER last_known_addr { host: "127.17.73.67" port: 36393 } }
I20260709 14:54:20.068360 19034 ts_tablet_manager.cc:1434] T 60b4b51a1a5148bdbfc44cf8e641e2a1 P efcd6ff009ef43d5aaa1ac0246a4a301: Time spent starting tablet: real 0.007s	user 0.004s	sys 0.004s
I20260709 14:54:20.069432 19034 tablet_bootstrap.cc:492] T 472aab69f3d243df949439fb17898591 P efcd6ff009ef43d5aaa1ac0246a4a301: Bootstrap starting.
I20260709 14:54:20.071130 19304 raft_consensus.cc:2749] T a40e24307c0d41ecbf223143abff35a6 P efcd6ff009ef43d5aaa1ac0246a4a301 [term 1 FOLLOWER]: Leader pre-election lost for term 1. Reason: could not achieve majority
I20260709 14:54:20.074330 19033 tablet_bootstrap.cc:492] T 5c49bb76ea124da8bb987c109fcf8dc7 P 7493b34b6493433caa94a4d25f4487e2: No bootstrap required, opened a new log
I20260709 14:54:20.075004 19033 ts_tablet_manager.cc:1403] T 5c49bb76ea124da8bb987c109fcf8dc7 P 7493b34b6493433caa94a4d25f4487e2: Time spent bootstrapping tablet: real 0.088s	user 0.015s	sys 0.004s
I20260709 14:54:20.077898 19033 raft_consensus.cc:359] T 5c49bb76ea124da8bb987c109fcf8dc7 P 7493b34b6493433caa94a4d25f4487e2 [term 0 FOLLOWER]: Replica starting. Triggering 0 pending ops. Active config: opid_index: -1 OBSOLETE_local: false peers { permanent_uuid: "efcd6ff009ef43d5aaa1ac0246a4a301" member_type: VOTER last_known_addr { host: "127.17.73.65" port: 34329 } } peers { permanent_uuid: "04271737ce164b77a53c4efb3c26ab15" member_type: VOTER last_known_addr { host: "127.17.73.66" port: 42095 } } peers { permanent_uuid: "7493b34b6493433caa94a4d25f4487e2" member_type: VOTER last_known_addr { host: "127.17.73.67" port: 36393 } }
I20260709 14:54:20.081355 19033 raft_consensus.cc:385] T 5c49bb76ea124da8bb987c109fcf8dc7 P 7493b34b6493433caa94a4d25f4487e2 [term 0 FOLLOWER]: Consensus starting up: Expiring failure detector timer to make a prompt election more likely
I20260709 14:54:20.082136 19032 tablet_bootstrap.cc:492] T 362158c483ba4b89ba8f577c9d3d8f49 P 04271737ce164b77a53c4efb3c26ab15: Bootstrap starting.
W20260709 14:54:20.082996 18883 leader_election.cc:343] T 44364fc960454e8ca7040b28104d1800 P 04271737ce164b77a53c4efb3c26ab15 [CANDIDATE]: Term 1 pre-election: Tablet error from VoteRequest() call to peer efcd6ff009ef43d5aaa1ac0246a4a301 (127.17.73.65:34329): Illegal state: must be running to vote when last-logged opid is not known
I20260709 14:54:20.090004 18883 leader_election.cc:304] T 44364fc960454e8ca7040b28104d1800 P 04271737ce164b77a53c4efb3c26ab15 [CANDIDATE]: Term 1 pre-election: Election decided. Result: candidate lost. Election summary: received 3 responses out of 3 voters: 1 yes votes; 2 no votes. yes voters: 04271737ce164b77a53c4efb3c26ab15; no voters: 7493b34b6493433caa94a4d25f4487e2, efcd6ff009ef43d5aaa1ac0246a4a301
I20260709 14:54:20.078683 19034 tablet_bootstrap.cc:654] T 472aab69f3d243df949439fb17898591 P efcd6ff009ef43d5aaa1ac0246a4a301: Neither blocks nor log segments found. Creating new log.
I20260709 14:54:20.093895 19288 raft_consensus.cc:2749] T 44364fc960454e8ca7040b28104d1800 P 04271737ce164b77a53c4efb3c26ab15 [term 0 FOLLOWER]: Leader pre-election lost for term 1. Reason: could not achieve majority
I20260709 14:54:20.096849 19032 tablet_bootstrap.cc:654] T 362158c483ba4b89ba8f577c9d3d8f49 P 04271737ce164b77a53c4efb3c26ab15: Neither blocks nor log segments found. Creating new log.
I20260709 14:54:20.094058 18987 raft_consensus.cc:2468] T 87632b11b7a348e8945a44b89a949563 P 7493b34b6493433caa94a4d25f4487e2 [term 1 FOLLOWER]: Leader election vote request: Granting yes vote for candidate efcd6ff009ef43d5aaa1ac0246a4a301 in term 1.
I20260709 14:54:20.103957 19033 raft_consensus.cc:740] T 5c49bb76ea124da8bb987c109fcf8dc7 P 7493b34b6493433caa94a4d25f4487e2 [term 0 FOLLOWER]: Becoming Follower/Learner. State: Replica: 7493b34b6493433caa94a4d25f4487e2, State: Initialized, Role: FOLLOWER
I20260709 14:54:20.106621 19033 consensus_queue.cc:260] T 5c49bb76ea124da8bb987c109fcf8dc7 P 7493b34b6493433caa94a4d25f4487e2 [NON_LEADER]: Queue going to NON_LEADER mode. State: All replicated index: 0, Majority replicated index: 0, Committed index: 0, Last appended: 0.0, Last appended by leader: 0, Current term: 0, Majority size: -1, State: 0, Mode: NON_LEADER, active raft config: opid_index: -1 OBSOLETE_local: false peers { permanent_uuid: "efcd6ff009ef43d5aaa1ac0246a4a301" member_type: VOTER last_known_addr { host: "127.17.73.65" port: 34329 } } peers { permanent_uuid: "04271737ce164b77a53c4efb3c26ab15" member_type: VOTER last_known_addr { host: "127.17.73.66" port: 42095 } } peers { permanent_uuid: "7493b34b6493433caa94a4d25f4487e2" member_type: VOTER last_known_addr { host: "127.17.73.67" port: 36393 } }
I20260709 14:54:20.111002 19033 ts_tablet_manager.cc:1434] T 5c49bb76ea124da8bb987c109fcf8dc7 P 7493b34b6493433caa94a4d25f4487e2: Time spent starting tablet: real 0.036s	user 0.005s	sys 0.000s
I20260709 14:54:20.113740 19033 tablet_bootstrap.cc:492] T 472aab69f3d243df949439fb17898591 P 7493b34b6493433caa94a4d25f4487e2: Bootstrap starting.
I20260709 14:54:20.122354 19283 consensus_queue.cc:1048] T 7490699bc1a043a49ee5605d42047cd7 P 7493b34b6493433caa94a4d25f4487e2 [LEADER]: Connected to new peer: Peer: permanent_uuid: "efcd6ff009ef43d5aaa1ac0246a4a301" member_type: VOTER last_known_addr { host: "127.17.73.65" port: 34329 }, Status: LMP_MISMATCH, Last received: 0.0, Next index: 1, Last known committed idx: 0, Time since last communication: 0.001s
I20260709 14:54:20.126433 18990 raft_consensus.cc:3060] T c8d7fd1d27c64df39f38f5134a74ddb0 P 7493b34b6493433caa94a4d25f4487e2 [term 0 FOLLOWER]: Advancing to term 1
I20260709 14:54:20.138370 19034 tablet_bootstrap.cc:492] T 472aab69f3d243df949439fb17898591 P efcd6ff009ef43d5aaa1ac0246a4a301: No bootstrap required, opened a new log
I20260709 14:54:20.139011 19034 ts_tablet_manager.cc:1403] T 472aab69f3d243df949439fb17898591 P efcd6ff009ef43d5aaa1ac0246a4a301: Time spent bootstrapping tablet: real 0.070s	user 0.023s	sys 0.000s
I20260709 14:54:20.145288 19032 tablet_bootstrap.cc:492] T 362158c483ba4b89ba8f577c9d3d8f49 P 04271737ce164b77a53c4efb3c26ab15: No bootstrap required, opened a new log
I20260709 14:54:20.145838 19032 ts_tablet_manager.cc:1403] T 362158c483ba4b89ba8f577c9d3d8f49 P 04271737ce164b77a53c4efb3c26ab15: Time spent bootstrapping tablet: real 0.064s	user 0.007s	sys 0.005s
I20260709 14:54:20.157032 19032 raft_consensus.cc:359] T 362158c483ba4b89ba8f577c9d3d8f49 P 04271737ce164b77a53c4efb3c26ab15 [term 0 FOLLOWER]: Replica starting. Triggering 0 pending ops. Active config: opid_index: -1 OBSOLETE_local: false peers { permanent_uuid: "efcd6ff009ef43d5aaa1ac0246a4a301" member_type: VOTER last_known_addr { host: "127.17.73.65" port: 34329 } } peers { permanent_uuid: "04271737ce164b77a53c4efb3c26ab15" member_type: VOTER last_known_addr { host: "127.17.73.66" port: 42095 } } peers { permanent_uuid: "7493b34b6493433caa94a4d25f4487e2" member_type: VOTER last_known_addr { host: "127.17.73.67" port: 36393 } }
I20260709 14:54:20.157857 19032 raft_consensus.cc:385] T 362158c483ba4b89ba8f577c9d3d8f49 P 04271737ce164b77a53c4efb3c26ab15 [term 0 FOLLOWER]: Consensus starting up: Expiring failure detector timer to make a prompt election more likely
I20260709 14:54:20.158073 19032 raft_consensus.cc:740] T 362158c483ba4b89ba8f577c9d3d8f49 P 04271737ce164b77a53c4efb3c26ab15 [term 0 FOLLOWER]: Becoming Follower/Learner. State: Replica: 04271737ce164b77a53c4efb3c26ab15, State: Initialized, Role: FOLLOWER
I20260709 14:54:20.158833 19032 consensus_queue.cc:260] T 362158c483ba4b89ba8f577c9d3d8f49 P 04271737ce164b77a53c4efb3c26ab15 [NON_LEADER]: Queue going to NON_LEADER mode. State: All replicated index: 0, Majority replicated index: 0, Committed index: 0, Last appended: 0.0, Last appended by leader: 0, Current term: 0, Majority size: -1, State: 0, Mode: NON_LEADER, active raft config: opid_index: -1 OBSOLETE_local: false peers { permanent_uuid: "efcd6ff009ef43d5aaa1ac0246a4a301" member_type: VOTER last_known_addr { host: "127.17.73.65" port: 34329 } } peers { permanent_uuid: "04271737ce164b77a53c4efb3c26ab15" member_type: VOTER last_known_addr { host: "127.17.73.66" port: 42095 } } peers { permanent_uuid: "7493b34b6493433caa94a4d25f4487e2" member_type: VOTER last_known_addr { host: "127.17.73.67" port: 36393 } }
I20260709 14:54:20.161186 18987 raft_consensus.cc:3060] T c552bea3b414491fab2b1e65fbfa7d08 P 7493b34b6493433caa94a4d25f4487e2 [term 0 FOLLOWER]: Advancing to term 1
I20260709 14:54:20.167030 19032 ts_tablet_manager.cc:1434] T 362158c483ba4b89ba8f577c9d3d8f49 P 04271737ce164b77a53c4efb3c26ab15: Time spent starting tablet: real 0.021s	user 0.006s	sys 0.000s
I20260709 14:54:20.169353 19283 consensus_queue.cc:1048] T 7490699bc1a043a49ee5605d42047cd7 P 7493b34b6493433caa94a4d25f4487e2 [LEADER]: Connected to new peer: Peer: permanent_uuid: "04271737ce164b77a53c4efb3c26ab15" member_type: VOTER last_known_addr { host: "127.17.73.66" port: 42095 }, Status: LMP_MISMATCH, Last received: 0.0, Next index: 1, Last known committed idx: 0, Time since last communication: 0.001s
I20260709 14:54:20.171782 19223 consensus_queue.cc:1048] T c552bea3b414491fab2b1e65fbfa7d08 P 04271737ce164b77a53c4efb3c26ab15 [LEADER]: Connected to new peer: Peer: permanent_uuid: "7493b34b6493433caa94a4d25f4487e2" member_type: VOTER last_known_addr { host: "127.17.73.67" port: 36393 }, Status: LMP_MISMATCH, Last received: 0.0, Next index: 1, Last known committed idx: 0, Time since last communication: 0.000s
I20260709 14:54:20.176488 19266 raft_consensus.cc:493] T 360420c191224e8681763225bbc8786e P efcd6ff009ef43d5aaa1ac0246a4a301 [term 0 FOLLOWER]: Starting pre-election (no leader contacted us within the election timeout)
I20260709 14:54:20.177070 19266 raft_consensus.cc:515] T 360420c191224e8681763225bbc8786e P efcd6ff009ef43d5aaa1ac0246a4a301 [term 0 FOLLOWER]: Starting pre-election with config: opid_index: -1 OBSOLETE_local: false peers { permanent_uuid: "efcd6ff009ef43d5aaa1ac0246a4a301" member_type: VOTER last_known_addr { host: "127.17.73.65" port: 34329 } } peers { permanent_uuid: "04271737ce164b77a53c4efb3c26ab15" member_type: VOTER last_known_addr { host: "127.17.73.66" port: 42095 } } peers { permanent_uuid: "7493b34b6493433caa94a4d25f4487e2" member_type: VOTER last_known_addr { host: "127.17.73.67" port: 36393 } }
I20260709 14:54:20.177093 19283 raft_consensus.cc:493] T c552bea3b414491fab2b1e65fbfa7d08 P 7493b34b6493433caa94a4d25f4487e2 [term 1 FOLLOWER]: Starting pre-election (no leader contacted us within the election timeout)
I20260709 14:54:20.179445 19089 consensus_queue.cc:1048] T c8d7fd1d27c64df39f38f5134a74ddb0 P efcd6ff009ef43d5aaa1ac0246a4a301 [LEADER]: Connected to new peer: Peer: permanent_uuid: "7493b34b6493433caa94a4d25f4487e2" member_type: VOTER last_known_addr { host: "127.17.73.67" port: 36393 }, Status: LMP_MISMATCH, Last received: 0.0, Next index: 1, Last known committed idx: 0, Time since last communication: 0.001s
I20260709 14:54:20.181175 19033 tablet_bootstrap.cc:654] T 472aab69f3d243df949439fb17898591 P 7493b34b6493433caa94a4d25f4487e2: Neither blocks nor log segments found. Creating new log.
I20260709 14:54:20.186637 18991 tablet_service.cc:1917] Received RequestConsensusVote() RPC: tablet_id: "360420c191224e8681763225bbc8786e" candidate_uuid: "efcd6ff009ef43d5aaa1ac0246a4a301" candidate_term: 1 candidate_status { last_received { term: 0 index: 0 } } ignore_live_leader: false dest_uuid: "7493b34b6493433caa94a4d25f4487e2" is_pre_election: true
I20260709 14:54:20.188148 19266 leader_election.cc:290] T 360420c191224e8681763225bbc8786e P efcd6ff009ef43d5aaa1ac0246a4a301 [CANDIDATE]: Term 1 pre-election: Requested pre-vote from peers 04271737ce164b77a53c4efb3c26ab15 (127.17.73.66:42095), 7493b34b6493433caa94a4d25f4487e2 (127.17.73.67:36393)
I20260709 14:54:20.187839 19034 raft_consensus.cc:359] T 472aab69f3d243df949439fb17898591 P efcd6ff009ef43d5aaa1ac0246a4a301 [term 0 FOLLOWER]: Replica starting. Triggering 0 pending ops. Active config: opid_index: -1 OBSOLETE_local: false peers { permanent_uuid: "efcd6ff009ef43d5aaa1ac0246a4a301" member_type: VOTER last_known_addr { host: "127.17.73.65" port: 34329 } } peers { permanent_uuid: "04271737ce164b77a53c4efb3c26ab15" member_type: VOTER last_known_addr { host: "127.17.73.66" port: 42095 } } peers { permanent_uuid: "7493b34b6493433caa94a4d25f4487e2" member_type: VOTER last_known_addr { host: "127.17.73.67" port: 36393 } }
I20260709 14:54:20.188678 19034 raft_consensus.cc:385] T 472aab69f3d243df949439fb17898591 P efcd6ff009ef43d5aaa1ac0246a4a301 [term 0 FOLLOWER]: Consensus starting up: Expiring failure detector timer to make a prompt election more likely
I20260709 14:54:20.188830 18918 tablet_service.cc:1917] Received RequestConsensusVote() RPC: tablet_id: "360420c191224e8681763225bbc8786e" candidate_uuid: "efcd6ff009ef43d5aaa1ac0246a4a301" candidate_term: 1 candidate_status { last_received { term: 0 index: 0 } } ignore_live_leader: false dest_uuid: "04271737ce164b77a53c4efb3c26ab15" is_pre_election: true
I20260709 14:54:20.189080 19034 raft_consensus.cc:740] T 472aab69f3d243df949439fb17898591 P efcd6ff009ef43d5aaa1ac0246a4a301 [term 0 FOLLOWER]: Becoming Follower/Learner. State: Replica: efcd6ff009ef43d5aaa1ac0246a4a301, State: Initialized, Role: FOLLOWER
I20260709 14:54:20.189934 19034 consensus_queue.cc:260] T 472aab69f3d243df949439fb17898591 P efcd6ff009ef43d5aaa1ac0246a4a301 [NON_LEADER]: Queue going to NON_LEADER mode. State: All replicated index: 0, Majority replicated index: 0, Committed index: 0, Last appended: 0.0, Last appended by leader: 0, Current term: 0, Majority size: -1, State: 0, Mode: NON_LEADER, active raft config: opid_index: -1 OBSOLETE_local: false peers { permanent_uuid: "efcd6ff009ef43d5aaa1ac0246a4a301" member_type: VOTER last_known_addr { host: "127.17.73.65" port: 34329 } } peers { permanent_uuid: "04271737ce164b77a53c4efb3c26ab15" member_type: VOTER last_known_addr { host: "127.17.73.66" port: 42095 } } peers { permanent_uuid: "7493b34b6493433caa94a4d25f4487e2" member_type: VOTER last_known_addr { host: "127.17.73.67" port: 36393 } }
I20260709 14:54:20.194860 18807 leader_election.cc:304] T 360420c191224e8681763225bbc8786e P efcd6ff009ef43d5aaa1ac0246a4a301 [CANDIDATE]: Term 1 pre-election: Election decided. Result: candidate lost. Election summary: received 3 responses out of 3 voters: 1 yes votes; 2 no votes. yes voters: efcd6ff009ef43d5aaa1ac0246a4a301; no voters: 04271737ce164b77a53c4efb3c26ab15, 7493b34b6493433caa94a4d25f4487e2
I20260709 14:54:20.179471 19283 raft_consensus.cc:515] T c552bea3b414491fab2b1e65fbfa7d08 P 7493b34b6493433caa94a4d25f4487e2 [term 1 FOLLOWER]: Starting pre-election with config: opid_index: -1 OBSOLETE_local: false peers { permanent_uuid: "efcd6ff009ef43d5aaa1ac0246a4a301" member_type: VOTER last_known_addr { host: "127.17.73.65" port: 34329 } } peers { permanent_uuid: "04271737ce164b77a53c4efb3c26ab15" member_type: VOTER last_known_addr { host: "127.17.73.66" port: 42095 } } peers { permanent_uuid: "7493b34b6493433caa94a4d25f4487e2" member_type: VOTER last_known_addr { host: "127.17.73.67" port: 36393 } }
I20260709 14:54:20.200102 19032 tablet_bootstrap.cc:492] T cc230ef4fb32493cb46e99479f9bc050 P 04271737ce164b77a53c4efb3c26ab15: Bootstrap starting.
I20260709 14:54:20.206115 19283 leader_election.cc:290] T c552bea3b414491fab2b1e65fbfa7d08 P 7493b34b6493433caa94a4d25f4487e2 [CANDIDATE]: Term 2 pre-election: Requested pre-vote from peers efcd6ff009ef43d5aaa1ac0246a4a301 (127.17.73.65:34329), 04271737ce164b77a53c4efb3c26ab15 (127.17.73.66:42095)
I20260709 14:54:20.207518 19288 consensus_queue.cc:1048] T c552bea3b414491fab2b1e65fbfa7d08 P 04271737ce164b77a53c4efb3c26ab15 [LEADER]: Connected to new peer: Peer: permanent_uuid: "efcd6ff009ef43d5aaa1ac0246a4a301" member_type: VOTER last_known_addr { host: "127.17.73.65" port: 34329 }, Status: LMP_MISMATCH, Last received: 0.0, Next index: 1, Last known committed idx: 0, Time since last communication: 0.001s
I20260709 14:54:20.210590 18913 tablet_service.cc:1917] Received RequestConsensusVote() RPC: tablet_id: "c552bea3b414491fab2b1e65fbfa7d08" candidate_uuid: "7493b34b6493433caa94a4d25f4487e2" candidate_term: 2 candidate_status { last_received { term: 0 index: 0 } } ignore_live_leader: false dest_uuid: "04271737ce164b77a53c4efb3c26ab15" is_pre_election: true
I20260709 14:54:20.210774 18840 tablet_service.cc:1917] Received RequestConsensusVote() RPC: tablet_id: "c552bea3b414491fab2b1e65fbfa7d08" candidate_uuid: "7493b34b6493433caa94a4d25f4487e2" candidate_term: 2 candidate_status { last_received { term: 0 index: 0 } } ignore_live_leader: false dest_uuid: "efcd6ff009ef43d5aaa1ac0246a4a301" is_pre_election: true
I20260709 14:54:20.211450 18840 raft_consensus.cc:2468] T c552bea3b414491fab2b1e65fbfa7d08 P efcd6ff009ef43d5aaa1ac0246a4a301 [term 1 FOLLOWER]: Leader pre-election vote request: Granting yes vote for candidate 7493b34b6493433caa94a4d25f4487e2 in term 1.
I20260709 14:54:20.212606 18957 leader_election.cc:304] T c552bea3b414491fab2b1e65fbfa7d08 P 7493b34b6493433caa94a4d25f4487e2 [CANDIDATE]: Term 2 pre-election: Election decided. Result: candidate won. Election summary: received 2 responses out of 3 voters: 2 yes votes; 0 no votes. yes voters: 7493b34b6493433caa94a4d25f4487e2, efcd6ff009ef43d5aaa1ac0246a4a301; no voters: 
I20260709 14:54:20.213744 19034 ts_tablet_manager.cc:1434] T 472aab69f3d243df949439fb17898591 P efcd6ff009ef43d5aaa1ac0246a4a301: Time spent starting tablet: real 0.074s	user 0.007s	sys 0.002s
I20260709 14:54:20.216192 19301 raft_consensus.cc:493] T 472aab69f3d243df949439fb17898591 P efcd6ff009ef43d5aaa1ac0246a4a301 [term 0 FOLLOWER]: Starting pre-election (no leader contacted us within the election timeout)
I20260709 14:54:20.194649 18843 raft_consensus.cc:3060] T 360420c191224e8681763225bbc8786e P efcd6ff009ef43d5aaa1ac0246a4a301 [term 0 FOLLOWER]: Advancing to term 1
I20260709 14:54:20.216718 19301 raft_consensus.cc:515] T 472aab69f3d243df949439fb17898591 P efcd6ff009ef43d5aaa1ac0246a4a301 [term 0 FOLLOWER]: Starting pre-election with config: opid_index: -1 OBSOLETE_local: false peers { permanent_uuid: "efcd6ff009ef43d5aaa1ac0246a4a301" member_type: VOTER last_known_addr { host: "127.17.73.65" port: 34329 } } peers { permanent_uuid: "04271737ce164b77a53c4efb3c26ab15" member_type: VOTER last_known_addr { host: "127.17.73.66" port: 42095 } } peers { permanent_uuid: "7493b34b6493433caa94a4d25f4487e2" member_type: VOTER last_known_addr { host: "127.17.73.67" port: 36393 } }
I20260709 14:54:20.223723 19034 tablet_bootstrap.cc:492] T cc230ef4fb32493cb46e99479f9bc050 P efcd6ff009ef43d5aaa1ac0246a4a301: Bootstrap starting.
I20260709 14:54:20.238606 18918 tablet_service.cc:1917] Received RequestConsensusVote() RPC: tablet_id: "472aab69f3d243df949439fb17898591" candidate_uuid: "efcd6ff009ef43d5aaa1ac0246a4a301" candidate_term: 1 candidate_status { last_received { term: 0 index: 0 } } ignore_live_leader: false dest_uuid: "04271737ce164b77a53c4efb3c26ab15" is_pre_election: true
I20260709 14:54:20.239351 18918 raft_consensus.cc:2468] T 472aab69f3d243df949439fb17898591 P 04271737ce164b77a53c4efb3c26ab15 [term 0 FOLLOWER]: Leader pre-election vote request: Granting yes vote for candidate efcd6ff009ef43d5aaa1ac0246a4a301 in term 0.
I20260709 14:54:20.244310 18807 leader_election.cc:304] T 472aab69f3d243df949439fb17898591 P efcd6ff009ef43d5aaa1ac0246a4a301 [CANDIDATE]: Term 1 pre-election: Election decided. Result: candidate won. Election summary: received 2 responses out of 3 voters: 2 yes votes; 0 no votes. yes voters: 04271737ce164b77a53c4efb3c26ab15, efcd6ff009ef43d5aaa1ac0246a4a301; no voters: 
I20260709 14:54:20.245221 19266 raft_consensus.cc:2804] T 472aab69f3d243df949439fb17898591 P efcd6ff009ef43d5aaa1ac0246a4a301 [term 0 FOLLOWER]: Leader pre-election won for term 1
I20260709 14:54:20.245451 19102 raft_consensus.cc:493] T 74be007b0c574ad8b969bb2925e88f21 P 04271737ce164b77a53c4efb3c26ab15 [term 0 FOLLOWER]: Starting pre-election (no leader contacted us within the election timeout)
I20260709 14:54:20.245604 19266 raft_consensus.cc:493] T 472aab69f3d243df949439fb17898591 P efcd6ff009ef43d5aaa1ac0246a4a301 [term 0 FOLLOWER]: Starting leader election (no leader contacted us within the election timeout)
I20260709 14:54:20.246353 19102 raft_consensus.cc:515] T 74be007b0c574ad8b969bb2925e88f21 P 04271737ce164b77a53c4efb3c26ab15 [term 0 FOLLOWER]: Starting pre-election with config: opid_index: -1 OBSOLETE_local: false peers { permanent_uuid: "efcd6ff009ef43d5aaa1ac0246a4a301" member_type: VOTER last_known_addr { host: "127.17.73.65" port: 34329 } } peers { permanent_uuid: "04271737ce164b77a53c4efb3c26ab15" member_type: VOTER last_known_addr { host: "127.17.73.66" port: 42095 } } peers { permanent_uuid: "7493b34b6493433caa94a4d25f4487e2" member_type: VOTER last_known_addr { host: "127.17.73.67" port: 36393 } }
I20260709 14:54:20.246377 19266 raft_consensus.cc:3060] T 472aab69f3d243df949439fb17898591 P efcd6ff009ef43d5aaa1ac0246a4a301 [term 0 FOLLOWER]: Advancing to term 1
