I20260709 14:54:02.320113 20396 consensus_queue.cc:1048] T 627be6b9db744cc89ffbc2f1cbea69ce P 43f76b20d4db41f6885c2a3f91ced1de [LEADER]: Connected to new peer: Peer: permanent_uuid: "5bd6c8be2e2c4ea79751c304b0e0aba0" member_type: VOTER last_known_addr { host: "127.19.6.66" port: 37799 }, Status: LMP_MISMATCH, Last received: 0.0, Next index: 2, Last known committed idx: 1, Time since last communication: 0.000s
I20260709 14:54:02.359594 20113 raft_consensus.cc:1275] T 089279a3223d429e85be94a7b2566b8c P 263087c073e442bca804c1112e1f9577 [term 2 FOLLOWER]: Refusing update from remote peer 5bd6c8be2e2c4ea79751c304b0e0aba0: Log matching property violated. Preceding OpId in replica: term: 1 index: 1. Preceding OpId from leader: term: 2 index: 2. (index mismatch)
I20260709 14:54:02.361239 20346 consensus_queue.cc:1048] T 089279a3223d429e85be94a7b2566b8c P 5bd6c8be2e2c4ea79751c304b0e0aba0 [LEADER]: Connected to new peer: Peer: permanent_uuid: "263087c073e442bca804c1112e1f9577" member_type: VOTER last_known_addr { host: "127.19.6.65" port: 42409 }, Status: LMP_MISMATCH, Last received: 0.0, Next index: 2, Last known committed idx: 1, Time since last communication: 0.001s
I20260709 14:54:02.371771 20262 raft_consensus.cc:1275] T 089279a3223d429e85be94a7b2566b8c P 43f76b20d4db41f6885c2a3f91ced1de [term 2 FOLLOWER]: Refusing update from remote peer 5bd6c8be2e2c4ea79751c304b0e0aba0: Log matching property violated. Preceding OpId in replica: term: 1 index: 1. Preceding OpId from leader: term: 2 index: 2. (index mismatch)
I20260709 14:54:02.373193 20346 consensus_queue.cc:1048] T 089279a3223d429e85be94a7b2566b8c P 5bd6c8be2e2c4ea79751c304b0e0aba0 [LEADER]: Connected to new peer: Peer: permanent_uuid: "43f76b20d4db41f6885c2a3f91ced1de" member_type: VOTER last_known_addr { host: "127.19.6.67" port: 41957 }, Status: LMP_MISMATCH, Last received: 0.0, Next index: 2, Last known committed idx: 1, Time since last communication: 0.000s
I20260709 14:54:02.427309 20186 raft_consensus.cc:1275] T f1b28b2671f94e1e9ae105fb9aeec027 P 5bd6c8be2e2c4ea79751c304b0e0aba0 [term 2 FOLLOWER]: Refusing update from remote peer 263087c073e442bca804c1112e1f9577: Log matching property violated. Preceding OpId in replica: term: 1 index: 1. Preceding OpId from leader: term: 2 index: 2. (index mismatch)
I20260709 14:54:02.428771 20308 consensus_queue.cc:1048] T f1b28b2671f94e1e9ae105fb9aeec027 P 263087c073e442bca804c1112e1f9577 [LEADER]: Connected to new peer: Peer: permanent_uuid: "5bd6c8be2e2c4ea79751c304b0e0aba0" member_type: VOTER last_known_addr { host: "127.19.6.66" port: 37799 }, Status: LMP_MISMATCH, Last received: 0.0, Next index: 2, Last known committed idx: 1, Time since last communication: 0.000s
I20260709 14:54:02.436946 20262 raft_consensus.cc:1275] T f1b28b2671f94e1e9ae105fb9aeec027 P 43f76b20d4db41f6885c2a3f91ced1de [term 2 FOLLOWER]: Refusing update from remote peer 263087c073e442bca804c1112e1f9577: Log matching property violated. Preceding OpId in replica: term: 1 index: 1. Preceding OpId from leader: term: 2 index: 2. (index mismatch)
I20260709 14:54:02.438889 20336 consensus_queue.cc:1048] T f1b28b2671f94e1e9ae105fb9aeec027 P 263087c073e442bca804c1112e1f9577 [LEADER]: Connected to new peer: Peer: permanent_uuid: "43f76b20d4db41f6885c2a3f91ced1de" member_type: VOTER last_known_addr { host: "127.19.6.67" port: 41957 }, Status: LMP_MISMATCH, Last received: 0.0, Next index: 2, Last known committed idx: 1, Time since last communication: 0.000s
I20260709 14:54:02.476531 20262 raft_consensus.cc:1275] T 0c9530b3173140fdb95d4f6bb969b4b7 P 43f76b20d4db41f6885c2a3f91ced1de [term 2 FOLLOWER]: Refusing update from remote peer 5bd6c8be2e2c4ea79751c304b0e0aba0: Log matching property violated. Preceding OpId in replica: term: 1 index: 1. Preceding OpId from leader: term: 2 index: 2. (index mismatch)
I20260709 14:54:02.477998 20346 consensus_queue.cc:1048] T 0c9530b3173140fdb95d4f6bb969b4b7 P 5bd6c8be2e2c4ea79751c304b0e0aba0 [LEADER]: Connected to new peer: Peer: permanent_uuid: "43f76b20d4db41f6885c2a3f91ced1de" member_type: VOTER last_known_addr { host: "127.19.6.67" port: 41957 }, Status: LMP_MISMATCH, Last received: 0.0, Next index: 2, Last known committed idx: 1, Time since last communication: 0.000s
I20260709 14:54:02.486850 20113 raft_consensus.cc:1275] T 0c9530b3173140fdb95d4f6bb969b4b7 P 263087c073e442bca804c1112e1f9577 [term 2 FOLLOWER]: Refusing update from remote peer 5bd6c8be2e2c4ea79751c304b0e0aba0: Log matching property violated. Preceding OpId in replica: term: 1 index: 1. Preceding OpId from leader: term: 2 index: 2. (index mismatch)
I20260709 14:54:02.488696 20310 consensus_queue.cc:1048] T 0c9530b3173140fdb95d4f6bb969b4b7 P 5bd6c8be2e2c4ea79751c304b0e0aba0 [LEADER]: Connected to new peer: Peer: permanent_uuid: "263087c073e442bca804c1112e1f9577" member_type: VOTER last_known_addr { host: "127.19.6.65" port: 42409 }, Status: LMP_MISMATCH, Last received: 0.0, Next index: 2, Last known committed idx: 1, Time since last communication: 0.000s
I20260709 14:54:04.688417 19481 auto_leader_rebalancer-test.cc:410] The leader distribution is 
I20260709 14:54:04.689198 19481 auto_leader_rebalancer.cc:141] leader rebalance for table test-workload
I20260709 14:54:04.708990 20112 tablet_service.cc:2072] Received LeaderStepDown RPC: tablet_id: "6d494a2a4377471b959f3885c2e182f5"
dest_uuid: "263087c073e442bca804c1112e1f9577"
mode: GRACEFUL
new_leader_uuid: "43f76b20d4db41f6885c2a3f91ced1de"
 from {username='slave'} at 127.0.0.1:52090
I20260709 14:54:04.709564 20112 raft_consensus.cc:606] T 6d494a2a4377471b959f3885c2e182f5 P 263087c073e442bca804c1112e1f9577 [term 2 LEADER]: Received request to transfer leadership to TS 43f76b20d4db41f6885c2a3f91ced1de
I20260709 14:54:04.712399 20112 tablet_service.cc:2072] Received LeaderStepDown RPC: tablet_id: "f1b28b2671f94e1e9ae105fb9aeec027"
dest_uuid: "263087c073e442bca804c1112e1f9577"
mode: GRACEFUL
new_leader_uuid: "43f76b20d4db41f6885c2a3f91ced1de"
 from {username='slave'} at 127.0.0.1:52090
I20260709 14:54:04.712841 20112 raft_consensus.cc:606] T f1b28b2671f94e1e9ae105fb9aeec027 P 263087c073e442bca804c1112e1f9577 [term 2 LEADER]: Received request to transfer leadership to TS 43f76b20d4db41f6885c2a3f91ced1de
I20260709 14:54:04.713913 19481 auto_leader_rebalancer.cc:452] table: test-workload, leader rebalance finish, leader transfer count: 2
I20260709 14:54:04.714396 19481 auto_leader_rebalancer.cc:527] All tables' leader rebalancing finished this round
I20260709 14:54:04.734771 20335 raft_consensus.cc:993] T f1b28b2671f94e1e9ae105fb9aeec027 P 263087c073e442bca804c1112e1f9577: : Instructing follower 43f76b20d4db41f6885c2a3f91ced1de to start an election
I20260709 14:54:04.735249 20403 raft_consensus.cc:1081] T f1b28b2671f94e1e9ae105fb9aeec027 P 263087c073e442bca804c1112e1f9577 [term 2 LEADER]: Signalling peer 43f76b20d4db41f6885c2a3f91ced1de to start an election
I20260709 14:54:04.736712 20260 tablet_service.cc:2044] Received Run Leader Election RPC: tablet_id: "f1b28b2671f94e1e9ae105fb9aeec027"
dest_uuid: "43f76b20d4db41f6885c2a3f91ced1de"
 from {username='slave'} at 127.0.0.1:42784
I20260709 14:54:04.737236 20260 raft_consensus.cc:493] T f1b28b2671f94e1e9ae105fb9aeec027 P 43f76b20d4db41f6885c2a3f91ced1de [term 2 FOLLOWER]: Starting forced leader election (received explicit request)
I20260709 14:54:04.737567 20260 raft_consensus.cc:3060] T f1b28b2671f94e1e9ae105fb9aeec027 P 43f76b20d4db41f6885c2a3f91ced1de [term 2 FOLLOWER]: Advancing to term 3
I20260709 14:54:04.741488 20335 raft_consensus.cc:993] T 6d494a2a4377471b959f3885c2e182f5 P 263087c073e442bca804c1112e1f9577: : Instructing follower 43f76b20d4db41f6885c2a3f91ced1de to start an election
I20260709 14:54:04.742074 20403 raft_consensus.cc:1081] T 6d494a2a4377471b959f3885c2e182f5 P 263087c073e442bca804c1112e1f9577 [term 2 LEADER]: Signalling peer 43f76b20d4db41f6885c2a3f91ced1de to start an election
I20260709 14:54:04.743485 20262 tablet_service.cc:2044] Received Run Leader Election RPC: tablet_id: "6d494a2a4377471b959f3885c2e182f5"
dest_uuid: "43f76b20d4db41f6885c2a3f91ced1de"
 from {username='slave'} at 127.0.0.1:42784
I20260709 14:54:04.743237 20260 raft_consensus.cc:515] T f1b28b2671f94e1e9ae105fb9aeec027 P 43f76b20d4db41f6885c2a3f91ced1de [term 3 FOLLOWER]: Starting forced leader election with config: opid_index: -1 OBSOLETE_local: false peers { permanent_uuid: "263087c073e442bca804c1112e1f9577" member_type: VOTER last_known_addr { host: "127.19.6.65" port: 42409 } } peers { permanent_uuid: "5bd6c8be2e2c4ea79751c304b0e0aba0" member_type: VOTER last_known_addr { host: "127.19.6.66" port: 37799 } } peers { permanent_uuid: "43f76b20d4db41f6885c2a3f91ced1de" member_type: VOTER last_known_addr { host: "127.19.6.67" port: 41957 } }
I20260709 14:54:04.744019 20262 raft_consensus.cc:493] T 6d494a2a4377471b959f3885c2e182f5 P 43f76b20d4db41f6885c2a3f91ced1de [term 2 FOLLOWER]: Starting forced leader election (received explicit request)
I20260709 14:54:04.744357 20262 raft_consensus.cc:3060] T 6d494a2a4377471b959f3885c2e182f5 P 43f76b20d4db41f6885c2a3f91ced1de [term 2 FOLLOWER]: Advancing to term 3
I20260709 14:54:04.746088 20112 tablet_service.cc:1917] Received RequestConsensusVote() RPC: tablet_id: "f1b28b2671f94e1e9ae105fb9aeec027" candidate_uuid: "43f76b20d4db41f6885c2a3f91ced1de" candidate_term: 3 candidate_status { last_received { term: 2 index: 2 } } ignore_live_leader: true dest_uuid: "263087c073e442bca804c1112e1f9577"
I20260709 14:54:04.746299 20186 tablet_service.cc:1917] Received RequestConsensusVote() RPC: tablet_id: "f1b28b2671f94e1e9ae105fb9aeec027" candidate_uuid: "43f76b20d4db41f6885c2a3f91ced1de" candidate_term: 3 candidate_status { last_received { term: 2 index: 2 } } ignore_live_leader: true dest_uuid: "5bd6c8be2e2c4ea79751c304b0e0aba0"
I20260709 14:54:04.746712 20112 raft_consensus.cc:3055] T f1b28b2671f94e1e9ae105fb9aeec027 P 263087c073e442bca804c1112e1f9577 [term 2 LEADER]: Stepping down as leader of term 2
I20260709 14:54:04.746860 20186 raft_consensus.cc:3060] T f1b28b2671f94e1e9ae105fb9aeec027 P 5bd6c8be2e2c4ea79751c304b0e0aba0 [term 2 FOLLOWER]: Advancing to term 3
I20260709 14:54:04.747074 20112 raft_consensus.cc:740] T f1b28b2671f94e1e9ae105fb9aeec027 P 263087c073e442bca804c1112e1f9577 [term 2 LEADER]: Becoming Follower/Learner. State: Replica: 263087c073e442bca804c1112e1f9577, State: Running, Role: LEADER
I20260709 14:54:04.747941 20112 consensus_queue.cc:260] T f1b28b2671f94e1e9ae105fb9aeec027 P 263087c073e442bca804c1112e1f9577 [NON_LEADER]: Queue going to NON_LEADER mode. State: All replicated index: 0, Majority replicated index: 2, Committed index: 2, Last appended: 2.2, Last appended by leader: 2, Current term: 2, Majority size: -1, State: 0, Mode: NON_LEADER, active raft config: opid_index: -1 OBSOLETE_local: false peers { permanent_uuid: "263087c073e442bca804c1112e1f9577" member_type: VOTER last_known_addr { host: "127.19.6.65" port: 42409 } } peers { permanent_uuid: "5bd6c8be2e2c4ea79751c304b0e0aba0" member_type: VOTER last_known_addr { host: "127.19.6.66" port: 37799 } } peers { permanent_uuid: "43f76b20d4db41f6885c2a3f91ced1de" member_type: VOTER last_known_addr { host: "127.19.6.67" port: 41957 } }
I20260709 14:54:04.749061 20112 raft_consensus.cc:3060] T f1b28b2671f94e1e9ae105fb9aeec027 P 263087c073e442bca804c1112e1f9577 [term 2 FOLLOWER]: Advancing to term 3
I20260709 14:54:04.751151 20262 raft_consensus.cc:515] T 6d494a2a4377471b959f3885c2e182f5 P 43f76b20d4db41f6885c2a3f91ced1de [term 3 FOLLOWER]: Starting forced leader election with config: opid_index: -1 OBSOLETE_local: false peers { permanent_uuid: "263087c073e442bca804c1112e1f9577" member_type: VOTER last_known_addr { host: "127.19.6.65" port: 42409 } } peers { permanent_uuid: "5bd6c8be2e2c4ea79751c304b0e0aba0" member_type: VOTER last_known_addr { host: "127.19.6.66" port: 37799 } } peers { permanent_uuid: "43f76b20d4db41f6885c2a3f91ced1de" member_type: VOTER last_known_addr { host: "127.19.6.67" port: 41957 } }
I20260709 14:54:04.751987 20260 leader_election.cc:290] T f1b28b2671f94e1e9ae105fb9aeec027 P 43f76b20d4db41f6885c2a3f91ced1de [CANDIDATE]: Term 3 election: Requested vote from peers 263087c073e442bca804c1112e1f9577 (127.19.6.65:42409), 5bd6c8be2e2c4ea79751c304b0e0aba0 (127.19.6.66:37799)
I20260709 14:54:04.752302 20186 raft_consensus.cc:2468] T f1b28b2671f94e1e9ae105fb9aeec027 P 5bd6c8be2e2c4ea79751c304b0e0aba0 [term 3 FOLLOWER]: Leader election vote request: Granting yes vote for candidate 43f76b20d4db41f6885c2a3f91ced1de in term 3.
I20260709 14:54:04.753700 20225 leader_election.cc:304] T f1b28b2671f94e1e9ae105fb9aeec027 P 43f76b20d4db41f6885c2a3f91ced1de [CANDIDATE]: Term 3 election: Election decided. Result: candidate won. Election summary: received 2 responses out of 3 voters: 2 yes votes; 0 no votes. yes voters: 43f76b20d4db41f6885c2a3f91ced1de, 5bd6c8be2e2c4ea79751c304b0e0aba0; no voters: 
I20260709 14:54:04.754572 20399 raft_consensus.cc:2804] T f1b28b2671f94e1e9ae105fb9aeec027 P 43f76b20d4db41f6885c2a3f91ced1de [term 3 FOLLOWER]: Leader election won for term 3
I20260709 14:54:04.754758 20113 tablet_service.cc:1917] Received RequestConsensusVote() RPC: tablet_id: "6d494a2a4377471b959f3885c2e182f5" candidate_uuid: "43f76b20d4db41f6885c2a3f91ced1de" candidate_term: 3 candidate_status { last_received { term: 2 index: 2 } } ignore_live_leader: true dest_uuid: "263087c073e442bca804c1112e1f9577"
I20260709 14:54:04.754153 20262 leader_election.cc:290] T 6d494a2a4377471b959f3885c2e182f5 P 43f76b20d4db41f6885c2a3f91ced1de [CANDIDATE]: Term 3 election: Requested vote from peers 263087c073e442bca804c1112e1f9577 (127.19.6.65:42409), 5bd6c8be2e2c4ea79751c304b0e0aba0 (127.19.6.66:37799)
I20260709 14:54:04.755399 20113 raft_consensus.cc:3055] T 6d494a2a4377471b959f3885c2e182f5 P 263087c073e442bca804c1112e1f9577 [term 2 LEADER]: Stepping down as leader of term 2
I20260709 14:54:04.755784 20113 raft_consensus.cc:740] T 6d494a2a4377471b959f3885c2e182f5 P 263087c073e442bca804c1112e1f9577 [term 2 LEADER]: Becoming Follower/Learner. State: Replica: 263087c073e442bca804c1112e1f9577, State: Running, Role: LEADER
I20260709 14:54:04.755899 20188 tablet_service.cc:1917] Received RequestConsensusVote() RPC: tablet_id: "6d494a2a4377471b959f3885c2e182f5" candidate_uuid: "43f76b20d4db41f6885c2a3f91ced1de" candidate_term: 3 candidate_status { last_received { term: 2 index: 2 } } ignore_live_leader: true dest_uuid: "5bd6c8be2e2c4ea79751c304b0e0aba0"
I20260709 14:54:04.756486 20188 raft_consensus.cc:3060] T 6d494a2a4377471b959f3885c2e182f5 P 5bd6c8be2e2c4ea79751c304b0e0aba0 [term 2 FOLLOWER]: Advancing to term 3
I20260709 14:54:04.756650 20113 consensus_queue.cc:260] T 6d494a2a4377471b959f3885c2e182f5 P 263087c073e442bca804c1112e1f9577 [NON_LEADER]: Queue going to NON_LEADER mode. State: All replicated index: 0, Majority replicated index: 2, Committed index: 2, Last appended: 2.2, Last appended by leader: 2, Current term: 2, Majority size: -1, State: 0, Mode: NON_LEADER, active raft config: opid_index: -1 OBSOLETE_local: false peers { permanent_uuid: "263087c073e442bca804c1112e1f9577" member_type: VOTER last_known_addr { host: "127.19.6.65" port: 42409 } } peers { permanent_uuid: "5bd6c8be2e2c4ea79751c304b0e0aba0" member_type: VOTER last_known_addr { host: "127.19.6.66" port: 37799 } } peers { permanent_uuid: "43f76b20d4db41f6885c2a3f91ced1de" member_type: VOTER last_known_addr { host: "127.19.6.67" port: 41957 } }
I20260709 14:54:04.757352 20399 raft_consensus.cc:697] T f1b28b2671f94e1e9ae105fb9aeec027 P 43f76b20d4db41f6885c2a3f91ced1de [term 3 LEADER]: Becoming Leader. State: Replica: 43f76b20d4db41f6885c2a3f91ced1de, State: Running, Role: LEADER
I20260709 14:54:04.758579 20113 raft_consensus.cc:3060] T 6d494a2a4377471b959f3885c2e182f5 P 263087c073e442bca804c1112e1f9577 [term 2 FOLLOWER]: Advancing to term 3
I20260709 14:54:04.758782 20399 consensus_queue.cc:237] T f1b28b2671f94e1e9ae105fb9aeec027 P 43f76b20d4db41f6885c2a3f91ced1de [LEADER]: Queue going to LEADER mode. State: All replicated index: 0, Majority replicated index: 2, Committed index: 2, Last appended: 2.2, Last appended by leader: 2, Current term: 3, Majority size: 2, State: 0, Mode: LEADER, active raft config: opid_index: -1 OBSOLETE_local: false peers { permanent_uuid: "263087c073e442bca804c1112e1f9577" member_type: VOTER last_known_addr { host: "127.19.6.65" port: 42409 } } peers { permanent_uuid: "5bd6c8be2e2c4ea79751c304b0e0aba0" member_type: VOTER last_known_addr { host: "127.19.6.66" port: 37799 } } peers { permanent_uuid: "43f76b20d4db41f6885c2a3f91ced1de" member_type: VOTER last_known_addr { host: "127.19.6.67" port: 41957 } }
I20260709 14:54:04.760571 20112 raft_consensus.cc:2468] T f1b28b2671f94e1e9ae105fb9aeec027 P 263087c073e442bca804c1112e1f9577 [term 3 FOLLOWER]: Leader election vote request: Granting yes vote for candidate 43f76b20d4db41f6885c2a3f91ced1de in term 3.
I20260709 14:54:04.767711 20113 raft_consensus.cc:2468] T 6d494a2a4377471b959f3885c2e182f5 P 263087c073e442bca804c1112e1f9577 [term 3 FOLLOWER]: Leader election vote request: Granting yes vote for candidate 43f76b20d4db41f6885c2a3f91ced1de in term 3.
I20260709 14:54:04.769270 20228 leader_election.cc:304] T 6d494a2a4377471b959f3885c2e182f5 P 43f76b20d4db41f6885c2a3f91ced1de [CANDIDATE]: Term 3 election: Election decided. Result: candidate won. Election summary: received 2 responses out of 3 voters: 2 yes votes; 0 no votes. yes voters: 263087c073e442bca804c1112e1f9577, 43f76b20d4db41f6885c2a3f91ced1de; no voters: 
I20260709 14:54:04.768486 20008 catalog_manager.cc:5697] T f1b28b2671f94e1e9ae105fb9aeec027 P 43f76b20d4db41f6885c2a3f91ced1de reported cstate change: term changed from 2 to 3, leader changed from 263087c073e442bca804c1112e1f9577 (127.19.6.65) to 43f76b20d4db41f6885c2a3f91ced1de (127.19.6.67). New cstate: current_term: 3 leader_uuid: "43f76b20d4db41f6885c2a3f91ced1de" committed_config { opid_index: -1 OBSOLETE_local: false peers { permanent_uuid: "263087c073e442bca804c1112e1f9577" member_type: VOTER last_known_addr { host: "127.19.6.65" port: 42409 } health_report { overall_health: UNKNOWN } } peers { permanent_uuid: "5bd6c8be2e2c4ea79751c304b0e0aba0" member_type: VOTER last_known_addr { host: "127.19.6.66" port: 37799 } health_report { overall_health: UNKNOWN } } peers { permanent_uuid: "43f76b20d4db41f6885c2a3f91ced1de" member_type: VOTER last_known_addr { host: "127.19.6.67" port: 41957 } health_report { overall_health: HEALTHY } } }
I20260709 14:54:04.771049 20188 raft_consensus.cc:2468] T 6d494a2a4377471b959f3885c2e182f5 P 5bd6c8be2e2c4ea79751c304b0e0aba0 [term 3 FOLLOWER]: Leader election vote request: Granting yes vote for candidate 43f76b20d4db41f6885c2a3f91ced1de in term 3.
I20260709 14:54:04.772748 20399 raft_consensus.cc:2804] T 6d494a2a4377471b959f3885c2e182f5 P 43f76b20d4db41f6885c2a3f91ced1de [term 3 FOLLOWER]: Leader election won for term 3
I20260709 14:54:04.773262 20399 raft_consensus.cc:697] T 6d494a2a4377471b959f3885c2e182f5 P 43f76b20d4db41f6885c2a3f91ced1de [term 3 LEADER]: Becoming Leader. State: Replica: 43f76b20d4db41f6885c2a3f91ced1de, State: Running, Role: LEADER
I20260709 14:54:04.774113 20399 consensus_queue.cc:237] T 6d494a2a4377471b959f3885c2e182f5 P 43f76b20d4db41f6885c2a3f91ced1de [LEADER]: Queue going to LEADER mode. State: All replicated index: 0, Majority replicated index: 2, Committed index: 2, Last appended: 2.2, Last appended by leader: 2, Current term: 3, Majority size: 2, State: 0, Mode: LEADER, active raft config: opid_index: -1 OBSOLETE_local: false peers { permanent_uuid: "263087c073e442bca804c1112e1f9577" member_type: VOTER last_known_addr { host: "127.19.6.65" port: 42409 } } peers { permanent_uuid: "5bd6c8be2e2c4ea79751c304b0e0aba0" member_type: VOTER last_known_addr { host: "127.19.6.66" port: 37799 } } peers { permanent_uuid: "43f76b20d4db41f6885c2a3f91ced1de" member_type: VOTER last_known_addr { host: "127.19.6.67" port: 41957 } }
I20260709 14:54:04.789276 20008 catalog_manager.cc:5697] T 6d494a2a4377471b959f3885c2e182f5 P 43f76b20d4db41f6885c2a3f91ced1de reported cstate change: term changed from 2 to 3, leader changed from 263087c073e442bca804c1112e1f9577 (127.19.6.65) to 43f76b20d4db41f6885c2a3f91ced1de (127.19.6.67). New cstate: current_term: 3 leader_uuid: "43f76b20d4db41f6885c2a3f91ced1de" committed_config { opid_index: -1 OBSOLETE_local: false peers { permanent_uuid: "263087c073e442bca804c1112e1f9577" member_type: VOTER last_known_addr { host: "127.19.6.65" port: 42409 } health_report { overall_health: UNKNOWN } } peers { permanent_uuid: "5bd6c8be2e2c4ea79751c304b0e0aba0" member_type: VOTER last_known_addr { host: "127.19.6.66" port: 37799 } health_report { overall_health: UNKNOWN } } peers { permanent_uuid: "43f76b20d4db41f6885c2a3f91ced1de" member_type: VOTER last_known_addr { host: "127.19.6.67" port: 41957 } health_report { overall_health: HEALTHY } } }
I20260709 14:54:05.239557 20113 raft_consensus.cc:1275] T f1b28b2671f94e1e9ae105fb9aeec027 P 263087c073e442bca804c1112e1f9577 [term 3 FOLLOWER]: Refusing update from remote peer 43f76b20d4db41f6885c2a3f91ced1de: Log matching property violated. Preceding OpId in replica: term: 2 index: 2. Preceding OpId from leader: term: 3 index: 3. (index mismatch)
I20260709 14:54:05.240835 20399 consensus_queue.cc:1048] T f1b28b2671f94e1e9ae105fb9aeec027 P 43f76b20d4db41f6885c2a3f91ced1de [LEADER]: Connected to new peer: Peer: permanent_uuid: "263087c073e442bca804c1112e1f9577" member_type: VOTER last_known_addr { host: "127.19.6.65" port: 42409 }, Status: LMP_MISMATCH, Last received: 0.0, Next index: 3, Last known committed idx: 2, Time since last communication: 0.000s
I20260709 14:54:05.250735 20188 raft_consensus.cc:1275] T f1b28b2671f94e1e9ae105fb9aeec027 P 5bd6c8be2e2c4ea79751c304b0e0aba0 [term 3 FOLLOWER]: Refusing update from remote peer 43f76b20d4db41f6885c2a3f91ced1de: Log matching property violated. Preceding OpId in replica: term: 2 index: 2. Preceding OpId from leader: term: 3 index: 3. (index mismatch)
I20260709 14:54:05.252352 20399 consensus_queue.cc:1048] T f1b28b2671f94e1e9ae105fb9aeec027 P 43f76b20d4db41f6885c2a3f91ced1de [LEADER]: Connected to new peer: Peer: permanent_uuid: "5bd6c8be2e2c4ea79751c304b0e0aba0" member_type: VOTER last_known_addr { host: "127.19.6.66" port: 37799 }, Status: LMP_MISMATCH, Last received: 0.0, Next index: 3, Last known committed idx: 2, Time since last communication: 0.000s
I20260709 14:54:05.301198 20113 raft_consensus.cc:1275] T 6d494a2a4377471b959f3885c2e182f5 P 263087c073e442bca804c1112e1f9577 [term 3 FOLLOWER]: Refusing update from remote peer 43f76b20d4db41f6885c2a3f91ced1de: Log matching property violated. Preceding OpId in replica: term: 2 index: 2. Preceding OpId from leader: term: 3 index: 3. (index mismatch)
I20260709 14:54:05.302800 20404 consensus_queue.cc:1048] T 6d494a2a4377471b959f3885c2e182f5 P 43f76b20d4db41f6885c2a3f91ced1de [LEADER]: Connected to new peer: Peer: permanent_uuid: "263087c073e442bca804c1112e1f9577" member_type: VOTER last_known_addr { host: "127.19.6.65" port: 42409 }, Status: LMP_MISMATCH, Last received: 0.0, Next index: 3, Last known committed idx: 2, Time since last communication: 0.000s
I20260709 14:54:05.309382 20188 raft_consensus.cc:1275] T 6d494a2a4377471b959f3885c2e182f5 P 5bd6c8be2e2c4ea79751c304b0e0aba0 [term 3 FOLLOWER]: Refusing update from remote peer 43f76b20d4db41f6885c2a3f91ced1de: Log matching property violated. Preceding OpId in replica: term: 2 index: 2. Preceding OpId from leader: term: 3 index: 3. (index mismatch)
I20260709 14:54:05.312057 20417 consensus_queue.cc:1048] T 6d494a2a4377471b959f3885c2e182f5 P 43f76b20d4db41f6885c2a3f91ced1de [LEADER]: Connected to new peer: Peer: permanent_uuid: "5bd6c8be2e2c4ea79751c304b0e0aba0" member_type: VOTER last_known_addr { host: "127.19.6.66" port: 37799 }, Status: LMP_MISMATCH, Last received: 0.0, Next index: 3, Last known committed idx: 2, Time since last communication: 0.002s
I20260709 14:54:05.715281 19481 auto_leader_rebalancer.cc:141] leader rebalance for table test-workload
I20260709 14:54:05.730347 20260 tablet_service.cc:2072] Received LeaderStepDown RPC: tablet_id: "6d494a2a4377471b959f3885c2e182f5"
dest_uuid: "43f76b20d4db41f6885c2a3f91ced1de"
mode: GRACEFUL
new_leader_uuid: "263087c073e442bca804c1112e1f9577"
 from {username='slave'} at 127.0.0.1:42786
I20260709 14:54:05.731009 20260 raft_consensus.cc:606] T 6d494a2a4377471b959f3885c2e182f5 P 43f76b20d4db41f6885c2a3f91ced1de [term 3 LEADER]: Received request to transfer leadership to TS 263087c073e442bca804c1112e1f9577
I20260709 14:54:05.738668 20262 tablet_service.cc:2072] Received LeaderStepDown RPC: tablet_id: "f1b28b2671f94e1e9ae105fb9aeec027"
dest_uuid: "43f76b20d4db41f6885c2a3f91ced1de"
mode: GRACEFUL
new_leader_uuid: "263087c073e442bca804c1112e1f9577"
 from {username='slave'} at 127.0.0.1:42786
I20260709 14:54:05.739243 20262 raft_consensus.cc:606] T f1b28b2671f94e1e9ae105fb9aeec027 P 43f76b20d4db41f6885c2a3f91ced1de [term 3 LEADER]: Received request to transfer leadership to TS 263087c073e442bca804c1112e1f9577
I20260709 14:54:05.746909 20188 tablet_service.cc:2072] Received LeaderStepDown RPC: tablet_id: "0c9530b3173140fdb95d4f6bb969b4b7"
dest_uuid: "5bd6c8be2e2c4ea79751c304b0e0aba0"
mode: GRACEFUL
new_leader_uuid: "263087c073e442bca804c1112e1f9577"
 from {username='slave'} at 127.0.0.1:49978
I20260709 14:54:05.747414 20188 raft_consensus.cc:606] T 0c9530b3173140fdb95d4f6bb969b4b7 P 5bd6c8be2e2c4ea79751c304b0e0aba0 [term 2 LEADER]: Received request to transfer leadership to TS 263087c073e442bca804c1112e1f9577
I20260709 14:54:05.752550 20188 tablet_service.cc:2072] Received LeaderStepDown RPC: tablet_id: "03aa7053a8604d3d8b8250eff29daac6"
dest_uuid: "5bd6c8be2e2c4ea79751c304b0e0aba0"
mode: GRACEFUL
new_leader_uuid: "263087c073e442bca804c1112e1f9577"
 from {username='slave'} at 127.0.0.1:49978
I20260709 14:54:05.753058 20188 raft_consensus.cc:606] T 03aa7053a8604d3d8b8250eff29daac6 P 5bd6c8be2e2c4ea79751c304b0e0aba0 [term 2 LEADER]: Received request to transfer leadership to TS 263087c073e442bca804c1112e1f9577
I20260709 14:54:05.757962 20188 tablet_service.cc:2072] Received LeaderStepDown RPC: tablet_id: "99cddce0574b41568c658703c64135c4"
dest_uuid: "5bd6c8be2e2c4ea79751c304b0e0aba0"
mode: GRACEFUL
new_leader_uuid: "263087c073e442bca804c1112e1f9577"
 from {username='slave'} at 127.0.0.1:49978
I20260709 14:54:05.758628 20188 raft_consensus.cc:606] T 99cddce0574b41568c658703c64135c4 P 5bd6c8be2e2c4ea79751c304b0e0aba0 [term 2 LEADER]: Received request to transfer leadership to TS 263087c073e442bca804c1112e1f9577
I20260709 14:54:05.876221 20404 raft_consensus.cc:993] T 6d494a2a4377471b959f3885c2e182f5 P 43f76b20d4db41f6885c2a3f91ced1de: : Instructing follower 263087c073e442bca804c1112e1f9577 to start an election
I20260709 14:54:05.876735 20417 raft_consensus.cc:1081] T 6d494a2a4377471b959f3885c2e182f5 P 43f76b20d4db41f6885c2a3f91ced1de [term 3 LEADER]: Signalling peer 263087c073e442bca804c1112e1f9577 to start an election
I20260709 14:54:05.878245 20113 tablet_service.cc:2044] Received Run Leader Election RPC: tablet_id: "6d494a2a4377471b959f3885c2e182f5"
dest_uuid: "263087c073e442bca804c1112e1f9577"
 from {username='slave'} at 127.0.0.1:59654
I20260709 14:54:05.878783 20113 raft_consensus.cc:493] T 6d494a2a4377471b959f3885c2e182f5 P 263087c073e442bca804c1112e1f9577 [term 3 FOLLOWER]: Starting forced leader election (received explicit request)
I20260709 14:54:05.879134 20113 raft_consensus.cc:3060] T 6d494a2a4377471b959f3885c2e182f5 P 263087c073e442bca804c1112e1f9577 [term 3 FOLLOWER]: Advancing to term 4
I20260709 14:54:05.883654 20419 raft_consensus.cc:993] T 03aa7053a8604d3d8b8250eff29daac6 P 5bd6c8be2e2c4ea79751c304b0e0aba0: : Instructing follower 263087c073e442bca804c1112e1f9577 to start an election
I20260709 14:54:05.884128 20310 raft_consensus.cc:1081] T 03aa7053a8604d3d8b8250eff29daac6 P 5bd6c8be2e2c4ea79751c304b0e0aba0 [term 2 LEADER]: Signalling peer 263087c073e442bca804c1112e1f9577 to start an election
I20260709 14:54:05.885383 20113 raft_consensus.cc:515] T 6d494a2a4377471b959f3885c2e182f5 P 263087c073e442bca804c1112e1f9577 [term 4 FOLLOWER]: Starting forced leader election with config: opid_index: -1 OBSOLETE_local: false peers { permanent_uuid: "263087c073e442bca804c1112e1f9577" member_type: VOTER last_known_addr { host: "127.19.6.65" port: 42409 } } peers { permanent_uuid: "5bd6c8be2e2c4ea79751c304b0e0aba0" member_type: VOTER last_known_addr { host: "127.19.6.66" port: 37799 } } peers { permanent_uuid: "43f76b20d4db41f6885c2a3f91ced1de" member_type: VOTER last_known_addr { host: "127.19.6.67" port: 41957 } }
I20260709 14:54:05.885722 20112 tablet_service.cc:2044] Received Run Leader Election RPC: tablet_id: "03aa7053a8604d3d8b8250eff29daac6"
dest_uuid: "263087c073e442bca804c1112e1f9577"
 from {username='slave'} at 127.0.0.1:59658
I20260709 14:54:05.886431 20112 raft_consensus.cc:493] T 03aa7053a8604d3d8b8250eff29daac6 P 263087c073e442bca804c1112e1f9577 [term 2 FOLLOWER]: Starting forced leader election (received explicit request)
I20260709 14:54:05.886845 20112 raft_consensus.cc:3060] T 03aa7053a8604d3d8b8250eff29daac6 P 263087c073e442bca804c1112e1f9577 [term 2 FOLLOWER]: Advancing to term 3
I20260709 14:54:05.887495 20113 leader_election.cc:290] T 6d494a2a4377471b959f3885c2e182f5 P 263087c073e442bca804c1112e1f9577 [CANDIDATE]: Term 4 election: Requested vote from peers 5bd6c8be2e2c4ea79751c304b0e0aba0 (127.19.6.66:37799), 43f76b20d4db41f6885c2a3f91ced1de (127.19.6.67:41957)
I20260709 14:54:05.888614 20262 tablet_service.cc:1917] Received RequestConsensusVote() RPC: tablet_id: "6d494a2a4377471b959f3885c2e182f5" candidate_uuid: "263087c073e442bca804c1112e1f9577" candidate_term: 4 candidate_status { last_received { term: 3 index: 3 } } ignore_live_leader: true dest_uuid: "43f76b20d4db41f6885c2a3f91ced1de"
I20260709 14:54:05.888579 20186 tablet_service.cc:1917] Received RequestConsensusVote() RPC: tablet_id: "6d494a2a4377471b959f3885c2e182f5" candidate_uuid: "263087c073e442bca804c1112e1f9577" candidate_term: 4 candidate_status { last_received { term: 3 index: 3 } } ignore_live_leader: true dest_uuid: "5bd6c8be2e2c4ea79751c304b0e0aba0"
I20260709 14:54:05.889310 20262 raft_consensus.cc:3055] T 6d494a2a4377471b959f3885c2e182f5 P 43f76b20d4db41f6885c2a3f91ced1de [term 3 LEADER]: Stepping down as leader of term 3
I20260709 14:54:05.889343 20186 raft_consensus.cc:3060] T 6d494a2a4377471b959f3885c2e182f5 P 5bd6c8be2e2c4ea79751c304b0e0aba0 [term 3 FOLLOWER]: Advancing to term 4
I20260709 14:54:05.889787 20262 raft_consensus.cc:740] T 6d494a2a4377471b959f3885c2e182f5 P 43f76b20d4db41f6885c2a3f91ced1de [term 3 LEADER]: Becoming Follower/Learner. State: Replica: 43f76b20d4db41f6885c2a3f91ced1de, State: Running, Role: LEADER
I20260709 14:54:05.890654 20262 consensus_queue.cc:260] T 6d494a2a4377471b959f3885c2e182f5 P 43f76b20d4db41f6885c2a3f91ced1de [NON_LEADER]: Queue going to NON_LEADER mode. State: All replicated index: 0, Majority replicated index: 3, Committed index: 3, Last appended: 3.3, Last appended by leader: 3, Current term: 3, Majority size: -1, State: 0, Mode: NON_LEADER, active raft config: opid_index: -1 OBSOLETE_local: false peers { permanent_uuid: "263087c073e442bca804c1112e1f9577" member_type: VOTER last_known_addr { host: "127.19.6.65" port: 42409 } } peers { permanent_uuid: "5bd6c8be2e2c4ea79751c304b0e0aba0" member_type: VOTER last_known_addr { host: "127.19.6.66" port: 37799 } } peers { permanent_uuid: "43f76b20d4db41f6885c2a3f91ced1de" member_type: VOTER last_known_addr { host: "127.19.6.67" port: 41957 } }
I20260709 14:54:05.891912 20262 raft_consensus.cc:3060] T 6d494a2a4377471b959f3885c2e182f5 P 43f76b20d4db41f6885c2a3f91ced1de [term 3 FOLLOWER]: Advancing to term 4
I20260709 14:54:05.892693 20112 raft_consensus.cc:515] T 03aa7053a8604d3d8b8250eff29daac6 P 263087c073e442bca804c1112e1f9577 [term 3 FOLLOWER]: Starting forced leader election with config: opid_index: -1 OBSOLETE_local: false peers { permanent_uuid: "263087c073e442bca804c1112e1f9577" member_type: VOTER last_known_addr { host: "127.19.6.65" port: 42409 } } peers { permanent_uuid: "5bd6c8be2e2c4ea79751c304b0e0aba0" member_type: VOTER last_known_addr { host: "127.19.6.66" port: 37799 } } peers { permanent_uuid: "43f76b20d4db41f6885c2a3f91ced1de" member_type: VOTER last_known_addr { host: "127.19.6.67" port: 41957 } }
I20260709 14:54:05.895366 20188 tablet_service.cc:1917] Received RequestConsensusVote() RPC: tablet_id: "03aa7053a8604d3d8b8250eff29daac6" candidate_uuid: "263087c073e442bca804c1112e1f9577" candidate_term: 3 candidate_status { last_received { term: 2 index: 2 } } ignore_live_leader: true dest_uuid: "5bd6c8be2e2c4ea79751c304b0e0aba0"
I20260709 14:54:05.895519 20260 tablet_service.cc:1917] Received RequestConsensusVote() RPC: tablet_id: "03aa7053a8604d3d8b8250eff29daac6" candidate_uuid: "263087c073e442bca804c1112e1f9577" candidate_term: 3 candidate_status { last_received { term: 2 index: 2 } } ignore_live_leader: true dest_uuid: "43f76b20d4db41f6885c2a3f91ced1de"
I20260709 14:54:05.895998 20260 raft_consensus.cc:3060] T 03aa7053a8604d3d8b8250eff29daac6 P 43f76b20d4db41f6885c2a3f91ced1de [term 2 FOLLOWER]: Advancing to term 3
I20260709 14:54:05.895969 20188 raft_consensus.cc:3055] T 03aa7053a8604d3d8b8250eff29daac6 P 5bd6c8be2e2c4ea79751c304b0e0aba0 [term 2 LEADER]: Stepping down as leader of term 2
I20260709 14:54:05.896517 20188 raft_consensus.cc:740] T 03aa7053a8604d3d8b8250eff29daac6 P 5bd6c8be2e2c4ea79751c304b0e0aba0 [term 2 LEADER]: Becoming Follower/Learner. State: Replica: 5bd6c8be2e2c4ea79751c304b0e0aba0, State: Running, Role: LEADER
I20260709 14:54:05.896733 20186 raft_consensus.cc:2468] T 6d494a2a4377471b959f3885c2e182f5 P 5bd6c8be2e2c4ea79751c304b0e0aba0 [term 4 FOLLOWER]: Leader election vote request: Granting yes vote for candidate 263087c073e442bca804c1112e1f9577 in term 4.
I20260709 14:54:05.897972 20112 leader_election.cc:290] T 03aa7053a8604d3d8b8250eff29daac6 P 263087c073e442bca804c1112e1f9577 [CANDIDATE]: Term 3 election: Requested vote from peers 5bd6c8be2e2c4ea79751c304b0e0aba0 (127.19.6.66:37799), 43f76b20d4db41f6885c2a3f91ced1de (127.19.6.67:41957)
I20260709 14:54:05.897362 20188 consensus_queue.cc:260] T 03aa7053a8604d3d8b8250eff29daac6 P 5bd6c8be2e2c4ea79751c304b0e0aba0 [NON_LEADER]: Queue going to NON_LEADER mode. State: All replicated index: 0, Majority replicated index: 2, Committed index: 2, Last appended: 2.2, Last appended by leader: 2, Current term: 2, Majority size: -1, State: 0, Mode: NON_LEADER, active raft config: opid_index: -1 OBSOLETE_local: false peers { permanent_uuid: "263087c073e442bca804c1112e1f9577" member_type: VOTER last_known_addr { host: "127.19.6.65" port: 42409 } } peers { permanent_uuid: "5bd6c8be2e2c4ea79751c304b0e0aba0" member_type: VOTER last_known_addr { host: "127.19.6.66" port: 37799 } } peers { permanent_uuid: "43f76b20d4db41f6885c2a3f91ced1de" member_type: VOTER last_known_addr { host: "127.19.6.67" port: 41957 } }
I20260709 14:54:05.898808 20188 raft_consensus.cc:3060] T 03aa7053a8604d3d8b8250eff29daac6 P 5bd6c8be2e2c4ea79751c304b0e0aba0 [term 2 FOLLOWER]: Advancing to term 3
I20260709 14:54:05.899552 20262 raft_consensus.cc:2468] T 6d494a2a4377471b959f3885c2e182f5 P 43f76b20d4db41f6885c2a3f91ced1de [term 4 FOLLOWER]: Leader election vote request: Granting yes vote for candidate 263087c073e442bca804c1112e1f9577 in term 4.
I20260709 14:54:05.900578 20077 leader_election.cc:304] T 6d494a2a4377471b959f3885c2e182f5 P 263087c073e442bca804c1112e1f9577 [CANDIDATE]: Term 4 election: Election decided. Result: candidate won. Election summary: received 2 responses out of 3 voters: 2 yes votes; 0 no votes. yes voters: 263087c073e442bca804c1112e1f9577, 43f76b20d4db41f6885c2a3f91ced1de; no voters: 
I20260709 14:54:05.901227 20403 raft_consensus.cc:2804] T 6d494a2a4377471b959f3885c2e182f5 P 263087c073e442bca804c1112e1f9577 [term 4 FOLLOWER]: Leader election won for term 4
I20260709 14:54:05.903434 20260 raft_consensus.cc:2468] T 03aa7053a8604d3d8b8250eff29daac6 P 43f76b20d4db41f6885c2a3f91ced1de [term 3 FOLLOWER]: Leader election vote request: Granting yes vote for candidate 263087c073e442bca804c1112e1f9577 in term 3.
I20260709 14:54:05.904731 20403 raft_consensus.cc:697] T 6d494a2a4377471b959f3885c2e182f5 P 263087c073e442bca804c1112e1f9577 [term 4 LEADER]: Becoming Leader. State: Replica: 263087c073e442bca804c1112e1f9577, State: Running, Role: LEADER
I20260709 14:54:05.904971 20077 leader_election.cc:304] T 03aa7053a8604d3d8b8250eff29daac6 P 263087c073e442bca804c1112e1f9577 [CANDIDATE]: Term 3 election: Election decided. Result: candidate won. Election summary: received 2 responses out of 3 voters: 2 yes votes; 0 no votes. yes voters: 263087c073e442bca804c1112e1f9577, 43f76b20d4db41f6885c2a3f91ced1de; no voters: 
I20260709 14:54:05.905807 20420 raft_consensus.cc:2804] T 03aa7053a8604d3d8b8250eff29daac6 P 263087c073e442bca804c1112e1f9577 [term 3 FOLLOWER]: Leader election won for term 3
I20260709 14:54:05.905678 20403 consensus_queue.cc:237] T 6d494a2a4377471b959f3885c2e182f5 P 263087c073e442bca804c1112e1f9577 [LEADER]: Queue going to LEADER mode. State: All replicated index: 0, Majority replicated index: 3, Committed index: 3, Last appended: 3.3, Last appended by leader: 3, Current term: 4, Majority size: 2, State: 0, Mode: LEADER, active raft config: opid_index: -1 OBSOLETE_local: false peers { permanent_uuid: "263087c073e442bca804c1112e1f9577" member_type: VOTER last_known_addr { host: "127.19.6.65" port: 42409 } } peers { permanent_uuid: "5bd6c8be2e2c4ea79751c304b0e0aba0" member_type: VOTER last_known_addr { host: "127.19.6.66" port: 37799 } } peers { permanent_uuid: "43f76b20d4db41f6885c2a3f91ced1de" member_type: VOTER last_known_addr { host: "127.19.6.67" port: 41957 } }
I20260709 14:54:05.906375 20188 raft_consensus.cc:2468] T 03aa7053a8604d3d8b8250eff29daac6 P 5bd6c8be2e2c4ea79751c304b0e0aba0 [term 3 FOLLOWER]: Leader election vote request: Granting yes vote for candidate 263087c073e442bca804c1112e1f9577 in term 3.
I20260709 14:54:05.907045 20420 raft_consensus.cc:697] T 03aa7053a8604d3d8b8250eff29daac6 P 263087c073e442bca804c1112e1f9577 [term 3 LEADER]: Becoming Leader. State: Replica: 263087c073e442bca804c1112e1f9577, State: Running, Role: LEADER
I20260709 14:54:05.908303 20420 consensus_queue.cc:237] T 03aa7053a8604d3d8b8250eff29daac6 P 263087c073e442bca804c1112e1f9577 [LEADER]: Queue going to LEADER mode. State: All replicated index: 0, Majority replicated index: 2, Committed index: 2, Last appended: 2.2, Last appended by leader: 2, Current term: 3, Majority size: 2, State: 0, Mode: LEADER, active raft config: opid_index: -1 OBSOLETE_local: false peers { permanent_uuid: "263087c073e442bca804c1112e1f9577" member_type: VOTER last_known_addr { host: "127.19.6.65" port: 42409 } } peers { permanent_uuid: "5bd6c8be2e2c4ea79751c304b0e0aba0" member_type: VOTER last_known_addr { host: "127.19.6.66" port: 37799 } } peers { permanent_uuid: "43f76b20d4db41f6885c2a3f91ced1de" member_type: VOTER last_known_addr { host: "127.19.6.67" port: 41957 } }
I20260709 14:54:05.912690 20010 catalog_manager.cc:5697] T 6d494a2a4377471b959f3885c2e182f5 P 263087c073e442bca804c1112e1f9577 reported cstate change: term changed from 3 to 4, leader changed from 43f76b20d4db41f6885c2a3f91ced1de (127.19.6.67) to 263087c073e442bca804c1112e1f9577 (127.19.6.65). New cstate: current_term: 4 leader_uuid: "263087c073e442bca804c1112e1f9577" committed_config { opid_index: -1 OBSOLETE_local: false peers { permanent_uuid: "263087c073e442bca804c1112e1f9577" member_type: VOTER last_known_addr { host: "127.19.6.65" port: 42409 } health_report { overall_health: HEALTHY } } peers { permanent_uuid: "5bd6c8be2e2c4ea79751c304b0e0aba0" member_type: VOTER last_known_addr { host: "127.19.6.66" port: 37799 } health_report { overall_health: UNKNOWN } } peers { permanent_uuid: "43f76b20d4db41f6885c2a3f91ced1de" member_type: VOTER last_known_addr { host: "127.19.6.67" port: 41957 } health_report { overall_health: UNKNOWN } } }
I20260709 14:54:05.916873 20419 raft_consensus.cc:993] T 0c9530b3173140fdb95d4f6bb969b4b7 P 5bd6c8be2e2c4ea79751c304b0e0aba0: : Instructing follower 263087c073e442bca804c1112e1f9577 to start an election
I20260709 14:54:05.917433 20310 raft_consensus.cc:1081] T 0c9530b3173140fdb95d4f6bb969b4b7 P 5bd6c8be2e2c4ea79751c304b0e0aba0 [term 2 LEADER]: Signalling peer 263087c073e442bca804c1112e1f9577 to start an election
I20260709 14:54:05.919312 20112 tablet_service.cc:2044] Received Run Leader Election RPC: tablet_id: "0c9530b3173140fdb95d4f6bb969b4b7"
dest_uuid: "263087c073e442bca804c1112e1f9577"
 from {username='slave'} at 127.0.0.1:59658
I20260709 14:54:05.920017 20112 raft_consensus.cc:493] T 0c9530b3173140fdb95d4f6bb969b4b7 P 263087c073e442bca804c1112e1f9577 [term 2 FOLLOWER]: Starting forced leader election (received explicit request)
I20260709 14:54:05.920513 20112 raft_consensus.cc:3060] T 0c9530b3173140fdb95d4f6bb969b4b7 P 263087c073e442bca804c1112e1f9577 [term 2 FOLLOWER]: Advancing to term 3
I20260709 14:54:05.928660 20112 raft_consensus.cc:515] T 0c9530b3173140fdb95d4f6bb969b4b7 P 263087c073e442bca804c1112e1f9577 [term 3 FOLLOWER]: Starting forced leader election with config: opid_index: -1 OBSOLETE_local: false peers { permanent_uuid: "263087c073e442bca804c1112e1f9577" member_type: VOTER last_known_addr { host: "127.19.6.65" port: 42409 } } peers { permanent_uuid: "5bd6c8be2e2c4ea79751c304b0e0aba0" member_type: VOTER last_known_addr { host: "127.19.6.66" port: 37799 } } peers { permanent_uuid: "43f76b20d4db41f6885c2a3f91ced1de" member_type: VOTER last_known_addr { host: "127.19.6.67" port: 41957 } }
I20260709 14:54:05.931681 20188 tablet_service.cc:1917] Received RequestConsensusVote() RPC: tablet_id: "0c9530b3173140fdb95d4f6bb969b4b7" candidate_uuid: "263087c073e442bca804c1112e1f9577" candidate_term: 3 candidate_status { last_received { term: 2 index: 2 } } ignore_live_leader: true dest_uuid: "5bd6c8be2e2c4ea79751c304b0e0aba0"
I20260709 14:54:05.932139 20112 leader_election.cc:290] T 0c9530b3173140fdb95d4f6bb969b4b7 P 263087c073e442bca804c1112e1f9577 [CANDIDATE]: Term 3 election: Requested vote from peers 5bd6c8be2e2c4ea79751c304b0e0aba0 (127.19.6.66:37799), 43f76b20d4db41f6885c2a3f91ced1de (127.19.6.67:41957)
I20260709 14:54:05.932322 20188 raft_consensus.cc:3055] T 0c9530b3173140fdb95d4f6bb969b4b7 P 5bd6c8be2e2c4ea79751c304b0e0aba0 [term 2 LEADER]: Stepping down as leader of term 2
I20260709 14:54:05.932293 20260 tablet_service.cc:1917] Received RequestConsensusVote() RPC: tablet_id: "0c9530b3173140fdb95d4f6bb969b4b7" candidate_uuid: "263087c073e442bca804c1112e1f9577" candidate_term: 3 candidate_status { last_received { term: 2 index: 2 } } ignore_live_leader: true dest_uuid: "43f76b20d4db41f6885c2a3f91ced1de"
I20260709 14:54:05.932844 20188 raft_consensus.cc:740] T 0c9530b3173140fdb95d4f6bb969b4b7 P 5bd6c8be2e2c4ea79751c304b0e0aba0 [term 2 LEADER]: Becoming Follower/Learner. State: Replica: 5bd6c8be2e2c4ea79751c304b0e0aba0, State: Running, Role: LEADER
I20260709 14:54:05.932993 20260 raft_consensus.cc:3060] T 0c9530b3173140fdb95d4f6bb969b4b7 P 43f76b20d4db41f6885c2a3f91ced1de [term 2 FOLLOWER]: Advancing to term 3
I20260709 14:54:05.933640 20188 consensus_queue.cc:260] T 0c9530b3173140fdb95d4f6bb969b4b7 P 5bd6c8be2e2c4ea79751c304b0e0aba0 [NON_LEADER]: Queue going to NON_LEADER mode. State: All replicated index: 0, Majority replicated index: 2, Committed index: 2, Last appended: 2.2, Last appended by leader: 2, Current term: 2, Majority size: -1, State: 0, Mode: NON_LEADER, active raft config: opid_index: -1 OBSOLETE_local: false peers { permanent_uuid: "263087c073e442bca804c1112e1f9577" member_type: VOTER last_known_addr { host: "127.19.6.65" port: 42409 } } peers { permanent_uuid: "5bd6c8be2e2c4ea79751c304b0e0aba0" member_type: VOTER last_known_addr { host: "127.19.6.66" port: 37799 } } peers { permanent_uuid: "43f76b20d4db41f6885c2a3f91ced1de" member_type: VOTER last_known_addr { host: "127.19.6.67" port: 41957 } }
I20260709 14:54:05.933741 20010 catalog_manager.cc:5697] T 03aa7053a8604d3d8b8250eff29daac6 P 263087c073e442bca804c1112e1f9577 reported cstate change: term changed from 2 to 3, leader changed from 5bd6c8be2e2c4ea79751c304b0e0aba0 (127.19.6.66) to 263087c073e442bca804c1112e1f9577 (127.19.6.65). New cstate: current_term: 3 leader_uuid: "263087c073e442bca804c1112e1f9577" committed_config { opid_index: -1 OBSOLETE_local: false peers { permanent_uuid: "263087c073e442bca804c1112e1f9577" member_type: VOTER last_known_addr { host: "127.19.6.65" port: 42409 } health_report { overall_health: HEALTHY } } peers { permanent_uuid: "5bd6c8be2e2c4ea79751c304b0e0aba0" member_type: VOTER last_known_addr { host: "127.19.6.66" port: 37799 } health_report { overall_health: UNKNOWN } } peers { permanent_uuid: "43f76b20d4db41f6885c2a3f91ced1de" member_type: VOTER last_known_addr { host: "127.19.6.67" port: 41957 } health_report { overall_health: UNKNOWN } } }
I20260709 14:54:05.934845 20188 raft_consensus.cc:3060] T 0c9530b3173140fdb95d4f6bb969b4b7 P 5bd6c8be2e2c4ea79751c304b0e0aba0 [term 2 FOLLOWER]: Advancing to term 3
I20260709 14:54:05.940065 20260 raft_consensus.cc:2468] T 0c9530b3173140fdb95d4f6bb969b4b7 P 43f76b20d4db41f6885c2a3f91ced1de [term 3 FOLLOWER]: Leader election vote request: Granting yes vote for candidate 263087c073e442bca804c1112e1f9577 in term 3.
I20260709 14:54:05.941433 20077 leader_election.cc:304] T 0c9530b3173140fdb95d4f6bb969b4b7 P 263087c073e442bca804c1112e1f9577 [CANDIDATE]: Term 3 election: Election decided. Result: candidate won. Election summary: received 2 responses out of 3 voters: 2 yes votes; 0 no votes. yes voters: 263087c073e442bca804c1112e1f9577, 43f76b20d4db41f6885c2a3f91ced1de; no voters: 
I20260709 14:54:05.941730 20188 raft_consensus.cc:2468] T 0c9530b3173140fdb95d4f6bb969b4b7 P 5bd6c8be2e2c4ea79751c304b0e0aba0 [term 3 FOLLOWER]: Leader election vote request: Granting yes vote for candidate 263087c073e442bca804c1112e1f9577 in term 3.
I20260709 14:54:05.942451 20420 raft_consensus.cc:2804] T 0c9530b3173140fdb95d4f6bb969b4b7 P 263087c073e442bca804c1112e1f9577 [term 3 FOLLOWER]: Leader election won for term 3
I20260709 14:54:05.942967 20420 raft_consensus.cc:697] T 0c9530b3173140fdb95d4f6bb969b4b7 P 263087c073e442bca804c1112e1f9577 [term 3 LEADER]: Becoming Leader. State: Replica: 263087c073e442bca804c1112e1f9577, State: Running, Role: LEADER
I20260709 14:54:05.943601 20420 consensus_queue.cc:237] T 0c9530b3173140fdb95d4f6bb969b4b7 P 263087c073e442bca804c1112e1f9577 [LEADER]: Queue going to LEADER mode. State: All replicated index: 0, Majority replicated index: 2, Committed index: 2, Last appended: 2.2, Last appended by leader: 2, Current term: 3, Majority size: 2, State: 0, Mode: LEADER, active raft config: opid_index: -1 OBSOLETE_local: false peers { permanent_uuid: "263087c073e442bca804c1112e1f9577" member_type: VOTER last_known_addr { host: "127.19.6.65" port: 42409 } } peers { permanent_uuid: "5bd6c8be2e2c4ea79751c304b0e0aba0" member_type: VOTER last_known_addr { host: "127.19.6.66" port: 37799 } } peers { permanent_uuid: "43f76b20d4db41f6885c2a3f91ced1de" member_type: VOTER last_known_addr { host: "127.19.6.67" port: 41957 } }
I20260709 14:54:05.950850 20010 catalog_manager.cc:5697] T 0c9530b3173140fdb95d4f6bb969b4b7 P 263087c073e442bca804c1112e1f9577 reported cstate change: term changed from 2 to 3, leader changed from 5bd6c8be2e2c4ea79751c304b0e0aba0 (127.19.6.66) to 263087c073e442bca804c1112e1f9577 (127.19.6.65). New cstate: current_term: 3 leader_uuid: "263087c073e442bca804c1112e1f9577" committed_config { opid_index: -1 OBSOLETE_local: false peers { permanent_uuid: "263087c073e442bca804c1112e1f9577" member_type: VOTER last_known_addr { host: "127.19.6.65" port: 42409 } health_report { overall_health: HEALTHY } } peers { permanent_uuid: "5bd6c8be2e2c4ea79751c304b0e0aba0" member_type: VOTER last_known_addr { host: "127.19.6.66" port: 37799 } health_report { overall_health: UNKNOWN } } peers { permanent_uuid: "43f76b20d4db41f6885c2a3f91ced1de" member_type: VOTER last_known_addr { host: "127.19.6.67" port: 41957 } health_report { overall_health: UNKNOWN } } }
I20260709 14:54:06.089145 20404 raft_consensus.cc:993] T f1b28b2671f94e1e9ae105fb9aeec027 P 43f76b20d4db41f6885c2a3f91ced1de: : Instructing follower 263087c073e442bca804c1112e1f9577 to start an election
I20260709 14:54:06.089613 20417 raft_consensus.cc:1081] T f1b28b2671f94e1e9ae105fb9aeec027 P 43f76b20d4db41f6885c2a3f91ced1de [term 3 LEADER]: Signalling peer 263087c073e442bca804c1112e1f9577 to start an election
I20260709 14:54:06.091058 20112 tablet_service.cc:2044] Received Run Leader Election RPC: tablet_id: "f1b28b2671f94e1e9ae105fb9aeec027"
dest_uuid: "263087c073e442bca804c1112e1f9577"
 from {username='slave'} at 127.0.0.1:59654
I20260709 14:54:06.091687 20112 raft_consensus.cc:493] T f1b28b2671f94e1e9ae105fb9aeec027 P 263087c073e442bca804c1112e1f9577 [term 3 FOLLOWER]: Starting forced leader election (received explicit request)
I20260709 14:54:06.092033 20112 raft_consensus.cc:3060] T f1b28b2671f94e1e9ae105fb9aeec027 P 263087c073e442bca804c1112e1f9577 [term 3 FOLLOWER]: Advancing to term 4
I20260709 14:54:06.096820 20112 raft_consensus.cc:515] T f1b28b2671f94e1e9ae105fb9aeec027 P 263087c073e442bca804c1112e1f9577 [term 4 FOLLOWER]: Starting forced leader election with config: opid_index: -1 OBSOLETE_local: false peers { permanent_uuid: "263087c073e442bca804c1112e1f9577" member_type: VOTER last_known_addr { host: "127.19.6.65" port: 42409 } } peers { permanent_uuid: "5bd6c8be2e2c4ea79751c304b0e0aba0" member_type: VOTER last_known_addr { host: "127.19.6.66" port: 37799 } } peers { permanent_uuid: "43f76b20d4db41f6885c2a3f91ced1de" member_type: VOTER last_known_addr { host: "127.19.6.67" port: 41957 } }
