I20260709 14:53:58.545064 16152 raft_consensus.cc:2468] T 614ca6caa4fa4973bdae3b51cfb90f99 P 0df0facf77da405f899ea30de52ab06e [term 0 FOLLOWER]: Leader pre-election vote request: Granting yes vote for candidate da942f596b614decb22d1e8319ba45b9 in term 0.
I20260709 14:53:58.548214 16194 raft_consensus.cc:359] T aabc5c1d0059494592ef659e2fa7cdaf P da942f596b614decb22d1e8319ba45b9 [term 0 FOLLOWER]: Replica starting. Triggering 0 pending ops. Active config: opid_index: -1 OBSOLETE_local: false peers { permanent_uuid: "da942f596b614decb22d1e8319ba45b9" member_type: VOTER last_known_addr { host: "127.15.5.65" port: 38259 } } peers { permanent_uuid: "5d28a29d3d134f179570f97118c1db9c" member_type: VOTER last_known_addr { host: "127.15.5.66" port: 46089 } } peers { permanent_uuid: "0df0facf77da405f899ea30de52ab06e" member_type: VOTER last_known_addr { host: "127.15.5.67" port: 38425 } }
I20260709 14:53:58.548918 16194 raft_consensus.cc:385] T aabc5c1d0059494592ef659e2fa7cdaf P da942f596b614decb22d1e8319ba45b9 [term 0 FOLLOWER]: Consensus starting up: Expiring failure detector timer to make a prompt election more likely
I20260709 14:53:58.549203 16194 raft_consensus.cc:740] T aabc5c1d0059494592ef659e2fa7cdaf P da942f596b614decb22d1e8319ba45b9 [term 0 FOLLOWER]: Becoming Follower/Learner. State: Replica: da942f596b614decb22d1e8319ba45b9, State: Initialized, Role: FOLLOWER
I20260709 14:53:58.549975 16194 consensus_queue.cc:260] T aabc5c1d0059494592ef659e2fa7cdaf P da942f596b614decb22d1e8319ba45b9 [NON_LEADER]: Queue going to NON_LEADER mode. State: All replicated index: 0, Majority replicated index: 0, Committed index: 0, Last appended: 0.0, Last appended by leader: 0, Current term: 0, Majority size: -1, State: 0, Mode: NON_LEADER, active raft config: opid_index: -1 OBSOLETE_local: false peers { permanent_uuid: "da942f596b614decb22d1e8319ba45b9" member_type: VOTER last_known_addr { host: "127.15.5.65" port: 38259 } } peers { permanent_uuid: "5d28a29d3d134f179570f97118c1db9c" member_type: VOTER last_known_addr { host: "127.15.5.66" port: 46089 } } peers { permanent_uuid: "0df0facf77da405f899ea30de52ab06e" member_type: VOTER last_known_addr { host: "127.15.5.67" port: 38425 } }
I20260709 14:53:58.551458 16193 tablet_bootstrap.cc:654] T 56ec4110677b466aa456ec4d6c0370ac P 0df0facf77da405f899ea30de52ab06e: Neither blocks nor log segments found. Creating new log.
I20260709 14:53:58.552410 16194 ts_tablet_manager.cc:1434] T aabc5c1d0059494592ef659e2fa7cdaf P da942f596b614decb22d1e8319ba45b9: Time spent starting tablet: real 0.007s	user 0.003s	sys 0.004s
I20260709 14:53:58.553287 16194 tablet_bootstrap.cc:492] T 86f5057272de425d8ba023672007b43c P da942f596b614decb22d1e8319ba45b9: Bootstrap starting.
I20260709 14:53:58.548302 15969 leader_election.cc:304] T 614ca6caa4fa4973bdae3b51cfb90f99 P da942f596b614decb22d1e8319ba45b9 [CANDIDATE]: Term 1 pre-election: Election decided. Result: candidate won. Election summary: received 3 responses out of 3 voters: 2 yes votes; 1 no votes. yes voters: 0df0facf77da405f899ea30de52ab06e, da942f596b614decb22d1e8319ba45b9; no voters: 5d28a29d3d134f179570f97118c1db9c
I20260709 14:53:58.554395 16205 raft_consensus.cc:2804] T 614ca6caa4fa4973bdae3b51cfb90f99 P da942f596b614decb22d1e8319ba45b9 [term 0 FOLLOWER]: Leader pre-election won for term 1
I20260709 14:53:58.554543 16199 raft_consensus.cc:493] T 1828a3ce6adc45bc9b80b18f61bfc800 P da942f596b614decb22d1e8319ba45b9 [term 0 FOLLOWER]: Starting pre-election (no leader contacted us within the election timeout)
I20260709 14:53:58.554767 16205 raft_consensus.cc:493] T 614ca6caa4fa4973bdae3b51cfb90f99 P da942f596b614decb22d1e8319ba45b9 [term 0 FOLLOWER]: Starting leader election (no leader contacted us within the election timeout)
I20260709 14:53:58.555115 16205 raft_consensus.cc:3060] T 614ca6caa4fa4973bdae3b51cfb90f99 P da942f596b614decb22d1e8319ba45b9 [term 0 FOLLOWER]: Advancing to term 1
I20260709 14:53:58.554982 16199 raft_consensus.cc:515] T 1828a3ce6adc45bc9b80b18f61bfc800 P da942f596b614decb22d1e8319ba45b9 [term 0 FOLLOWER]: Starting pre-election with config: opid_index: -1 OBSOLETE_local: false peers { permanent_uuid: "da942f596b614decb22d1e8319ba45b9" member_type: VOTER last_known_addr { host: "127.15.5.65" port: 38259 } } peers { permanent_uuid: "5d28a29d3d134f179570f97118c1db9c" member_type: VOTER last_known_addr { host: "127.15.5.66" port: 46089 } } peers { permanent_uuid: "0df0facf77da405f899ea30de52ab06e" member_type: VOTER last_known_addr { host: "127.15.5.67" port: 38425 } }
I20260709 14:53:58.556861 16199 leader_election.cc:290] T 1828a3ce6adc45bc9b80b18f61bfc800 P da942f596b614decb22d1e8319ba45b9 [CANDIDATE]: Term 1 pre-election: Requested pre-vote from peers 5d28a29d3d134f179570f97118c1db9c (127.15.5.66:46089), 0df0facf77da405f899ea30de52ab06e (127.15.5.67:38425)
I20260709 14:53:58.558286 16078 tablet_service.cc:1917] Received RequestConsensusVote() RPC: tablet_id: "1828a3ce6adc45bc9b80b18f61bfc800" candidate_uuid: "da942f596b614decb22d1e8319ba45b9" candidate_term: 1 candidate_status { last_received { term: 0 index: 0 } } ignore_live_leader: false dest_uuid: "5d28a29d3d134f179570f97118c1db9c" is_pre_election: true
I20260709 14:53:58.558409 16152 tablet_service.cc:1917] Received RequestConsensusVote() RPC: tablet_id: "1828a3ce6adc45bc9b80b18f61bfc800" candidate_uuid: "da942f596b614decb22d1e8319ba45b9" candidate_term: 1 candidate_status { last_received { term: 0 index: 0 } } ignore_live_leader: false dest_uuid: "0df0facf77da405f899ea30de52ab06e" is_pre_election: true
I20260709 14:53:58.558890 16078 raft_consensus.cc:2468] T 1828a3ce6adc45bc9b80b18f61bfc800 P 5d28a29d3d134f179570f97118c1db9c [term 0 FOLLOWER]: Leader pre-election vote request: Granting yes vote for candidate da942f596b614decb22d1e8319ba45b9 in term 0.
W20260709 14:53:58.559939 15969 leader_election.cc:343] T 1828a3ce6adc45bc9b80b18f61bfc800 P da942f596b614decb22d1e8319ba45b9 [CANDIDATE]: Term 1 pre-election: Tablet error from VoteRequest() call to peer 0df0facf77da405f899ea30de52ab06e (127.15.5.67:38425): Illegal state: must be running to vote when last-logged opid is not known
I20260709 14:53:58.560874 15967 leader_election.cc:304] T 1828a3ce6adc45bc9b80b18f61bfc800 P da942f596b614decb22d1e8319ba45b9 [CANDIDATE]: Term 1 pre-election: Election decided. Result: candidate won. Election summary: received 3 responses out of 3 voters: 2 yes votes; 1 no votes. yes voters: 5d28a29d3d134f179570f97118c1db9c, da942f596b614decb22d1e8319ba45b9; no voters: 0df0facf77da405f899ea30de52ab06e
I20260709 14:53:58.561914 16199 raft_consensus.cc:2804] T 1828a3ce6adc45bc9b80b18f61bfc800 P da942f596b614decb22d1e8319ba45b9 [term 0 FOLLOWER]: Leader pre-election won for term 1
I20260709 14:53:58.562243 16199 raft_consensus.cc:493] T 1828a3ce6adc45bc9b80b18f61bfc800 P da942f596b614decb22d1e8319ba45b9 [term 0 FOLLOWER]: Starting leader election (no leader contacted us within the election timeout)
I20260709 14:53:58.562587 16199 raft_consensus.cc:3060] T 1828a3ce6adc45bc9b80b18f61bfc800 P da942f596b614decb22d1e8319ba45b9 [term 0 FOLLOWER]: Advancing to term 1
I20260709 14:53:58.562626 16205 raft_consensus.cc:515] T 614ca6caa4fa4973bdae3b51cfb90f99 P da942f596b614decb22d1e8319ba45b9 [term 1 FOLLOWER]: Starting leader election with config: opid_index: -1 OBSOLETE_local: false peers { permanent_uuid: "da942f596b614decb22d1e8319ba45b9" member_type: VOTER last_known_addr { host: "127.15.5.65" port: 38259 } } peers { permanent_uuid: "5d28a29d3d134f179570f97118c1db9c" member_type: VOTER last_known_addr { host: "127.15.5.66" port: 46089 } } peers { permanent_uuid: "0df0facf77da405f899ea30de52ab06e" member_type: VOTER last_known_addr { host: "127.15.5.67" port: 38425 } }
I20260709 14:53:58.564311 16192 tablet_bootstrap.cc:492] T acd792399ef84e169961ec946681f505 P 5d28a29d3d134f179570f97118c1db9c: No bootstrap required, opened a new log
I20260709 14:53:58.564597 16205 leader_election.cc:290] T 614ca6caa4fa4973bdae3b51cfb90f99 P da942f596b614decb22d1e8319ba45b9 [CANDIDATE]: Term 1 election: Requested vote from peers 5d28a29d3d134f179570f97118c1db9c (127.15.5.66:46089), 0df0facf77da405f899ea30de52ab06e (127.15.5.67:38425)
I20260709 14:53:58.564760 16192 ts_tablet_manager.cc:1403] T acd792399ef84e169961ec946681f505 P 5d28a29d3d134f179570f97118c1db9c: Time spent bootstrapping tablet: real 0.040s	user 0.008s	sys 0.028s
I20260709 14:53:58.565382 16078 tablet_service.cc:1917] Received RequestConsensusVote() RPC: tablet_id: "614ca6caa4fa4973bdae3b51cfb90f99" candidate_uuid: "da942f596b614decb22d1e8319ba45b9" candidate_term: 1 candidate_status { last_received { term: 0 index: 0 } } ignore_live_leader: false dest_uuid: "5d28a29d3d134f179570f97118c1db9c"
W20260709 14:53:58.566885 15967 leader_election.cc:343] T 614ca6caa4fa4973bdae3b51cfb90f99 P da942f596b614decb22d1e8319ba45b9 [CANDIDATE]: Term 1 election: Tablet error from VoteRequest() call to peer 5d28a29d3d134f179570f97118c1db9c (127.15.5.66:46089): Illegal state: must be running to vote when last-logged opid is not known
I20260709 14:53:58.567548 16192 raft_consensus.cc:359] T acd792399ef84e169961ec946681f505 P 5d28a29d3d134f179570f97118c1db9c [term 0 FOLLOWER]: Replica starting. Triggering 0 pending ops. Active config: opid_index: -1 OBSOLETE_local: false peers { permanent_uuid: "da942f596b614decb22d1e8319ba45b9" member_type: VOTER last_known_addr { host: "127.15.5.65" port: 38259 } } peers { permanent_uuid: "5d28a29d3d134f179570f97118c1db9c" member_type: VOTER last_known_addr { host: "127.15.5.66" port: 46089 } } peers { permanent_uuid: "0df0facf77da405f899ea30de52ab06e" member_type: VOTER last_known_addr { host: "127.15.5.67" port: 38425 } }
I20260709 14:53:58.568200 16192 raft_consensus.cc:385] T acd792399ef84e169961ec946681f505 P 5d28a29d3d134f179570f97118c1db9c [term 0 FOLLOWER]: Consensus starting up: Expiring failure detector timer to make a prompt election more likely
I20260709 14:53:58.568473 16192 raft_consensus.cc:740] T acd792399ef84e169961ec946681f505 P 5d28a29d3d134f179570f97118c1db9c [term 0 FOLLOWER]: Becoming Follower/Learner. State: Replica: 5d28a29d3d134f179570f97118c1db9c, State: Initialized, Role: FOLLOWER
I20260709 14:53:58.569160 16192 consensus_queue.cc:260] T acd792399ef84e169961ec946681f505 P 5d28a29d3d134f179570f97118c1db9c [NON_LEADER]: Queue going to NON_LEADER mode. State: All replicated index: 0, Majority replicated index: 0, Committed index: 0, Last appended: 0.0, Last appended by leader: 0, Current term: 0, Majority size: -1, State: 0, Mode: NON_LEADER, active raft config: opid_index: -1 OBSOLETE_local: false peers { permanent_uuid: "da942f596b614decb22d1e8319ba45b9" member_type: VOTER last_known_addr { host: "127.15.5.65" port: 38259 } } peers { permanent_uuid: "5d28a29d3d134f179570f97118c1db9c" member_type: VOTER last_known_addr { host: "127.15.5.66" port: 46089 } } peers { permanent_uuid: "0df0facf77da405f899ea30de52ab06e" member_type: VOTER last_known_addr { host: "127.15.5.67" port: 38425 } }
I20260709 14:53:58.569168 16152 tablet_service.cc:1917] Received RequestConsensusVote() RPC: tablet_id: "614ca6caa4fa4973bdae3b51cfb90f99" candidate_uuid: "da942f596b614decb22d1e8319ba45b9" candidate_term: 1 candidate_status { last_received { term: 0 index: 0 } } ignore_live_leader: false dest_uuid: "0df0facf77da405f899ea30de52ab06e"
I20260709 14:53:58.570410 16194 tablet_bootstrap.cc:654] T 86f5057272de425d8ba023672007b43c P da942f596b614decb22d1e8319ba45b9: Neither blocks nor log segments found. Creating new log.
I20260709 14:53:58.574195 16192 ts_tablet_manager.cc:1434] T acd792399ef84e169961ec946681f505 P 5d28a29d3d134f179570f97118c1db9c: Time spent starting tablet: real 0.009s	user 0.005s	sys 0.002s
I20260709 14:53:58.570410 16152 raft_consensus.cc:3060] T 614ca6caa4fa4973bdae3b51cfb90f99 P 0df0facf77da405f899ea30de52ab06e [term 0 FOLLOWER]: Advancing to term 1
I20260709 14:53:58.575466 16192 tablet_bootstrap.cc:492] T ed3513adab2349378f8100003e52f90c P 5d28a29d3d134f179570f97118c1db9c: Bootstrap starting.
I20260709 14:53:58.580696 16152 raft_consensus.cc:2468] T 614ca6caa4fa4973bdae3b51cfb90f99 P 0df0facf77da405f899ea30de52ab06e [term 1 FOLLOWER]: Leader election vote request: Granting yes vote for candidate da942f596b614decb22d1e8319ba45b9 in term 1.
I20260709 14:53:58.583252 15969 leader_election.cc:304] T 614ca6caa4fa4973bdae3b51cfb90f99 P da942f596b614decb22d1e8319ba45b9 [CANDIDATE]: Term 1 election: Election decided. Result: candidate won. Election summary: received 3 responses out of 3 voters: 2 yes votes; 1 no votes. yes voters: 0df0facf77da405f899ea30de52ab06e, da942f596b614decb22d1e8319ba45b9; no voters: 5d28a29d3d134f179570f97118c1db9c
I20260709 14:53:58.584057 16205 raft_consensus.cc:2804] T 614ca6caa4fa4973bdae3b51cfb90f99 P da942f596b614decb22d1e8319ba45b9 [term 1 FOLLOWER]: Leader election won for term 1
I20260709 14:53:58.585630 16192 tablet_bootstrap.cc:654] T ed3513adab2349378f8100003e52f90c P 5d28a29d3d134f179570f97118c1db9c: Neither blocks nor log segments found. Creating new log.
I20260709 14:53:58.581864 16199 raft_consensus.cc:515] T 1828a3ce6adc45bc9b80b18f61bfc800 P da942f596b614decb22d1e8319ba45b9 [term 1 FOLLOWER]: Starting leader election with config: opid_index: -1 OBSOLETE_local: false peers { permanent_uuid: "da942f596b614decb22d1e8319ba45b9" member_type: VOTER last_known_addr { host: "127.15.5.65" port: 38259 } } peers { permanent_uuid: "5d28a29d3d134f179570f97118c1db9c" member_type: VOTER last_known_addr { host: "127.15.5.66" port: 46089 } } peers { permanent_uuid: "0df0facf77da405f899ea30de52ab06e" member_type: VOTER last_known_addr { host: "127.15.5.67" port: 38425 } }
I20260709 14:53:58.592877 16078 tablet_service.cc:1917] Received RequestConsensusVote() RPC: tablet_id: "1828a3ce6adc45bc9b80b18f61bfc800" candidate_uuid: "da942f596b614decb22d1e8319ba45b9" candidate_term: 1 candidate_status { last_received { term: 0 index: 0 } } ignore_live_leader: false dest_uuid: "5d28a29d3d134f179570f97118c1db9c"
I20260709 14:53:58.593483 16078 raft_consensus.cc:3060] T 1828a3ce6adc45bc9b80b18f61bfc800 P 5d28a29d3d134f179570f97118c1db9c [term 0 FOLLOWER]: Advancing to term 1
I20260709 14:53:58.597451 16192 tablet_bootstrap.cc:492] T ed3513adab2349378f8100003e52f90c P 5d28a29d3d134f179570f97118c1db9c: No bootstrap required, opened a new log
I20260709 14:53:58.597896 16192 ts_tablet_manager.cc:1403] T ed3513adab2349378f8100003e52f90c P 5d28a29d3d134f179570f97118c1db9c: Time spent bootstrapping tablet: real 0.023s	user 0.004s	sys 0.011s
I20260709 14:53:58.600683 16078 raft_consensus.cc:2468] T 1828a3ce6adc45bc9b80b18f61bfc800 P 5d28a29d3d134f179570f97118c1db9c [term 1 FOLLOWER]: Leader election vote request: Granting yes vote for candidate da942f596b614decb22d1e8319ba45b9 in term 1.
I20260709 14:53:58.600551 16192 raft_consensus.cc:359] T ed3513adab2349378f8100003e52f90c P 5d28a29d3d134f179570f97118c1db9c [term 0 FOLLOWER]: Replica starting. Triggering 0 pending ops. Active config: opid_index: -1 OBSOLETE_local: false peers { permanent_uuid: "da942f596b614decb22d1e8319ba45b9" member_type: VOTER last_known_addr { host: "127.15.5.65" port: 38259 } } peers { permanent_uuid: "5d28a29d3d134f179570f97118c1db9c" member_type: VOTER last_known_addr { host: "127.15.5.66" port: 46089 } } peers { permanent_uuid: "0df0facf77da405f899ea30de52ab06e" member_type: VOTER last_known_addr { host: "127.15.5.67" port: 38425 } }
I20260709 14:53:58.604562 16152 tablet_service.cc:1917] Received RequestConsensusVote() RPC: tablet_id: "1828a3ce6adc45bc9b80b18f61bfc800" candidate_uuid: "da942f596b614decb22d1e8319ba45b9" candidate_term: 1 candidate_status { last_received { term: 0 index: 0 } } ignore_live_leader: false dest_uuid: "0df0facf77da405f899ea30de52ab06e"
I20260709 14:53:58.605532 16193 tablet_bootstrap.cc:492] T 56ec4110677b466aa456ec4d6c0370ac P 0df0facf77da405f899ea30de52ab06e: No bootstrap required, opened a new log
I20260709 14:53:58.605015 16205 raft_consensus.cc:697] T 614ca6caa4fa4973bdae3b51cfb90f99 P da942f596b614decb22d1e8319ba45b9 [term 1 LEADER]: Becoming Leader. State: Replica: da942f596b614decb22d1e8319ba45b9, State: Running, Role: LEADER
I20260709 14:53:58.605489 16192 raft_consensus.cc:385] T ed3513adab2349378f8100003e52f90c P 5d28a29d3d134f179570f97118c1db9c [term 0 FOLLOWER]: Consensus starting up: Expiring failure detector timer to make a prompt election more likely
I20260709 14:53:58.605998 16192 raft_consensus.cc:740] T ed3513adab2349378f8100003e52f90c P 5d28a29d3d134f179570f97118c1db9c [term 0 FOLLOWER]: Becoming Follower/Learner. State: Replica: 5d28a29d3d134f179570f97118c1db9c, State: Initialized, Role: FOLLOWER
I20260709 14:53:58.606092 16193 ts_tablet_manager.cc:1403] T 56ec4110677b466aa456ec4d6c0370ac P 0df0facf77da405f899ea30de52ab06e: Time spent bootstrapping tablet: real 0.065s	user 0.023s	sys 0.021s
I20260709 14:53:58.606582 16194 tablet_bootstrap.cc:492] T 86f5057272de425d8ba023672007b43c P da942f596b614decb22d1e8319ba45b9: No bootstrap required, opened a new log
I20260709 14:53:58.607141 16194 ts_tablet_manager.cc:1403] T 86f5057272de425d8ba023672007b43c P da942f596b614decb22d1e8319ba45b9: Time spent bootstrapping tablet: real 0.054s	user 0.025s	sys 0.018s
W20260709 14:53:58.607311 15969 leader_election.cc:343] T 1828a3ce6adc45bc9b80b18f61bfc800 P da942f596b614decb22d1e8319ba45b9 [CANDIDATE]: Term 1 election: Tablet error from VoteRequest() call to peer 0df0facf77da405f899ea30de52ab06e (127.15.5.67:38425): Illegal state: must be running to vote when last-logged opid is not known
I20260709 14:53:58.606856 16192 consensus_queue.cc:260] T ed3513adab2349378f8100003e52f90c P 5d28a29d3d134f179570f97118c1db9c [NON_LEADER]: Queue going to NON_LEADER mode. State: All replicated index: 0, Majority replicated index: 0, Committed index: 0, Last appended: 0.0, Last appended by leader: 0, Current term: 0, Majority size: -1, State: 0, Mode: NON_LEADER, active raft config: opid_index: -1 OBSOLETE_local: false peers { permanent_uuid: "da942f596b614decb22d1e8319ba45b9" member_type: VOTER last_known_addr { host: "127.15.5.65" port: 38259 } } peers { permanent_uuid: "5d28a29d3d134f179570f97118c1db9c" member_type: VOTER last_known_addr { host: "127.15.5.66" port: 46089 } } peers { permanent_uuid: "0df0facf77da405f899ea30de52ab06e" member_type: VOTER last_known_addr { host: "127.15.5.67" port: 38425 } }
I20260709 14:53:58.608681 15967 leader_election.cc:304] T 1828a3ce6adc45bc9b80b18f61bfc800 P da942f596b614decb22d1e8319ba45b9 [CANDIDATE]: Term 1 election: Election decided. Result: candidate won. Election summary: received 3 responses out of 3 voters: 2 yes votes; 1 no votes. yes voters: 5d28a29d3d134f179570f97118c1db9c, da942f596b614decb22d1e8319ba45b9; no voters: 0df0facf77da405f899ea30de52ab06e
I20260709 14:53:58.609027 16193 raft_consensus.cc:359] T 56ec4110677b466aa456ec4d6c0370ac P 0df0facf77da405f899ea30de52ab06e [term 0 FOLLOWER]: Replica starting. Triggering 0 pending ops. Active config: opid_index: -1 OBSOLETE_local: false peers { permanent_uuid: "da942f596b614decb22d1e8319ba45b9" member_type: VOTER last_known_addr { host: "127.15.5.65" port: 38259 } } peers { permanent_uuid: "5d28a29d3d134f179570f97118c1db9c" member_type: VOTER last_known_addr { host: "127.15.5.66" port: 46089 } } peers { permanent_uuid: "0df0facf77da405f899ea30de52ab06e" member_type: VOTER last_known_addr { host: "127.15.5.67" port: 38425 } }
I20260709 14:53:58.609493 16218 raft_consensus.cc:2804] T 1828a3ce6adc45bc9b80b18f61bfc800 P da942f596b614decb22d1e8319ba45b9 [term 1 FOLLOWER]: Leader election won for term 1
I20260709 14:53:58.609700 16193 raft_consensus.cc:385] T 56ec4110677b466aa456ec4d6c0370ac P 0df0facf77da405f899ea30de52ab06e [term 0 FOLLOWER]: Consensus starting up: Expiring failure detector timer to make a prompt election more likely
I20260709 14:53:58.610033 16193 raft_consensus.cc:740] T 56ec4110677b466aa456ec4d6c0370ac P 0df0facf77da405f899ea30de52ab06e [term 0 FOLLOWER]: Becoming Follower/Learner. State: Replica: 0df0facf77da405f899ea30de52ab06e, State: Initialized, Role: FOLLOWER
I20260709 14:53:58.606501 16205 consensus_queue.cc:237] T 614ca6caa4fa4973bdae3b51cfb90f99 P da942f596b614decb22d1e8319ba45b9 [LEADER]: Queue going to LEADER mode. State: All replicated index: 0, Majority replicated index: 0, Committed index: 0, Last appended: 0.0, Last appended by leader: 0, Current term: 1, Majority size: 2, State: 0, Mode: LEADER, active raft config: opid_index: -1 OBSOLETE_local: false peers { permanent_uuid: "da942f596b614decb22d1e8319ba45b9" member_type: VOTER last_known_addr { host: "127.15.5.65" port: 38259 } } peers { permanent_uuid: "5d28a29d3d134f179570f97118c1db9c" member_type: VOTER last_known_addr { host: "127.15.5.66" port: 46089 } } peers { permanent_uuid: "0df0facf77da405f899ea30de52ab06e" member_type: VOTER last_known_addr { host: "127.15.5.67" port: 38425 } }
I20260709 14:53:58.610085 16194 raft_consensus.cc:359] T 86f5057272de425d8ba023672007b43c P da942f596b614decb22d1e8319ba45b9 [term 0 FOLLOWER]: Replica starting. Triggering 0 pending ops. Active config: opid_index: -1 OBSOLETE_local: false peers { permanent_uuid: "da942f596b614decb22d1e8319ba45b9" member_type: VOTER last_known_addr { host: "127.15.5.65" port: 38259 } } peers { permanent_uuid: "5d28a29d3d134f179570f97118c1db9c" member_type: VOTER last_known_addr { host: "127.15.5.66" port: 46089 } } peers { permanent_uuid: "0df0facf77da405f899ea30de52ab06e" member_type: VOTER last_known_addr { host: "127.15.5.67" port: 38425 } }
I20260709 14:53:58.610869 16194 raft_consensus.cc:385] T 86f5057272de425d8ba023672007b43c P da942f596b614decb22d1e8319ba45b9 [term 0 FOLLOWER]: Consensus starting up: Expiring failure detector timer to make a prompt election more likely
I20260709 14:53:58.611169 16194 raft_consensus.cc:740] T 86f5057272de425d8ba023672007b43c P da942f596b614decb22d1e8319ba45b9 [term 0 FOLLOWER]: Becoming Follower/Learner. State: Replica: da942f596b614decb22d1e8319ba45b9, State: Initialized, Role: FOLLOWER
I20260709 14:53:58.612231 16192 ts_tablet_manager.cc:1434] T ed3513adab2349378f8100003e52f90c P 5d28a29d3d134f179570f97118c1db9c: Time spent starting tablet: real 0.014s	user 0.004s	sys 0.004s
I20260709 14:53:58.611943 16194 consensus_queue.cc:260] T 86f5057272de425d8ba023672007b43c P da942f596b614decb22d1e8319ba45b9 [NON_LEADER]: Queue going to NON_LEADER mode. State: All replicated index: 0, Majority replicated index: 0, Committed index: 0, Last appended: 0.0, Last appended by leader: 0, Current term: 0, Majority size: -1, State: 0, Mode: NON_LEADER, active raft config: opid_index: -1 OBSOLETE_local: false peers { permanent_uuid: "da942f596b614decb22d1e8319ba45b9" member_type: VOTER last_known_addr { host: "127.15.5.65" port: 38259 } } peers { permanent_uuid: "5d28a29d3d134f179570f97118c1db9c" member_type: VOTER last_known_addr { host: "127.15.5.66" port: 46089 } } peers { permanent_uuid: "0df0facf77da405f899ea30de52ab06e" member_type: VOTER last_known_addr { host: "127.15.5.67" port: 38425 } }
I20260709 14:53:58.613276 16192 tablet_bootstrap.cc:492] T 614ca6caa4fa4973bdae3b51cfb90f99 P 5d28a29d3d134f179570f97118c1db9c: Bootstrap starting.
I20260709 14:53:58.614919 16199 leader_election.cc:290] T 1828a3ce6adc45bc9b80b18f61bfc800 P da942f596b614decb22d1e8319ba45b9 [CANDIDATE]: Term 1 election: Requested vote from peers 5d28a29d3d134f179570f97118c1db9c (127.15.5.66:46089), 0df0facf77da405f899ea30de52ab06e (127.15.5.67:38425)
I20260709 14:53:58.619777 16192 tablet_bootstrap.cc:654] T 614ca6caa4fa4973bdae3b51cfb90f99 P 5d28a29d3d134f179570f97118c1db9c: Neither blocks nor log segments found. Creating new log.
I20260709 14:53:58.621816 16194 ts_tablet_manager.cc:1434] T 86f5057272de425d8ba023672007b43c P da942f596b614decb22d1e8319ba45b9: Time spent starting tablet: real 0.014s	user 0.009s	sys 0.003s
I20260709 14:53:58.622781 16194 tablet_bootstrap.cc:492] T ed3513adab2349378f8100003e52f90c P da942f596b614decb22d1e8319ba45b9: Bootstrap starting.
I20260709 14:53:58.623348 16193 consensus_queue.cc:260] T 56ec4110677b466aa456ec4d6c0370ac P 0df0facf77da405f899ea30de52ab06e [NON_LEADER]: Queue going to NON_LEADER mode. State: All replicated index: 0, Majority replicated index: 0, Committed index: 0, Last appended: 0.0, Last appended by leader: 0, Current term: 0, Majority size: -1, State: 0, Mode: NON_LEADER, active raft config: opid_index: -1 OBSOLETE_local: false peers { permanent_uuid: "da942f596b614decb22d1e8319ba45b9" member_type: VOTER last_known_addr { host: "127.15.5.65" port: 38259 } } peers { permanent_uuid: "5d28a29d3d134f179570f97118c1db9c" member_type: VOTER last_known_addr { host: "127.15.5.66" port: 46089 } } peers { permanent_uuid: "0df0facf77da405f899ea30de52ab06e" member_type: VOTER last_known_addr { host: "127.15.5.67" port: 38425 } }
I20260709 14:53:58.625501 16193 ts_tablet_manager.cc:1434] T 56ec4110677b466aa456ec4d6c0370ac P 0df0facf77da405f899ea30de52ab06e: Time spent starting tablet: real 0.019s	user 0.004s	sys 0.000s
I20260709 14:53:58.626362 16193 tablet_bootstrap.cc:492] T 86f5057272de425d8ba023672007b43c P 0df0facf77da405f899ea30de52ab06e: Bootstrap starting.
I20260709 14:53:58.628685 16194 tablet_bootstrap.cc:654] T ed3513adab2349378f8100003e52f90c P da942f596b614decb22d1e8319ba45b9: Neither blocks nor log segments found. Creating new log.
I20260709 14:53:58.632906 16193 tablet_bootstrap.cc:654] T 86f5057272de425d8ba023672007b43c P 0df0facf77da405f899ea30de52ab06e: Neither blocks nor log segments found. Creating new log.
I20260709 14:53:58.633550 16192 tablet_bootstrap.cc:492] T 614ca6caa4fa4973bdae3b51cfb90f99 P 5d28a29d3d134f179570f97118c1db9c: No bootstrap required, opened a new log
I20260709 14:53:58.634040 16192 ts_tablet_manager.cc:1403] T 614ca6caa4fa4973bdae3b51cfb90f99 P 5d28a29d3d134f179570f97118c1db9c: Time spent bootstrapping tablet: real 0.021s	user 0.009s	sys 0.011s
I20260709 14:53:58.636678 16218 raft_consensus.cc:697] T 1828a3ce6adc45bc9b80b18f61bfc800 P da942f596b614decb22d1e8319ba45b9 [term 1 LEADER]: Becoming Leader. State: Replica: da942f596b614decb22d1e8319ba45b9, State: Running, Role: LEADER
I20260709 14:53:58.636843 16192 raft_consensus.cc:359] T 614ca6caa4fa4973bdae3b51cfb90f99 P 5d28a29d3d134f179570f97118c1db9c [term 0 FOLLOWER]: Replica starting. Triggering 0 pending ops. Active config: opid_index: -1 OBSOLETE_local: false peers { permanent_uuid: "da942f596b614decb22d1e8319ba45b9" member_type: VOTER last_known_addr { host: "127.15.5.65" port: 38259 } } peers { permanent_uuid: "5d28a29d3d134f179570f97118c1db9c" member_type: VOTER last_known_addr { host: "127.15.5.66" port: 46089 } } peers { permanent_uuid: "0df0facf77da405f899ea30de52ab06e" member_type: VOTER last_known_addr { host: "127.15.5.67" port: 38425 } }
I20260709 14:53:58.637643 16192 raft_consensus.cc:385] T 614ca6caa4fa4973bdae3b51cfb90f99 P 5d28a29d3d134f179570f97118c1db9c [term 0 FOLLOWER]: Consensus starting up: Expiring failure detector timer to make a prompt election more likely
I20260709 14:53:58.638214 16192 raft_consensus.cc:740] T 614ca6caa4fa4973bdae3b51cfb90f99 P 5d28a29d3d134f179570f97118c1db9c [term 0 FOLLOWER]: Becoming Follower/Learner. State: Replica: 5d28a29d3d134f179570f97118c1db9c, State: Initialized, Role: FOLLOWER
I20260709 14:53:58.637530 16218 consensus_queue.cc:237] T 1828a3ce6adc45bc9b80b18f61bfc800 P da942f596b614decb22d1e8319ba45b9 [LEADER]: Queue going to LEADER mode. State: All replicated index: 0, Majority replicated index: 0, Committed index: 0, Last appended: 0.0, Last appended by leader: 0, Current term: 1, Majority size: 2, State: 0, Mode: LEADER, active raft config: opid_index: -1 OBSOLETE_local: false peers { permanent_uuid: "da942f596b614decb22d1e8319ba45b9" member_type: VOTER last_known_addr { host: "127.15.5.65" port: 38259 } } peers { permanent_uuid: "5d28a29d3d134f179570f97118c1db9c" member_type: VOTER last_known_addr { host: "127.15.5.66" port: 46089 } } peers { permanent_uuid: "0df0facf77da405f899ea30de52ab06e" member_type: VOTER last_known_addr { host: "127.15.5.67" port: 38425 } }
I20260709 14:53:58.638846 16194 tablet_bootstrap.cc:492] T ed3513adab2349378f8100003e52f90c P da942f596b614decb22d1e8319ba45b9: No bootstrap required, opened a new log
I20260709 14:53:58.639292 16194 ts_tablet_manager.cc:1403] T ed3513adab2349378f8100003e52f90c P da942f596b614decb22d1e8319ba45b9: Time spent bootstrapping tablet: real 0.017s	user 0.010s	sys 0.004s
I20260709 14:53:58.639151 16192 consensus_queue.cc:260] T 614ca6caa4fa4973bdae3b51cfb90f99 P 5d28a29d3d134f179570f97118c1db9c [NON_LEADER]: Queue going to NON_LEADER mode. State: All replicated index: 0, Majority replicated index: 0, Committed index: 0, Last appended: 0.0, Last appended by leader: 0, Current term: 0, Majority size: -1, State: 0, Mode: NON_LEADER, active raft config: opid_index: -1 OBSOLETE_local: false peers { permanent_uuid: "da942f596b614decb22d1e8319ba45b9" member_type: VOTER last_known_addr { host: "127.15.5.65" port: 38259 } } peers { permanent_uuid: "5d28a29d3d134f179570f97118c1db9c" member_type: VOTER last_known_addr { host: "127.15.5.66" port: 46089 } } peers { permanent_uuid: "0df0facf77da405f899ea30de52ab06e" member_type: VOTER last_known_addr { host: "127.15.5.67" port: 38425 } }
I20260709 14:53:58.641708 16194 raft_consensus.cc:359] T ed3513adab2349378f8100003e52f90c P da942f596b614decb22d1e8319ba45b9 [term 0 FOLLOWER]: Replica starting. Triggering 0 pending ops. Active config: opid_index: -1 OBSOLETE_local: false peers { permanent_uuid: "da942f596b614decb22d1e8319ba45b9" member_type: VOTER last_known_addr { host: "127.15.5.65" port: 38259 } } peers { permanent_uuid: "5d28a29d3d134f179570f97118c1db9c" member_type: VOTER last_known_addr { host: "127.15.5.66" port: 46089 } } peers { permanent_uuid: "0df0facf77da405f899ea30de52ab06e" member_type: VOTER last_known_addr { host: "127.15.5.67" port: 38425 } }
I20260709 14:53:58.642283 16194 raft_consensus.cc:385] T ed3513adab2349378f8100003e52f90c P da942f596b614decb22d1e8319ba45b9 [term 0 FOLLOWER]: Consensus starting up: Expiring failure detector timer to make a prompt election more likely
I20260709 14:53:58.642563 16194 raft_consensus.cc:740] T ed3513adab2349378f8100003e52f90c P da942f596b614decb22d1e8319ba45b9 [term 0 FOLLOWER]: Becoming Follower/Learner. State: Replica: da942f596b614decb22d1e8319ba45b9, State: Initialized, Role: FOLLOWER
I20260709 14:53:58.643218 16194 consensus_queue.cc:260] T ed3513adab2349378f8100003e52f90c P da942f596b614decb22d1e8319ba45b9 [NON_LEADER]: Queue going to NON_LEADER mode. State: All replicated index: 0, Majority replicated index: 0, Committed index: 0, Last appended: 0.0, Last appended by leader: 0, Current term: 0, Majority size: -1, State: 0, Mode: NON_LEADER, active raft config: opid_index: -1 OBSOLETE_local: false peers { permanent_uuid: "da942f596b614decb22d1e8319ba45b9" member_type: VOTER last_known_addr { host: "127.15.5.65" port: 38259 } } peers { permanent_uuid: "5d28a29d3d134f179570f97118c1db9c" member_type: VOTER last_known_addr { host: "127.15.5.66" port: 46089 } } peers { permanent_uuid: "0df0facf77da405f899ea30de52ab06e" member_type: VOTER last_known_addr { host: "127.15.5.67" port: 38425 } }
I20260709 14:53:58.643620 16192 ts_tablet_manager.cc:1434] T 614ca6caa4fa4973bdae3b51cfb90f99 P 5d28a29d3d134f179570f97118c1db9c: Time spent starting tablet: real 0.009s	user 0.002s	sys 0.004s
I20260709 14:53:58.644744 16192 tablet_bootstrap.cc:492] T d2a0342064d74efc935726628624d5a8 P 5d28a29d3d134f179570f97118c1db9c: Bootstrap starting.
I20260709 14:53:58.645021 16194 ts_tablet_manager.cc:1434] T ed3513adab2349378f8100003e52f90c P da942f596b614decb22d1e8319ba45b9: Time spent starting tablet: real 0.005s	user 0.004s	sys 0.000s
I20260709 14:53:58.645193 16193 tablet_bootstrap.cc:492] T 86f5057272de425d8ba023672007b43c P 0df0facf77da405f899ea30de52ab06e: No bootstrap required, opened a new log
I20260709 14:53:58.645597 16193 ts_tablet_manager.cc:1403] T 86f5057272de425d8ba023672007b43c P 0df0facf77da405f899ea30de52ab06e: Time spent bootstrapping tablet: real 0.019s	user 0.007s	sys 0.006s
I20260709 14:53:58.645856 16194 tablet_bootstrap.cc:492] T acd792399ef84e169961ec946681f505 P da942f596b614decb22d1e8319ba45b9: Bootstrap starting.
W20260709 14:53:58.644775 15949 auto_rebalancer.cc:288] Could not retrieve cluster info: Service unavailable: Tablet not running
I20260709 14:53:58.648324 16193 raft_consensus.cc:359] T 86f5057272de425d8ba023672007b43c P 0df0facf77da405f899ea30de52ab06e [term 0 FOLLOWER]: Replica starting. Triggering 0 pending ops. Active config: opid_index: -1 OBSOLETE_local: false peers { permanent_uuid: "da942f596b614decb22d1e8319ba45b9" member_type: VOTER last_known_addr { host: "127.15.5.65" port: 38259 } } peers { permanent_uuid: "5d28a29d3d134f179570f97118c1db9c" member_type: VOTER last_known_addr { host: "127.15.5.66" port: 46089 } } peers { permanent_uuid: "0df0facf77da405f899ea30de52ab06e" member_type: VOTER last_known_addr { host: "127.15.5.67" port: 38425 } }
I20260709 14:53:58.649011 16193 raft_consensus.cc:385] T 86f5057272de425d8ba023672007b43c P 0df0facf77da405f899ea30de52ab06e [term 0 FOLLOWER]: Consensus starting up: Expiring failure detector timer to make a prompt election more likely
I20260709 14:53:58.649314 16193 raft_consensus.cc:740] T 86f5057272de425d8ba023672007b43c P 0df0facf77da405f899ea30de52ab06e [term 0 FOLLOWER]: Becoming Follower/Learner. State: Replica: 0df0facf77da405f899ea30de52ab06e, State: Initialized, Role: FOLLOWER
I20260709 14:53:58.650233 16193 consensus_queue.cc:260] T 86f5057272de425d8ba023672007b43c P 0df0facf77da405f899ea30de52ab06e [NON_LEADER]: Queue going to NON_LEADER mode. State: All replicated index: 0, Majority replicated index: 0, Committed index: 0, Last appended: 0.0, Last appended by leader: 0, Current term: 0, Majority size: -1, State: 0, Mode: NON_LEADER, active raft config: opid_index: -1 OBSOLETE_local: false peers { permanent_uuid: "da942f596b614decb22d1e8319ba45b9" member_type: VOTER last_known_addr { host: "127.15.5.65" port: 38259 } } peers { permanent_uuid: "5d28a29d3d134f179570f97118c1db9c" member_type: VOTER last_known_addr { host: "127.15.5.66" port: 46089 } } peers { permanent_uuid: "0df0facf77da405f899ea30de52ab06e" member_type: VOTER last_known_addr { host: "127.15.5.67" port: 38425 } }
I20260709 14:53:58.651371 16194 tablet_bootstrap.cc:654] T acd792399ef84e169961ec946681f505 P da942f596b614decb22d1e8319ba45b9: Neither blocks nor log segments found. Creating new log.
I20260709 14:53:58.654794 15900 catalog_manager.cc:5697] T 614ca6caa4fa4973bdae3b51cfb90f99 P da942f596b614decb22d1e8319ba45b9 reported cstate change: term changed from 0 to 1, leader changed from <none> to da942f596b614decb22d1e8319ba45b9 (127.15.5.65). New cstate: current_term: 1 leader_uuid: "da942f596b614decb22d1e8319ba45b9" committed_config { opid_index: -1 OBSOLETE_local: false peers { permanent_uuid: "da942f596b614decb22d1e8319ba45b9" member_type: VOTER last_known_addr { host: "127.15.5.65" port: 38259 } health_report { overall_health: HEALTHY } } peers { permanent_uuid: "5d28a29d3d134f179570f97118c1db9c" member_type: VOTER last_known_addr { host: "127.15.5.66" port: 46089 } health_report { overall_health: UNKNOWN } } peers { permanent_uuid: "0df0facf77da405f899ea30de52ab06e" member_type: VOTER last_known_addr { host: "127.15.5.67" port: 38425 } health_report { overall_health: UNKNOWN } } }
I20260709 14:53:58.656857 16192 tablet_bootstrap.cc:654] T d2a0342064d74efc935726628624d5a8 P 5d28a29d3d134f179570f97118c1db9c: Neither blocks nor log segments found. Creating new log.
I20260709 14:53:58.661721 16193 ts_tablet_manager.cc:1434] T 86f5057272de425d8ba023672007b43c P 0df0facf77da405f899ea30de52ab06e: Time spent starting tablet: real 0.016s	user 0.003s	sys 0.003s
I20260709 14:53:58.667706 16192 tablet_bootstrap.cc:492] T d2a0342064d74efc935726628624d5a8 P 5d28a29d3d134f179570f97118c1db9c: No bootstrap required, opened a new log
I20260709 14:53:58.668190 16192 ts_tablet_manager.cc:1403] T d2a0342064d74efc935726628624d5a8 P 5d28a29d3d134f179570f97118c1db9c: Time spent bootstrapping tablet: real 0.024s	user 0.007s	sys 0.009s
I20260709 14:53:58.669312 16193 tablet_bootstrap.cc:492] T d2a0342064d74efc935726628624d5a8 P 0df0facf77da405f899ea30de52ab06e: Bootstrap starting.
I20260709 14:53:58.670951 16192 raft_consensus.cc:359] T d2a0342064d74efc935726628624d5a8 P 5d28a29d3d134f179570f97118c1db9c [term 0 FOLLOWER]: Replica starting. Triggering 0 pending ops. Active config: opid_index: -1 OBSOLETE_local: false peers { permanent_uuid: "5d28a29d3d134f179570f97118c1db9c" member_type: VOTER last_known_addr { host: "127.15.5.66" port: 46089 } } peers { permanent_uuid: "0df0facf77da405f899ea30de52ab06e" member_type: VOTER last_known_addr { host: "127.15.5.67" port: 38425 } } peers { permanent_uuid: "da942f596b614decb22d1e8319ba45b9" member_type: VOTER last_known_addr { host: "127.15.5.65" port: 38259 } }
I20260709 14:53:58.671778 16192 raft_consensus.cc:385] T d2a0342064d74efc935726628624d5a8 P 5d28a29d3d134f179570f97118c1db9c [term 0 FOLLOWER]: Consensus starting up: Expiring failure detector timer to make a prompt election more likely
I20260709 14:53:58.672091 16192 raft_consensus.cc:740] T d2a0342064d74efc935726628624d5a8 P 5d28a29d3d134f179570f97118c1db9c [term 0 FOLLOWER]: Becoming Follower/Learner. State: Replica: 5d28a29d3d134f179570f97118c1db9c, State: Initialized, Role: FOLLOWER
I20260709 14:53:58.672900 16192 consensus_queue.cc:260] T d2a0342064d74efc935726628624d5a8 P 5d28a29d3d134f179570f97118c1db9c [NON_LEADER]: Queue going to NON_LEADER mode. State: All replicated index: 0, Majority replicated index: 0, Committed index: 0, Last appended: 0.0, Last appended by leader: 0, Current term: 0, Majority size: -1, State: 0, Mode: NON_LEADER, active raft config: opid_index: -1 OBSOLETE_local: false peers { permanent_uuid: "5d28a29d3d134f179570f97118c1db9c" member_type: VOTER last_known_addr { host: "127.15.5.66" port: 46089 } } peers { permanent_uuid: "0df0facf77da405f899ea30de52ab06e" member_type: VOTER last_known_addr { host: "127.15.5.67" port: 38425 } } peers { permanent_uuid: "da942f596b614decb22d1e8319ba45b9" member_type: VOTER last_known_addr { host: "127.15.5.65" port: 38259 } }
I20260709 14:53:58.675160 16192 ts_tablet_manager.cc:1434] T d2a0342064d74efc935726628624d5a8 P 5d28a29d3d134f179570f97118c1db9c: Time spent starting tablet: real 0.007s	user 0.005s	sys 0.000s
I20260709 14:53:58.675817 16193 tablet_bootstrap.cc:654] T d2a0342064d74efc935726628624d5a8 P 0df0facf77da405f899ea30de52ab06e: Neither blocks nor log segments found. Creating new log.
I20260709 14:53:58.676172 16192 tablet_bootstrap.cc:492] T 86f5057272de425d8ba023672007b43c P 5d28a29d3d134f179570f97118c1db9c: Bootstrap starting.
I20260709 14:53:58.680851 16194 tablet_bootstrap.cc:492] T acd792399ef84e169961ec946681f505 P da942f596b614decb22d1e8319ba45b9: No bootstrap required, opened a new log
I20260709 14:53:58.681263 16194 ts_tablet_manager.cc:1403] T acd792399ef84e169961ec946681f505 P da942f596b614decb22d1e8319ba45b9: Time spent bootstrapping tablet: real 0.036s	user 0.011s	sys 0.023s
I20260709 14:53:58.681948 16192 tablet_bootstrap.cc:654] T 86f5057272de425d8ba023672007b43c P 5d28a29d3d134f179570f97118c1db9c: Neither blocks nor log segments found. Creating new log.
I20260709 14:53:58.682019 16193 tablet_bootstrap.cc:492] T d2a0342064d74efc935726628624d5a8 P 0df0facf77da405f899ea30de52ab06e: No bootstrap required, opened a new log
I20260709 14:53:58.682523 16193 ts_tablet_manager.cc:1403] T d2a0342064d74efc935726628624d5a8 P 0df0facf77da405f899ea30de52ab06e: Time spent bootstrapping tablet: real 0.013s	user 0.012s	sys 0.000s
I20260709 14:53:58.683705 16194 raft_consensus.cc:359] T acd792399ef84e169961ec946681f505 P da942f596b614decb22d1e8319ba45b9 [term 0 FOLLOWER]: Replica starting. Triggering 0 pending ops. Active config: opid_index: -1 OBSOLETE_local: false peers { permanent_uuid: "da942f596b614decb22d1e8319ba45b9" member_type: VOTER last_known_addr { host: "127.15.5.65" port: 38259 } } peers { permanent_uuid: "5d28a29d3d134f179570f97118c1db9c" member_type: VOTER last_known_addr { host: "127.15.5.66" port: 46089 } } peers { permanent_uuid: "0df0facf77da405f899ea30de52ab06e" member_type: VOTER last_known_addr { host: "127.15.5.67" port: 38425 } }
I20260709 14:53:58.684321 16194 raft_consensus.cc:385] T acd792399ef84e169961ec946681f505 P da942f596b614decb22d1e8319ba45b9 [term 0 FOLLOWER]: Consensus starting up: Expiring failure detector timer to make a prompt election more likely
I20260709 14:53:58.684592 16194 raft_consensus.cc:740] T acd792399ef84e169961ec946681f505 P da942f596b614decb22d1e8319ba45b9 [term 0 FOLLOWER]: Becoming Follower/Learner. State: Replica: da942f596b614decb22d1e8319ba45b9, State: Initialized, Role: FOLLOWER
I20260709 14:53:58.685114 16193 raft_consensus.cc:359] T d2a0342064d74efc935726628624d5a8 P 0df0facf77da405f899ea30de52ab06e [term 0 FOLLOWER]: Replica starting. Triggering 0 pending ops. Active config: opid_index: -1 OBSOLETE_local: false peers { permanent_uuid: "5d28a29d3d134f179570f97118c1db9c" member_type: VOTER last_known_addr { host: "127.15.5.66" port: 46089 } } peers { permanent_uuid: "0df0facf77da405f899ea30de52ab06e" member_type: VOTER last_known_addr { host: "127.15.5.67" port: 38425 } } peers { permanent_uuid: "da942f596b614decb22d1e8319ba45b9" member_type: VOTER last_known_addr { host: "127.15.5.65" port: 38259 } }
I20260709 14:53:58.685779 16193 raft_consensus.cc:385] T d2a0342064d74efc935726628624d5a8 P 0df0facf77da405f899ea30de52ab06e [term 0 FOLLOWER]: Consensus starting up: Expiring failure detector timer to make a prompt election more likely
I20260709 14:53:58.685508 16194 consensus_queue.cc:260] T acd792399ef84e169961ec946681f505 P da942f596b614decb22d1e8319ba45b9 [NON_LEADER]: Queue going to NON_LEADER mode. State: All replicated index: 0, Majority replicated index: 0, Committed index: 0, Last appended: 0.0, Last appended by leader: 0, Current term: 0, Majority size: -1, State: 0, Mode: NON_LEADER, active raft config: opid_index: -1 OBSOLETE_local: false peers { permanent_uuid: "da942f596b614decb22d1e8319ba45b9" member_type: VOTER last_known_addr { host: "127.15.5.65" port: 38259 } } peers { permanent_uuid: "5d28a29d3d134f179570f97118c1db9c" member_type: VOTER last_known_addr { host: "127.15.5.66" port: 46089 } } peers { permanent_uuid: "0df0facf77da405f899ea30de52ab06e" member_type: VOTER last_known_addr { host: "127.15.5.67" port: 38425 } }
I20260709 14:53:58.686074 16193 raft_consensus.cc:740] T d2a0342064d74efc935726628624d5a8 P 0df0facf77da405f899ea30de52ab06e [term 0 FOLLOWER]: Becoming Follower/Learner. State: Replica: 0df0facf77da405f899ea30de52ab06e, State: Initialized, Role: FOLLOWER
I20260709 14:53:58.686843 16193 consensus_queue.cc:260] T d2a0342064d74efc935726628624d5a8 P 0df0facf77da405f899ea30de52ab06e [NON_LEADER]: Queue going to NON_LEADER mode. State: All replicated index: 0, Majority replicated index: 0, Committed index: 0, Last appended: 0.0, Last appended by leader: 0, Current term: 0, Majority size: -1, State: 0, Mode: NON_LEADER, active raft config: opid_index: -1 OBSOLETE_local: false peers { permanent_uuid: "5d28a29d3d134f179570f97118c1db9c" member_type: VOTER last_known_addr { host: "127.15.5.66" port: 46089 } } peers { permanent_uuid: "0df0facf77da405f899ea30de52ab06e" member_type: VOTER last_known_addr { host: "127.15.5.67" port: 38425 } } peers { permanent_uuid: "da942f596b614decb22d1e8319ba45b9" member_type: VOTER last_known_addr { host: "127.15.5.65" port: 38259 } }
I20260709 14:53:58.687657 16194 ts_tablet_manager.cc:1434] T acd792399ef84e169961ec946681f505 P da942f596b614decb22d1e8319ba45b9: Time spent starting tablet: real 0.006s	user 0.005s	sys 0.001s
I20260709 14:53:58.688474 16194 tablet_bootstrap.cc:492] T 7814ea3636ab435390a5b5e687b62af4 P da942f596b614decb22d1e8319ba45b9: Bootstrap starting.
I20260709 14:53:58.693558 16194 tablet_bootstrap.cc:654] T 7814ea3636ab435390a5b5e687b62af4 P da942f596b614decb22d1e8319ba45b9: Neither blocks nor log segments found. Creating new log.
I20260709 14:53:58.693598 16192 tablet_bootstrap.cc:492] T 86f5057272de425d8ba023672007b43c P 5d28a29d3d134f179570f97118c1db9c: No bootstrap required, opened a new log
I20260709 14:53:58.694178 16192 ts_tablet_manager.cc:1403] T 86f5057272de425d8ba023672007b43c P 5d28a29d3d134f179570f97118c1db9c: Time spent bootstrapping tablet: real 0.018s	user 0.011s	sys 0.005s
I20260709 14:53:58.695379 16193 ts_tablet_manager.cc:1434] T d2a0342064d74efc935726628624d5a8 P 0df0facf77da405f899ea30de52ab06e: Time spent starting tablet: real 0.013s	user 0.005s	sys 0.000s
I20260709 14:53:58.696640 16192 raft_consensus.cc:359] T 86f5057272de425d8ba023672007b43c P 5d28a29d3d134f179570f97118c1db9c [term 0 FOLLOWER]: Replica starting. Triggering 0 pending ops. Active config: opid_index: -1 OBSOLETE_local: false peers { permanent_uuid: "da942f596b614decb22d1e8319ba45b9" member_type: VOTER last_known_addr { host: "127.15.5.65" port: 38259 } } peers { permanent_uuid: "5d28a29d3d134f179570f97118c1db9c" member_type: VOTER last_known_addr { host: "127.15.5.66" port: 46089 } } peers { permanent_uuid: "0df0facf77da405f899ea30de52ab06e" member_type: VOTER last_known_addr { host: "127.15.5.67" port: 38425 } }
I20260709 14:53:58.697439 16218 raft_consensus.cc:493] T 56ec4110677b466aa456ec4d6c0370ac P da942f596b614decb22d1e8319ba45b9 [term 0 FOLLOWER]: Starting pre-election (no leader contacted us within the election timeout)
I20260709 14:53:58.698025 16218 raft_consensus.cc:515] T 56ec4110677b466aa456ec4d6c0370ac P da942f596b614decb22d1e8319ba45b9 [term 0 FOLLOWER]: Starting pre-election with config: opid_index: -1 OBSOLETE_local: false peers { permanent_uuid: "da942f596b614decb22d1e8319ba45b9" member_type: VOTER last_known_addr { host: "127.15.5.65" port: 38259 } } peers { permanent_uuid: "5d28a29d3d134f179570f97118c1db9c" member_type: VOTER last_known_addr { host: "127.15.5.66" port: 46089 } } peers { permanent_uuid: "0df0facf77da405f899ea30de52ab06e" member_type: VOTER last_known_addr { host: "127.15.5.67" port: 38425 } }
I20260709 14:53:58.699991 16218 leader_election.cc:290] T 56ec4110677b466aa456ec4d6c0370ac P da942f596b614decb22d1e8319ba45b9 [CANDIDATE]: Term 1 pre-election: Requested pre-vote from peers 5d28a29d3d134f179570f97118c1db9c (127.15.5.66:46089), 0df0facf77da405f899ea30de52ab06e (127.15.5.67:38425)
I20260709 14:53:58.697499 16197 raft_consensus.cc:493] T b970fd0988064504990bcf0a1191fa82 P 5d28a29d3d134f179570f97118c1db9c [term 0 FOLLOWER]: Starting pre-election (no leader contacted us within the election timeout)
I20260709 14:53:58.700448 16193 tablet_bootstrap.cc:492] T aabc5c1d0059494592ef659e2fa7cdaf P 0df0facf77da405f899ea30de52ab06e: Bootstrap starting.
I20260709 14:53:58.700878 16197 raft_consensus.cc:515] T b970fd0988064504990bcf0a1191fa82 P 5d28a29d3d134f179570f97118c1db9c [term 0 FOLLOWER]: Starting pre-election with config: opid_index: -1 OBSOLETE_local: false peers { permanent_uuid: "da942f596b614decb22d1e8319ba45b9" member_type: VOTER last_known_addr { host: "127.15.5.65" port: 38259 } } peers { permanent_uuid: "5d28a29d3d134f179570f97118c1db9c" member_type: VOTER last_known_addr { host: "127.15.5.66" port: 46089 } } peers { permanent_uuid: "0df0facf77da405f899ea30de52ab06e" member_type: VOTER last_known_addr { host: "127.15.5.67" port: 38425 } }
I20260709 14:53:58.703286 16197 leader_election.cc:290] T b970fd0988064504990bcf0a1191fa82 P 5d28a29d3d134f179570f97118c1db9c [CANDIDATE]: Term 1 pre-election: Requested pre-vote from peers da942f596b614decb22d1e8319ba45b9 (127.15.5.65:38259), 0df0facf77da405f899ea30de52ab06e (127.15.5.67:38425)
I20260709 14:53:58.704623 16194 tablet_bootstrap.cc:492] T 7814ea3636ab435390a5b5e687b62af4 P da942f596b614decb22d1e8319ba45b9: No bootstrap required, opened a new log
I20260709 14:53:58.705067 16194 ts_tablet_manager.cc:1403] T 7814ea3636ab435390a5b5e687b62af4 P da942f596b614decb22d1e8319ba45b9: Time spent bootstrapping tablet: real 0.017s	user 0.013s	sys 0.001s
I20260709 14:53:58.700412 16218 raft_consensus.cc:493] T 86f5057272de425d8ba023672007b43c P da942f596b614decb22d1e8319ba45b9 [term 0 FOLLOWER]: Starting pre-election (no leader contacted us within the election timeout)
I20260709 14:53:58.705533 16152 tablet_service.cc:1917] Received RequestConsensusVote() RPC: tablet_id: "56ec4110677b466aa456ec4d6c0370ac" candidate_uuid: "da942f596b614decb22d1e8319ba45b9" candidate_term: 1 candidate_status { last_received { term: 0 index: 0 } } ignore_live_leader: false dest_uuid: "0df0facf77da405f899ea30de52ab06e" is_pre_election: true
I20260709 14:53:58.705683 16218 raft_consensus.cc:515] T 86f5057272de425d8ba023672007b43c P da942f596b614decb22d1e8319ba45b9 [term 0 FOLLOWER]: Starting pre-election with config: opid_index: -1 OBSOLETE_local: false peers { permanent_uuid: "da942f596b614decb22d1e8319ba45b9" member_type: VOTER last_known_addr { host: "127.15.5.65" port: 38259 } } peers { permanent_uuid: "5d28a29d3d134f179570f97118c1db9c" member_type: VOTER last_known_addr { host: "127.15.5.66" port: 46089 } } peers { permanent_uuid: "0df0facf77da405f899ea30de52ab06e" member_type: VOTER last_known_addr { host: "127.15.5.67" port: 38425 } }
I20260709 14:53:58.706138 16152 raft_consensus.cc:2468] T 56ec4110677b466aa456ec4d6c0370ac P 0df0facf77da405f899ea30de52ab06e [term 0 FOLLOWER]: Leader pre-election vote request: Granting yes vote for candidate da942f596b614decb22d1e8319ba45b9 in term 0.
I20260709 14:53:58.705502 16078 tablet_service.cc:1917] Received RequestConsensusVote() RPC: tablet_id: "56ec4110677b466aa456ec4d6c0370ac" candidate_uuid: "da942f596b614decb22d1e8319ba45b9" candidate_term: 1 candidate_status { last_received { term: 0 index: 0 } } ignore_live_leader: false dest_uuid: "5d28a29d3d134f179570f97118c1db9c" is_pre_election: true
