I20260709 14:54:14.308387  8534 catalog_manager.cc:5697] T 1915e7d1fb19491fbfe0fc0060d214e1 P 26777a7734ed4e7aae76fecf506d5f52 reported cstate change: term changed from 0 to 1, leader changed from <none> to 26777a7734ed4e7aae76fecf506d5f52 (127.7.79.1). New cstate: current_term: 1 leader_uuid: "26777a7734ed4e7aae76fecf506d5f52" committed_config { opid_index: -1 OBSOLETE_local: false peers { permanent_uuid: "26777a7734ed4e7aae76fecf506d5f52" member_type: VOTER last_known_addr { host: "127.7.79.1" port: 42089 } health_report { overall_health: HEALTHY } } peers { permanent_uuid: "d590f4c828684fe487290373ce012971" member_type: VOTER last_known_addr { host: "127.7.79.2" port: 32953 } health_report { overall_health: UNKNOWN } } peers { permanent_uuid: "0b566955b251401491fa012914501508" member_type: VOTER last_known_addr { host: "127.7.79.3" port: 46651 } health_report { overall_health: UNKNOWN } } }
I20260709 14:54:14.331872  8826 ts_tablet_manager.cc:1434] T 54ab4ffe80824c4b8209879e6103820d P d590f4c828684fe487290373ce012971: Time spent starting tablet: real 0.039s	user 0.007s	sys 0.002s
I20260709 14:54:14.330724  8827 consensus_queue.cc:260] T 757c003b40e742f4bb5f0215b4cf8250 P 26777a7734ed4e7aae76fecf506d5f52 [NON_LEADER]: Queue going to NON_LEADER mode. State: All replicated index: 0, Majority replicated index: 0, Committed index: 0, Last appended: 0.0, Last appended by leader: 0, Current term: 0, Majority size: -1, State: 0, Mode: NON_LEADER, active raft config: opid_index: -1 OBSOLETE_local: false peers { permanent_uuid: "26777a7734ed4e7aae76fecf506d5f52" member_type: VOTER last_known_addr { host: "127.7.79.1" port: 42089 } } peers { permanent_uuid: "d590f4c828684fe487290373ce012971" member_type: VOTER last_known_addr { host: "127.7.79.2" port: 32953 } } peers { permanent_uuid: "0b566955b251401491fa012914501508" member_type: VOTER last_known_addr { host: "127.7.79.3" port: 46651 } }
I20260709 14:54:14.332011  8534 catalog_manager.cc:5697] T 12f954630c5a4ea7a3b9cdc8a2c53e1f P 26777a7734ed4e7aae76fecf506d5f52 reported cstate change: term changed from 0 to 1, leader changed from <none> to 26777a7734ed4e7aae76fecf506d5f52 (127.7.79.1). New cstate: current_term: 1 leader_uuid: "26777a7734ed4e7aae76fecf506d5f52" committed_config { opid_index: -1 OBSOLETE_local: false peers { permanent_uuid: "26777a7734ed4e7aae76fecf506d5f52" member_type: VOTER last_known_addr { host: "127.7.79.1" port: 42089 } health_report { overall_health: HEALTHY } } peers { permanent_uuid: "d590f4c828684fe487290373ce012971" member_type: VOTER last_known_addr { host: "127.7.79.2" port: 32953 } health_report { overall_health: UNKNOWN } } peers { permanent_uuid: "0b566955b251401491fa012914501508" member_type: VOTER last_known_addr { host: "127.7.79.3" port: 46651 } health_report { overall_health: UNKNOWN } } }
I20260709 14:54:14.325645  8969 raft_consensus.cc:515] T efceb95f8ee24b08b0df389de18b61b4 P 26777a7734ed4e7aae76fecf506d5f52 [term 1 FOLLOWER]: Starting leader election with config: opid_index: -1 OBSOLETE_local: false peers { permanent_uuid: "26777a7734ed4e7aae76fecf506d5f52" member_type: VOTER last_known_addr { host: "127.7.79.1" port: 42089 } } peers { permanent_uuid: "d590f4c828684fe487290373ce012971" member_type: VOTER last_known_addr { host: "127.7.79.2" port: 32953 } } peers { permanent_uuid: "0b566955b251401491fa012914501508" member_type: VOTER last_known_addr { host: "127.7.79.3" port: 46651 } }
I20260709 14:54:14.326597  8709 raft_consensus.cc:1275] T 1f223cfe8980401ca8450603c381c4ce P d590f4c828684fe487290373ce012971 [term 3 FOLLOWER]: Refusing update from remote peer 26777a7734ed4e7aae76fecf506d5f52: Log matching property violated. Preceding OpId in replica: term: 1 index: 1. Preceding OpId from leader: term: 3 index: 2. (index mismatch)
I20260709 14:54:14.337270  8826 tablet_bootstrap.cc:492] T 8aa6d3edcfaa467696f12ed98209fce1 P d590f4c828684fe487290373ce012971: Bootstrap starting.
I20260709 14:54:14.338500  8782 tablet_service.cc:1917] Received RequestConsensusVote() RPC: tablet_id: "ff11ae75db8e49e4acc25bd74b4b0f85" candidate_uuid: "26777a7734ed4e7aae76fecf506d5f52" candidate_term: 1 candidate_status { last_received { term: 0 index: 0 } } ignore_live_leader: false dest_uuid: "0b566955b251401491fa012914501508"
I20260709 14:54:14.339586  8782 raft_consensus.cc:3060] T ff11ae75db8e49e4acc25bd74b4b0f85 P 0b566955b251401491fa012914501508 [term 0 FOLLOWER]: Advancing to term 1
I20260709 14:54:14.330340  8752 leader_election.cc:304] T efceb95f8ee24b08b0df389de18b61b4 P 0b566955b251401491fa012914501508 [CANDIDATE]: Term 1 pre-election: Election decided. Result: candidate won. Election summary: received 2 responses out of 3 voters: 2 yes votes; 0 no votes. yes voters: 0b566955b251401491fa012914501508, d590f4c828684fe487290373ce012971; no voters: 
I20260709 14:54:14.344591  8997 raft_consensus.cc:2804] T efceb95f8ee24b08b0df389de18b61b4 P 0b566955b251401491fa012914501508 [term 0 FOLLOWER]: Leader pre-election won for term 1
I20260709 14:54:14.345036  8997 raft_consensus.cc:493] T efceb95f8ee24b08b0df389de18b61b4 P 0b566955b251401491fa012914501508 [term 0 FOLLOWER]: Starting leader election (no leader contacted us within the election timeout)
I20260709 14:54:14.345423  8997 raft_consensus.cc:3060] T efceb95f8ee24b08b0df389de18b61b4 P 0b566955b251401491fa012914501508 [term 0 FOLLOWER]: Advancing to term 1
I20260709 14:54:14.343583  8635 raft_consensus.cc:3060] T 757c003b40e742f4bb5f0215b4cf8250 P 26777a7734ed4e7aae76fecf506d5f52 [term 0 FOLLOWER]: Advancing to term 1
I20260709 14:54:14.351148  8864 consensus_queue.cc:1048] T 1f223cfe8980401ca8450603c381c4ce P 26777a7734ed4e7aae76fecf506d5f52 [LEADER]: Connected to new peer: Peer: permanent_uuid: "d590f4c828684fe487290373ce012971" member_type: VOTER last_known_addr { host: "127.7.79.2" port: 32953 }, Status: LMP_MISMATCH, Last received: 0.0, Next index: 2, Last known committed idx: 1, Time since last communication: 0.001s
I20260709 14:54:14.355680  8828 tablet_bootstrap.cc:492] T 9e991598b2ed4da094f0f196c978dcdf P 0b566955b251401491fa012914501508: No bootstrap required, opened a new log
I20260709 14:54:14.356220  8828 ts_tablet_manager.cc:1403] T 9e991598b2ed4da094f0f196c978dcdf P 0b566955b251401491fa012914501508: Time spent bootstrapping tablet: real 0.231s	user 0.019s	sys 0.020s
I20260709 14:54:14.351148  8827 ts_tablet_manager.cc:1434] T 757c003b40e742f4bb5f0215b4cf8250 P 26777a7734ed4e7aae76fecf506d5f52: Time spent starting tablet: real 0.057s	user 0.008s	sys 0.000s
I20260709 14:54:14.360584  8634 raft_consensus.cc:2393] T efceb95f8ee24b08b0df389de18b61b4 P 26777a7734ed4e7aae76fecf506d5f52 [term 1 FOLLOWER]: Leader pre-election vote request: Denying vote to candidate 0b566955b251401491fa012914501508 in current term 1: Already voted for candidate 26777a7734ed4e7aae76fecf506d5f52 in this term.
I20260709 14:54:14.361653  8969 leader_election.cc:290] T efceb95f8ee24b08b0df389de18b61b4 P 26777a7734ed4e7aae76fecf506d5f52 [CANDIDATE]: Term 1 election: Requested vote from peers d590f4c828684fe487290373ce012971 (127.7.79.2:32953), 0b566955b251401491fa012914501508 (127.7.79.3:46651)
I20260709 14:54:14.362627  8712 tablet_service.cc:1917] Received RequestConsensusVote() RPC: tablet_id: "efceb95f8ee24b08b0df389de18b61b4" candidate_uuid: "26777a7734ed4e7aae76fecf506d5f52" candidate_term: 1 candidate_status { last_received { term: 0 index: 0 } } ignore_live_leader: false dest_uuid: "d590f4c828684fe487290373ce012971"
I20260709 14:54:14.363355  8712 raft_consensus.cc:3060] T efceb95f8ee24b08b0df389de18b61b4 P d590f4c828684fe487290373ce012971 [term 0 FOLLOWER]: Advancing to term 1
I20260709 14:54:14.365511  8786 tablet_service.cc:1917] Received RequestConsensusVote() RPC: tablet_id: "efceb95f8ee24b08b0df389de18b61b4" candidate_uuid: "26777a7734ed4e7aae76fecf506d5f52" candidate_term: 1 candidate_status { last_received { term: 0 index: 0 } } ignore_live_leader: false dest_uuid: "0b566955b251401491fa012914501508"
I20260709 14:54:14.361014  8827 tablet_bootstrap.cc:492] T 5e42b04251d747f49b47010e0d24245d P 26777a7734ed4e7aae76fecf506d5f52: Bootstrap starting.
I20260709 14:54:14.370621  8785 raft_consensus.cc:1275] T 1f223cfe8980401ca8450603c381c4ce P 0b566955b251401491fa012914501508 [term 3 FOLLOWER]: Refusing update from remote peer 26777a7734ed4e7aae76fecf506d5f52: Log matching property violated. Preceding OpId in replica: term: 2 index: 2. Preceding OpId from leader: term: 3 index: 2. (term mismatch)
I20260709 14:54:14.371095  8785 pending_rounds.cc:85] T 1f223cfe8980401ca8450603c381c4ce P 0b566955b251401491fa012914501508: Aborting all ops after (but not including) 1
I20260709 14:54:14.371426  8785 pending_rounds.cc:107] T 1f223cfe8980401ca8450603c381c4ce P 0b566955b251401491fa012914501508: Aborting uncommitted NO_OP operation due to leader change: 2.2
I20260709 14:54:14.370477  8711 raft_consensus.cc:2468] T 042424bde74f49c685b277c36df58f61 P d590f4c828684fe487290373ce012971 [term 1 FOLLOWER]: Leader election vote request: Granting yes vote for candidate 0b566955b251401491fa012914501508 in term 1.
I20260709 14:54:14.371806  8785 raft_consensus.cc:2889] T 1f223cfe8980401ca8450603c381c4ce P 0b566955b251401491fa012914501508 [term 3 FOLLOWER]: NO_OP replication failed: Aborted: Op aborted by new leader
I20260709 14:54:14.374357  8635 raft_consensus.cc:2468] T 757c003b40e742f4bb5f0215b4cf8250 P 26777a7734ed4e7aae76fecf506d5f52 [term 1 FOLLOWER]: Leader election vote request: Granting yes vote for candidate 0b566955b251401491fa012914501508 in term 1.
I20260709 14:54:14.375135  8828 raft_consensus.cc:359] T 9e991598b2ed4da094f0f196c978dcdf P 0b566955b251401491fa012914501508 [term 0 FOLLOWER]: Replica starting. Triggering 0 pending ops. Active config: opid_index: -1 OBSOLETE_local: false peers { permanent_uuid: "26777a7734ed4e7aae76fecf506d5f52" member_type: VOTER last_known_addr { host: "127.7.79.1" port: 42089 } } peers { permanent_uuid: "d590f4c828684fe487290373ce012971" member_type: VOTER last_known_addr { host: "127.7.79.2" port: 32953 } } peers { permanent_uuid: "0b566955b251401491fa012914501508" member_type: VOTER last_known_addr { host: "127.7.79.3" port: 46651 } }
I20260709 14:54:14.375821  8828 raft_consensus.cc:385] T 9e991598b2ed4da094f0f196c978dcdf P 0b566955b251401491fa012914501508 [term 0 FOLLOWER]: Consensus starting up: Expiring failure detector timer to make a prompt election more likely
I20260709 14:54:14.376111  8828 raft_consensus.cc:740] T 9e991598b2ed4da094f0f196c978dcdf P 0b566955b251401491fa012914501508 [term 0 FOLLOWER]: Becoming Follower/Learner. State: Replica: 0b566955b251401491fa012914501508, State: Initialized, Role: FOLLOWER
I20260709 14:54:14.376590  8708 raft_consensus.cc:2468] T 757c003b40e742f4bb5f0215b4cf8250 P d590f4c828684fe487290373ce012971 [term 1 FOLLOWER]: Leader election vote request: Granting yes vote for candidate 0b566955b251401491fa012914501508 in term 1.
I20260709 14:54:14.365557  8997 raft_consensus.cc:515] T efceb95f8ee24b08b0df389de18b61b4 P 0b566955b251401491fa012914501508 [term 1 FOLLOWER]: Starting leader election with config: opid_index: -1 OBSOLETE_local: false peers { permanent_uuid: "26777a7734ed4e7aae76fecf506d5f52" member_type: VOTER last_known_addr { host: "127.7.79.1" port: 42089 } } peers { permanent_uuid: "d590f4c828684fe487290373ce012971" member_type: VOTER last_known_addr { host: "127.7.79.2" port: 32953 } } peers { permanent_uuid: "0b566955b251401491fa012914501508" member_type: VOTER last_known_addr { host: "127.7.79.3" port: 46651 } }
I20260709 14:54:14.383510  8786 raft_consensus.cc:2393] T efceb95f8ee24b08b0df389de18b61b4 P 0b566955b251401491fa012914501508 [term 1 FOLLOWER]: Leader election vote request: Denying vote to candidate 26777a7734ed4e7aae76fecf506d5f52 in current term 1: Already voted for candidate 0b566955b251401491fa012914501508 in this term.
I20260709 14:54:14.384145  8752 leader_election.cc:304] T 042424bde74f49c685b277c36df58f61 P 0b566955b251401491fa012914501508 [CANDIDATE]: Term 1 election: Election decided. Result: candidate won. Election summary: received 3 responses out of 3 voters: 2 yes votes; 1 no votes. yes voters: 0b566955b251401491fa012914501508, d590f4c828684fe487290373ce012971; no voters: 26777a7734ed4e7aae76fecf506d5f52
I20260709 14:54:14.386421  8888 raft_consensus.cc:2804] T 042424bde74f49c685b277c36df58f61 P 0b566955b251401491fa012914501508 [term 1 FOLLOWER]: Leader election won for term 1
I20260709 14:54:14.387069  8888 raft_consensus.cc:697] T 042424bde74f49c685b277c36df58f61 P 0b566955b251401491fa012914501508 [term 1 LEADER]: Becoming Leader. State: Replica: 0b566955b251401491fa012914501508, State: Running, Role: LEADER
I20260709 14:54:14.387995  8826 tablet_bootstrap.cc:654] T 8aa6d3edcfaa467696f12ed98209fce1 P d590f4c828684fe487290373ce012971: Neither blocks nor log segments found. Creating new log.
I20260709 14:54:14.388060  8888 consensus_queue.cc:237] T 042424bde74f49c685b277c36df58f61 P 0b566955b251401491fa012914501508 [LEADER]: Queue going to LEADER mode. State: All replicated index: 0, Majority replicated index: 0, Committed index: 0, Last appended: 0.0, Last appended by leader: 0, Current term: 1, Majority size: 2, State: 0, Mode: LEADER, active raft config: opid_index: -1 OBSOLETE_local: false peers { permanent_uuid: "26777a7734ed4e7aae76fecf506d5f52" member_type: VOTER last_known_addr { host: "127.7.79.1" port: 42089 } } peers { permanent_uuid: "d590f4c828684fe487290373ce012971" member_type: VOTER last_known_addr { host: "127.7.79.2" port: 32953 } } peers { permanent_uuid: "0b566955b251401491fa012914501508" member_type: VOTER last_known_addr { host: "127.7.79.3" port: 46651 } }
I20260709 14:54:14.384341  8782 raft_consensus.cc:2468] T ff11ae75db8e49e4acc25bd74b4b0f85 P 0b566955b251401491fa012914501508 [term 1 FOLLOWER]: Leader election vote request: Granting yes vote for candidate 26777a7734ed4e7aae76fecf506d5f52 in term 1.
I20260709 14:54:14.389541  8828 consensus_queue.cc:260] T 9e991598b2ed4da094f0f196c978dcdf P 0b566955b251401491fa012914501508 [NON_LEADER]: Queue going to NON_LEADER mode. State: All replicated index: 0, Majority replicated index: 0, Committed index: 0, Last appended: 0.0, Last appended by leader: 0, Current term: 0, Majority size: -1, State: 0, Mode: NON_LEADER, active raft config: opid_index: -1 OBSOLETE_local: false peers { permanent_uuid: "26777a7734ed4e7aae76fecf506d5f52" member_type: VOTER last_known_addr { host: "127.7.79.1" port: 42089 } } peers { permanent_uuid: "d590f4c828684fe487290373ce012971" member_type: VOTER last_known_addr { host: "127.7.79.2" port: 32953 } } peers { permanent_uuid: "0b566955b251401491fa012914501508" member_type: VOTER last_known_addr { host: "127.7.79.3" port: 46651 } }
I20260709 14:54:14.395126  8828 ts_tablet_manager.cc:1434] T 9e991598b2ed4da094f0f196c978dcdf P 0b566955b251401491fa012914501508: Time spent starting tablet: real 0.039s	user 0.007s	sys 0.001s
I20260709 14:54:14.396540  8828 tablet_bootstrap.cc:492] T 8aa6d3edcfaa467696f12ed98209fce1 P 0b566955b251401491fa012914501508: Bootstrap starting.
I20260709 14:54:14.398236  8712 raft_consensus.cc:2468] T efceb95f8ee24b08b0df389de18b61b4 P d590f4c828684fe487290373ce012971 [term 1 FOLLOWER]: Leader election vote request: Granting yes vote for candidate 26777a7734ed4e7aae76fecf506d5f52 in term 1.
I20260709 14:54:14.401494  8752 leader_election.cc:304] T 757c003b40e742f4bb5f0215b4cf8250 P 0b566955b251401491fa012914501508 [CANDIDATE]: Term 1 election: Election decided. Result: candidate won. Election summary: received 2 responses out of 3 voters: 2 yes votes; 0 no votes. yes voters: 0b566955b251401491fa012914501508, d590f4c828684fe487290373ce012971; no voters: 
I20260709 14:54:14.404413  8603 leader_election.cc:304] T efceb95f8ee24b08b0df389de18b61b4 P 26777a7734ed4e7aae76fecf506d5f52 [CANDIDATE]: Term 1 election: Election decided. Result: candidate won. Election summary: received 2 responses out of 3 voters: 2 yes votes; 0 no votes. yes voters: 26777a7734ed4e7aae76fecf506d5f52, d590f4c828684fe487290373ce012971; no voters: 
I20260709 14:54:14.406806  8635 tablet_service.cc:1917] Received RequestConsensusVote() RPC: tablet_id: "efceb95f8ee24b08b0df389de18b61b4" candidate_uuid: "0b566955b251401491fa012914501508" candidate_term: 1 candidate_status { last_received { term: 0 index: 0 } } ignore_live_leader: false dest_uuid: "26777a7734ed4e7aae76fecf506d5f52"
I20260709 14:54:14.406826  8968 raft_consensus.cc:2804] T efceb95f8ee24b08b0df389de18b61b4 P 26777a7734ed4e7aae76fecf506d5f52 [term 1 FOLLOWER]: Leader election won for term 1
I20260709 14:54:14.408231  8968 raft_consensus.cc:697] T efceb95f8ee24b08b0df389de18b61b4 P 26777a7734ed4e7aae76fecf506d5f52 [term 1 LEADER]: Becoming Leader. State: Replica: 26777a7734ed4e7aae76fecf506d5f52, State: Running, Role: LEADER
I20260709 14:54:14.407167  8864 consensus_queue.cc:1048] T 1f223cfe8980401ca8450603c381c4ce P 26777a7734ed4e7aae76fecf506d5f52 [LEADER]: Connected to new peer: Peer: permanent_uuid: "0b566955b251401491fa012914501508" member_type: VOTER last_known_addr { host: "127.7.79.3" port: 46651 }, Status: LMP_MISMATCH, Last received: 0.0, Next index: 2, Last known committed idx: 1, Time since last communication: 0.003s
I20260709 14:54:14.409526  8968 consensus_queue.cc:237] T efceb95f8ee24b08b0df389de18b61b4 P 26777a7734ed4e7aae76fecf506d5f52 [LEADER]: Queue going to LEADER mode. State: All replicated index: 0, Majority replicated index: 0, Committed index: 0, Last appended: 0.0, Last appended by leader: 0, Current term: 1, Majority size: 2, State: 0, Mode: LEADER, active raft config: opid_index: -1 OBSOLETE_local: false peers { permanent_uuid: "26777a7734ed4e7aae76fecf506d5f52" member_type: VOTER last_known_addr { host: "127.7.79.1" port: 42089 } } peers { permanent_uuid: "d590f4c828684fe487290373ce012971" member_type: VOTER last_known_addr { host: "127.7.79.2" port: 32953 } } peers { permanent_uuid: "0b566955b251401491fa012914501508" member_type: VOTER last_known_addr { host: "127.7.79.3" port: 46651 } }
I20260709 14:54:14.417171  8602 leader_election.cc:304] T ff11ae75db8e49e4acc25bd74b4b0f85 P 26777a7734ed4e7aae76fecf506d5f52 [CANDIDATE]: Term 1 election: Election decided. Result: candidate won. Election summary: received 3 responses out of 3 voters: 2 yes votes; 1 no votes. yes voters: 0b566955b251401491fa012914501508, 26777a7734ed4e7aae76fecf506d5f52; no voters: d590f4c828684fe487290373ce012971
I20260709 14:54:14.406992  8988 raft_consensus.cc:2804] T 757c003b40e742f4bb5f0215b4cf8250 P 0b566955b251401491fa012914501508 [term 1 FOLLOWER]: Leader election won for term 1
I20260709 14:54:14.420519  8988 raft_consensus.cc:697] T 757c003b40e742f4bb5f0215b4cf8250 P 0b566955b251401491fa012914501508 [term 1 LEADER]: Becoming Leader. State: Replica: 0b566955b251401491fa012914501508, State: Running, Role: LEADER
I20260709 14:54:14.421419  8988 consensus_queue.cc:237] T 757c003b40e742f4bb5f0215b4cf8250 P 0b566955b251401491fa012914501508 [LEADER]: Queue going to LEADER mode. State: All replicated index: 0, Majority replicated index: 0, Committed index: 0, Last appended: 0.0, Last appended by leader: 0, Current term: 1, Majority size: 2, State: 0, Mode: LEADER, active raft config: opid_index: -1 OBSOLETE_local: false peers { permanent_uuid: "26777a7734ed4e7aae76fecf506d5f52" member_type: VOTER last_known_addr { host: "127.7.79.1" port: 42089 } } peers { permanent_uuid: "d590f4c828684fe487290373ce012971" member_type: VOTER last_known_addr { host: "127.7.79.2" port: 32953 } } peers { permanent_uuid: "0b566955b251401491fa012914501508" member_type: VOTER last_known_addr { host: "127.7.79.3" port: 46651 } }
I20260709 14:54:14.446573  8827 tablet_bootstrap.cc:654] T 5e42b04251d747f49b47010e0d24245d P 26777a7734ed4e7aae76fecf506d5f52: Neither blocks nor log segments found. Creating new log.
I20260709 14:54:14.431725  8997 leader_election.cc:290] T efceb95f8ee24b08b0df389de18b61b4 P 0b566955b251401491fa012914501508 [CANDIDATE]: Term 1 election: Requested vote from peers 26777a7734ed4e7aae76fecf506d5f52 (127.7.79.1:42089), d590f4c828684fe487290373ce012971 (127.7.79.2:32953)
I20260709 14:54:14.449494  8708 tablet_service.cc:1917] Received RequestConsensusVote() RPC: tablet_id: "efceb95f8ee24b08b0df389de18b61b4" candidate_uuid: "0b566955b251401491fa012914501508" candidate_term: 1 candidate_status { last_received { term: 0 index: 0 } } ignore_live_leader: false dest_uuid: "d590f4c828684fe487290373ce012971"
I20260709 14:54:14.454797  8708 raft_consensus.cc:2393] T efceb95f8ee24b08b0df389de18b61b4 P d590f4c828684fe487290373ce012971 [term 1 FOLLOWER]: Leader election vote request: Denying vote to candidate 0b566955b251401491fa012914501508 in current term 1: Already voted for candidate 26777a7734ed4e7aae76fecf506d5f52 in this term.
I20260709 14:54:14.456916  9016 raft_consensus.cc:2804] T ff11ae75db8e49e4acc25bd74b4b0f85 P 26777a7734ed4e7aae76fecf506d5f52 [term 1 FOLLOWER]: Leader election won for term 1
I20260709 14:54:14.457242  8752 leader_election.cc:304] T efceb95f8ee24b08b0df389de18b61b4 P 0b566955b251401491fa012914501508 [CANDIDATE]: Term 1 election: Election decided. Result: candidate lost. Election summary: received 3 responses out of 3 voters: 1 yes votes; 2 no votes. yes voters: 0b566955b251401491fa012914501508; no voters: 26777a7734ed4e7aae76fecf506d5f52, d590f4c828684fe487290373ce012971
I20260709 14:54:14.458055  9016 raft_consensus.cc:697] T ff11ae75db8e49e4acc25bd74b4b0f85 P 26777a7734ed4e7aae76fecf506d5f52 [term 1 LEADER]: Becoming Leader. State: Replica: 26777a7734ed4e7aae76fecf506d5f52, State: Running, Role: LEADER
I20260709 14:54:14.457549  8534 catalog_manager.cc:5697] T 042424bde74f49c685b277c36df58f61 P 0b566955b251401491fa012914501508 reported cstate change: term changed from 0 to 1, leader changed from <none> to 0b566955b251401491fa012914501508 (127.7.79.3). New cstate: current_term: 1 leader_uuid: "0b566955b251401491fa012914501508" committed_config { opid_index: -1 OBSOLETE_local: false peers { permanent_uuid: "26777a7734ed4e7aae76fecf506d5f52" member_type: VOTER last_known_addr { host: "127.7.79.1" port: 42089 } health_report { overall_health: UNKNOWN } } peers { permanent_uuid: "d590f4c828684fe487290373ce012971" member_type: VOTER last_known_addr { host: "127.7.79.2" port: 32953 } health_report { overall_health: UNKNOWN } } peers { permanent_uuid: "0b566955b251401491fa012914501508" member_type: VOTER last_known_addr { host: "127.7.79.3" port: 46651 } health_report { overall_health: HEALTHY } } }
I20260709 14:54:14.458249  8997 raft_consensus.cc:2749] T efceb95f8ee24b08b0df389de18b61b4 P 0b566955b251401491fa012914501508 [term 1 FOLLOWER]: Leader election lost for term 1. Reason: could not achieve majority
I20260709 14:54:14.463127  8533 catalog_manager.cc:5697] T efceb95f8ee24b08b0df389de18b61b4 P 26777a7734ed4e7aae76fecf506d5f52 reported cstate change: term changed from 0 to 1, leader changed from <none> to 26777a7734ed4e7aae76fecf506d5f52 (127.7.79.1). New cstate: current_term: 1 leader_uuid: "26777a7734ed4e7aae76fecf506d5f52" committed_config { opid_index: -1 OBSOLETE_local: false peers { permanent_uuid: "26777a7734ed4e7aae76fecf506d5f52" member_type: VOTER last_known_addr { host: "127.7.79.1" port: 42089 } health_report { overall_health: HEALTHY } } peers { permanent_uuid: "d590f4c828684fe487290373ce012971" member_type: VOTER last_known_addr { host: "127.7.79.2" port: 32953 } health_report { overall_health: UNKNOWN } } peers { permanent_uuid: "0b566955b251401491fa012914501508" member_type: VOTER last_known_addr { host: "127.7.79.3" port: 46651 } health_report { overall_health: UNKNOWN } } }
I20260709 14:54:14.470103  9016 consensus_queue.cc:237] T ff11ae75db8e49e4acc25bd74b4b0f85 P 26777a7734ed4e7aae76fecf506d5f52 [LEADER]: Queue going to LEADER mode. State: All replicated index: 0, Majority replicated index: 0, Committed index: 0, Last appended: 0.0, Last appended by leader: 0, Current term: 1, Majority size: 2, State: 0, Mode: LEADER, active raft config: opid_index: -1 OBSOLETE_local: false peers { permanent_uuid: "26777a7734ed4e7aae76fecf506d5f52" member_type: VOTER last_known_addr { host: "127.7.79.1" port: 42089 } } peers { permanent_uuid: "d590f4c828684fe487290373ce012971" member_type: VOTER last_known_addr { host: "127.7.79.2" port: 32953 } } peers { permanent_uuid: "0b566955b251401491fa012914501508" member_type: VOTER last_known_addr { host: "127.7.79.3" port: 46651 } }
I20260709 14:54:14.478091  8826 tablet_bootstrap.cc:492] T 8aa6d3edcfaa467696f12ed98209fce1 P d590f4c828684fe487290373ce012971: No bootstrap required, opened a new log
I20260709 14:54:14.481580  8826 ts_tablet_manager.cc:1403] T 8aa6d3edcfaa467696f12ed98209fce1 P d590f4c828684fe487290373ce012971: Time spent bootstrapping tablet: real 0.145s	user 0.016s	sys 0.017s
I20260709 14:54:14.486305  8826 raft_consensus.cc:359] T 8aa6d3edcfaa467696f12ed98209fce1 P d590f4c828684fe487290373ce012971 [term 0 FOLLOWER]: Replica starting. Triggering 0 pending ops. Active config: opid_index: -1 OBSOLETE_local: false peers { permanent_uuid: "26777a7734ed4e7aae76fecf506d5f52" member_type: VOTER last_known_addr { host: "127.7.79.1" port: 42089 } } peers { permanent_uuid: "d590f4c828684fe487290373ce012971" member_type: VOTER last_known_addr { host: "127.7.79.2" port: 32953 } } peers { permanent_uuid: "0b566955b251401491fa012914501508" member_type: VOTER last_known_addr { host: "127.7.79.3" port: 46651 } }
I20260709 14:54:14.487108  8828 tablet_bootstrap.cc:654] T 8aa6d3edcfaa467696f12ed98209fce1 P 0b566955b251401491fa012914501508: Neither blocks nor log segments found. Creating new log.
I20260709 14:54:14.487291  8826 raft_consensus.cc:385] T 8aa6d3edcfaa467696f12ed98209fce1 P d590f4c828684fe487290373ce012971 [term 0 FOLLOWER]: Consensus starting up: Expiring failure detector timer to make a prompt election more likely
I20260709 14:54:14.490051  8826 raft_consensus.cc:740] T 8aa6d3edcfaa467696f12ed98209fce1 P d590f4c828684fe487290373ce012971 [term 0 FOLLOWER]: Becoming Follower/Learner. State: Replica: d590f4c828684fe487290373ce012971, State: Initialized, Role: FOLLOWER
I20260709 14:54:14.490983  8826 consensus_queue.cc:260] T 8aa6d3edcfaa467696f12ed98209fce1 P d590f4c828684fe487290373ce012971 [NON_LEADER]: Queue going to NON_LEADER mode. State: All replicated index: 0, Majority replicated index: 0, Committed index: 0, Last appended: 0.0, Last appended by leader: 0, Current term: 0, Majority size: -1, State: 0, Mode: NON_LEADER, active raft config: opid_index: -1 OBSOLETE_local: false peers { permanent_uuid: "26777a7734ed4e7aae76fecf506d5f52" member_type: VOTER last_known_addr { host: "127.7.79.1" port: 42089 } } peers { permanent_uuid: "d590f4c828684fe487290373ce012971" member_type: VOTER last_known_addr { host: "127.7.79.2" port: 32953 } } peers { permanent_uuid: "0b566955b251401491fa012914501508" member_type: VOTER last_known_addr { host: "127.7.79.3" port: 46651 } }
I20260709 14:54:14.493229  8827 tablet_bootstrap.cc:492] T 5e42b04251d747f49b47010e0d24245d P 26777a7734ed4e7aae76fecf506d5f52: No bootstrap required, opened a new log
I20260709 14:54:14.493826  8827 ts_tablet_manager.cc:1403] T 5e42b04251d747f49b47010e0d24245d P 26777a7734ed4e7aae76fecf506d5f52: Time spent bootstrapping tablet: real 0.133s	user 0.009s	sys 0.007s
I20260709 14:54:14.493887  8826 ts_tablet_manager.cc:1434] T 8aa6d3edcfaa467696f12ed98209fce1 P d590f4c828684fe487290373ce012971: Time spent starting tablet: real 0.012s	user 0.007s	sys 0.000s
I20260709 14:54:14.496183  8826 tablet_bootstrap.cc:492] T 232b7916511d4e4e80229360b08916de P d590f4c828684fe487290373ce012971: Bootstrap starting.
I20260709 14:54:14.496882  8827 raft_consensus.cc:359] T 5e42b04251d747f49b47010e0d24245d P 26777a7734ed4e7aae76fecf506d5f52 [term 0 FOLLOWER]: Replica starting. Triggering 0 pending ops. Active config: opid_index: -1 OBSOLETE_local: false peers { permanent_uuid: "26777a7734ed4e7aae76fecf506d5f52" member_type: VOTER last_known_addr { host: "127.7.79.1" port: 42089 } } peers { permanent_uuid: "d590f4c828684fe487290373ce012971" member_type: VOTER last_known_addr { host: "127.7.79.2" port: 32953 } } peers { permanent_uuid: "0b566955b251401491fa012914501508" member_type: VOTER last_known_addr { host: "127.7.79.3" port: 46651 } }
I20260709 14:54:14.497684  8827 raft_consensus.cc:385] T 5e42b04251d747f49b47010e0d24245d P 26777a7734ed4e7aae76fecf506d5f52 [term 0 FOLLOWER]: Consensus starting up: Expiring failure detector timer to make a prompt election more likely
I20260709 14:54:14.497995  8827 raft_consensus.cc:740] T 5e42b04251d747f49b47010e0d24245d P 26777a7734ed4e7aae76fecf506d5f52 [term 0 FOLLOWER]: Becoming Follower/Learner. State: Replica: 26777a7734ed4e7aae76fecf506d5f52, State: Initialized, Role: FOLLOWER
I20260709 14:54:14.498761  8827 consensus_queue.cc:260] T 5e42b04251d747f49b47010e0d24245d P 26777a7734ed4e7aae76fecf506d5f52 [NON_LEADER]: Queue going to NON_LEADER mode. State: All replicated index: 0, Majority replicated index: 0, Committed index: 0, Last appended: 0.0, Last appended by leader: 0, Current term: 0, Majority size: -1, State: 0, Mode: NON_LEADER, active raft config: opid_index: -1 OBSOLETE_local: false peers { permanent_uuid: "26777a7734ed4e7aae76fecf506d5f52" member_type: VOTER last_known_addr { host: "127.7.79.1" port: 42089 } } peers { permanent_uuid: "d590f4c828684fe487290373ce012971" member_type: VOTER last_known_addr { host: "127.7.79.2" port: 32953 } } peers { permanent_uuid: "0b566955b251401491fa012914501508" member_type: VOTER last_known_addr { host: "127.7.79.3" port: 46651 } }
I20260709 14:54:14.491477  8534 catalog_manager.cc:5697] T 757c003b40e742f4bb5f0215b4cf8250 P 0b566955b251401491fa012914501508 reported cstate change: term changed from 0 to 1, leader changed from <none> to 0b566955b251401491fa012914501508 (127.7.79.3). New cstate: current_term: 1 leader_uuid: "0b566955b251401491fa012914501508" committed_config { opid_index: -1 OBSOLETE_local: false peers { permanent_uuid: "26777a7734ed4e7aae76fecf506d5f52" member_type: VOTER last_known_addr { host: "127.7.79.1" port: 42089 } health_report { overall_health: UNKNOWN } } peers { permanent_uuid: "d590f4c828684fe487290373ce012971" member_type: VOTER last_known_addr { host: "127.7.79.2" port: 32953 } health_report { overall_health: UNKNOWN } } peers { permanent_uuid: "0b566955b251401491fa012914501508" member_type: VOTER last_known_addr { host: "127.7.79.3" port: 46651 } health_report { overall_health: HEALTHY } } }
I20260709 14:54:14.504395  8826 tablet_bootstrap.cc:654] T 232b7916511d4e4e80229360b08916de P d590f4c828684fe487290373ce012971: Neither blocks nor log segments found. Creating new log.
I20260709 14:54:14.506472  8827 ts_tablet_manager.cc:1434] T 5e42b04251d747f49b47010e0d24245d P 26777a7734ed4e7aae76fecf506d5f52: Time spent starting tablet: real 0.012s	user 0.007s	sys 0.000s
I20260709 14:54:14.507961  8827 tablet_bootstrap.cc:492] T 042424bde74f49c685b277c36df58f61 P 26777a7734ed4e7aae76fecf506d5f52: Bootstrap starting.
I20260709 14:54:14.517364  8899 consensus_queue.cc:1048] T c415330e70674851b2c776809efd399d P d590f4c828684fe487290373ce012971 [LEADER]: Connected to new peer: Peer: permanent_uuid: "0b566955b251401491fa012914501508" member_type: VOTER last_known_addr { host: "127.7.79.3" port: 46651 }, Status: LMP_MISMATCH, Last received: 0.0, Next index: 1, Last known committed idx: 0, Time since last communication: 0.001s
I20260709 14:54:14.519091  8826 tablet_bootstrap.cc:492] T 232b7916511d4e4e80229360b08916de P d590f4c828684fe487290373ce012971: No bootstrap required, opened a new log
I20260709 14:54:14.519640  8826 ts_tablet_manager.cc:1403] T 232b7916511d4e4e80229360b08916de P d590f4c828684fe487290373ce012971: Time spent bootstrapping tablet: real 0.024s	user 0.018s	sys 0.000s
I20260709 14:54:14.523005  8826 raft_consensus.cc:359] T 232b7916511d4e4e80229360b08916de P d590f4c828684fe487290373ce012971 [term 0 FOLLOWER]: Replica starting. Triggering 0 pending ops. Active config: opid_index: -1 OBSOLETE_local: false peers { permanent_uuid: "26777a7734ed4e7aae76fecf506d5f52" member_type: VOTER last_known_addr { host: "127.7.79.1" port: 42089 } } peers { permanent_uuid: "d590f4c828684fe487290373ce012971" member_type: VOTER last_known_addr { host: "127.7.79.2" port: 32953 } } peers { permanent_uuid: "0b566955b251401491fa012914501508" member_type: VOTER last_known_addr { host: "127.7.79.3" port: 46651 } }
I20260709 14:54:14.523833  8826 raft_consensus.cc:385] T 232b7916511d4e4e80229360b08916de P d590f4c828684fe487290373ce012971 [term 0 FOLLOWER]: Consensus starting up: Expiring failure detector timer to make a prompt election more likely
I20260709 14:54:14.524150  8826 raft_consensus.cc:740] T 232b7916511d4e4e80229360b08916de P d590f4c828684fe487290373ce012971 [term 0 FOLLOWER]: Becoming Follower/Learner. State: Replica: d590f4c828684fe487290373ce012971, State: Initialized, Role: FOLLOWER
I20260709 14:54:14.524945  8826 consensus_queue.cc:260] T 232b7916511d4e4e80229360b08916de P d590f4c828684fe487290373ce012971 [NON_LEADER]: Queue going to NON_LEADER mode. State: All replicated index: 0, Majority replicated index: 0, Committed index: 0, Last appended: 0.0, Last appended by leader: 0, Current term: 0, Majority size: -1, State: 0, Mode: NON_LEADER, active raft config: opid_index: -1 OBSOLETE_local: false peers { permanent_uuid: "26777a7734ed4e7aae76fecf506d5f52" member_type: VOTER last_known_addr { host: "127.7.79.1" port: 42089 } } peers { permanent_uuid: "d590f4c828684fe487290373ce012971" member_type: VOTER last_known_addr { host: "127.7.79.2" port: 32953 } } peers { permanent_uuid: "0b566955b251401491fa012914501508" member_type: VOTER last_known_addr { host: "127.7.79.3" port: 46651 } }
I20260709 14:54:14.537634  8826 ts_tablet_manager.cc:1434] T 232b7916511d4e4e80229360b08916de P d590f4c828684fe487290373ce012971: Time spent starting tablet: real 0.018s	user 0.007s	sys 0.000s
I20260709 14:54:14.539296  8828 tablet_bootstrap.cc:492] T 8aa6d3edcfaa467696f12ed98209fce1 P 0b566955b251401491fa012914501508: No bootstrap required, opened a new log
I20260709 14:54:14.545280  8826 tablet_bootstrap.cc:492] T 9e991598b2ed4da094f0f196c978dcdf P d590f4c828684fe487290373ce012971: Bootstrap starting.
I20260709 14:54:14.545729  8828 ts_tablet_manager.cc:1403] T 8aa6d3edcfaa467696f12ed98209fce1 P 0b566955b251401491fa012914501508: Time spent bootstrapping tablet: real 0.149s	user 0.015s	sys 0.013s
I20260709 14:54:14.543965  8899 consensus_queue.cc:1048] T c415330e70674851b2c776809efd399d P d590f4c828684fe487290373ce012971 [LEADER]: Connected to new peer: Peer: permanent_uuid: "26777a7734ed4e7aae76fecf506d5f52" member_type: VOTER last_known_addr { host: "127.7.79.1" port: 42089 }, Status: LMP_MISMATCH, Last received: 0.0, Next index: 1, Last known committed idx: 0, Time since last communication: 0.003s
I20260709 14:54:14.553546  8826 tablet_bootstrap.cc:654] T 9e991598b2ed4da094f0f196c978dcdf P d590f4c828684fe487290373ce012971: Neither blocks nor log segments found. Creating new log.
I20260709 14:54:14.545114  8827 tablet_bootstrap.cc:654] T 042424bde74f49c685b277c36df58f61 P 26777a7734ed4e7aae76fecf506d5f52: Neither blocks nor log segments found. Creating new log.
I20260709 14:54:14.556608  8533 catalog_manager.cc:5697] T ff11ae75db8e49e4acc25bd74b4b0f85 P 26777a7734ed4e7aae76fecf506d5f52 reported cstate change: term changed from 0 to 1, leader changed from <none> to 26777a7734ed4e7aae76fecf506d5f52 (127.7.79.1). New cstate: current_term: 1 leader_uuid: "26777a7734ed4e7aae76fecf506d5f52" committed_config { opid_index: -1 OBSOLETE_local: false peers { permanent_uuid: "26777a7734ed4e7aae76fecf506d5f52" member_type: VOTER last_known_addr { host: "127.7.79.1" port: 42089 } health_report { overall_health: HEALTHY } } peers { permanent_uuid: "d590f4c828684fe487290373ce012971" member_type: VOTER last_known_addr { host: "127.7.79.2" port: 32953 } health_report { overall_health: UNKNOWN } } peers { permanent_uuid: "0b566955b251401491fa012914501508" member_type: VOTER last_known_addr { host: "127.7.79.3" port: 46651 } health_report { overall_health: UNKNOWN } } }
I20260709 14:54:14.558096  9016 raft_consensus.cc:493] T 5e42b04251d747f49b47010e0d24245d P 26777a7734ed4e7aae76fecf506d5f52 [term 0 FOLLOWER]: Starting pre-election (no leader contacted us within the election timeout)
I20260709 14:54:14.558732  9016 raft_consensus.cc:515] T 5e42b04251d747f49b47010e0d24245d P 26777a7734ed4e7aae76fecf506d5f52 [term 0 FOLLOWER]: Starting pre-election with config: opid_index: -1 OBSOLETE_local: false peers { permanent_uuid: "26777a7734ed4e7aae76fecf506d5f52" member_type: VOTER last_known_addr { host: "127.7.79.1" port: 42089 } } peers { permanent_uuid: "d590f4c828684fe487290373ce012971" member_type: VOTER last_known_addr { host: "127.7.79.2" port: 32953 } } peers { permanent_uuid: "0b566955b251401491fa012914501508" member_type: VOTER last_known_addr { host: "127.7.79.3" port: 46651 } }
I20260709 14:54:14.553333  8828 raft_consensus.cc:359] T 8aa6d3edcfaa467696f12ed98209fce1 P 0b566955b251401491fa012914501508 [term 0 FOLLOWER]: Replica starting. Triggering 0 pending ops. Active config: opid_index: -1 OBSOLETE_local: false peers { permanent_uuid: "26777a7734ed4e7aae76fecf506d5f52" member_type: VOTER last_known_addr { host: "127.7.79.1" port: 42089 } } peers { permanent_uuid: "d590f4c828684fe487290373ce012971" member_type: VOTER last_known_addr { host: "127.7.79.2" port: 32953 } } peers { permanent_uuid: "0b566955b251401491fa012914501508" member_type: VOTER last_known_addr { host: "127.7.79.3" port: 46651 } }
I20260709 14:54:14.564180  8828 raft_consensus.cc:385] T 8aa6d3edcfaa467696f12ed98209fce1 P 0b566955b251401491fa012914501508 [term 0 FOLLOWER]: Consensus starting up: Expiring failure detector timer to make a prompt election more likely
I20260709 14:54:14.564579  8828 raft_consensus.cc:740] T 8aa6d3edcfaa467696f12ed98209fce1 P 0b566955b251401491fa012914501508 [term 0 FOLLOWER]: Becoming Follower/Learner. State: Replica: 0b566955b251401491fa012914501508, State: Initialized, Role: FOLLOWER
I20260709 14:54:14.565047  8782 tablet_service.cc:1917] Received RequestConsensusVote() RPC: tablet_id: "5e42b04251d747f49b47010e0d24245d" candidate_uuid: "26777a7734ed4e7aae76fecf506d5f52" candidate_term: 1 candidate_status { last_received { term: 0 index: 0 } } ignore_live_leader: false dest_uuid: "0b566955b251401491fa012914501508" is_pre_election: true
I20260709 14:54:14.565397  8828 consensus_queue.cc:260] T 8aa6d3edcfaa467696f12ed98209fce1 P 0b566955b251401491fa012914501508 [NON_LEADER]: Queue going to NON_LEADER mode. State: All replicated index: 0, Majority replicated index: 0, Committed index: 0, Last appended: 0.0, Last appended by leader: 0, Current term: 0, Majority size: -1, State: 0, Mode: NON_LEADER, active raft config: opid_index: -1 OBSOLETE_local: false peers { permanent_uuid: "26777a7734ed4e7aae76fecf506d5f52" member_type: VOTER last_known_addr { host: "127.7.79.1" port: 42089 } } peers { permanent_uuid: "d590f4c828684fe487290373ce012971" member_type: VOTER last_known_addr { host: "127.7.79.2" port: 32953 } } peers { permanent_uuid: "0b566955b251401491fa012914501508" member_type: VOTER last_known_addr { host: "127.7.79.3" port: 46651 } }
W20260709 14:54:14.567301  8602 leader_election.cc:343] T 5e42b04251d747f49b47010e0d24245d P 26777a7734ed4e7aae76fecf506d5f52 [CANDIDATE]: Term 1 pre-election: Tablet error from VoteRequest() call to peer 0b566955b251401491fa012914501508 (127.7.79.3:46651): Illegal state: must be running to vote when last-logged opid is not known
I20260709 14:54:14.568086  9016 leader_election.cc:290] T 5e42b04251d747f49b47010e0d24245d P 26777a7734ed4e7aae76fecf506d5f52 [CANDIDATE]: Term 1 pre-election: Requested pre-vote from peers d590f4c828684fe487290373ce012971 (127.7.79.2:32953), 0b566955b251401491fa012914501508 (127.7.79.3:46651)
I20260709 14:54:14.569883  8828 ts_tablet_manager.cc:1434] T 8aa6d3edcfaa467696f12ed98209fce1 P 0b566955b251401491fa012914501508: Time spent starting tablet: real 0.019s	user 0.006s	sys 0.000s
I20260709 14:54:14.576689  8828 tablet_bootstrap.cc:492] T abe3b8a0dfd54d9d903830c2982865ca P 0b566955b251401491fa012914501508: Bootstrap starting.
I20260709 14:54:14.589869  8826 tablet_bootstrap.cc:492] T 9e991598b2ed4da094f0f196c978dcdf P d590f4c828684fe487290373ce012971: No bootstrap required, opened a new log
I20260709 14:54:14.591308  8712 tablet_service.cc:1917] Received RequestConsensusVote() RPC: tablet_id: "5e42b04251d747f49b47010e0d24245d" candidate_uuid: "26777a7734ed4e7aae76fecf506d5f52" candidate_term: 1 candidate_status { last_received { term: 0 index: 0 } } ignore_live_leader: false dest_uuid: "d590f4c828684fe487290373ce012971" is_pre_election: true
I20260709 14:54:14.593133  8827 tablet_bootstrap.cc:492] T 042424bde74f49c685b277c36df58f61 P 26777a7734ed4e7aae76fecf506d5f52: No bootstrap required, opened a new log
I20260709 14:54:14.593674  8827 ts_tablet_manager.cc:1403] T 042424bde74f49c685b277c36df58f61 P 26777a7734ed4e7aae76fecf506d5f52: Time spent bootstrapping tablet: real 0.086s	user 0.013s	sys 0.005s
I20260709 14:54:14.590502  8826 ts_tablet_manager.cc:1403] T 9e991598b2ed4da094f0f196c978dcdf P d590f4c828684fe487290373ce012971: Time spent bootstrapping tablet: real 0.046s	user 0.008s	sys 0.008s
W20260709 14:54:14.599149  8603 leader_election.cc:343] T 5e42b04251d747f49b47010e0d24245d P 26777a7734ed4e7aae76fecf506d5f52 [CANDIDATE]: Term 1 pre-election: Tablet error from VoteRequest() call to peer d590f4c828684fe487290373ce012971 (127.7.79.2:32953): Illegal state: must be running to vote when last-logged opid is not known
I20260709 14:54:14.599741  8603 leader_election.cc:304] T 5e42b04251d747f49b47010e0d24245d P 26777a7734ed4e7aae76fecf506d5f52 [CANDIDATE]: Term 1 pre-election: Election decided. Result: candidate lost. Election summary: received 3 responses out of 3 voters: 1 yes votes; 2 no votes. yes voters: 26777a7734ed4e7aae76fecf506d5f52; no voters: 0b566955b251401491fa012914501508, d590f4c828684fe487290373ce012971
I20260709 14:54:14.601019  9016 raft_consensus.cc:2749] T 5e42b04251d747f49b47010e0d24245d P 26777a7734ed4e7aae76fecf506d5f52 [term 0 FOLLOWER]: Leader pre-election lost for term 1. Reason: could not achieve majority
I20260709 14:54:14.601876  8826 raft_consensus.cc:359] T 9e991598b2ed4da094f0f196c978dcdf P d590f4c828684fe487290373ce012971 [term 0 FOLLOWER]: Replica starting. Triggering 0 pending ops. Active config: opid_index: -1 OBSOLETE_local: false peers { permanent_uuid: "26777a7734ed4e7aae76fecf506d5f52" member_type: VOTER last_known_addr { host: "127.7.79.1" port: 42089 } } peers { permanent_uuid: "d590f4c828684fe487290373ce012971" member_type: VOTER last_known_addr { host: "127.7.79.2" port: 32953 } } peers { permanent_uuid: "0b566955b251401491fa012914501508" member_type: VOTER last_known_addr { host: "127.7.79.3" port: 46651 } }
I20260709 14:54:14.602727  8826 raft_consensus.cc:385] T 9e991598b2ed4da094f0f196c978dcdf P d590f4c828684fe487290373ce012971 [term 0 FOLLOWER]: Consensus starting up: Expiring failure detector timer to make a prompt election more likely
I20260709 14:54:14.603039  8826 raft_consensus.cc:740] T 9e991598b2ed4da094f0f196c978dcdf P d590f4c828684fe487290373ce012971 [term 0 FOLLOWER]: Becoming Follower/Learner. State: Replica: d590f4c828684fe487290373ce012971, State: Initialized, Role: FOLLOWER
I20260709 14:54:14.603859  8826 consensus_queue.cc:260] T 9e991598b2ed4da094f0f196c978dcdf P d590f4c828684fe487290373ce012971 [NON_LEADER]: Queue going to NON_LEADER mode. State: All replicated index: 0, Majority replicated index: 0, Committed index: 0, Last appended: 0.0, Last appended by leader: 0, Current term: 0, Majority size: -1, State: 0, Mode: NON_LEADER, active raft config: opid_index: -1 OBSOLETE_local: false peers { permanent_uuid: "26777a7734ed4e7aae76fecf506d5f52" member_type: VOTER last_known_addr { host: "127.7.79.1" port: 42089 } } peers { permanent_uuid: "d590f4c828684fe487290373ce012971" member_type: VOTER last_known_addr { host: "127.7.79.2" port: 32953 } } peers { permanent_uuid: "0b566955b251401491fa012914501508" member_type: VOTER last_known_addr { host: "127.7.79.3" port: 46651 } }
I20260709 14:54:14.606389  8826 ts_tablet_manager.cc:1434] T 9e991598b2ed4da094f0f196c978dcdf P d590f4c828684fe487290373ce012971: Time spent starting tablet: real 0.007s	user 0.004s	sys 0.000s
I20260709 14:54:14.598618  8827 raft_consensus.cc:359] T 042424bde74f49c685b277c36df58f61 P 26777a7734ed4e7aae76fecf506d5f52 [term 0 FOLLOWER]: Replica starting. Triggering 0 pending ops. Active config: opid_index: -1 OBSOLETE_local: false peers { permanent_uuid: "26777a7734ed4e7aae76fecf506d5f52" member_type: VOTER last_known_addr { host: "127.7.79.1" port: 42089 } } peers { permanent_uuid: "d590f4c828684fe487290373ce012971" member_type: VOTER last_known_addr { host: "127.7.79.2" port: 32953 } } peers { permanent_uuid: "0b566955b251401491fa012914501508" member_type: VOTER last_known_addr { host: "127.7.79.3" port: 46651 } }
I20260709 14:54:14.607481  8827 raft_consensus.cc:385] T 042424bde74f49c685b277c36df58f61 P 26777a7734ed4e7aae76fecf506d5f52 [term 0 FOLLOWER]: Consensus starting up: Expiring failure detector timer to make a prompt election more likely
I20260709 14:54:14.607796  8827 raft_consensus.cc:740] T 042424bde74f49c685b277c36df58f61 P 26777a7734ed4e7aae76fecf506d5f52 [term 0 FOLLOWER]: Becoming Follower/Learner. State: Replica: 26777a7734ed4e7aae76fecf506d5f52, State: Initialized, Role: FOLLOWER
W20260709 14:54:14.608503  8812 tablet.cc:2406] T 8aa6d3edcfaa467696f12ed98209fce1 P 0b566955b251401491fa012914501508: Can't schedule compaction. Clean time has not been advanced past its initial value.
I20260709 14:54:14.609371  8828 tablet_bootstrap.cc:654] T abe3b8a0dfd54d9d903830c2982865ca P 0b566955b251401491fa012914501508: Neither blocks nor log segments found. Creating new log.
I20260709 14:54:14.608549  8827 consensus_queue.cc:260] T 042424bde74f49c685b277c36df58f61 P 26777a7734ed4e7aae76fecf506d5f52 [NON_LEADER]: Queue going to NON_LEADER mode. State: All replicated index: 0, Majority replicated index: 0, Committed index: 0, Last appended: 0.0, Last appended by leader: 0, Current term: 0, Majority size: -1, State: 0, Mode: NON_LEADER, active raft config: opid_index: -1 OBSOLETE_local: false peers { permanent_uuid: "26777a7734ed4e7aae76fecf506d5f52" member_type: VOTER last_known_addr { host: "127.7.79.1" port: 42089 } } peers { permanent_uuid: "d590f4c828684fe487290373ce012971" member_type: VOTER last_known_addr { host: "127.7.79.2" port: 32953 } } peers { permanent_uuid: "0b566955b251401491fa012914501508" member_type: VOTER last_known_addr { host: "127.7.79.3" port: 46651 } }
I20260709 14:54:14.615238  8827 ts_tablet_manager.cc:1434] T 042424bde74f49c685b277c36df58f61 P 26777a7734ed4e7aae76fecf506d5f52: Time spent starting tablet: real 0.021s	user 0.009s	sys 0.000s
I20260709 14:54:14.618847  8827 tablet_bootstrap.cc:492] T abe3b8a0dfd54d9d903830c2982865ca P 26777a7734ed4e7aae76fecf506d5f52: Bootstrap starting.
I20260709 14:54:14.625887  8827 tablet_bootstrap.cc:654] T abe3b8a0dfd54d9d903830c2982865ca P 26777a7734ed4e7aae76fecf506d5f52: Neither blocks nor log segments found. Creating new log.
I20260709 14:54:14.627669  8826 tablet_bootstrap.cc:492] T abe3b8a0dfd54d9d903830c2982865ca P d590f4c828684fe487290373ce012971: Bootstrap starting.
I20260709 14:54:14.628895  9025 raft_consensus.cc:493] T 232b7916511d4e4e80229360b08916de P d590f4c828684fe487290373ce012971 [term 0 FOLLOWER]: Starting pre-election (no leader contacted us within the election timeout)
I20260709 14:54:14.629545  9025 raft_consensus.cc:515] T 232b7916511d4e4e80229360b08916de P d590f4c828684fe487290373ce012971 [term 0 FOLLOWER]: Starting pre-election with config: opid_index: -1 OBSOLETE_local: false peers { permanent_uuid: "26777a7734ed4e7aae76fecf506d5f52" member_type: VOTER last_known_addr { host: "127.7.79.1" port: 42089 } } peers { permanent_uuid: "d590f4c828684fe487290373ce012971" member_type: VOTER last_known_addr { host: "127.7.79.2" port: 32953 } } peers { permanent_uuid: "0b566955b251401491fa012914501508" member_type: VOTER last_known_addr { host: "127.7.79.3" port: 46651 } }
I20260709 14:54:14.643525  8635 tablet_service.cc:1917] Received RequestConsensusVote() RPC: tablet_id: "232b7916511d4e4e80229360b08916de" candidate_uuid: "d590f4c828684fe487290373ce012971" candidate_term: 1 candidate_status { last_received { term: 0 index: 0 } } ignore_live_leader: false dest_uuid: "26777a7734ed4e7aae76fecf506d5f52" is_pre_election: true
I20260709 14:54:14.644244  8826 tablet_bootstrap.cc:654] T abe3b8a0dfd54d9d903830c2982865ca P d590f4c828684fe487290373ce012971: Neither blocks nor log segments found. Creating new log.
W20260709 14:54:14.647786  8678 leader_election.cc:343] T 232b7916511d4e4e80229360b08916de P d590f4c828684fe487290373ce012971 [CANDIDATE]: Term 1 pre-election: Tablet error from VoteRequest() call to peer 26777a7734ed4e7aae76fecf506d5f52 (127.7.79.1:42089): Illegal state: must be running to vote when last-logged opid is not known
I20260709 14:54:14.649449  9025 leader_election.cc:290] T 232b7916511d4e4e80229360b08916de P d590f4c828684fe487290373ce012971 [CANDIDATE]: Term 1 pre-election: Requested pre-vote from peers 26777a7734ed4e7aae76fecf506d5f52 (127.7.79.1:42089), 0b566955b251401491fa012914501508 (127.7.79.3:46651)
I20260709 14:54:14.651412  8828 tablet_bootstrap.cc:492] T abe3b8a0dfd54d9d903830c2982865ca P 0b566955b251401491fa012914501508: No bootstrap required, opened a new log
I20260709 14:54:14.650971  8785 tablet_service.cc:1917] Received RequestConsensusVote() RPC: tablet_id: "232b7916511d4e4e80229360b08916de" candidate_uuid: "d590f4c828684fe487290373ce012971" candidate_term: 1 candidate_status { last_received { term: 0 index: 0 } } ignore_live_leader: false dest_uuid: "0b566955b251401491fa012914501508" is_pre_election: true
