I20260709 14:54:07.050979 30671 raft_consensus.cc:359] T 4a6255f573cf4f2ab17108c97d87c43c P 97315b90465c478ea9c22b234f9ffe3c [term 0 FOLLOWER]: Replica starting. Triggering 0 pending ops. Active config: opid_index: -1 OBSOLETE_local: false peers { permanent_uuid: "97315b90465c478ea9c22b234f9ffe3c" member_type: VOTER last_known_addr { host: "127.28.175.193" port: 38275 } } peers { permanent_uuid: "32ad2dff35d54163a6759f0cde58501a" member_type: VOTER last_known_addr { host: "127.28.175.194" port: 37693 } } peers { permanent_uuid: "ab24978fe87d463cb033b56f4a21945d" member_type: VOTER last_known_addr { host: "127.28.175.195" port: 38853 } }
I20260709 14:54:07.051604 30671 raft_consensus.cc:385] T 4a6255f573cf4f2ab17108c97d87c43c P 97315b90465c478ea9c22b234f9ffe3c [term 0 FOLLOWER]: Consensus starting up: Expiring failure detector timer to make a prompt election more likely
I20260709 14:54:07.051862 30671 raft_consensus.cc:740] T 4a6255f573cf4f2ab17108c97d87c43c P 97315b90465c478ea9c22b234f9ffe3c [term 0 FOLLOWER]: Becoming Follower/Learner. State: Replica: 97315b90465c478ea9c22b234f9ffe3c, State: Initialized, Role: FOLLOWER
I20260709 14:54:07.052456 30671 consensus_queue.cc:260] T 4a6255f573cf4f2ab17108c97d87c43c P 97315b90465c478ea9c22b234f9ffe3c [NON_LEADER]: Queue going to NON_LEADER mode. State: All replicated index: 0, Majority replicated index: 0, Committed index: 0, Last appended: 0.0, Last appended by leader: 0, Current term: 0, Majority size: -1, State: 0, Mode: NON_LEADER, active raft config: opid_index: -1 OBSOLETE_local: false peers { permanent_uuid: "97315b90465c478ea9c22b234f9ffe3c" member_type: VOTER last_known_addr { host: "127.28.175.193" port: 38275 } } peers { permanent_uuid: "32ad2dff35d54163a6759f0cde58501a" member_type: VOTER last_known_addr { host: "127.28.175.194" port: 37693 } } peers { permanent_uuid: "ab24978fe87d463cb033b56f4a21945d" member_type: VOTER last_known_addr { host: "127.28.175.195" port: 38853 } }
I20260709 14:54:07.053251 30750 raft_consensus.cc:493] T 50ec437f05424e0b80ccc8fbae447cb4 P 97315b90465c478ea9c22b234f9ffe3c [term 0 FOLLOWER]: Starting pre-election (no leader contacted us within the election timeout)
I20260709 14:54:07.053670 30750 raft_consensus.cc:515] T 50ec437f05424e0b80ccc8fbae447cb4 P 97315b90465c478ea9c22b234f9ffe3c [term 0 FOLLOWER]: Starting pre-election with config: opid_index: -1 OBSOLETE_local: false peers { permanent_uuid: "97315b90465c478ea9c22b234f9ffe3c" member_type: VOTER last_known_addr { host: "127.28.175.193" port: 38275 } } peers { permanent_uuid: "32ad2dff35d54163a6759f0cde58501a" member_type: VOTER last_known_addr { host: "127.28.175.194" port: 37693 } } peers { permanent_uuid: "ab24978fe87d463cb033b56f4a21945d" member_type: VOTER last_known_addr { host: "127.28.175.195" port: 38853 } }
I20260709 14:54:07.055634 30750 leader_election.cc:290] T 50ec437f05424e0b80ccc8fbae447cb4 P 97315b90465c478ea9c22b234f9ffe3c [CANDIDATE]: Term 1 pre-election: Requested pre-vote from peers 32ad2dff35d54163a6759f0cde58501a (127.28.175.194:37693), ab24978fe87d463cb033b56f4a21945d (127.28.175.195:38853)
I20260709 14:54:07.057735 30668 tablet_bootstrap.cc:654] T 50ec437f05424e0b80ccc8fbae447cb4 P ab24978fe87d463cb033b56f4a21945d: Neither blocks nor log segments found. Creating new log.
I20260709 14:54:07.057973 30554 tablet_service.cc:1917] Received RequestConsensusVote() RPC: tablet_id: "50ec437f05424e0b80ccc8fbae447cb4" candidate_uuid: "97315b90465c478ea9c22b234f9ffe3c" candidate_term: 1 candidate_status { last_received { term: 0 index: 0 } } ignore_live_leader: false dest_uuid: "32ad2dff35d54163a6759f0cde58501a" is_pre_election: true
I20260709 14:54:07.058527 30628 tablet_service.cc:1917] Received RequestConsensusVote() RPC: tablet_id: "50ec437f05424e0b80ccc8fbae447cb4" candidate_uuid: "97315b90465c478ea9c22b234f9ffe3c" candidate_term: 1 candidate_status { last_received { term: 0 index: 0 } } ignore_live_leader: false dest_uuid: "ab24978fe87d463cb033b56f4a21945d" is_pre_election: true
W20260709 14:54:07.059320 30442 leader_election.cc:343] T 50ec437f05424e0b80ccc8fbae447cb4 P 97315b90465c478ea9c22b234f9ffe3c [CANDIDATE]: Term 1 pre-election: Tablet error from VoteRequest() call to peer 32ad2dff35d54163a6759f0cde58501a (127.28.175.194:37693): Illegal state: must be running to vote when last-logged opid is not known
W20260709 14:54:07.061817 30444 leader_election.cc:343] T 50ec437f05424e0b80ccc8fbae447cb4 P 97315b90465c478ea9c22b234f9ffe3c [CANDIDATE]: Term 1 pre-election: Tablet error from VoteRequest() call to peer ab24978fe87d463cb033b56f4a21945d (127.28.175.195:38853): Illegal state: must be running to vote when last-logged opid is not known
I20260709 14:54:07.062405 30444 leader_election.cc:304] T 50ec437f05424e0b80ccc8fbae447cb4 P 97315b90465c478ea9c22b234f9ffe3c [CANDIDATE]: Term 1 pre-election: Election decided. Result: candidate lost. Election summary: received 3 responses out of 3 voters: 1 yes votes; 2 no votes. yes voters: 97315b90465c478ea9c22b234f9ffe3c; no voters: 32ad2dff35d54163a6759f0cde58501a, ab24978fe87d463cb033b56f4a21945d
I20260709 14:54:07.061920 30752 raft_consensus.cc:493] T 95e52e51dcca413c8d8fd4c6168cf46d P 97315b90465c478ea9c22b234f9ffe3c [term 0 FOLLOWER]: Starting pre-election (no leader contacted us within the election timeout)
I20260709 14:54:07.064031 30752 raft_consensus.cc:515] T 95e52e51dcca413c8d8fd4c6168cf46d P 97315b90465c478ea9c22b234f9ffe3c [term 0 FOLLOWER]: Starting pre-election with config: opid_index: -1 OBSOLETE_local: false peers { permanent_uuid: "97315b90465c478ea9c22b234f9ffe3c" member_type: VOTER last_known_addr { host: "127.28.175.193" port: 38275 } } peers { permanent_uuid: "32ad2dff35d54163a6759f0cde58501a" member_type: VOTER last_known_addr { host: "127.28.175.194" port: 37693 } } peers { permanent_uuid: "ab24978fe87d463cb033b56f4a21945d" member_type: VOTER last_known_addr { host: "127.28.175.195" port: 38853 } }
I20260709 14:54:07.066258 30700 raft_consensus.cc:2749] T 50ec437f05424e0b80ccc8fbae447cb4 P 97315b90465c478ea9c22b234f9ffe3c [term 0 FOLLOWER]: Leader pre-election lost for term 1. Reason: could not achieve majority
I20260709 14:54:07.068687 30554 tablet_service.cc:1917] Received RequestConsensusVote() RPC: tablet_id: "95e52e51dcca413c8d8fd4c6168cf46d" candidate_uuid: "97315b90465c478ea9c22b234f9ffe3c" candidate_term: 1 candidate_status { last_received { term: 0 index: 0 } } ignore_live_leader: false dest_uuid: "32ad2dff35d54163a6759f0cde58501a" is_pre_election: true
I20260709 14:54:07.069157 30474 raft_consensus.cc:2468] T a8bf267033b34620a64711d833f11903 P 97315b90465c478ea9c22b234f9ffe3c [term 1 FOLLOWER]: Leader election vote request: Granting yes vote for candidate 32ad2dff35d54163a6759f0cde58501a in term 1.
I20260709 14:54:07.074493 30628 tablet_service.cc:1917] Received RequestConsensusVote() RPC: tablet_id: "a8bf267033b34620a64711d833f11903" candidate_uuid: "32ad2dff35d54163a6759f0cde58501a" candidate_term: 1 candidate_status { last_received { term: 0 index: 0 } } ignore_live_leader: false dest_uuid: "ab24978fe87d463cb033b56f4a21945d"
W20260709 14:54:07.076957 30442 leader_election.cc:343] T 95e52e51dcca413c8d8fd4c6168cf46d P 97315b90465c478ea9c22b234f9ffe3c [CANDIDATE]: Term 1 pre-election: Tablet error from VoteRequest() call to peer 32ad2dff35d54163a6759f0cde58501a (127.28.175.194:37693): Illegal state: must be running to vote when last-logged opid is not known
I20260709 14:54:07.078778 30750 consensus_queue.cc:1048] T bd3161fdbac94c2dbfe9bceae82945e8 P 97315b90465c478ea9c22b234f9ffe3c [LEADER]: Connected to new peer: Peer: permanent_uuid: "32ad2dff35d54163a6759f0cde58501a" member_type: VOTER last_known_addr { host: "127.28.175.194" port: 37693 }, Status: LMP_MISMATCH, Last received: 0.0, Next index: 1, Last known committed idx: 0, Time since last communication: 0.000s
W20260709 14:54:07.081333 30519 leader_election.cc:343] T a8bf267033b34620a64711d833f11903 P 32ad2dff35d54163a6759f0cde58501a [CANDIDATE]: Term 1 election: Tablet error from VoteRequest() call to peer ab24978fe87d463cb033b56f4a21945d (127.28.175.195:38853): Illegal state: must be running to vote when last-logged opid is not known
I20260709 14:54:07.085158 30752 leader_election.cc:290] T 95e52e51dcca413c8d8fd4c6168cf46d P 97315b90465c478ea9c22b234f9ffe3c [CANDIDATE]: Term 1 pre-election: Requested pre-vote from peers 32ad2dff35d54163a6759f0cde58501a (127.28.175.194:37693), ab24978fe87d463cb033b56f4a21945d (127.28.175.195:38853)
I20260709 14:54:07.090615 30627 tablet_service.cc:1917] Received RequestConsensusVote() RPC: tablet_id: "95e52e51dcca413c8d8fd4c6168cf46d" candidate_uuid: "97315b90465c478ea9c22b234f9ffe3c" candidate_term: 1 candidate_status { last_received { term: 0 index: 0 } } ignore_live_leader: false dest_uuid: "ab24978fe87d463cb033b56f4a21945d" is_pre_election: true
I20260709 14:54:07.061384 30671 ts_tablet_manager.cc:1434] T 4a6255f573cf4f2ab17108c97d87c43c P 97315b90465c478ea9c22b234f9ffe3c: Time spent starting tablet: real 0.013s	user 0.007s	sys 0.000s
I20260709 14:54:07.094027 30519 leader_election.cc:304] T a8bf267033b34620a64711d833f11903 P 32ad2dff35d54163a6759f0cde58501a [CANDIDATE]: Term 1 election: Election decided. Result: candidate won. Election summary: received 3 responses out of 3 voters: 2 yes votes; 1 no votes. yes voters: 32ad2dff35d54163a6759f0cde58501a, 97315b90465c478ea9c22b234f9ffe3c; no voters: ab24978fe87d463cb033b56f4a21945d
I20260709 14:54:07.094936 30680 raft_consensus.cc:2804] T a8bf267033b34620a64711d833f11903 P 32ad2dff35d54163a6759f0cde58501a [term 1 FOLLOWER]: Leader election won for term 1
I20260709 14:54:07.095502 30680 raft_consensus.cc:697] T a8bf267033b34620a64711d833f11903 P 32ad2dff35d54163a6759f0cde58501a [term 1 LEADER]: Becoming Leader. State: Replica: 32ad2dff35d54163a6759f0cde58501a, State: Running, Role: LEADER
I20260709 14:54:07.096531 30680 consensus_queue.cc:237] T a8bf267033b34620a64711d833f11903 P 32ad2dff35d54163a6759f0cde58501a [LEADER]: Queue going to LEADER mode. State: All replicated index: 0, Majority replicated index: 0, Committed index: 0, Last appended: 0.0, Last appended by leader: 0, Current term: 1, Majority size: 2, State: 0, Mode: LEADER, active raft config: opid_index: -1 OBSOLETE_local: false peers { permanent_uuid: "97315b90465c478ea9c22b234f9ffe3c" member_type: VOTER last_known_addr { host: "127.28.175.193" port: 38275 } } peers { permanent_uuid: "32ad2dff35d54163a6759f0cde58501a" member_type: VOTER last_known_addr { host: "127.28.175.194" port: 37693 } } peers { permanent_uuid: "ab24978fe87d463cb033b56f4a21945d" member_type: VOTER last_known_addr { host: "127.28.175.195" port: 38853 } }
I20260709 14:54:07.099766 30775 leader_election.cc:290] T a8bf267033b34620a64711d833f11903 P 32ad2dff35d54163a6759f0cde58501a [CANDIDATE]: Term 1 election: Requested vote from peers 97315b90465c478ea9c22b234f9ffe3c (127.28.175.193:38275), ab24978fe87d463cb033b56f4a21945d (127.28.175.195:38853)
W20260709 14:54:07.095546 30444 leader_election.cc:343] T 95e52e51dcca413c8d8fd4c6168cf46d P 97315b90465c478ea9c22b234f9ffe3c [CANDIDATE]: Term 1 pre-election: Tablet error from VoteRequest() call to peer ab24978fe87d463cb033b56f4a21945d (127.28.175.195:38853): Illegal state: must be running to vote when last-logged opid is not known
I20260709 14:54:07.100992 30444 leader_election.cc:304] T 95e52e51dcca413c8d8fd4c6168cf46d P 97315b90465c478ea9c22b234f9ffe3c [CANDIDATE]: Term 1 pre-election: Election decided. Result: candidate lost. Election summary: received 3 responses out of 3 voters: 1 yes votes; 2 no votes. yes voters: 97315b90465c478ea9c22b234f9ffe3c; no voters: 32ad2dff35d54163a6759f0cde58501a, ab24978fe87d463cb033b56f4a21945d
I20260709 14:54:07.101814 30750 raft_consensus.cc:2749] T 95e52e51dcca413c8d8fd4c6168cf46d P 97315b90465c478ea9c22b234f9ffe3c [term 0 FOLLOWER]: Leader pre-election lost for term 1. Reason: could not achieve majority
I20260709 14:54:07.106570 30720 consensus_queue.cc:1048] T 9b72c6092840424c935ee0421d86e91d P ab24978fe87d463cb033b56f4a21945d [LEADER]: Connected to new peer: Peer: permanent_uuid: "97315b90465c478ea9c22b234f9ffe3c" member_type: VOTER last_known_addr { host: "127.28.175.193" port: 38275 }, Status: LMP_MISMATCH, Last received: 0.0, Next index: 1, Last known committed idx: 0, Time since last communication: 0.001s
I20260709 14:54:07.109169 30750 consensus_queue.cc:1048] T bd3161fdbac94c2dbfe9bceae82945e8 P 97315b90465c478ea9c22b234f9ffe3c [LEADER]: Connected to new peer: Peer: permanent_uuid: "ab24978fe87d463cb033b56f4a21945d" member_type: VOTER last_known_addr { host: "127.28.175.195" port: 38853 }, Status: LMP_MISMATCH, Last received: 0.0, Next index: 1, Last known committed idx: 0, Time since last communication: 0.000s
I20260709 14:54:07.094899 30671 tablet_bootstrap.cc:492] T 92cb50d4df784ac0a22bd815adfd2ca0 P 97315b90465c478ea9c22b234f9ffe3c: Bootstrap starting.
I20260709 14:54:07.152899 30671 tablet_bootstrap.cc:654] T 92cb50d4df784ac0a22bd815adfd2ca0 P 97315b90465c478ea9c22b234f9ffe3c: Neither blocks nor log segments found. Creating new log.
I20260709 14:54:07.161073 30668 tablet_bootstrap.cc:492] T 50ec437f05424e0b80ccc8fbae447cb4 P ab24978fe87d463cb033b56f4a21945d: No bootstrap required, opened a new log
I20260709 14:54:07.161742 30668 ts_tablet_manager.cc:1403] T 50ec437f05424e0b80ccc8fbae447cb4 P ab24978fe87d463cb033b56f4a21945d: Time spent bootstrapping tablet: real 0.114s	user 0.036s	sys 0.048s
I20260709 14:54:07.165123 30668 raft_consensus.cc:359] T 50ec437f05424e0b80ccc8fbae447cb4 P ab24978fe87d463cb033b56f4a21945d [term 0 FOLLOWER]: Replica starting. Triggering 0 pending ops. Active config: opid_index: -1 OBSOLETE_local: false peers { permanent_uuid: "97315b90465c478ea9c22b234f9ffe3c" member_type: VOTER last_known_addr { host: "127.28.175.193" port: 38275 } } peers { permanent_uuid: "32ad2dff35d54163a6759f0cde58501a" member_type: VOTER last_known_addr { host: "127.28.175.194" port: 37693 } } peers { permanent_uuid: "ab24978fe87d463cb033b56f4a21945d" member_type: VOTER last_known_addr { host: "127.28.175.195" port: 38853 } }
I20260709 14:54:07.165879 30668 raft_consensus.cc:385] T 50ec437f05424e0b80ccc8fbae447cb4 P ab24978fe87d463cb033b56f4a21945d [term 0 FOLLOWER]: Consensus starting up: Expiring failure detector timer to make a prompt election more likely
I20260709 14:54:07.166191 30668 raft_consensus.cc:740] T 50ec437f05424e0b80ccc8fbae447cb4 P ab24978fe87d463cb033b56f4a21945d [term 0 FOLLOWER]: Becoming Follower/Learner. State: Replica: ab24978fe87d463cb033b56f4a21945d, State: Initialized, Role: FOLLOWER
I20260709 14:54:07.166977 30668 consensus_queue.cc:260] T 50ec437f05424e0b80ccc8fbae447cb4 P ab24978fe87d463cb033b56f4a21945d [NON_LEADER]: Queue going to NON_LEADER mode. State: All replicated index: 0, Majority replicated index: 0, Committed index: 0, Last appended: 0.0, Last appended by leader: 0, Current term: 0, Majority size: -1, State: 0, Mode: NON_LEADER, active raft config: opid_index: -1 OBSOLETE_local: false peers { permanent_uuid: "97315b90465c478ea9c22b234f9ffe3c" member_type: VOTER last_known_addr { host: "127.28.175.193" port: 38275 } } peers { permanent_uuid: "32ad2dff35d54163a6759f0cde58501a" member_type: VOTER last_known_addr { host: "127.28.175.194" port: 37693 } } peers { permanent_uuid: "ab24978fe87d463cb033b56f4a21945d" member_type: VOTER last_known_addr { host: "127.28.175.195" port: 38853 } }
I20260709 14:54:07.169143 30668 ts_tablet_manager.cc:1434] T 50ec437f05424e0b80ccc8fbae447cb4 P ab24978fe87d463cb033b56f4a21945d: Time spent starting tablet: real 0.007s	user 0.006s	sys 0.000s
I20260709 14:54:07.169747 30669 tablet_bootstrap.cc:492] T 32ab9e69565c42e1a8b399a5486a7609 P 32ad2dff35d54163a6759f0cde58501a: No bootstrap required, opened a new log
I20260709 14:54:07.170156 30669 ts_tablet_manager.cc:1403] T 32ab9e69565c42e1a8b399a5486a7609 P 32ad2dff35d54163a6759f0cde58501a: Time spent bootstrapping tablet: real 0.149s	user 0.028s	sys 0.036s
I20260709 14:54:07.170229 30374 catalog_manager.cc:5697] T a8bf267033b34620a64711d833f11903 P 32ad2dff35d54163a6759f0cde58501a reported cstate change: term changed from 0 to 1, leader changed from <none> to 32ad2dff35d54163a6759f0cde58501a (127.28.175.194). New cstate: current_term: 1 leader_uuid: "32ad2dff35d54163a6759f0cde58501a" committed_config { opid_index: -1 OBSOLETE_local: false peers { permanent_uuid: "97315b90465c478ea9c22b234f9ffe3c" member_type: VOTER last_known_addr { host: "127.28.175.193" port: 38275 } health_report { overall_health: UNKNOWN } } peers { permanent_uuid: "32ad2dff35d54163a6759f0cde58501a" member_type: VOTER last_known_addr { host: "127.28.175.194" port: 37693 } health_report { overall_health: HEALTHY } } peers { permanent_uuid: "ab24978fe87d463cb033b56f4a21945d" member_type: VOTER last_known_addr { host: "127.28.175.195" port: 38853 } health_report { overall_health: UNKNOWN } } }
I20260709 14:54:07.172628 30668 tablet_bootstrap.cc:492] T 4a6255f573cf4f2ab17108c97d87c43c P ab24978fe87d463cb033b56f4a21945d: Bootstrap starting.
I20260709 14:54:07.176466 30750 raft_consensus.cc:493] T 4a6255f573cf4f2ab17108c97d87c43c P 97315b90465c478ea9c22b234f9ffe3c [term 0 FOLLOWER]: Starting pre-election (no leader contacted us within the election timeout)
I20260709 14:54:07.176909 30750 raft_consensus.cc:515] T 4a6255f573cf4f2ab17108c97d87c43c P 97315b90465c478ea9c22b234f9ffe3c [term 0 FOLLOWER]: Starting pre-election with config: opid_index: -1 OBSOLETE_local: false peers { permanent_uuid: "97315b90465c478ea9c22b234f9ffe3c" member_type: VOTER last_known_addr { host: "127.28.175.193" port: 38275 } } peers { permanent_uuid: "32ad2dff35d54163a6759f0cde58501a" member_type: VOTER last_known_addr { host: "127.28.175.194" port: 37693 } } peers { permanent_uuid: "ab24978fe87d463cb033b56f4a21945d" member_type: VOTER last_known_addr { host: "127.28.175.195" port: 38853 } }
I20260709 14:54:07.178390 30550 raft_consensus.cc:3060] T 57f6877d94d2433fa8e35c7fcb14a2ce P 32ad2dff35d54163a6759f0cde58501a [term 0 FOLLOWER]: Advancing to term 1
I20260709 14:54:07.178933 30750 leader_election.cc:290] T 4a6255f573cf4f2ab17108c97d87c43c P 97315b90465c478ea9c22b234f9ffe3c [CANDIDATE]: Term 1 pre-election: Requested pre-vote from peers 32ad2dff35d54163a6759f0cde58501a (127.28.175.194:37693), ab24978fe87d463cb033b56f4a21945d (127.28.175.195:38853)
I20260709 14:54:07.185672 30628 tablet_service.cc:1917] Received RequestConsensusVote() RPC: tablet_id: "4a6255f573cf4f2ab17108c97d87c43c" candidate_uuid: "97315b90465c478ea9c22b234f9ffe3c" candidate_term: 1 candidate_status { last_received { term: 0 index: 0 } } ignore_live_leader: false dest_uuid: "ab24978fe87d463cb033b56f4a21945d" is_pre_election: true
W20260709 14:54:07.187165 30444 leader_election.cc:343] T 4a6255f573cf4f2ab17108c97d87c43c P 97315b90465c478ea9c22b234f9ffe3c [CANDIDATE]: Term 1 pre-election: Tablet error from VoteRequest() call to peer ab24978fe87d463cb033b56f4a21945d (127.28.175.195:38853): Illegal state: must be running to vote when last-logged opid is not known
I20260709 14:54:07.187598 30554 tablet_service.cc:1917] Received RequestConsensusVote() RPC: tablet_id: "4a6255f573cf4f2ab17108c97d87c43c" candidate_uuid: "97315b90465c478ea9c22b234f9ffe3c" candidate_term: 1 candidate_status { last_received { term: 0 index: 0 } } ignore_live_leader: false dest_uuid: "32ad2dff35d54163a6759f0cde58501a" is_pre_election: true
W20260709 14:54:07.188961 30442 leader_election.cc:343] T 4a6255f573cf4f2ab17108c97d87c43c P 97315b90465c478ea9c22b234f9ffe3c [CANDIDATE]: Term 1 pre-election: Tablet error from VoteRequest() call to peer 32ad2dff35d54163a6759f0cde58501a (127.28.175.194:37693): Illegal state: must be running to vote when last-logged opid is not known
I20260709 14:54:07.189404 30442 leader_election.cc:304] T 4a6255f573cf4f2ab17108c97d87c43c P 97315b90465c478ea9c22b234f9ffe3c [CANDIDATE]: Term 1 pre-election: Election decided. Result: candidate lost. Election summary: received 3 responses out of 3 voters: 1 yes votes; 2 no votes. yes voters: 97315b90465c478ea9c22b234f9ffe3c; no voters: 32ad2dff35d54163a6759f0cde58501a, ab24978fe87d463cb033b56f4a21945d
I20260709 14:54:07.190609 30753 raft_consensus.cc:2749] T 4a6255f573cf4f2ab17108c97d87c43c P 97315b90465c478ea9c22b234f9ffe3c [term 0 FOLLOWER]: Leader pre-election lost for term 1. Reason: could not achieve majority
I20260709 14:54:07.195025 30671 tablet_bootstrap.cc:492] T 92cb50d4df784ac0a22bd815adfd2ca0 P 97315b90465c478ea9c22b234f9ffe3c: No bootstrap required, opened a new log
I20260709 14:54:07.195441 30720 raft_consensus.cc:493] T 41fc075bd7cf48e7a76682286630f2b3 P ab24978fe87d463cb033b56f4a21945d [term 0 FOLLOWER]: Starting pre-election (no leader contacted us within the election timeout)
I20260709 14:54:07.195534 30671 ts_tablet_manager.cc:1403] T 92cb50d4df784ac0a22bd815adfd2ca0 P 97315b90465c478ea9c22b234f9ffe3c: Time spent bootstrapping tablet: real 0.101s	user 0.017s	sys 0.004s
I20260709 14:54:07.195915 30720 raft_consensus.cc:515] T 41fc075bd7cf48e7a76682286630f2b3 P ab24978fe87d463cb033b56f4a21945d [term 0 FOLLOWER]: Starting pre-election with config: opid_index: -1 OBSOLETE_local: false peers { permanent_uuid: "97315b90465c478ea9c22b234f9ffe3c" member_type: VOTER last_known_addr { host: "127.28.175.193" port: 38275 } } peers { permanent_uuid: "32ad2dff35d54163a6759f0cde58501a" member_type: VOTER last_known_addr { host: "127.28.175.194" port: 37693 } } peers { permanent_uuid: "ab24978fe87d463cb033b56f4a21945d" member_type: VOTER last_known_addr { host: "127.28.175.195" port: 38853 } }
I20260709 14:54:07.197889 30720 leader_election.cc:290] T 41fc075bd7cf48e7a76682286630f2b3 P ab24978fe87d463cb033b56f4a21945d [CANDIDATE]: Term 1 pre-election: Requested pre-vote from peers 97315b90465c478ea9c22b234f9ffe3c (127.28.175.193:38275), 32ad2dff35d54163a6759f0cde58501a (127.28.175.194:37693)
I20260709 14:54:07.199501 30752 consensus_queue.cc:1048] T 5f24edd3703b49d29e73db9069756e99 P 97315b90465c478ea9c22b234f9ffe3c [LEADER]: Connected to new peer: Peer: permanent_uuid: "32ad2dff35d54163a6759f0cde58501a" member_type: VOTER last_known_addr { host: "127.28.175.194" port: 37693 }, Status: LMP_MISMATCH, Last received: 0.0, Next index: 1, Last known committed idx: 0, Time since last communication: 0.000s
I20260709 14:54:07.203683 30671 raft_consensus.cc:359] T 92cb50d4df784ac0a22bd815adfd2ca0 P 97315b90465c478ea9c22b234f9ffe3c [term 0 FOLLOWER]: Replica starting. Triggering 0 pending ops. Active config: opid_index: -1 OBSOLETE_local: false peers { permanent_uuid: "97315b90465c478ea9c22b234f9ffe3c" member_type: VOTER last_known_addr { host: "127.28.175.193" port: 38275 } } peers { permanent_uuid: "32ad2dff35d54163a6759f0cde58501a" member_type: VOTER last_known_addr { host: "127.28.175.194" port: 37693 } } peers { permanent_uuid: "ab24978fe87d463cb033b56f4a21945d" member_type: VOTER last_known_addr { host: "127.28.175.195" port: 38853 } }
I20260709 14:54:07.198594 30474 tablet_service.cc:1917] Received RequestConsensusVote() RPC: tablet_id: "41fc075bd7cf48e7a76682286630f2b3" candidate_uuid: "ab24978fe87d463cb033b56f4a21945d" candidate_term: 1 candidate_status { last_received { term: 0 index: 0 } } ignore_live_leader: false dest_uuid: "97315b90465c478ea9c22b234f9ffe3c" is_pre_election: true
I20260709 14:54:07.204300 30671 raft_consensus.cc:385] T 92cb50d4df784ac0a22bd815adfd2ca0 P 97315b90465c478ea9c22b234f9ffe3c [term 0 FOLLOWER]: Consensus starting up: Expiring failure detector timer to make a prompt election more likely
I20260709 14:54:07.204654 30671 raft_consensus.cc:740] T 92cb50d4df784ac0a22bd815adfd2ca0 P 97315b90465c478ea9c22b234f9ffe3c [term 0 FOLLOWER]: Becoming Follower/Learner. State: Replica: 97315b90465c478ea9c22b234f9ffe3c, State: Initialized, Role: FOLLOWER
W20260709 14:54:07.205446 30593 leader_election.cc:343] T 41fc075bd7cf48e7a76682286630f2b3 P ab24978fe87d463cb033b56f4a21945d [CANDIDATE]: Term 1 pre-election: Tablet error from VoteRequest() call to peer 97315b90465c478ea9c22b234f9ffe3c (127.28.175.193:38275): Illegal state: must be running to vote when last-logged opid is not known
I20260709 14:54:07.205367 30671 consensus_queue.cc:260] T 92cb50d4df784ac0a22bd815adfd2ca0 P 97315b90465c478ea9c22b234f9ffe3c [NON_LEADER]: Queue going to NON_LEADER mode. State: All replicated index: 0, Majority replicated index: 0, Committed index: 0, Last appended: 0.0, Last appended by leader: 0, Current term: 0, Majority size: -1, State: 0, Mode: NON_LEADER, active raft config: opid_index: -1 OBSOLETE_local: false peers { permanent_uuid: "97315b90465c478ea9c22b234f9ffe3c" member_type: VOTER last_known_addr { host: "127.28.175.193" port: 38275 } } peers { permanent_uuid: "32ad2dff35d54163a6759f0cde58501a" member_type: VOTER last_known_addr { host: "127.28.175.194" port: 37693 } } peers { permanent_uuid: "ab24978fe87d463cb033b56f4a21945d" member_type: VOTER last_known_addr { host: "127.28.175.195" port: 38853 } }
I20260709 14:54:07.198619 30669 raft_consensus.cc:359] T 32ab9e69565c42e1a8b399a5486a7609 P 32ad2dff35d54163a6759f0cde58501a [term 0 FOLLOWER]: Replica starting. Triggering 0 pending ops. Active config: opid_index: -1 OBSOLETE_local: false peers { permanent_uuid: "97315b90465c478ea9c22b234f9ffe3c" member_type: VOTER last_known_addr { host: "127.28.175.193" port: 38275 } } peers { permanent_uuid: "32ad2dff35d54163a6759f0cde58501a" member_type: VOTER last_known_addr { host: "127.28.175.194" port: 37693 } } peers { permanent_uuid: "ab24978fe87d463cb033b56f4a21945d" member_type: VOTER last_known_addr { host: "127.28.175.195" port: 38853 } }
I20260709 14:54:07.206427 30554 tablet_service.cc:1917] Received RequestConsensusVote() RPC: tablet_id: "41fc075bd7cf48e7a76682286630f2b3" candidate_uuid: "ab24978fe87d463cb033b56f4a21945d" candidate_term: 1 candidate_status { last_received { term: 0 index: 0 } } ignore_live_leader: false dest_uuid: "32ad2dff35d54163a6759f0cde58501a" is_pre_election: true
I20260709 14:54:07.206805 30669 raft_consensus.cc:385] T 32ab9e69565c42e1a8b399a5486a7609 P 32ad2dff35d54163a6759f0cde58501a [term 0 FOLLOWER]: Consensus starting up: Expiring failure detector timer to make a prompt election more likely
I20260709 14:54:07.206974 30554 raft_consensus.cc:2468] T 41fc075bd7cf48e7a76682286630f2b3 P 32ad2dff35d54163a6759f0cde58501a [term 0 FOLLOWER]: Leader pre-election vote request: Granting yes vote for candidate ab24978fe87d463cb033b56f4a21945d in term 0.
I20260709 14:54:07.207841 30671 ts_tablet_manager.cc:1434] T 92cb50d4df784ac0a22bd815adfd2ca0 P 97315b90465c478ea9c22b234f9ffe3c: Time spent starting tablet: real 0.012s	user 0.005s	sys 0.000s
I20260709 14:54:07.208353 30591 leader_election.cc:304] T 41fc075bd7cf48e7a76682286630f2b3 P ab24978fe87d463cb033b56f4a21945d [CANDIDATE]: Term 1 pre-election: Election decided. Result: candidate won. Election summary: received 3 responses out of 3 voters: 2 yes votes; 1 no votes. yes voters: 32ad2dff35d54163a6759f0cde58501a, ab24978fe87d463cb033b56f4a21945d; no voters: 97315b90465c478ea9c22b234f9ffe3c
I20260709 14:54:07.208702 30671 tablet_bootstrap.cc:492] T 41fc075bd7cf48e7a76682286630f2b3 P 97315b90465c478ea9c22b234f9ffe3c: Bootstrap starting.
I20260709 14:54:07.209136 30720 raft_consensus.cc:2804] T 41fc075bd7cf48e7a76682286630f2b3 P ab24978fe87d463cb033b56f4a21945d [term 0 FOLLOWER]: Leader pre-election won for term 1
I20260709 14:54:07.209462 30720 raft_consensus.cc:493] T 41fc075bd7cf48e7a76682286630f2b3 P ab24978fe87d463cb033b56f4a21945d [term 0 FOLLOWER]: Starting leader election (no leader contacted us within the election timeout)
I20260709 14:54:07.209764 30720 raft_consensus.cc:3060] T 41fc075bd7cf48e7a76682286630f2b3 P ab24978fe87d463cb033b56f4a21945d [term 0 FOLLOWER]: Advancing to term 1
I20260709 14:54:07.207086 30669 raft_consensus.cc:740] T 32ab9e69565c42e1a8b399a5486a7609 P 32ad2dff35d54163a6759f0cde58501a [term 0 FOLLOWER]: Becoming Follower/Learner. State: Replica: 32ad2dff35d54163a6759f0cde58501a, State: Initialized, Role: FOLLOWER
I20260709 14:54:07.211779 30669 consensus_queue.cc:260] T 32ab9e69565c42e1a8b399a5486a7609 P 32ad2dff35d54163a6759f0cde58501a [NON_LEADER]: Queue going to NON_LEADER mode. State: All replicated index: 0, Majority replicated index: 0, Committed index: 0, Last appended: 0.0, Last appended by leader: 0, Current term: 0, Majority size: -1, State: 0, Mode: NON_LEADER, active raft config: opid_index: -1 OBSOLETE_local: false peers { permanent_uuid: "97315b90465c478ea9c22b234f9ffe3c" member_type: VOTER last_known_addr { host: "127.28.175.193" port: 38275 } } peers { permanent_uuid: "32ad2dff35d54163a6759f0cde58501a" member_type: VOTER last_known_addr { host: "127.28.175.194" port: 37693 } } peers { permanent_uuid: "ab24978fe87d463cb033b56f4a21945d" member_type: VOTER last_known_addr { host: "127.28.175.195" port: 38853 } }
I20260709 14:54:07.214033 30669 ts_tablet_manager.cc:1434] T 32ab9e69565c42e1a8b399a5486a7609 P 32ad2dff35d54163a6759f0cde58501a: Time spent starting tablet: real 0.044s	user 0.006s	sys 0.001s
I20260709 14:54:07.214821 30669 tablet_bootstrap.cc:492] T 1fc10fbc21044d6fa33b587d26530936 P 32ad2dff35d54163a6759f0cde58501a: Bootstrap starting.
I20260709 14:54:07.217737 30668 tablet_bootstrap.cc:654] T 4a6255f573cf4f2ab17108c97d87c43c P ab24978fe87d463cb033b56f4a21945d: Neither blocks nor log segments found. Creating new log.
I20260709 14:54:07.222523 30720 raft_consensus.cc:515] T 41fc075bd7cf48e7a76682286630f2b3 P ab24978fe87d463cb033b56f4a21945d [term 1 FOLLOWER]: Starting leader election with config: opid_index: -1 OBSOLETE_local: false peers { permanent_uuid: "97315b90465c478ea9c22b234f9ffe3c" member_type: VOTER last_known_addr { host: "127.28.175.193" port: 38275 } } peers { permanent_uuid: "32ad2dff35d54163a6759f0cde58501a" member_type: VOTER last_known_addr { host: "127.28.175.194" port: 37693 } } peers { permanent_uuid: "ab24978fe87d463cb033b56f4a21945d" member_type: VOTER last_known_addr { host: "127.28.175.195" port: 38853 } }
I20260709 14:54:07.225112 30478 tablet_service.cc:1917] Received RequestConsensusVote() RPC: tablet_id: "41fc075bd7cf48e7a76682286630f2b3" candidate_uuid: "ab24978fe87d463cb033b56f4a21945d" candidate_term: 1 candidate_status { last_received { term: 0 index: 0 } } ignore_live_leader: false dest_uuid: "97315b90465c478ea9c22b234f9ffe3c"
I20260709 14:54:07.225806 30720 leader_election.cc:290] T 41fc075bd7cf48e7a76682286630f2b3 P ab24978fe87d463cb033b56f4a21945d [CANDIDATE]: Term 1 election: Requested vote from peers 97315b90465c478ea9c22b234f9ffe3c (127.28.175.193:38275), 32ad2dff35d54163a6759f0cde58501a (127.28.175.194:37693)
W20260709 14:54:07.226532 30593 leader_election.cc:343] T 41fc075bd7cf48e7a76682286630f2b3 P ab24978fe87d463cb033b56f4a21945d [CANDIDATE]: Term 1 election: Tablet error from VoteRequest() call to peer 97315b90465c478ea9c22b234f9ffe3c (127.28.175.193:38275): Illegal state: must be running to vote when last-logged opid is not known
I20260709 14:54:07.226822 30554 tablet_service.cc:1917] Received RequestConsensusVote() RPC: tablet_id: "41fc075bd7cf48e7a76682286630f2b3" candidate_uuid: "ab24978fe87d463cb033b56f4a21945d" candidate_term: 1 candidate_status { last_received { term: 0 index: 0 } } ignore_live_leader: false dest_uuid: "32ad2dff35d54163a6759f0cde58501a"
I20260709 14:54:07.227425 30554 raft_consensus.cc:3060] T 41fc075bd7cf48e7a76682286630f2b3 P 32ad2dff35d54163a6759f0cde58501a [term 0 FOLLOWER]: Advancing to term 1
I20260709 14:54:07.230042 30669 tablet_bootstrap.cc:654] T 1fc10fbc21044d6fa33b587d26530936 P 32ad2dff35d54163a6759f0cde58501a: Neither blocks nor log segments found. Creating new log.
I20260709 14:54:07.232326 30671 tablet_bootstrap.cc:654] T 41fc075bd7cf48e7a76682286630f2b3 P 97315b90465c478ea9c22b234f9ffe3c: Neither blocks nor log segments found. Creating new log.
I20260709 14:54:07.234079 30554 raft_consensus.cc:2468] T 41fc075bd7cf48e7a76682286630f2b3 P 32ad2dff35d54163a6759f0cde58501a [term 1 FOLLOWER]: Leader election vote request: Granting yes vote for candidate ab24978fe87d463cb033b56f4a21945d in term 1.
I20260709 14:54:07.235468 30591 leader_election.cc:304] T 41fc075bd7cf48e7a76682286630f2b3 P ab24978fe87d463cb033b56f4a21945d [CANDIDATE]: Term 1 election: Election decided. Result: candidate won. Election summary: received 3 responses out of 3 voters: 2 yes votes; 1 no votes. yes voters: 32ad2dff35d54163a6759f0cde58501a, ab24978fe87d463cb033b56f4a21945d; no voters: 97315b90465c478ea9c22b234f9ffe3c
I20260709 14:54:07.235852 30752 consensus_queue.cc:1048] T 5f24edd3703b49d29e73db9069756e99 P 97315b90465c478ea9c22b234f9ffe3c [LEADER]: Connected to new peer: Peer: permanent_uuid: "ab24978fe87d463cb033b56f4a21945d" member_type: VOTER last_known_addr { host: "127.28.175.195" port: 38853 }, Status: LMP_MISMATCH, Last received: 0.0, Next index: 1, Last known committed idx: 0, Time since last communication: 0.000s
I20260709 14:54:07.240317 30673 raft_consensus.cc:2804] T 41fc075bd7cf48e7a76682286630f2b3 P ab24978fe87d463cb033b56f4a21945d [term 1 FOLLOWER]: Leader election won for term 1
I20260709 14:54:07.240945 30673 raft_consensus.cc:697] T 41fc075bd7cf48e7a76682286630f2b3 P ab24978fe87d463cb033b56f4a21945d [term 1 LEADER]: Becoming Leader. State: Replica: ab24978fe87d463cb033b56f4a21945d, State: Running, Role: LEADER
I20260709 14:54:07.241995 30673 consensus_queue.cc:237] T 41fc075bd7cf48e7a76682286630f2b3 P ab24978fe87d463cb033b56f4a21945d [LEADER]: Queue going to LEADER mode. State: All replicated index: 0, Majority replicated index: 0, Committed index: 0, Last appended: 0.0, Last appended by leader: 0, Current term: 1, Majority size: 2, State: 0, Mode: LEADER, active raft config: opid_index: -1 OBSOLETE_local: false peers { permanent_uuid: "97315b90465c478ea9c22b234f9ffe3c" member_type: VOTER last_known_addr { host: "127.28.175.193" port: 38275 } } peers { permanent_uuid: "32ad2dff35d54163a6759f0cde58501a" member_type: VOTER last_known_addr { host: "127.28.175.194" port: 37693 } } peers { permanent_uuid: "ab24978fe87d463cb033b56f4a21945d" member_type: VOTER last_known_addr { host: "127.28.175.195" port: 38853 } }
I20260709 14:54:07.259074 30671 tablet_bootstrap.cc:492] T 41fc075bd7cf48e7a76682286630f2b3 P 97315b90465c478ea9c22b234f9ffe3c: No bootstrap required, opened a new log
I20260709 14:54:07.259526 30671 ts_tablet_manager.cc:1403] T 41fc075bd7cf48e7a76682286630f2b3 P 97315b90465c478ea9c22b234f9ffe3c: Time spent bootstrapping tablet: real 0.051s	user 0.011s	sys 0.015s
I20260709 14:54:07.262353 30671 raft_consensus.cc:359] T 41fc075bd7cf48e7a76682286630f2b3 P 97315b90465c478ea9c22b234f9ffe3c [term 0 FOLLOWER]: Replica starting. Triggering 0 pending ops. Active config: opid_index: -1 OBSOLETE_local: false peers { permanent_uuid: "97315b90465c478ea9c22b234f9ffe3c" member_type: VOTER last_known_addr { host: "127.28.175.193" port: 38275 } } peers { permanent_uuid: "32ad2dff35d54163a6759f0cde58501a" member_type: VOTER last_known_addr { host: "127.28.175.194" port: 37693 } } peers { permanent_uuid: "ab24978fe87d463cb033b56f4a21945d" member_type: VOTER last_known_addr { host: "127.28.175.195" port: 38853 } }
I20260709 14:54:07.262732 30669 tablet_bootstrap.cc:492] T 1fc10fbc21044d6fa33b587d26530936 P 32ad2dff35d54163a6759f0cde58501a: No bootstrap required, opened a new log
I20260709 14:54:07.263010 30671 raft_consensus.cc:385] T 41fc075bd7cf48e7a76682286630f2b3 P 97315b90465c478ea9c22b234f9ffe3c [term 0 FOLLOWER]: Consensus starting up: Expiring failure detector timer to make a prompt election more likely
I20260709 14:54:07.263206 30669 ts_tablet_manager.cc:1403] T 1fc10fbc21044d6fa33b587d26530936 P 32ad2dff35d54163a6759f0cde58501a: Time spent bootstrapping tablet: real 0.049s	user 0.005s	sys 0.020s
I20260709 14:54:07.263305 30671 raft_consensus.cc:740] T 41fc075bd7cf48e7a76682286630f2b3 P 97315b90465c478ea9c22b234f9ffe3c [term 0 FOLLOWER]: Becoming Follower/Learner. State: Replica: 97315b90465c478ea9c22b234f9ffe3c, State: Initialized, Role: FOLLOWER
I20260709 14:54:07.264163 30671 consensus_queue.cc:260] T 41fc075bd7cf48e7a76682286630f2b3 P 97315b90465c478ea9c22b234f9ffe3c [NON_LEADER]: Queue going to NON_LEADER mode. State: All replicated index: 0, Majority replicated index: 0, Committed index: 0, Last appended: 0.0, Last appended by leader: 0, Current term: 0, Majority size: -1, State: 0, Mode: NON_LEADER, active raft config: opid_index: -1 OBSOLETE_local: false peers { permanent_uuid: "97315b90465c478ea9c22b234f9ffe3c" member_type: VOTER last_known_addr { host: "127.28.175.193" port: 38275 } } peers { permanent_uuid: "32ad2dff35d54163a6759f0cde58501a" member_type: VOTER last_known_addr { host: "127.28.175.194" port: 37693 } } peers { permanent_uuid: "ab24978fe87d463cb033b56f4a21945d" member_type: VOTER last_known_addr { host: "127.28.175.195" port: 38853 } }
I20260709 14:54:07.265746 30669 raft_consensus.cc:359] T 1fc10fbc21044d6fa33b587d26530936 P 32ad2dff35d54163a6759f0cde58501a [term 0 FOLLOWER]: Replica starting. Triggering 0 pending ops. Active config: opid_index: -1 OBSOLETE_local: false peers { permanent_uuid: "97315b90465c478ea9c22b234f9ffe3c" member_type: VOTER last_known_addr { host: "127.28.175.193" port: 38275 } } peers { permanent_uuid: "32ad2dff35d54163a6759f0cde58501a" member_type: VOTER last_known_addr { host: "127.28.175.194" port: 37693 } } peers { permanent_uuid: "ab24978fe87d463cb033b56f4a21945d" member_type: VOTER last_known_addr { host: "127.28.175.195" port: 38853 } }
I20260709 14:54:07.266342 30671 ts_tablet_manager.cc:1434] T 41fc075bd7cf48e7a76682286630f2b3 P 97315b90465c478ea9c22b234f9ffe3c: Time spent starting tablet: real 0.007s	user 0.005s	sys 0.000s
I20260709 14:54:07.266402 30669 raft_consensus.cc:385] T 1fc10fbc21044d6fa33b587d26530936 P 32ad2dff35d54163a6759f0cde58501a [term 0 FOLLOWER]: Consensus starting up: Expiring failure detector timer to make a prompt election more likely
I20260709 14:54:07.266817 30669 raft_consensus.cc:740] T 1fc10fbc21044d6fa33b587d26530936 P 32ad2dff35d54163a6759f0cde58501a [term 0 FOLLOWER]: Becoming Follower/Learner. State: Replica: 32ad2dff35d54163a6759f0cde58501a, State: Initialized, Role: FOLLOWER
I20260709 14:54:07.267441 30669 consensus_queue.cc:260] T 1fc10fbc21044d6fa33b587d26530936 P 32ad2dff35d54163a6759f0cde58501a [NON_LEADER]: Queue going to NON_LEADER mode. State: All replicated index: 0, Majority replicated index: 0, Committed index: 0, Last appended: 0.0, Last appended by leader: 0, Current term: 0, Majority size: -1, State: 0, Mode: NON_LEADER, active raft config: opid_index: -1 OBSOLETE_local: false peers { permanent_uuid: "97315b90465c478ea9c22b234f9ffe3c" member_type: VOTER last_known_addr { host: "127.28.175.193" port: 38275 } } peers { permanent_uuid: "32ad2dff35d54163a6759f0cde58501a" member_type: VOTER last_known_addr { host: "127.28.175.194" port: 37693 } } peers { permanent_uuid: "ab24978fe87d463cb033b56f4a21945d" member_type: VOTER last_known_addr { host: "127.28.175.195" port: 38853 } }
I20260709 14:54:07.267684 30671 tablet_bootstrap.cc:492] T 9c528be9fddc43f0b8ffc6be4b570cc7 P 97315b90465c478ea9c22b234f9ffe3c: Bootstrap starting.
I20260709 14:54:07.267704 30374 catalog_manager.cc:5697] T 41fc075bd7cf48e7a76682286630f2b3 P ab24978fe87d463cb033b56f4a21945d reported cstate change: term changed from 0 to 1, leader changed from <none> to ab24978fe87d463cb033b56f4a21945d (127.28.175.195). New cstate: current_term: 1 leader_uuid: "ab24978fe87d463cb033b56f4a21945d" committed_config { opid_index: -1 OBSOLETE_local: false peers { permanent_uuid: "97315b90465c478ea9c22b234f9ffe3c" member_type: VOTER last_known_addr { host: "127.28.175.193" port: 38275 } health_report { overall_health: UNKNOWN } } peers { permanent_uuid: "32ad2dff35d54163a6759f0cde58501a" member_type: VOTER last_known_addr { host: "127.28.175.194" port: 37693 } health_report { overall_health: UNKNOWN } } peers { permanent_uuid: "ab24978fe87d463cb033b56f4a21945d" member_type: VOTER last_known_addr { host: "127.28.175.195" port: 38853 } health_report { overall_health: HEALTHY } } }
I20260709 14:54:07.270989 30669 ts_tablet_manager.cc:1434] T 1fc10fbc21044d6fa33b587d26530936 P 32ad2dff35d54163a6759f0cde58501a: Time spent starting tablet: real 0.007s	user 0.005s	sys 0.000s
I20260709 14:54:07.271826 30669 tablet_bootstrap.cc:492] T 0d651d654aeb40999b10738cd7396708 P 32ad2dff35d54163a6759f0cde58501a: Bootstrap starting.
I20260709 14:54:07.273880 30671 tablet_bootstrap.cc:654] T 9c528be9fddc43f0b8ffc6be4b570cc7 P 97315b90465c478ea9c22b234f9ffe3c: Neither blocks nor log segments found. Creating new log.
I20260709 14:54:07.276587 30668 tablet_bootstrap.cc:492] T 4a6255f573cf4f2ab17108c97d87c43c P ab24978fe87d463cb033b56f4a21945d: No bootstrap required, opened a new log
I20260709 14:54:07.277108 30668 ts_tablet_manager.cc:1403] T 4a6255f573cf4f2ab17108c97d87c43c P ab24978fe87d463cb033b56f4a21945d: Time spent bootstrapping tablet: real 0.105s	user 0.013s	sys 0.000s
I20260709 14:54:07.280004 30668 raft_consensus.cc:359] T 4a6255f573cf4f2ab17108c97d87c43c P ab24978fe87d463cb033b56f4a21945d [term 0 FOLLOWER]: Replica starting. Triggering 0 pending ops. Active config: opid_index: -1 OBSOLETE_local: false peers { permanent_uuid: "97315b90465c478ea9c22b234f9ffe3c" member_type: VOTER last_known_addr { host: "127.28.175.193" port: 38275 } } peers { permanent_uuid: "32ad2dff35d54163a6759f0cde58501a" member_type: VOTER last_known_addr { host: "127.28.175.194" port: 37693 } } peers { permanent_uuid: "ab24978fe87d463cb033b56f4a21945d" member_type: VOTER last_known_addr { host: "127.28.175.195" port: 38853 } }
I20260709 14:54:07.282733 30680 consensus_queue.cc:1048] T a94199ba16054dbcbbd8354461cf8cf6 P 32ad2dff35d54163a6759f0cde58501a [LEADER]: Connected to new peer: Peer: permanent_uuid: "97315b90465c478ea9c22b234f9ffe3c" member_type: VOTER last_known_addr { host: "127.28.175.193" port: 38275 }, Status: LMP_MISMATCH, Last received: 0.0, Next index: 1, Last known committed idx: 0, Time since last communication: 0.004s
I20260709 14:54:07.283157 30669 tablet_bootstrap.cc:654] T 0d651d654aeb40999b10738cd7396708 P 32ad2dff35d54163a6759f0cde58501a: Neither blocks nor log segments found. Creating new log.
I20260709 14:54:07.280912 30668 raft_consensus.cc:385] T 4a6255f573cf4f2ab17108c97d87c43c P ab24978fe87d463cb033b56f4a21945d [term 0 FOLLOWER]: Consensus starting up: Expiring failure detector timer to make a prompt election more likely
I20260709 14:54:07.290150 30752 raft_consensus.cc:493] T 26ecae8ad3184f458a21e9b73587e261 P 97315b90465c478ea9c22b234f9ffe3c [term 0 FOLLOWER]: Starting pre-election (no leader contacted us within the election timeout)
I20260709 14:54:07.290611 30668 raft_consensus.cc:740] T 4a6255f573cf4f2ab17108c97d87c43c P ab24978fe87d463cb033b56f4a21945d [term 0 FOLLOWER]: Becoming Follower/Learner. State: Replica: ab24978fe87d463cb033b56f4a21945d, State: Initialized, Role: FOLLOWER
I20260709 14:54:07.290724 30752 raft_consensus.cc:515] T 26ecae8ad3184f458a21e9b73587e261 P 97315b90465c478ea9c22b234f9ffe3c [term 0 FOLLOWER]: Starting pre-election with config: opid_index: -1 OBSOLETE_local: false peers { permanent_uuid: "97315b90465c478ea9c22b234f9ffe3c" member_type: VOTER last_known_addr { host: "127.28.175.193" port: 38275 } } peers { permanent_uuid: "32ad2dff35d54163a6759f0cde58501a" member_type: VOTER last_known_addr { host: "127.28.175.194" port: 37693 } } peers { permanent_uuid: "ab24978fe87d463cb033b56f4a21945d" member_type: VOTER last_known_addr { host: "127.28.175.195" port: 38853 } }
I20260709 14:54:07.291548 30668 consensus_queue.cc:260] T 4a6255f573cf4f2ab17108c97d87c43c P ab24978fe87d463cb033b56f4a21945d [NON_LEADER]: Queue going to NON_LEADER mode. State: All replicated index: 0, Majority replicated index: 0, Committed index: 0, Last appended: 0.0, Last appended by leader: 0, Current term: 0, Majority size: -1, State: 0, Mode: NON_LEADER, active raft config: opid_index: -1 OBSOLETE_local: false peers { permanent_uuid: "97315b90465c478ea9c22b234f9ffe3c" member_type: VOTER last_known_addr { host: "127.28.175.193" port: 38275 } } peers { permanent_uuid: "32ad2dff35d54163a6759f0cde58501a" member_type: VOTER last_known_addr { host: "127.28.175.194" port: 37693 } } peers { permanent_uuid: "ab24978fe87d463cb033b56f4a21945d" member_type: VOTER last_known_addr { host: "127.28.175.195" port: 38853 } }
I20260709 14:54:07.293831 30668 ts_tablet_manager.cc:1434] T 4a6255f573cf4f2ab17108c97d87c43c P ab24978fe87d463cb033b56f4a21945d: Time spent starting tablet: real 0.016s	user 0.006s	sys 0.000s
I20260709 14:54:07.294639 30668 tablet_bootstrap.cc:492] T 0d651d654aeb40999b10738cd7396708 P ab24978fe87d463cb033b56f4a21945d: Bootstrap starting.
I20260709 14:54:07.295847 30700 raft_consensus.cc:493] T 41fc075bd7cf48e7a76682286630f2b3 P 97315b90465c478ea9c22b234f9ffe3c [term 0 FOLLOWER]: Starting pre-election (no leader contacted us within the election timeout)
I20260709 14:54:07.296115 30627 tablet_service.cc:1917] Received RequestConsensusVote() RPC: tablet_id: "26ecae8ad3184f458a21e9b73587e261" candidate_uuid: "97315b90465c478ea9c22b234f9ffe3c" candidate_term: 1 candidate_status { last_received { term: 0 index: 0 } } ignore_live_leader: false dest_uuid: "ab24978fe87d463cb033b56f4a21945d" is_pre_election: true
I20260709 14:54:07.296303 30700 raft_consensus.cc:515] T 41fc075bd7cf48e7a76682286630f2b3 P 97315b90465c478ea9c22b234f9ffe3c [term 0 FOLLOWER]: Starting pre-election with config: opid_index: -1 OBSOLETE_local: false peers { permanent_uuid: "97315b90465c478ea9c22b234f9ffe3c" member_type: VOTER last_known_addr { host: "127.28.175.193" port: 38275 } } peers { permanent_uuid: "32ad2dff35d54163a6759f0cde58501a" member_type: VOTER last_known_addr { host: "127.28.175.194" port: 37693 } } peers { permanent_uuid: "ab24978fe87d463cb033b56f4a21945d" member_type: VOTER last_known_addr { host: "127.28.175.195" port: 38853 } }
W20260709 14:54:07.297756 30444 leader_election.cc:343] T 26ecae8ad3184f458a21e9b73587e261 P 97315b90465c478ea9c22b234f9ffe3c [CANDIDATE]: Term 1 pre-election: Tablet error from VoteRequest() call to peer ab24978fe87d463cb033b56f4a21945d (127.28.175.195:38853): Illegal state: must be running to vote when last-logged opid is not known
I20260709 14:54:07.298264 30700 leader_election.cc:290] T 41fc075bd7cf48e7a76682286630f2b3 P 97315b90465c478ea9c22b234f9ffe3c [CANDIDATE]: Term 1 pre-election: Requested pre-vote from peers 32ad2dff35d54163a6759f0cde58501a (127.28.175.194:37693), ab24978fe87d463cb033b56f4a21945d (127.28.175.195:38853)
I20260709 14:54:07.299391 30627 tablet_service.cc:1917] Received RequestConsensusVote() RPC: tablet_id: "41fc075bd7cf48e7a76682286630f2b3" candidate_uuid: "97315b90465c478ea9c22b234f9ffe3c" candidate_term: 1 candidate_status { last_received { term: 0 index: 0 } } ignore_live_leader: false dest_uuid: "ab24978fe87d463cb033b56f4a21945d" is_pre_election: true
I20260709 14:54:07.300508 30550 tablet_service.cc:1917] Received RequestConsensusVote() RPC: tablet_id: "41fc075bd7cf48e7a76682286630f2b3" candidate_uuid: "97315b90465c478ea9c22b234f9ffe3c" candidate_term: 1 candidate_status { last_received { term: 0 index: 0 } } ignore_live_leader: false dest_uuid: "32ad2dff35d54163a6759f0cde58501a" is_pre_election: true
I20260709 14:54:07.301115 30757 raft_consensus.cc:493] T ef5adf4efcbe49f39f1a61026e976ff5 P ab24978fe87d463cb033b56f4a21945d [term 0 FOLLOWER]: Starting pre-election (no leader contacted us within the election timeout)
I20260709 14:54:07.301249 30550 raft_consensus.cc:2393] T 41fc075bd7cf48e7a76682286630f2b3 P 32ad2dff35d54163a6759f0cde58501a [term 1 FOLLOWER]: Leader pre-election vote request: Denying vote to candidate 97315b90465c478ea9c22b234f9ffe3c in current term 1: Already voted for candidate ab24978fe87d463cb033b56f4a21945d in this term.
I20260709 14:54:07.301589 30757 raft_consensus.cc:515] T ef5adf4efcbe49f39f1a61026e976ff5 P ab24978fe87d463cb033b56f4a21945d [term 0 FOLLOWER]: Starting pre-election with config: opid_index: -1 OBSOLETE_local: false peers { permanent_uuid: "97315b90465c478ea9c22b234f9ffe3c" member_type: VOTER last_known_addr { host: "127.28.175.193" port: 38275 } } peers { permanent_uuid: "32ad2dff35d54163a6759f0cde58501a" member_type: VOTER last_known_addr { host: "127.28.175.194" port: 37693 } } peers { permanent_uuid: "ab24978fe87d463cb033b56f4a21945d" member_type: VOTER last_known_addr { host: "127.28.175.195" port: 38853 } }
I20260709 14:54:07.302564 30442 leader_election.cc:304] T 41fc075bd7cf48e7a76682286630f2b3 P 97315b90465c478ea9c22b234f9ffe3c [CANDIDATE]: Term 1 pre-election: Election decided. Result: candidate lost. Election summary: received 3 responses out of 3 voters: 1 yes votes; 2 no votes. yes voters: 97315b90465c478ea9c22b234f9ffe3c; no voters: 32ad2dff35d54163a6759f0cde58501a, ab24978fe87d463cb033b56f4a21945d
I20260709 14:54:07.303537 30757 leader_election.cc:290] T ef5adf4efcbe49f39f1a61026e976ff5 P ab24978fe87d463cb033b56f4a21945d [CANDIDATE]: Term 1 pre-election: Requested pre-vote from peers 97315b90465c478ea9c22b234f9ffe3c (127.28.175.193:38275), 32ad2dff35d54163a6759f0cde58501a (127.28.175.194:37693)
I20260709 14:54:07.304354 30700 raft_consensus.cc:3060] T 41fc075bd7cf48e7a76682286630f2b3 P 97315b90465c478ea9c22b234f9ffe3c [term 0 FOLLOWER]: Advancing to term 1
I20260709 14:54:07.304754 30671 tablet_bootstrap.cc:492] T 9c528be9fddc43f0b8ffc6be4b570cc7 P 97315b90465c478ea9c22b234f9ffe3c: No bootstrap required, opened a new log
I20260709 14:54:07.305079 30668 tablet_bootstrap.cc:654] T 0d651d654aeb40999b10738cd7396708 P ab24978fe87d463cb033b56f4a21945d: Neither blocks nor log segments found. Creating new log.
I20260709 14:54:07.305222 30671 ts_tablet_manager.cc:1403] T 9c528be9fddc43f0b8ffc6be4b570cc7 P 97315b90465c478ea9c22b234f9ffe3c: Time spent bootstrapping tablet: real 0.038s	user 0.016s	sys 0.011s
