[==========] Running 8 tests from 2 test suites.
[----------] Global test environment set-up.
[----------] 6 tests from LeaderRebalancerTest
[ RUN      ] LeaderRebalancerTest.FunctionalTestForDivided
WARNING: Logging before InitGoogleLogging() is written to STDERR
I20260709 14:45:25.402477   431 internal_mini_cluster.cc:156] Creating distributed mini masters. Addrs: 127.0.107.254:44389
I20260709 14:45:25.403980   431 env_posix.cc:2285] Not raising this process' open files per process limit of 1048576; it is already as high as it can go
I20260709 14:45:25.404980   431 file_cache.cc:504] Constructed file cache file cache with capacity 419430
W20260709 14:45:25.421176   438 instance_detector.cc:116] could not retrieve Azure instance metadata: Network error: curl error: HTTP response code said error: The requested URL returned error: 404
W20260709 14:45:25.421528   437 instance_detector.cc:116] could not retrieve AWS instance metadata: Network error: curl error: HTTP response code said error: The requested URL returned error: 404
W20260709 14:45:25.422626   440 instance_detector.cc:116] could not retrieve OpenStack instance metadata: Network error: curl error: HTTP response code said error: The requested URL returned error: 404
I20260709 14:45:25.422974   431 server_base.cc:1061] running on GCE node
I20260709 14:45:26.536381   431 hybrid_clock.cc:584] initializing the hybrid clock with 'system_unsync' time source
W20260709 14:45:26.536625   431 system_unsync_time.cc:38] NTP support is disabled. Clock error bounds will not be accurate. This configuration is not suitable for distributed clusters.
I20260709 14:45:26.536834   431 hybrid_clock.cc:648] HybridClock initialized: now 1783608326536810 us; error 0 us; skew 500 ppm
I20260709 14:45:26.537657   431 server_base.cc:861] Flag tcmalloc_max_total_thread_cache_bytes is not working since tcmalloc is not enabled.
I20260709 14:45:26.544034   431 webserver.cc:533] Webserver started at http://127.0.107.254:35289/ using document root <none> and password file <none>
I20260709 14:45:26.544871   431 fs_manager.cc:362] Metadata directory not provided
I20260709 14:45:26.545101   431 fs_manager.cc:368] Using write-ahead log directory (fs_wal_dir) as metadata directory
I20260709 14:45:26.545523   431 server_base.cc:909] This appears to be a new deployment of Kudu; creating new FS layout
I20260709 14:45:26.551244   431 fs_manager.cc:1068] Generated new instance metadata in path /tmp/dist-test-taskgNfVpo/test-tmp/auto_leader_rebalancer-test.0.LeaderRebalancerTest.FunctionalTestForDivided.1783608325235977-431-0/minicluster-data/master-0-root/instance:
uuid: "239d2531f78d4ecaa08ffb13bee22f76"
format_stamp: "Formatted at 2026-07-09 14:45:26 on dist-test-slave-xzj9"
I20260709 14:45:26.559063   431 fs_manager.cc:696] Time spent creating directory manager: real 0.007s	user 0.001s	sys 0.008s
I20260709 14:45:26.564433   446 log_block_manager.cc:4127] Time spent loading block containers with low live blocks: real 0.000s	user 0.000s	sys 0.000s
I20260709 14:45:26.565614   431 fs_manager.cc:730] Time spent opening block manager: real 0.004s	user 0.003s	sys 0.000s
I20260709 14:45:26.565961   431 fs_manager.cc:647] Opened local filesystem: /tmp/dist-test-taskgNfVpo/test-tmp/auto_leader_rebalancer-test.0.LeaderRebalancerTest.FunctionalTestForDivided.1783608325235977-431-0/minicluster-data/master-0-root
uuid: "239d2531f78d4ecaa08ffb13bee22f76"
format_stamp: "Formatted at 2026-07-09 14:45:26 on dist-test-slave-xzj9"
I20260709 14:45:26.566262   431 fs_report.cc:389] FS layout report
--------------------
wal directory: /tmp/dist-test-taskgNfVpo/test-tmp/auto_leader_rebalancer-test.0.LeaderRebalancerTest.FunctionalTestForDivided.1783608325235977-431-0/minicluster-data/master-0-root
metadata directory: /tmp/dist-test-taskgNfVpo/test-tmp/auto_leader_rebalancer-test.0.LeaderRebalancerTest.FunctionalTestForDivided.1783608325235977-431-0/minicluster-data/master-0-root
1 data directories: /tmp/dist-test-taskgNfVpo/test-tmp/auto_leader_rebalancer-test.0.LeaderRebalancerTest.FunctionalTestForDivided.1783608325235977-431-0/minicluster-data/master-0-root/data
Total live blocks: 0
Total live bytes: 0
Total live bytes (after alignment): 0
Total number of LBM containers: 0 (0 full)
Did not check for missing blocks
Did not check for orphaned blocks
Total full LBM containers with extra space: 0 (0 repaired)
Total full LBM container extra space in bytes: 0 (0 repaired)
Total incomplete LBM containers: 0 (0 repaired)
Total LBM partial records: 0 (0 repaired)
Total corrupted LBM metadata records in RocksDB: 0 (0 repaired)
I20260709 14:45:26.613914   431 rpc_server.cc:225] running with OpenSSL 1.1.1  11 Sep 2018
I20260709 14:45:26.615382   431 env_posix.cc:2285] Not raising this process' running threads per effective uid limit of 18446744073709551615; it is already as high as it can go
I20260709 14:45:26.615808   431 kserver.cc:163] Server-wide thread pool size limit: 3276
I20260709 14:45:26.691598   431 rpc_server.cc:307] RPC server started. Bound to: 127.0.107.254:44389
I20260709 14:45:26.691646   497 acceptor_pool.cc:272] collecting diagnostics on the listening RPC socket 127.0.107.254:44389 every 8 connection(s)
I20260709 14:45:26.699599   498 data_dirs.cc:400] Could only allocate 1 dirs of requested 3 for tablet 00000000000000000000000000000000. 1 dirs total, 0 dirs full, 0 dirs failed
I20260709 14:45:26.721525   498 tablet_bootstrap.cc:492] T 00000000000000000000000000000000 P 239d2531f78d4ecaa08ffb13bee22f76: Bootstrap starting.
I20260709 14:45:26.727877   498 tablet_bootstrap.cc:654] T 00000000000000000000000000000000 P 239d2531f78d4ecaa08ffb13bee22f76: Neither blocks nor log segments found. Creating new log.
I20260709 14:45:26.729803   498 log.cc:826] T 00000000000000000000000000000000 P 239d2531f78d4ecaa08ffb13bee22f76: Log is configured to *not* fsync() on all Append() calls
I20260709 14:45:26.734746   498 tablet_bootstrap.cc:492] T 00000000000000000000000000000000 P 239d2531f78d4ecaa08ffb13bee22f76: No bootstrap required, opened a new log
I20260709 14:45:26.755985   498 raft_consensus.cc:359] T 00000000000000000000000000000000 P 239d2531f78d4ecaa08ffb13bee22f76 [term 0 FOLLOWER]: Replica starting. Triggering 0 pending ops. Active config: opid_index: -1 OBSOLETE_local: true peers { permanent_uuid: "239d2531f78d4ecaa08ffb13bee22f76" member_type: VOTER }
I20260709 14:45:26.756551   498 raft_consensus.cc:385] T 00000000000000000000000000000000 P 239d2531f78d4ecaa08ffb13bee22f76 [term 0 FOLLOWER]: Consensus starting up: Expiring failure detector timer to make a prompt election more likely
I20260709 14:45:26.756762   498 raft_consensus.cc:740] T 00000000000000000000000000000000 P 239d2531f78d4ecaa08ffb13bee22f76 [term 0 FOLLOWER]: Becoming Follower/Learner. State: Replica: 239d2531f78d4ecaa08ffb13bee22f76, State: Initialized, Role: FOLLOWER
I20260709 14:45:26.757730   498 consensus_queue.cc:260] T 00000000000000000000000000000000 P 239d2531f78d4ecaa08ffb13bee22f76 [NON_LEADER]: Queue going to NON_LEADER mode. State: All replicated index: 0, Majority replicated index: 0, Committed index: 0, Last appended: 0.0, Last appended by leader: 0, Current term: 0, Majority size: -1, State: 0, Mode: NON_LEADER, active raft config: opid_index: -1 OBSOLETE_local: true peers { permanent_uuid: "239d2531f78d4ecaa08ffb13bee22f76" member_type: VOTER }
I20260709 14:45:26.758196   498 raft_consensus.cc:399] T 00000000000000000000000000000000 P 239d2531f78d4ecaa08ffb13bee22f76 [term 0 FOLLOWER]: Only one voter in the Raft config. Triggering election immediately
I20260709 14:45:26.758445   498 raft_consensus.cc:493] T 00000000000000000000000000000000 P 239d2531f78d4ecaa08ffb13bee22f76 [term 0 FOLLOWER]: Starting leader election (initial election of a single-replica configuration)
I20260709 14:45:26.758730   498 raft_consensus.cc:3060] T 00000000000000000000000000000000 P 239d2531f78d4ecaa08ffb13bee22f76 [term 0 FOLLOWER]: Advancing to term 1
I20260709 14:45:26.763159   498 raft_consensus.cc:515] T 00000000000000000000000000000000 P 239d2531f78d4ecaa08ffb13bee22f76 [term 1 FOLLOWER]: Starting leader election with config: opid_index: -1 OBSOLETE_local: true peers { permanent_uuid: "239d2531f78d4ecaa08ffb13bee22f76" member_type: VOTER }
I20260709 14:45:26.763895   498 leader_election.cc:304] T 00000000000000000000000000000000 P 239d2531f78d4ecaa08ffb13bee22f76 [CANDIDATE]: Term 1 election: Election decided. Result: candidate won. Election summary: received 1 responses out of 1 voters: 1 yes votes; 0 no votes. yes voters: 239d2531f78d4ecaa08ffb13bee22f76; no voters: 
I20260709 14:45:26.765944   498 leader_election.cc:290] T 00000000000000000000000000000000 P 239d2531f78d4ecaa08ffb13bee22f76 [CANDIDATE]: Term 1 election: Requested vote from peers 
I20260709 14:45:26.766244   501 raft_consensus.cc:2804] T 00000000000000000000000000000000 P 239d2531f78d4ecaa08ffb13bee22f76 [term 1 FOLLOWER]: Leader election won for term 1
I20260709 14:45:26.769404   501 raft_consensus.cc:697] T 00000000000000000000000000000000 P 239d2531f78d4ecaa08ffb13bee22f76 [term 1 LEADER]: Becoming Leader. State: Replica: 239d2531f78d4ecaa08ffb13bee22f76, State: Running, Role: LEADER
I20260709 14:45:26.770428   501 consensus_queue.cc:237] T 00000000000000000000000000000000 P 239d2531f78d4ecaa08ffb13bee22f76 [LEADER]: Queue going to LEADER mode. State: All replicated index: 0, Majority replicated index: 0, Committed index: 0, Last appended: 0.0, Last appended by leader: 0, Current term: 1, Majority size: 1, State: 0, Mode: LEADER, active raft config: opid_index: -1 OBSOLETE_local: true peers { permanent_uuid: "239d2531f78d4ecaa08ffb13bee22f76" member_type: VOTER }
I20260709 14:45:26.771823   498 sys_catalog.cc:565] T 00000000000000000000000000000000 P 239d2531f78d4ecaa08ffb13bee22f76 [sys.catalog]: configured and running, proceeding with master startup.
I20260709 14:45:26.783277   502 sys_catalog.cc:455] T 00000000000000000000000000000000 P 239d2531f78d4ecaa08ffb13bee22f76 [sys.catalog]: SysCatalogTable state changed. Reason: RaftConsensus started. Latest consensus state: current_term: 1 leader_uuid: "239d2531f78d4ecaa08ffb13bee22f76" committed_config { opid_index: -1 OBSOLETE_local: true peers { permanent_uuid: "239d2531f78d4ecaa08ffb13bee22f76" member_type: VOTER } }
I20260709 14:45:26.783648   503 sys_catalog.cc:455] T 00000000000000000000000000000000 P 239d2531f78d4ecaa08ffb13bee22f76 [sys.catalog]: SysCatalogTable state changed. Reason: New leader 239d2531f78d4ecaa08ffb13bee22f76. Latest consensus state: current_term: 1 leader_uuid: "239d2531f78d4ecaa08ffb13bee22f76" committed_config { opid_index: -1 OBSOLETE_local: true peers { permanent_uuid: "239d2531f78d4ecaa08ffb13bee22f76" member_type: VOTER } }
I20260709 14:45:26.784132   502 sys_catalog.cc:458] T 00000000000000000000000000000000 P 239d2531f78d4ecaa08ffb13bee22f76 [sys.catalog]: This master's current role is: LEADER
I20260709 14:45:26.784209   503 sys_catalog.cc:458] T 00000000000000000000000000000000 P 239d2531f78d4ecaa08ffb13bee22f76 [sys.catalog]: This master's current role is: LEADER
I20260709 14:45:26.789130   510 catalog_manager.cc:1511] Loading table and tablet metadata into memory...
I20260709 14:45:26.800496   510 catalog_manager.cc:1520] Initializing Kudu cluster ID...
I20260709 14:45:26.802994   431 internal_mini_cluster.cc:184] Waiting to initialize catalog manager on master 0
I20260709 14:45:26.818169   510 catalog_manager.cc:1383] Generated new cluster ID: 5a6fe98809154166b567256e83ebeda9
I20260709 14:45:26.818591   510 catalog_manager.cc:1531] Initializing Kudu internal certificate authority...
I20260709 14:45:26.839530   510 catalog_manager.cc:1406] Generated new certificate authority record
I20260709 14:45:26.841120   510 catalog_manager.cc:1540] Loading token signing keys...
I20260709 14:45:26.855577   510 catalog_manager.cc:6070] T 00000000000000000000000000000000 P 239d2531f78d4ecaa08ffb13bee22f76: Generated new TSK 0
I20260709 14:45:26.856549   510 catalog_manager.cc:1550] Initializing in-progress tserver states...
I20260709 14:45:26.870699   431 file_cache.cc:504] Constructed file cache file cache with capacity 419430
W20260709 14:45:26.880812   520 instance_detector.cc:116] could not retrieve AWS instance metadata: Network error: curl error: HTTP response code said error: The requested URL returned error: 404
W20260709 14:45:26.882148   521 instance_detector.cc:116] could not retrieve Azure instance metadata: Network error: curl error: HTTP response code said error: The requested URL returned error: 404
I20260709 14:45:26.890878   431 server_base.cc:1061] running on GCE node
W20260709 14:45:26.891512   524 instance_detector.cc:116] could not retrieve OpenStack instance metadata: Network error: curl error: HTTP response code said error: The requested URL returned error: 404
I20260709 14:45:26.892387   431 hybrid_clock.cc:584] initializing the hybrid clock with 'system_unsync' time source
W20260709 14:45:26.892580   431 system_unsync_time.cc:38] NTP support is disabled. Clock error bounds will not be accurate. This configuration is not suitable for distributed clusters.
I20260709 14:45:26.892736   431 hybrid_clock.cc:648] HybridClock initialized: now 1783608326892719 us; error 0 us; skew 500 ppm
I20260709 14:45:26.893342   431 server_base.cc:861] Flag tcmalloc_max_total_thread_cache_bytes is not working since tcmalloc is not enabled.
I20260709 14:45:26.897372   431 webserver.cc:533] Webserver started at http://127.0.107.193:37535/ using document root <none> and password file <none>
I20260709 14:45:26.897873   431 fs_manager.cc:362] Metadata directory not provided
I20260709 14:45:26.898059   431 fs_manager.cc:368] Using write-ahead log directory (fs_wal_dir) as metadata directory
I20260709 14:45:26.898331   431 server_base.cc:909] This appears to be a new deployment of Kudu; creating new FS layout
I20260709 14:45:26.899407   431 fs_manager.cc:1068] Generated new instance metadata in path /tmp/dist-test-taskgNfVpo/test-tmp/auto_leader_rebalancer-test.0.LeaderRebalancerTest.FunctionalTestForDivided.1783608325235977-431-0/minicluster-data/ts-0-root/instance:
uuid: "c062a91a54ac42dfa4ce6b65e3c7a331"
format_stamp: "Formatted at 2026-07-09 14:45:26 on dist-test-slave-xzj9"
I20260709 14:45:26.905484   431 fs_manager.cc:696] Time spent creating directory manager: real 0.006s	user 0.007s	sys 0.000s
I20260709 14:45:26.909997   528 log_block_manager.cc:4127] Time spent loading block containers with low live blocks: real 0.000s	user 0.000s	sys 0.000s
I20260709 14:45:26.910959   431 fs_manager.cc:730] Time spent opening block manager: real 0.003s	user 0.002s	sys 0.003s
I20260709 14:45:26.911325   431 fs_manager.cc:647] Opened local filesystem: /tmp/dist-test-taskgNfVpo/test-tmp/auto_leader_rebalancer-test.0.LeaderRebalancerTest.FunctionalTestForDivided.1783608325235977-431-0/minicluster-data/ts-0-root
uuid: "c062a91a54ac42dfa4ce6b65e3c7a331"
format_stamp: "Formatted at 2026-07-09 14:45:26 on dist-test-slave-xzj9"
I20260709 14:45:26.911720   431 fs_report.cc:389] FS layout report
--------------------
wal directory: /tmp/dist-test-taskgNfVpo/test-tmp/auto_leader_rebalancer-test.0.LeaderRebalancerTest.FunctionalTestForDivided.1783608325235977-431-0/minicluster-data/ts-0-root
metadata directory: /tmp/dist-test-taskgNfVpo/test-tmp/auto_leader_rebalancer-test.0.LeaderRebalancerTest.FunctionalTestForDivided.1783608325235977-431-0/minicluster-data/ts-0-root
1 data directories: /tmp/dist-test-taskgNfVpo/test-tmp/auto_leader_rebalancer-test.0.LeaderRebalancerTest.FunctionalTestForDivided.1783608325235977-431-0/minicluster-data/ts-0-root/data
Total live blocks: 0
Total live bytes: 0
Total live bytes (after alignment): 0
Total number of LBM containers: 0 (0 full)
Did not check for missing blocks
Did not check for orphaned blocks
Total full LBM containers with extra space: 0 (0 repaired)
Total full LBM container extra space in bytes: 0 (0 repaired)
Total incomplete LBM containers: 0 (0 repaired)
Total LBM partial records: 0 (0 repaired)
Total corrupted LBM metadata records in RocksDB: 0 (0 repaired)
I20260709 14:45:26.930449   431 rpc_server.cc:225] running with OpenSSL 1.1.1  11 Sep 2018
I20260709 14:45:26.932189   431 kserver.cc:163] Server-wide thread pool size limit: 3276
I20260709 14:45:26.934849   431 txn_system_client.cc:432] TxnSystemClient initialization is disabled...
I20260709 14:45:26.940465   431 ts_tablet_manager.cc:585] Loaded tablet metadata (0 total tablets, 0 live tablets)
I20260709 14:45:26.940788   431 ts_tablet_manager.cc:531] Time spent load tablet metadata: real 0.000s	user 0.000s	sys 0.000s
I20260709 14:45:26.941160   431 ts_tablet_manager.cc:616] Registered 0 tablets
I20260709 14:45:26.941385   431 ts_tablet_manager.cc:595] Time spent register tablets: real 0.000s	user 0.000s	sys 0.000s
I20260709 14:45:27.040005   431 rpc_server.cc:307] RPC server started. Bound to: 127.0.107.193:35005
I20260709 14:45:27.040489   590 acceptor_pool.cc:272] collecting diagnostics on the listening RPC socket 127.0.107.193:35005 every 8 connection(s)
I20260709 14:45:27.047888   431 file_cache.cc:504] Constructed file cache file cache with capacity 419430
W20260709 14:45:27.057417   595 instance_detector.cc:116] could not retrieve AWS instance metadata: Network error: curl error: HTTP response code said error: The requested URL returned error: 404
W20260709 14:45:27.061867   596 instance_detector.cc:116] could not retrieve Azure instance metadata: Network error: curl error: HTTP response code said error: The requested URL returned error: 404
W20260709 14:45:27.066596   598 instance_detector.cc:116] could not retrieve OpenStack instance metadata: Network error: curl error: HTTP response code said error: The requested URL returned error: 404
I20260709 14:45:27.066694   431 server_base.cc:1061] running on GCE node
I20260709 14:45:27.067678   431 hybrid_clock.cc:584] initializing the hybrid clock with 'system_unsync' time source
W20260709 14:45:27.067893   431 system_unsync_time.cc:38] NTP support is disabled. Clock error bounds will not be accurate. This configuration is not suitable for distributed clusters.
I20260709 14:45:27.068092   431 hybrid_clock.cc:648] HybridClock initialized: now 1783608327068073 us; error 0 us; skew 500 ppm
I20260709 14:45:27.068874   431 server_base.cc:861] Flag tcmalloc_max_total_thread_cache_bytes is not working since tcmalloc is not enabled.
I20260709 14:45:27.073390   431 webserver.cc:533] Webserver started at http://127.0.107.194:39659/ using document root <none> and password file <none>
I20260709 14:45:27.073949   431 fs_manager.cc:362] Metadata directory not provided
I20260709 14:45:27.074162   431 fs_manager.cc:368] Using write-ahead log directory (fs_wal_dir) as metadata directory
I20260709 14:45:27.074471   431 server_base.cc:909] This appears to be a new deployment of Kudu; creating new FS layout
I20260709 14:45:27.075901   431 fs_manager.cc:1068] Generated new instance metadata in path /tmp/dist-test-taskgNfVpo/test-tmp/auto_leader_rebalancer-test.0.LeaderRebalancerTest.FunctionalTestForDivided.1783608325235977-431-0/minicluster-data/ts-1-root/instance:
uuid: "bfd440dbad3e4fb2b15ebbdb34d42e9a"
format_stamp: "Formatted at 2026-07-09 14:45:27 on dist-test-slave-xzj9"
I20260709 14:45:27.076156   591 heartbeater.cc:344] Connected to a master server at 127.0.107.254:44389
I20260709 14:45:27.076624   591 heartbeater.cc:461] Registering TS with master...
I20260709 14:45:27.077718   591 heartbeater.cc:507] Master 127.0.107.254:44389 requested a full tablet report, sending...
I20260709 14:45:27.081207   463 ts_manager.cc:194] Registered new tserver with Master: c062a91a54ac42dfa4ce6b65e3c7a331 (127.0.107.193:35005)
I20260709 14:45:27.081548   431 fs_manager.cc:696] Time spent creating directory manager: real 0.005s	user 0.007s	sys 0.001s
I20260709 14:45:27.084201   463 master_service.cc:502] Signed X509 certificate for tserver {username='slave'} at 127.0.0.1:55708
I20260709 14:45:27.086917   603 log_block_manager.cc:4127] Time spent loading block containers with low live blocks: real 0.000s	user 0.000s	sys 0.000s
I20260709 14:45:27.087739   431 fs_manager.cc:730] Time spent opening block manager: real 0.004s	user 0.001s	sys 0.004s
I20260709 14:45:27.088001   431 fs_manager.cc:647] Opened local filesystem: /tmp/dist-test-taskgNfVpo/test-tmp/auto_leader_rebalancer-test.0.LeaderRebalancerTest.FunctionalTestForDivided.1783608325235977-431-0/minicluster-data/ts-1-root
uuid: "bfd440dbad3e4fb2b15ebbdb34d42e9a"
format_stamp: "Formatted at 2026-07-09 14:45:27 on dist-test-slave-xzj9"
I20260709 14:45:27.088251   431 fs_report.cc:389] FS layout report
--------------------
wal directory: /tmp/dist-test-taskgNfVpo/test-tmp/auto_leader_rebalancer-test.0.LeaderRebalancerTest.FunctionalTestForDivided.1783608325235977-431-0/minicluster-data/ts-1-root
metadata directory: /tmp/dist-test-taskgNfVpo/test-tmp/auto_leader_rebalancer-test.0.LeaderRebalancerTest.FunctionalTestForDivided.1783608325235977-431-0/minicluster-data/ts-1-root
1 data directories: /tmp/dist-test-taskgNfVpo/test-tmp/auto_leader_rebalancer-test.0.LeaderRebalancerTest.FunctionalTestForDivided.1783608325235977-431-0/minicluster-data/ts-1-root/data
Total live blocks: 0
Total live bytes: 0
Total live bytes (after alignment): 0
Total number of LBM containers: 0 (0 full)
Did not check for missing blocks
Did not check for orphaned blocks
Total full LBM containers with extra space: 0 (0 repaired)
Total full LBM container extra space in bytes: 0 (0 repaired)
Total incomplete LBM containers: 0 (0 repaired)
Total LBM partial records: 0 (0 repaired)
Total corrupted LBM metadata records in RocksDB: 0 (0 repaired)
I20260709 14:45:27.101724   431 rpc_server.cc:225] running with OpenSSL 1.1.1  11 Sep 2018
I20260709 14:45:27.102900   431 kserver.cc:163] Server-wide thread pool size limit: 3276
I20260709 14:45:27.105154   431 txn_system_client.cc:432] TxnSystemClient initialization is disabled...
I20260709 14:45:27.108233   431 ts_tablet_manager.cc:585] Loaded tablet metadata (0 total tablets, 0 live tablets)
I20260709 14:45:27.108428   431 ts_tablet_manager.cc:531] Time spent load tablet metadata: real 0.000s	user 0.000s	sys 0.000s
I20260709 14:45:27.108641   431 ts_tablet_manager.cc:616] Registered 0 tablets
I20260709 14:45:27.108790   431 ts_tablet_manager.cc:595] Time spent register tablets: real 0.000s	user 0.000s	sys 0.000s
I20260709 14:45:27.207787   431 rpc_server.cc:307] RPC server started. Bound to: 127.0.107.194:43187
I20260709 14:45:27.207945   665 acceptor_pool.cc:272] collecting diagnostics on the listening RPC socket 127.0.107.194:43187 every 8 connection(s)
I20260709 14:45:27.214684   431 file_cache.cc:504] Constructed file cache file cache with capacity 419430
W20260709 14:45:27.230563   669 instance_detector.cc:116] could not retrieve AWS instance metadata: Network error: curl error: HTTP response code said error: The requested URL returned error: 404
W20260709 14:45:27.231842   670 instance_detector.cc:116] could not retrieve Azure instance metadata: Network error: curl error: HTTP response code said error: The requested URL returned error: 404
I20260709 14:45:27.232378   666 heartbeater.cc:344] Connected to a master server at 127.0.107.254:44389
I20260709 14:45:27.232811   666 heartbeater.cc:461] Registering TS with master...
I20260709 14:45:27.233824   666 heartbeater.cc:507] Master 127.0.107.254:44389 requested a full tablet report, sending...
I20260709 14:45:27.236425   463 ts_manager.cc:194] Registered new tserver with Master: bfd440dbad3e4fb2b15ebbdb34d42e9a (127.0.107.194:43187)
I20260709 14:45:27.238231   463 master_service.cc:502] Signed X509 certificate for tserver {username='slave'} at 127.0.0.1:55710
I20260709 14:45:27.241840   431 server_base.cc:1061] running on GCE node
W20260709 14:45:27.243399   672 instance_detector.cc:116] could not retrieve OpenStack instance metadata: Network error: curl error: HTTP response code said error: The requested URL returned error: 404
I20260709 14:45:27.244371   431 hybrid_clock.cc:584] initializing the hybrid clock with 'system_unsync' time source
W20260709 14:45:27.244635   431 system_unsync_time.cc:38] NTP support is disabled. Clock error bounds will not be accurate. This configuration is not suitable for distributed clusters.
I20260709 14:45:27.244838   431 hybrid_clock.cc:648] HybridClock initialized: now 1783608327244821 us; error 0 us; skew 500 ppm
I20260709 14:45:27.245599   431 server_base.cc:861] Flag tcmalloc_max_total_thread_cache_bytes is not working since tcmalloc is not enabled.
I20260709 14:45:27.248158   431 webserver.cc:533] Webserver started at http://127.0.107.195:37033/ using document root <none> and password file <none>
I20260709 14:45:27.248734   431 fs_manager.cc:362] Metadata directory not provided
I20260709 14:45:27.248960   431 fs_manager.cc:368] Using write-ahead log directory (fs_wal_dir) as metadata directory
I20260709 14:45:27.249289   431 server_base.cc:909] This appears to be a new deployment of Kudu; creating new FS layout
I20260709 14:45:27.250736   431 fs_manager.cc:1068] Generated new instance metadata in path /tmp/dist-test-taskgNfVpo/test-tmp/auto_leader_rebalancer-test.0.LeaderRebalancerTest.FunctionalTestForDivided.1783608325235977-431-0/minicluster-data/ts-2-root/instance:
uuid: "257cf03518e34eb4beaecce00f596095"
format_stamp: "Formatted at 2026-07-09 14:45:27 on dist-test-slave-xzj9"
I20260709 14:45:27.256243   431 fs_manager.cc:696] Time spent creating directory manager: real 0.005s	user 0.006s	sys 0.000s
I20260709 14:45:27.260264   677 log_block_manager.cc:4127] Time spent loading block containers with low live blocks: real 0.000s	user 0.000s	sys 0.000s
I20260709 14:45:27.261051   431 fs_manager.cc:730] Time spent opening block manager: real 0.002s	user 0.003s	sys 0.000s
I20260709 14:45:27.261370   431 fs_manager.cc:647] Opened local filesystem: /tmp/dist-test-taskgNfVpo/test-tmp/auto_leader_rebalancer-test.0.LeaderRebalancerTest.FunctionalTestForDivided.1783608325235977-431-0/minicluster-data/ts-2-root
uuid: "257cf03518e34eb4beaecce00f596095"
format_stamp: "Formatted at 2026-07-09 14:45:27 on dist-test-slave-xzj9"
I20260709 14:45:27.261720   431 fs_report.cc:389] FS layout report
--------------------
wal directory: /tmp/dist-test-taskgNfVpo/test-tmp/auto_leader_rebalancer-test.0.LeaderRebalancerTest.FunctionalTestForDivided.1783608325235977-431-0/minicluster-data/ts-2-root
metadata directory: /tmp/dist-test-taskgNfVpo/test-tmp/auto_leader_rebalancer-test.0.LeaderRebalancerTest.FunctionalTestForDivided.1783608325235977-431-0/minicluster-data/ts-2-root
1 data directories: /tmp/dist-test-taskgNfVpo/test-tmp/auto_leader_rebalancer-test.0.LeaderRebalancerTest.FunctionalTestForDivided.1783608325235977-431-0/minicluster-data/ts-2-root/data
Total live blocks: 0
Total live bytes: 0
Total live bytes (after alignment): 0
Total number of LBM containers: 0 (0 full)
Did not check for missing blocks
Did not check for orphaned blocks
Total full LBM containers with extra space: 0 (0 repaired)
Total full LBM container extra space in bytes: 0 (0 repaired)
Total incomplete LBM containers: 0 (0 repaired)
Total LBM partial records: 0 (0 repaired)
Total corrupted LBM metadata records in RocksDB: 0 (0 repaired)
I20260709 14:45:27.285166   431 rpc_server.cc:225] running with OpenSSL 1.1.1  11 Sep 2018
I20260709 14:45:27.287022   431 kserver.cc:163] Server-wide thread pool size limit: 3276
I20260709 14:45:27.288647   431 txn_system_client.cc:432] TxnSystemClient initialization is disabled...
I20260709 14:45:27.291325   431 ts_tablet_manager.cc:585] Loaded tablet metadata (0 total tablets, 0 live tablets)
I20260709 14:45:27.291577   431 ts_tablet_manager.cc:531] Time spent load tablet metadata: real 0.000s	user 0.000s	sys 0.000s
I20260709 14:45:27.291859   431 ts_tablet_manager.cc:616] Registered 0 tablets
I20260709 14:45:27.292070   431 ts_tablet_manager.cc:595] Time spent register tablets: real 0.000s	user 0.000s	sys 0.000s
I20260709 14:45:27.382272   431 rpc_server.cc:307] RPC server started. Bound to: 127.0.107.195:43145
I20260709 14:45:27.382292   739 acceptor_pool.cc:272] collecting diagnostics on the listening RPC socket 127.0.107.195:43145 every 8 connection(s)
I20260709 14:45:27.399582   740 heartbeater.cc:344] Connected to a master server at 127.0.107.254:44389
I20260709 14:45:27.399953   740 heartbeater.cc:461] Registering TS with master...
I20260709 14:45:27.400727   740 heartbeater.cc:507] Master 127.0.107.254:44389 requested a full tablet report, sending...
I20260709 14:45:27.402817   463 ts_manager.cc:194] Registered new tserver with Master: 257cf03518e34eb4beaecce00f596095 (127.0.107.195:43145)
I20260709 14:45:27.403463   431 internal_mini_cluster.cc:371] 3 TS(s) registered with all masters after 0.015318834s
I20260709 14:45:27.404503   463 master_service.cc:502] Signed X509 certificate for tserver {username='slave'} at 127.0.0.1:55724
I20260709 14:45:27.465377   463 catalog_manager.cc:2283] Servicing CreateTable request from {username='slave'} at 127.0.0.1:55726:
name: "test-workload"
schema {
  columns {
    name: "key"
    type: INT32
    is_key: true
    is_nullable: false
    encoding: AUTO_ENCODING
    compression: DEFAULT_COMPRESSION
    cfile_block_size: 0
    immutable: false
  }
  columns {
    name: "int_val"
    type: INT32
    is_key: false
    is_nullable: false
    encoding: AUTO_ENCODING
    compression: DEFAULT_COMPRESSION
    cfile_block_size: 0
    immutable: false
  }
  columns {
    name: "string_val"
    type: STRING
    is_key: false
    is_nullable: true
    encoding: AUTO_ENCODING
    compression: DEFAULT_COMPRESSION
    cfile_block_size: 0
    immutable: false
  }
}
num_replicas: 3
split_rows_range_bounds {
  rows: "\004\001\000\216\3438\016\004\001\000\034\307q\034\004\001\000\252\252\252*\004\001\0008\216\3438\004\001\000\306q\034G\004\001\000TUUU\004\001\000\3428\216c\004\001\000p\034\307q""\004\001\000\216\3438\016\004\001\000\034\307q\034\004\001\000\252\252\252*\004\001\0008\216\3438\004\001\000\306q\034G\004\001\000TUUU\004\001\000\3428\216c\004\001\000p\034\307q"
  indirect_data: """"
}
partition_schema {
  range_schema {
    columns {
      name: "key"
    }
  }
}
W20260709 14:45:27.471467   463 catalog_manager.cc:7077] The number of live tablet servers is not enough to re-replicate a tablet replica of the newly created table test-workload in case of a server failure: 4 tablet servers would be needed, 3 are available. Consider bringing up more tablet servers.
I20260709 14:45:27.604815   705 tablet_service.cc:1511] Processing CreateTablet for tablet 7124a35d886c4a71a5e4393a87935e96 (DEFAULT_TABLE table=test-workload [id=b91da913522d430292b2aa408e7561f1]), partition=RANGE (key) PARTITION VALUES < 238609294
I20260709 14:45:27.607177   705 data_dirs.cc:400] Could only allocate 1 dirs of requested 3 for tablet 7124a35d886c4a71a5e4393a87935e96. 1 dirs total, 0 dirs full, 0 dirs failed
I20260709 14:45:27.608413   630 tablet_service.cc:1511] Processing CreateTablet for tablet 48989f6537b34e64bef09e23c3e35aba (DEFAULT_TABLE table=test-workload [id=b91da913522d430292b2aa408e7561f1]), partition=RANGE (key) PARTITION 238609294 <= VALUES < 477218588
I20260709 14:45:27.610668   704 tablet_service.cc:1511] Processing CreateTablet for tablet 48989f6537b34e64bef09e23c3e35aba (DEFAULT_TABLE table=test-workload [id=b91da913522d430292b2aa408e7561f1]), partition=RANGE (key) PARTITION 238609294 <= VALUES < 477218588
I20260709 14:45:27.628425   630 data_dirs.cc:400] Could only allocate 1 dirs of requested 3 for tablet 48989f6537b34e64bef09e23c3e35aba. 1 dirs total, 0 dirs full, 0 dirs failed
I20260709 14:45:27.631189   704 data_dirs.cc:400] Could only allocate 1 dirs of requested 3 for tablet 48989f6537b34e64bef09e23c3e35aba. 1 dirs total, 0 dirs full, 0 dirs failed
I20260709 14:45:27.622710   629 tablet_service.cc:1511] Processing CreateTablet for tablet ddd576f3db8c4e93a4ca7dac98c6e167 (DEFAULT_TABLE table=test-workload [id=b91da913522d430292b2aa408e7561f1]), partition=RANGE (key) PARTITION 477218588 <= VALUES < 715827882
I20260709 14:45:27.624406   626 tablet_service.cc:1511] Processing CreateTablet for tablet 1ccd1c9e83a24506a49bbba0116fec36 (DEFAULT_TABLE table=test-workload [id=b91da913522d430292b2aa408e7561f1]), partition=RANGE (key) PARTITION 1193046470 <= VALUES < 1431655764
I20260709 14:45:27.631232   631 tablet_service.cc:1511] Processing CreateTablet for tablet 7124a35d886c4a71a5e4393a87935e96 (DEFAULT_TABLE table=test-workload [id=b91da913522d430292b2aa408e7561f1]), partition=RANGE (key) PARTITION VALUES < 238609294
I20260709 14:45:27.632341   627 tablet_service.cc:1511] Processing CreateTablet for tablet b50b84ff29c84417905bbaff7795d1a7 (DEFAULT_TABLE table=test-workload [id=b91da913522d430292b2aa408e7561f1]), partition=RANGE (key) PARTITION 954437176 <= VALUES < 1193046470
I20260709 14:45:27.635215   628 tablet_service.cc:1511] Processing CreateTablet for tablet 89043787813f425fb96cc356fcded883 (DEFAULT_TABLE table=test-workload [id=b91da913522d430292b2aa408e7561f1]), partition=RANGE (key) PARTITION 715827882 <= VALUES < 954437176
I20260709 14:45:27.645563   702 tablet_service.cc:1511] Processing CreateTablet for tablet 89043787813f425fb96cc356fcded883 (DEFAULT_TABLE table=test-workload [id=b91da913522d430292b2aa408e7561f1]), partition=RANGE (key) PARTITION 715827882 <= VALUES < 954437176
I20260709 14:45:27.636679   624 tablet_service.cc:1511] Processing CreateTablet for tablet ac277de140f24305a917ce2529ea32e1 (DEFAULT_TABLE table=test-workload [id=b91da913522d430292b2aa408e7561f1]), partition=RANGE (key) PARTITION 1670265058 <= VALUES < 1908874352
I20260709 14:45:27.646678   699 tablet_service.cc:1511] Processing CreateTablet for tablet d08b20f661c14e208f576918e514a290 (DEFAULT_TABLE table=test-workload [id=b91da913522d430292b2aa408e7561f1]), partition=RANGE (key) PARTITION 1431655764 <= VALUES < 1670265058
I20260709 14:45:27.629586   625 tablet_service.cc:1511] Processing CreateTablet for tablet d08b20f661c14e208f576918e514a290 (DEFAULT_TABLE table=test-workload [id=b91da913522d430292b2aa408e7561f1]), partition=RANGE (key) PARTITION 1431655764 <= VALUES < 1670265058
I20260709 14:45:27.648435   700 tablet_service.cc:1511] Processing CreateTablet for tablet 1ccd1c9e83a24506a49bbba0116fec36 (DEFAULT_TABLE table=test-workload [id=b91da913522d430292b2aa408e7561f1]), partition=RANGE (key) PARTITION 1193046470 <= VALUES < 1431655764
I20260709 14:45:27.645466   703 tablet_service.cc:1511] Processing CreateTablet for tablet ddd576f3db8c4e93a4ca7dac98c6e167 (DEFAULT_TABLE table=test-workload [id=b91da913522d430292b2aa408e7561f1]), partition=RANGE (key) PARTITION 477218588 <= VALUES < 715827882
I20260709 14:45:27.658264   623 tablet_service.cc:1511] Processing CreateTablet for tablet e74ef1e6d3d74f3191adb5e86d1ba2ff (DEFAULT_TABLE table=test-workload [id=b91da913522d430292b2aa408e7561f1]), partition=RANGE (key) PARTITION 1908874352 <= VALUES
I20260709 14:45:27.660633   702 data_dirs.cc:400] Could only allocate 1 dirs of requested 3 for tablet 89043787813f425fb96cc356fcded883. 1 dirs total, 0 dirs full, 0 dirs failed
I20260709 14:45:27.662813   703 data_dirs.cc:400] Could only allocate 1 dirs of requested 3 for tablet ddd576f3db8c4e93a4ca7dac98c6e167. 1 dirs total, 0 dirs full, 0 dirs failed
I20260709 14:45:27.651471   701 tablet_service.cc:1511] Processing CreateTablet for tablet b50b84ff29c84417905bbaff7795d1a7 (DEFAULT_TABLE table=test-workload [id=b91da913522d430292b2aa408e7561f1]), partition=RANGE (key) PARTITION 954437176 <= VALUES < 1193046470
I20260709 14:45:27.666262   701 data_dirs.cc:400] Could only allocate 1 dirs of requested 3 for tablet b50b84ff29c84417905bbaff7795d1a7. 1 dirs total, 0 dirs full, 0 dirs failed
I20260709 14:45:27.664582   698 tablet_service.cc:1511] Processing CreateTablet for tablet ac277de140f24305a917ce2529ea32e1 (DEFAULT_TABLE table=test-workload [id=b91da913522d430292b2aa408e7561f1]), partition=RANGE (key) PARTITION 1670265058 <= VALUES < 1908874352
I20260709 14:45:27.668265   698 data_dirs.cc:400] Could only allocate 1 dirs of requested 3 for tablet ac277de140f24305a917ce2529ea32e1. 1 dirs total, 0 dirs full, 0 dirs failed
I20260709 14:45:27.672286   699 data_dirs.cc:400] Could only allocate 1 dirs of requested 3 for tablet d08b20f661c14e208f576918e514a290. 1 dirs total, 0 dirs full, 0 dirs failed
I20260709 14:45:27.676684   629 data_dirs.cc:400] Could only allocate 1 dirs of requested 3 for tablet ddd576f3db8c4e93a4ca7dac98c6e167. 1 dirs total, 0 dirs full, 0 dirs failed
I20260709 14:45:27.678174   625 data_dirs.cc:400] Could only allocate 1 dirs of requested 3 for tablet d08b20f661c14e208f576918e514a290. 1 dirs total, 0 dirs full, 0 dirs failed
I20260709 14:45:27.679637   628 data_dirs.cc:400] Could only allocate 1 dirs of requested 3 for tablet 89043787813f425fb96cc356fcded883. 1 dirs total, 0 dirs full, 0 dirs failed
I20260709 14:45:27.691396   623 data_dirs.cc:400] Could only allocate 1 dirs of requested 3 for tablet e74ef1e6d3d74f3191adb5e86d1ba2ff. 1 dirs total, 0 dirs full, 0 dirs failed
I20260709 14:45:27.698493   700 data_dirs.cc:400] Could only allocate 1 dirs of requested 3 for tablet 1ccd1c9e83a24506a49bbba0116fec36. 1 dirs total, 0 dirs full, 0 dirs failed
I20260709 14:45:27.707093   631 data_dirs.cc:400] Could only allocate 1 dirs of requested 3 for tablet 7124a35d886c4a71a5e4393a87935e96. 1 dirs total, 0 dirs full, 0 dirs failed
I20260709 14:45:27.718211   697 tablet_service.cc:1511] Processing CreateTablet for tablet e74ef1e6d3d74f3191adb5e86d1ba2ff (DEFAULT_TABLE table=test-workload [id=b91da913522d430292b2aa408e7561f1]), partition=RANGE (key) PARTITION 1908874352 <= VALUES
I20260709 14:45:27.720093   697 data_dirs.cc:400] Could only allocate 1 dirs of requested 3 for tablet e74ef1e6d3d74f3191adb5e86d1ba2ff. 1 dirs total, 0 dirs full, 0 dirs failed
I20260709 14:45:27.739706   627 data_dirs.cc:400] Could only allocate 1 dirs of requested 3 for tablet b50b84ff29c84417905bbaff7795d1a7. 1 dirs total, 0 dirs full, 0 dirs failed
I20260709 14:45:27.759318   624 data_dirs.cc:400] Could only allocate 1 dirs of requested 3 for tablet ac277de140f24305a917ce2529ea32e1. 1 dirs total, 0 dirs full, 0 dirs failed
I20260709 14:45:27.773198   626 data_dirs.cc:400] Could only allocate 1 dirs of requested 3 for tablet 1ccd1c9e83a24506a49bbba0116fec36. 1 dirs total, 0 dirs full, 0 dirs failed
I20260709 14:45:27.773805   553 tablet_service.cc:1511] Processing CreateTablet for tablet 89043787813f425fb96cc356fcded883 (DEFAULT_TABLE table=test-workload [id=b91da913522d430292b2aa408e7561f1]), partition=RANGE (key) PARTITION 715827882 <= VALUES < 954437176
I20260709 14:45:27.771008   556 tablet_service.cc:1511] Processing CreateTablet for tablet 7124a35d886c4a71a5e4393a87935e96 (DEFAULT_TABLE table=test-workload [id=b91da913522d430292b2aa408e7561f1]), partition=RANGE (key) PARTITION VALUES < 238609294
I20260709 14:45:27.780580   759 tablet_bootstrap.cc:492] T 89043787813f425fb96cc356fcded883 P 257cf03518e34eb4beaecce00f596095: Bootstrap starting.
I20260709 14:45:27.778113   555 tablet_service.cc:1511] Processing CreateTablet for tablet 48989f6537b34e64bef09e23c3e35aba (DEFAULT_TABLE table=test-workload [id=b91da913522d430292b2aa408e7561f1]), partition=RANGE (key) PARTITION 238609294 <= VALUES < 477218588
I20260709 14:45:27.790402   553 data_dirs.cc:400] Could only allocate 1 dirs of requested 3 for tablet 89043787813f425fb96cc356fcded883. 1 dirs total, 0 dirs full, 0 dirs failed
I20260709 14:45:27.776710   551 tablet_service.cc:1511] Processing CreateTablet for tablet 1ccd1c9e83a24506a49bbba0116fec36 (DEFAULT_TABLE table=test-workload [id=b91da913522d430292b2aa408e7561f1]), partition=RANGE (key) PARTITION 1193046470 <= VALUES < 1431655764
I20260709 14:45:27.788854   552 tablet_service.cc:1511] Processing CreateTablet for tablet b50b84ff29c84417905bbaff7795d1a7 (DEFAULT_TABLE table=test-workload [id=b91da913522d430292b2aa408e7561f1]), partition=RANGE (key) PARTITION 954437176 <= VALUES < 1193046470
I20260709 14:45:27.803236   556 data_dirs.cc:400] Could only allocate 1 dirs of requested 3 for tablet 7124a35d886c4a71a5e4393a87935e96. 1 dirs total, 0 dirs full, 0 dirs failed
I20260709 14:45:27.796072   554 tablet_service.cc:1511] Processing CreateTablet for tablet ddd576f3db8c4e93a4ca7dac98c6e167 (DEFAULT_TABLE table=test-workload [id=b91da913522d430292b2aa408e7561f1]), partition=RANGE (key) PARTITION 477218588 <= VALUES < 715827882
I20260709 14:45:27.795480   549 tablet_service.cc:1511] Processing CreateTablet for tablet ac277de140f24305a917ce2529ea32e1 (DEFAULT_TABLE table=test-workload [id=b91da913522d430292b2aa408e7561f1]), partition=RANGE (key) PARTITION 1670265058 <= VALUES < 1908874352
I20260709 14:45:27.806591   758 tablet_bootstrap.cc:492] T 48989f6537b34e64bef09e23c3e35aba P bfd440dbad3e4fb2b15ebbdb34d42e9a: Bootstrap starting.
I20260709 14:45:27.799062   548 tablet_service.cc:1511] Processing CreateTablet for tablet e74ef1e6d3d74f3191adb5e86d1ba2ff (DEFAULT_TABLE table=test-workload [id=b91da913522d430292b2aa408e7561f1]), partition=RANGE (key) PARTITION 1908874352 <= VALUES
I20260709 14:45:27.811231   555 data_dirs.cc:400] Could only allocate 1 dirs of requested 3 for tablet 48989f6537b34e64bef09e23c3e35aba. 1 dirs total, 0 dirs full, 0 dirs failed
I20260709 14:45:27.799180   550 tablet_service.cc:1511] Processing CreateTablet for tablet d08b20f661c14e208f576918e514a290 (DEFAULT_TABLE table=test-workload [id=b91da913522d430292b2aa408e7561f1]), partition=RANGE (key) PARTITION 1431655764 <= VALUES < 1670265058
W20260709 14:45:27.815402   511 auto_rebalancer.cc:288] Could not retrieve cluster info: Service unavailable: Tablet not running
I20260709 14:45:27.816280   552 data_dirs.cc:400] Could only allocate 1 dirs of requested 3 for tablet b50b84ff29c84417905bbaff7795d1a7. 1 dirs total, 0 dirs full, 0 dirs failed
I20260709 14:45:27.818924   551 data_dirs.cc:400] Could only allocate 1 dirs of requested 3 for tablet 1ccd1c9e83a24506a49bbba0116fec36. 1 dirs total, 0 dirs full, 0 dirs failed
I20260709 14:45:27.820259   549 data_dirs.cc:400] Could only allocate 1 dirs of requested 3 for tablet ac277de140f24305a917ce2529ea32e1. 1 dirs total, 0 dirs full, 0 dirs failed
I20260709 14:45:27.831103   548 data_dirs.cc:400] Could only allocate 1 dirs of requested 3 for tablet e74ef1e6d3d74f3191adb5e86d1ba2ff. 1 dirs total, 0 dirs full, 0 dirs failed
I20260709 14:45:27.832738   554 data_dirs.cc:400] Could only allocate 1 dirs of requested 3 for tablet ddd576f3db8c4e93a4ca7dac98c6e167. 1 dirs total, 0 dirs full, 0 dirs failed
I20260709 14:45:27.844105   550 data_dirs.cc:400] Could only allocate 1 dirs of requested 3 for tablet d08b20f661c14e208f576918e514a290. 1 dirs total, 0 dirs full, 0 dirs failed
I20260709 14:45:27.908938   759 tablet_bootstrap.cc:654] T 89043787813f425fb96cc356fcded883 P 257cf03518e34eb4beaecce00f596095: Neither blocks nor log segments found. Creating new log.
I20260709 14:45:27.919608   758 tablet_bootstrap.cc:654] T 48989f6537b34e64bef09e23c3e35aba P bfd440dbad3e4fb2b15ebbdb34d42e9a: Neither blocks nor log segments found. Creating new log.
I20260709 14:45:27.945290   760 tablet_bootstrap.cc:492] T d08b20f661c14e208f576918e514a290 P c062a91a54ac42dfa4ce6b65e3c7a331: Bootstrap starting.
I20260709 14:45:27.964355   759 tablet_bootstrap.cc:492] T 89043787813f425fb96cc356fcded883 P 257cf03518e34eb4beaecce00f596095: No bootstrap required, opened a new log
I20260709 14:45:27.964812   758 tablet_bootstrap.cc:492] T 48989f6537b34e64bef09e23c3e35aba P bfd440dbad3e4fb2b15ebbdb34d42e9a: No bootstrap required, opened a new log
I20260709 14:45:27.965291   758 ts_tablet_manager.cc:1403] T 48989f6537b34e64bef09e23c3e35aba P bfd440dbad3e4fb2b15ebbdb34d42e9a: Time spent bootstrapping tablet: real 0.189s	user 0.003s	sys 0.014s
I20260709 14:45:27.970283   758 raft_consensus.cc:359] T 48989f6537b34e64bef09e23c3e35aba P bfd440dbad3e4fb2b15ebbdb34d42e9a [term 0 FOLLOWER]: Replica starting. Triggering 0 pending ops. Active config: opid_index: -1 OBSOLETE_local: false peers { permanent_uuid: "c062a91a54ac42dfa4ce6b65e3c7a331" member_type: VOTER last_known_addr { host: "127.0.107.193" port: 35005 } } peers { permanent_uuid: "bfd440dbad3e4fb2b15ebbdb34d42e9a" member_type: VOTER last_known_addr { host: "127.0.107.194" port: 43187 } } peers { permanent_uuid: "257cf03518e34eb4beaecce00f596095" member_type: VOTER last_known_addr { host: "127.0.107.195" port: 43145 } }
I20260709 14:45:27.964835   759 ts_tablet_manager.cc:1403] T 89043787813f425fb96cc356fcded883 P 257cf03518e34eb4beaecce00f596095: Time spent bootstrapping tablet: real 0.189s	user 0.024s	sys 0.017s
I20260709 14:45:27.968645   760 tablet_bootstrap.cc:654] T d08b20f661c14e208f576918e514a290 P c062a91a54ac42dfa4ce6b65e3c7a331: Neither blocks nor log segments found. Creating new log.
I20260709 14:45:27.970819   758 raft_consensus.cc:385] T 48989f6537b34e64bef09e23c3e35aba P bfd440dbad3e4fb2b15ebbdb34d42e9a [term 0 FOLLOWER]: Consensus starting up: Expiring failure detector timer to make a prompt election more likely
I20260709 14:45:27.973904   758 raft_consensus.cc:740] T 48989f6537b34e64bef09e23c3e35aba P bfd440dbad3e4fb2b15ebbdb34d42e9a [term 0 FOLLOWER]: Becoming Follower/Learner. State: Replica: bfd440dbad3e4fb2b15ebbdb34d42e9a, State: Initialized, Role: FOLLOWER
I20260709 14:45:27.974736   758 consensus_queue.cc:260] T 48989f6537b34e64bef09e23c3e35aba P bfd440dbad3e4fb2b15ebbdb34d42e9a [NON_LEADER]: Queue going to NON_LEADER mode. State: All replicated index: 0, Majority replicated index: 0, Committed index: 0, Last appended: 0.0, Last appended by leader: 0, Current term: 0, Majority size: -1, State: 0, Mode: NON_LEADER, active raft config: opid_index: -1 OBSOLETE_local: false peers { permanent_uuid: "c062a91a54ac42dfa4ce6b65e3c7a331" member_type: VOTER last_known_addr { host: "127.0.107.193" port: 35005 } } peers { permanent_uuid: "bfd440dbad3e4fb2b15ebbdb34d42e9a" member_type: VOTER last_known_addr { host: "127.0.107.194" port: 43187 } } peers { permanent_uuid: "257cf03518e34eb4beaecce00f596095" member_type: VOTER last_known_addr { host: "127.0.107.195" port: 43145 } }
I20260709 14:45:27.976266   759 raft_consensus.cc:359] T 89043787813f425fb96cc356fcded883 P 257cf03518e34eb4beaecce00f596095 [term 0 FOLLOWER]: Replica starting. Triggering 0 pending ops. Active config: opid_index: -1 OBSOLETE_local: false peers { permanent_uuid: "c062a91a54ac42dfa4ce6b65e3c7a331" member_type: VOTER last_known_addr { host: "127.0.107.193" port: 35005 } } peers { permanent_uuid: "bfd440dbad3e4fb2b15ebbdb34d42e9a" member_type: VOTER last_known_addr { host: "127.0.107.194" port: 43187 } } peers { permanent_uuid: "257cf03518e34eb4beaecce00f596095" member_type: VOTER last_known_addr { host: "127.0.107.195" port: 43145 } }
I20260709 14:45:27.978744   759 raft_consensus.cc:385] T 89043787813f425fb96cc356fcded883 P 257cf03518e34eb4beaecce00f596095 [term 0 FOLLOWER]: Consensus starting up: Expiring failure detector timer to make a prompt election more likely
I20260709 14:45:27.979095   759 raft_consensus.cc:740] T 89043787813f425fb96cc356fcded883 P 257cf03518e34eb4beaecce00f596095 [term 0 FOLLOWER]: Becoming Follower/Learner. State: Replica: 257cf03518e34eb4beaecce00f596095, State: Initialized, Role: FOLLOWER
I20260709 14:45:27.979861   759 consensus_queue.cc:260] T 89043787813f425fb96cc356fcded883 P 257cf03518e34eb4beaecce00f596095 [NON_LEADER]: Queue going to NON_LEADER mode. State: All replicated index: 0, Majority replicated index: 0, Committed index: 0, Last appended: 0.0, Last appended by leader: 0, Current term: 0, Majority size: -1, State: 0, Mode: NON_LEADER, active raft config: opid_index: -1 OBSOLETE_local: false peers { permanent_uuid: "c062a91a54ac42dfa4ce6b65e3c7a331" member_type: VOTER last_known_addr { host: "127.0.107.193" port: 35005 } } peers { permanent_uuid: "bfd440dbad3e4fb2b15ebbdb34d42e9a" member_type: VOTER last_known_addr { host: "127.0.107.194" port: 43187 } } peers { permanent_uuid: "257cf03518e34eb4beaecce00f596095" member_type: VOTER last_known_addr { host: "127.0.107.195" port: 43145 } }
I20260709 14:45:27.991510   666 heartbeater.cc:499] Master 127.0.107.254:44389 was elected leader, sending a full tablet report...
I20260709 14:45:27.991611   760 tablet_bootstrap.cc:492] T d08b20f661c14e208f576918e514a290 P c062a91a54ac42dfa4ce6b65e3c7a331: No bootstrap required, opened a new log
I20260709 14:45:27.992053   758 ts_tablet_manager.cc:1434] T 48989f6537b34e64bef09e23c3e35aba P bfd440dbad3e4fb2b15ebbdb34d42e9a: Time spent starting tablet: real 0.026s	user 0.005s	sys 0.006s
I20260709 14:45:27.992208   760 ts_tablet_manager.cc:1403] T d08b20f661c14e208f576918e514a290 P c062a91a54ac42dfa4ce6b65e3c7a331: Time spent bootstrapping tablet: real 0.049s	user 0.017s	sys 0.008s
I20260709 14:45:27.992424   740 heartbeater.cc:499] Master 127.0.107.254:44389 was elected leader, sending a full tablet report...
I20260709 14:45:27.993187   758 tablet_bootstrap.cc:492] T d08b20f661c14e208f576918e514a290 P bfd440dbad3e4fb2b15ebbdb34d42e9a: Bootstrap starting.
I20260709 14:45:27.995452   760 raft_consensus.cc:359] T d08b20f661c14e208f576918e514a290 P c062a91a54ac42dfa4ce6b65e3c7a331 [term 0 FOLLOWER]: Replica starting. Triggering 0 pending ops. Active config: opid_index: -1 OBSOLETE_local: false peers { permanent_uuid: "c062a91a54ac42dfa4ce6b65e3c7a331" member_type: VOTER last_known_addr { host: "127.0.107.193" port: 35005 } } peers { permanent_uuid: "bfd440dbad3e4fb2b15ebbdb34d42e9a" member_type: VOTER last_known_addr { host: "127.0.107.194" port: 43187 } } peers { permanent_uuid: "257cf03518e34eb4beaecce00f596095" member_type: VOTER last_known_addr { host: "127.0.107.195" port: 43145 } }
