I20260709 14:45:51.116603  1732 ts_tablet_manager.cc:1403] T 041f0faf9f104823a441c272edab0856 P 06ae80510f494d7691f99b389de0eda5: Time spent bootstrapping tablet: real 0.140s	user 0.014s	sys 0.015s
I20260709 14:45:51.118705  1731 raft_consensus.cc:359] T 30f6e1e8a5984b10ad72e6821557b7c4 P 6351b417257948da898bf1e1ab264e94 [term 0 FOLLOWER]: Replica starting. Triggering 0 pending ops. Active config: opid_index: -1 OBSOLETE_local: false peers { permanent_uuid: "6351b417257948da898bf1e1ab264e94" member_type: VOTER last_known_addr { host: "127.0.107.193" port: 43181 } } peers { permanent_uuid: "d9cb49eddc16412f96f6ab6e03f8f5c1" member_type: VOTER last_known_addr { host: "127.0.107.194" port: 36707 } } peers { permanent_uuid: "06ae80510f494d7691f99b389de0eda5" member_type: VOTER last_known_addr { host: "127.0.107.195" port: 35177 } }
I20260709 14:45:51.119323  1731 raft_consensus.cc:385] T 30f6e1e8a5984b10ad72e6821557b7c4 P 6351b417257948da898bf1e1ab264e94 [term 0 FOLLOWER]: Consensus starting up: Expiring failure detector timer to make a prompt election more likely
I20260709 14:45:51.119560  1731 raft_consensus.cc:740] T 30f6e1e8a5984b10ad72e6821557b7c4 P 6351b417257948da898bf1e1ab264e94 [term 0 FOLLOWER]: Becoming Follower/Learner. State: Replica: 6351b417257948da898bf1e1ab264e94, State: Initialized, Role: FOLLOWER
I20260709 14:45:51.122781  1731 consensus_queue.cc:260] T 30f6e1e8a5984b10ad72e6821557b7c4 P 6351b417257948da898bf1e1ab264e94 [NON_LEADER]: Queue going to NON_LEADER mode. State: All replicated index: 0, Majority replicated index: 0, Committed index: 0, Last appended: 0.0, Last appended by leader: 0, Current term: 0, Majority size: -1, State: 0, Mode: NON_LEADER, active raft config: opid_index: -1 OBSOLETE_local: false peers { permanent_uuid: "6351b417257948da898bf1e1ab264e94" member_type: VOTER last_known_addr { host: "127.0.107.193" port: 43181 } } peers { permanent_uuid: "d9cb49eddc16412f96f6ab6e03f8f5c1" member_type: VOTER last_known_addr { host: "127.0.107.194" port: 36707 } } peers { permanent_uuid: "06ae80510f494d7691f99b389de0eda5" member_type: VOTER last_known_addr { host: "127.0.107.195" port: 35177 } }
I20260709 14:45:51.124682  1731 ts_tablet_manager.cc:1434] T 30f6e1e8a5984b10ad72e6821557b7c4 P 6351b417257948da898bf1e1ab264e94: Time spent starting tablet: real 0.008s	user 0.005s	sys 0.001s
I20260709 14:45:51.125432  1731 tablet_bootstrap.cc:492] T 2d8fa92c5e084ee2b312b3bb8150c293 P 6351b417257948da898bf1e1ab264e94: Bootstrap starting.
I20260709 14:45:51.125905  1732 raft_consensus.cc:359] T 041f0faf9f104823a441c272edab0856 P 06ae80510f494d7691f99b389de0eda5 [term 0 FOLLOWER]: Replica starting. Triggering 0 pending ops. Active config: opid_index: -1 OBSOLETE_local: false peers { permanent_uuid: "6351b417257948da898bf1e1ab264e94" member_type: VOTER last_known_addr { host: "127.0.107.193" port: 43181 } } peers { permanent_uuid: "d9cb49eddc16412f96f6ab6e03f8f5c1" member_type: VOTER last_known_addr { host: "127.0.107.194" port: 36707 } } peers { permanent_uuid: "06ae80510f494d7691f99b389de0eda5" member_type: VOTER last_known_addr { host: "127.0.107.195" port: 35177 } }
I20260709 14:45:51.126540  1732 raft_consensus.cc:385] T 041f0faf9f104823a441c272edab0856 P 06ae80510f494d7691f99b389de0eda5 [term 0 FOLLOWER]: Consensus starting up: Expiring failure detector timer to make a prompt election more likely
I20260709 14:45:51.126792  1732 raft_consensus.cc:740] T 041f0faf9f104823a441c272edab0856 P 06ae80510f494d7691f99b389de0eda5 [term 0 FOLLOWER]: Becoming Follower/Learner. State: Replica: 06ae80510f494d7691f99b389de0eda5, State: Initialized, Role: FOLLOWER
I20260709 14:45:51.127434  1732 consensus_queue.cc:260] T 041f0faf9f104823a441c272edab0856 P 06ae80510f494d7691f99b389de0eda5 [NON_LEADER]: Queue going to NON_LEADER mode. State: All replicated index: 0, Majority replicated index: 0, Committed index: 0, Last appended: 0.0, Last appended by leader: 0, Current term: 0, Majority size: -1, State: 0, Mode: NON_LEADER, active raft config: opid_index: -1 OBSOLETE_local: false peers { permanent_uuid: "6351b417257948da898bf1e1ab264e94" member_type: VOTER last_known_addr { host: "127.0.107.193" port: 43181 } } peers { permanent_uuid: "d9cb49eddc16412f96f6ab6e03f8f5c1" member_type: VOTER last_known_addr { host: "127.0.107.194" port: 36707 } } peers { permanent_uuid: "06ae80510f494d7691f99b389de0eda5" member_type: VOTER last_known_addr { host: "127.0.107.195" port: 35177 } }
I20260709 14:45:51.136121  1731 tablet_bootstrap.cc:654] T 2d8fa92c5e084ee2b312b3bb8150c293 P 6351b417257948da898bf1e1ab264e94: Neither blocks nor log segments found. Creating new log.
I20260709 14:45:51.136237  1732 ts_tablet_manager.cc:1434] T 041f0faf9f104823a441c272edab0856 P 06ae80510f494d7691f99b389de0eda5: Time spent starting tablet: real 0.019s	user 0.006s	sys 0.000s
I20260709 14:45:51.137166  1732 tablet_bootstrap.cc:492] T 30f6e1e8a5984b10ad72e6821557b7c4 P 06ae80510f494d7691f99b389de0eda5: Bootstrap starting.
I20260709 14:45:51.141036  1733 tablet_bootstrap.cc:492] T 2d8fa92c5e084ee2b312b3bb8150c293 P d9cb49eddc16412f96f6ab6e03f8f5c1: No bootstrap required, opened a new log
I20260709 14:45:51.141458  1733 ts_tablet_manager.cc:1403] T 2d8fa92c5e084ee2b312b3bb8150c293 P d9cb49eddc16412f96f6ab6e03f8f5c1: Time spent bootstrapping tablet: real 0.089s	user 0.012s	sys 0.001s
I20260709 14:45:51.144003  1733 raft_consensus.cc:359] T 2d8fa92c5e084ee2b312b3bb8150c293 P d9cb49eddc16412f96f6ab6e03f8f5c1 [term 0 FOLLOWER]: Replica starting. Triggering 0 pending ops. Active config: opid_index: -1 OBSOLETE_local: false peers { permanent_uuid: "6351b417257948da898bf1e1ab264e94" member_type: VOTER last_known_addr { host: "127.0.107.193" port: 43181 } } peers { permanent_uuid: "d9cb49eddc16412f96f6ab6e03f8f5c1" member_type: VOTER last_known_addr { host: "127.0.107.194" port: 36707 } } peers { permanent_uuid: "06ae80510f494d7691f99b389de0eda5" member_type: VOTER last_known_addr { host: "127.0.107.195" port: 35177 } }
I20260709 14:45:51.144640  1733 raft_consensus.cc:385] T 2d8fa92c5e084ee2b312b3bb8150c293 P d9cb49eddc16412f96f6ab6e03f8f5c1 [term 0 FOLLOWER]: Consensus starting up: Expiring failure detector timer to make a prompt election more likely
I20260709 14:45:51.144910  1733 raft_consensus.cc:740] T 2d8fa92c5e084ee2b312b3bb8150c293 P d9cb49eddc16412f96f6ab6e03f8f5c1 [term 0 FOLLOWER]: Becoming Follower/Learner. State: Replica: d9cb49eddc16412f96f6ab6e03f8f5c1, State: Initialized, Role: FOLLOWER
I20260709 14:45:51.145648  1733 consensus_queue.cc:260] T 2d8fa92c5e084ee2b312b3bb8150c293 P d9cb49eddc16412f96f6ab6e03f8f5c1 [NON_LEADER]: Queue going to NON_LEADER mode. State: All replicated index: 0, Majority replicated index: 0, Committed index: 0, Last appended: 0.0, Last appended by leader: 0, Current term: 0, Majority size: -1, State: 0, Mode: NON_LEADER, active raft config: opid_index: -1 OBSOLETE_local: false peers { permanent_uuid: "6351b417257948da898bf1e1ab264e94" member_type: VOTER last_known_addr { host: "127.0.107.193" port: 43181 } } peers { permanent_uuid: "d9cb49eddc16412f96f6ab6e03f8f5c1" member_type: VOTER last_known_addr { host: "127.0.107.194" port: 36707 } } peers { permanent_uuid: "06ae80510f494d7691f99b389de0eda5" member_type: VOTER last_known_addr { host: "127.0.107.195" port: 35177 } }
I20260709 14:45:51.146633  1732 tablet_bootstrap.cc:654] T 30f6e1e8a5984b10ad72e6821557b7c4 P 06ae80510f494d7691f99b389de0eda5: Neither blocks nor log segments found. Creating new log.
I20260709 14:45:51.147377  1731 tablet_bootstrap.cc:492] T 2d8fa92c5e084ee2b312b3bb8150c293 P 6351b417257948da898bf1e1ab264e94: No bootstrap required, opened a new log
I20260709 14:45:51.147665  1733 ts_tablet_manager.cc:1434] T 2d8fa92c5e084ee2b312b3bb8150c293 P d9cb49eddc16412f96f6ab6e03f8f5c1: Time spent starting tablet: real 0.006s	user 0.005s	sys 0.000s
I20260709 14:45:51.147851  1731 ts_tablet_manager.cc:1403] T 2d8fa92c5e084ee2b312b3bb8150c293 P 6351b417257948da898bf1e1ab264e94: Time spent bootstrapping tablet: real 0.023s	user 0.012s	sys 0.004s
I20260709 14:45:51.150233  1761 raft_consensus.cc:493] T 2d8fa92c5e084ee2b312b3bb8150c293 P 06ae80510f494d7691f99b389de0eda5 [term 0 FOLLOWER]: Starting pre-election (no leader contacted us within the election timeout)
I20260709 14:45:51.150357  1731 raft_consensus.cc:359] T 2d8fa92c5e084ee2b312b3bb8150c293 P 6351b417257948da898bf1e1ab264e94 [term 0 FOLLOWER]: Replica starting. Triggering 0 pending ops. Active config: opid_index: -1 OBSOLETE_local: false peers { permanent_uuid: "6351b417257948da898bf1e1ab264e94" member_type: VOTER last_known_addr { host: "127.0.107.193" port: 43181 } } peers { permanent_uuid: "d9cb49eddc16412f96f6ab6e03f8f5c1" member_type: VOTER last_known_addr { host: "127.0.107.194" port: 36707 } } peers { permanent_uuid: "06ae80510f494d7691f99b389de0eda5" member_type: VOTER last_known_addr { host: "127.0.107.195" port: 35177 } }
I20260709 14:45:51.150660  1761 raft_consensus.cc:515] T 2d8fa92c5e084ee2b312b3bb8150c293 P 06ae80510f494d7691f99b389de0eda5 [term 0 FOLLOWER]: Starting pre-election with config: opid_index: -1 OBSOLETE_local: false peers { permanent_uuid: "6351b417257948da898bf1e1ab264e94" member_type: VOTER last_known_addr { host: "127.0.107.193" port: 43181 } } peers { permanent_uuid: "d9cb49eddc16412f96f6ab6e03f8f5c1" member_type: VOTER last_known_addr { host: "127.0.107.194" port: 36707 } } peers { permanent_uuid: "06ae80510f494d7691f99b389de0eda5" member_type: VOTER last_known_addr { host: "127.0.107.195" port: 35177 } }
I20260709 14:45:51.151055  1731 raft_consensus.cc:385] T 2d8fa92c5e084ee2b312b3bb8150c293 P 6351b417257948da898bf1e1ab264e94 [term 0 FOLLOWER]: Consensus starting up: Expiring failure detector timer to make a prompt election more likely
I20260709 14:45:51.151340  1731 raft_consensus.cc:740] T 2d8fa92c5e084ee2b312b3bb8150c293 P 6351b417257948da898bf1e1ab264e94 [term 0 FOLLOWER]: Becoming Follower/Learner. State: Replica: 6351b417257948da898bf1e1ab264e94, State: Initialized, Role: FOLLOWER
I20260709 14:45:51.152354  1731 consensus_queue.cc:260] T 2d8fa92c5e084ee2b312b3bb8150c293 P 6351b417257948da898bf1e1ab264e94 [NON_LEADER]: Queue going to NON_LEADER mode. State: All replicated index: 0, Majority replicated index: 0, Committed index: 0, Last appended: 0.0, Last appended by leader: 0, Current term: 0, Majority size: -1, State: 0, Mode: NON_LEADER, active raft config: opid_index: -1 OBSOLETE_local: false peers { permanent_uuid: "6351b417257948da898bf1e1ab264e94" member_type: VOTER last_known_addr { host: "127.0.107.193" port: 43181 } } peers { permanent_uuid: "d9cb49eddc16412f96f6ab6e03f8f5c1" member_type: VOTER last_known_addr { host: "127.0.107.194" port: 36707 } } peers { permanent_uuid: "06ae80510f494d7691f99b389de0eda5" member_type: VOTER last_known_addr { host: "127.0.107.195" port: 35177 } }
I20260709 14:45:51.152789  1761 leader_election.cc:290] T 2d8fa92c5e084ee2b312b3bb8150c293 P 06ae80510f494d7691f99b389de0eda5 [CANDIDATE]: Term 1 pre-election: Requested pre-vote from peers 6351b417257948da898bf1e1ab264e94 (127.0.107.193:43181), d9cb49eddc16412f96f6ab6e03f8f5c1 (127.0.107.194:36707)
I20260709 14:45:51.153746  1541 tablet_service.cc:1917] Received RequestConsensusVote() RPC: tablet_id: "2d8fa92c5e084ee2b312b3bb8150c293" candidate_uuid: "06ae80510f494d7691f99b389de0eda5" candidate_term: 1 candidate_status { last_received { term: 0 index: 0 } } ignore_live_leader: false dest_uuid: "6351b417257948da898bf1e1ab264e94" is_pre_election: true
I20260709 14:45:51.154193  1616 tablet_service.cc:1917] Received RequestConsensusVote() RPC: tablet_id: "2d8fa92c5e084ee2b312b3bb8150c293" candidate_uuid: "06ae80510f494d7691f99b389de0eda5" candidate_term: 1 candidate_status { last_received { term: 0 index: 0 } } ignore_live_leader: false dest_uuid: "d9cb49eddc16412f96f6ab6e03f8f5c1" is_pre_election: true
I20260709 14:45:51.154350  1541 raft_consensus.cc:2468] T 2d8fa92c5e084ee2b312b3bb8150c293 P 6351b417257948da898bf1e1ab264e94 [term 0 FOLLOWER]: Leader pre-election vote request: Granting yes vote for candidate 06ae80510f494d7691f99b389de0eda5 in term 0.
I20260709 14:45:51.154737  1616 raft_consensus.cc:2468] T 2d8fa92c5e084ee2b312b3bb8150c293 P d9cb49eddc16412f96f6ab6e03f8f5c1 [term 0 FOLLOWER]: Leader pre-election vote request: Granting yes vote for candidate 06ae80510f494d7691f99b389de0eda5 in term 0.
I20260709 14:45:51.155572  1654 leader_election.cc:304] T 2d8fa92c5e084ee2b312b3bb8150c293 P 06ae80510f494d7691f99b389de0eda5 [CANDIDATE]: Term 1 pre-election: Election decided. Result: candidate won. Election summary: received 2 responses out of 3 voters: 2 yes votes; 0 no votes. yes voters: 06ae80510f494d7691f99b389de0eda5, 6351b417257948da898bf1e1ab264e94; no voters: 
I20260709 14:45:51.156786  1733 tablet_bootstrap.cc:492] T 62653289f84e41b284ebce030fc2de5b P d9cb49eddc16412f96f6ab6e03f8f5c1: Bootstrap starting.
I20260709 14:45:51.157822  1761 raft_consensus.cc:2804] T 2d8fa92c5e084ee2b312b3bb8150c293 P 06ae80510f494d7691f99b389de0eda5 [term 0 FOLLOWER]: Leader pre-election won for term 1
I20260709 14:45:51.158128  1732 tablet_bootstrap.cc:492] T 30f6e1e8a5984b10ad72e6821557b7c4 P 06ae80510f494d7691f99b389de0eda5: No bootstrap required, opened a new log
I20260709 14:45:51.158416  1761 raft_consensus.cc:493] T 2d8fa92c5e084ee2b312b3bb8150c293 P 06ae80510f494d7691f99b389de0eda5 [term 0 FOLLOWER]: Starting leader election (no leader contacted us within the election timeout)
I20260709 14:45:51.158677  1732 ts_tablet_manager.cc:1403] T 30f6e1e8a5984b10ad72e6821557b7c4 P 06ae80510f494d7691f99b389de0eda5: Time spent bootstrapping tablet: real 0.022s	user 0.017s	sys 0.000s
I20260709 14:45:51.158831  1761 raft_consensus.cc:3060] T 2d8fa92c5e084ee2b312b3bb8150c293 P 06ae80510f494d7691f99b389de0eda5 [term 0 FOLLOWER]: Advancing to term 1
I20260709 14:45:51.161580  1732 raft_consensus.cc:359] T 30f6e1e8a5984b10ad72e6821557b7c4 P 06ae80510f494d7691f99b389de0eda5 [term 0 FOLLOWER]: Replica starting. Triggering 0 pending ops. Active config: opid_index: -1 OBSOLETE_local: false peers { permanent_uuid: "6351b417257948da898bf1e1ab264e94" member_type: VOTER last_known_addr { host: "127.0.107.193" port: 43181 } } peers { permanent_uuid: "d9cb49eddc16412f96f6ab6e03f8f5c1" member_type: VOTER last_known_addr { host: "127.0.107.194" port: 36707 } } peers { permanent_uuid: "06ae80510f494d7691f99b389de0eda5" member_type: VOTER last_known_addr { host: "127.0.107.195" port: 35177 } }
I20260709 14:45:51.162206  1732 raft_consensus.cc:385] T 30f6e1e8a5984b10ad72e6821557b7c4 P 06ae80510f494d7691f99b389de0eda5 [term 0 FOLLOWER]: Consensus starting up: Expiring failure detector timer to make a prompt election more likely
I20260709 14:45:51.162460  1732 raft_consensus.cc:740] T 30f6e1e8a5984b10ad72e6821557b7c4 P 06ae80510f494d7691f99b389de0eda5 [term 0 FOLLOWER]: Becoming Follower/Learner. State: Replica: 06ae80510f494d7691f99b389de0eda5, State: Initialized, Role: FOLLOWER
I20260709 14:45:51.163167  1732 consensus_queue.cc:260] T 30f6e1e8a5984b10ad72e6821557b7c4 P 06ae80510f494d7691f99b389de0eda5 [NON_LEADER]: Queue going to NON_LEADER mode. State: All replicated index: 0, Majority replicated index: 0, Committed index: 0, Last appended: 0.0, Last appended by leader: 0, Current term: 0, Majority size: -1, State: 0, Mode: NON_LEADER, active raft config: opid_index: -1 OBSOLETE_local: false peers { permanent_uuid: "6351b417257948da898bf1e1ab264e94" member_type: VOTER last_known_addr { host: "127.0.107.193" port: 43181 } } peers { permanent_uuid: "d9cb49eddc16412f96f6ab6e03f8f5c1" member_type: VOTER last_known_addr { host: "127.0.107.194" port: 36707 } } peers { permanent_uuid: "06ae80510f494d7691f99b389de0eda5" member_type: VOTER last_known_addr { host: "127.0.107.195" port: 35177 } }
I20260709 14:45:51.167308  1731 ts_tablet_manager.cc:1434] T 2d8fa92c5e084ee2b312b3bb8150c293 P 6351b417257948da898bf1e1ab264e94: Time spent starting tablet: real 0.019s	user 0.007s	sys 0.000s
I20260709 14:45:51.167799  1732 ts_tablet_manager.cc:1434] T 30f6e1e8a5984b10ad72e6821557b7c4 P 06ae80510f494d7691f99b389de0eda5: Time spent starting tablet: real 0.009s	user 0.005s	sys 0.000s
I20260709 14:45:51.167903  1733 tablet_bootstrap.cc:654] T 62653289f84e41b284ebce030fc2de5b P d9cb49eddc16412f96f6ab6e03f8f5c1: Neither blocks nor log segments found. Creating new log.
I20260709 14:45:51.168223  1731 tablet_bootstrap.cc:492] T 1a54a64e198746c298563351f57a2928 P 6351b417257948da898bf1e1ab264e94: Bootstrap starting.
I20260709 14:45:51.168673  1732 tablet_bootstrap.cc:492] T fff5073d37754401b1bdf27d5c26a1e1 P 06ae80510f494d7691f99b389de0eda5: Bootstrap starting.
I20260709 14:45:51.174077  1761 raft_consensus.cc:515] T 2d8fa92c5e084ee2b312b3bb8150c293 P 06ae80510f494d7691f99b389de0eda5 [term 1 FOLLOWER]: Starting leader election with config: opid_index: -1 OBSOLETE_local: false peers { permanent_uuid: "6351b417257948da898bf1e1ab264e94" member_type: VOTER last_known_addr { host: "127.0.107.193" port: 43181 } } peers { permanent_uuid: "d9cb49eddc16412f96f6ab6e03f8f5c1" member_type: VOTER last_known_addr { host: "127.0.107.194" port: 36707 } } peers { permanent_uuid: "06ae80510f494d7691f99b389de0eda5" member_type: VOTER last_known_addr { host: "127.0.107.195" port: 35177 } }
I20260709 14:45:51.174306  1738 raft_consensus.cc:493] T 30f6e1e8a5984b10ad72e6821557b7c4 P 06ae80510f494d7691f99b389de0eda5 [term 0 FOLLOWER]: Starting pre-election (no leader contacted us within the election timeout)
I20260709 14:45:51.174886  1738 raft_consensus.cc:515] T 30f6e1e8a5984b10ad72e6821557b7c4 P 06ae80510f494d7691f99b389de0eda5 [term 0 FOLLOWER]: Starting pre-election with config: opid_index: -1 OBSOLETE_local: false peers { permanent_uuid: "6351b417257948da898bf1e1ab264e94" member_type: VOTER last_known_addr { host: "127.0.107.193" port: 43181 } } peers { permanent_uuid: "d9cb49eddc16412f96f6ab6e03f8f5c1" member_type: VOTER last_known_addr { host: "127.0.107.194" port: 36707 } } peers { permanent_uuid: "06ae80510f494d7691f99b389de0eda5" member_type: VOTER last_known_addr { host: "127.0.107.195" port: 35177 } }
I20260709 14:45:51.175617  1812 consensus_queue.cc:1048] T e2b0fe1330da4e83bb9b5dc66a996b24 P d9cb49eddc16412f96f6ab6e03f8f5c1 [LEADER]: Connected to new peer: Peer: permanent_uuid: "6351b417257948da898bf1e1ab264e94" member_type: VOTER last_known_addr { host: "127.0.107.193" port: 43181 }, Status: LMP_MISMATCH, Last received: 0.0, Next index: 1, Last known committed idx: 0, Time since last communication: 0.000s
I20260709 14:45:51.177256  1733 tablet_bootstrap.cc:492] T 62653289f84e41b284ebce030fc2de5b P d9cb49eddc16412f96f6ab6e03f8f5c1: No bootstrap required, opened a new log
I20260709 14:45:51.177745  1733 ts_tablet_manager.cc:1403] T 62653289f84e41b284ebce030fc2de5b P d9cb49eddc16412f96f6ab6e03f8f5c1: Time spent bootstrapping tablet: real 0.021s	user 0.008s	sys 0.005s
I20260709 14:45:51.178977  1616 tablet_service.cc:1917] Received RequestConsensusVote() RPC: tablet_id: "2d8fa92c5e084ee2b312b3bb8150c293" candidate_uuid: "06ae80510f494d7691f99b389de0eda5" candidate_term: 1 candidate_status { last_received { term: 0 index: 0 } } ignore_live_leader: false dest_uuid: "d9cb49eddc16412f96f6ab6e03f8f5c1"
I20260709 14:45:51.179556  1616 raft_consensus.cc:3060] T 2d8fa92c5e084ee2b312b3bb8150c293 P d9cb49eddc16412f96f6ab6e03f8f5c1 [term 0 FOLLOWER]: Advancing to term 1
I20260709 14:45:51.184928  1738 leader_election.cc:290] T 30f6e1e8a5984b10ad72e6821557b7c4 P 06ae80510f494d7691f99b389de0eda5 [CANDIDATE]: Term 1 pre-election: Requested pre-vote from peers 6351b417257948da898bf1e1ab264e94 (127.0.107.193:43181), d9cb49eddc16412f96f6ab6e03f8f5c1 (127.0.107.194:36707)
I20260709 14:45:51.186515  1542 tablet_service.cc:1917] Received RequestConsensusVote() RPC: tablet_id: "30f6e1e8a5984b10ad72e6821557b7c4" candidate_uuid: "06ae80510f494d7691f99b389de0eda5" candidate_term: 1 candidate_status { last_received { term: 0 index: 0 } } ignore_live_leader: false dest_uuid: "6351b417257948da898bf1e1ab264e94" is_pre_election: true
I20260709 14:45:51.187139  1542 raft_consensus.cc:2468] T 30f6e1e8a5984b10ad72e6821557b7c4 P 6351b417257948da898bf1e1ab264e94 [term 0 FOLLOWER]: Leader pre-election vote request: Granting yes vote for candidate 06ae80510f494d7691f99b389de0eda5 in term 0.
I20260709 14:45:51.189131  1617 tablet_service.cc:1917] Received RequestConsensusVote() RPC: tablet_id: "30f6e1e8a5984b10ad72e6821557b7c4" candidate_uuid: "06ae80510f494d7691f99b389de0eda5" candidate_term: 1 candidate_status { last_received { term: 0 index: 0 } } ignore_live_leader: false dest_uuid: "d9cb49eddc16412f96f6ab6e03f8f5c1" is_pre_election: true
I20260709 14:45:51.190680  1654 leader_election.cc:304] T 30f6e1e8a5984b10ad72e6821557b7c4 P 06ae80510f494d7691f99b389de0eda5 [CANDIDATE]: Term 1 pre-election: Election decided. Result: candidate won. Election summary: received 2 responses out of 3 voters: 2 yes votes; 0 no votes. yes voters: 06ae80510f494d7691f99b389de0eda5, 6351b417257948da898bf1e1ab264e94; no voters: 
I20260709 14:45:51.191107  1817 consensus_queue.cc:1048] T e2b0fe1330da4e83bb9b5dc66a996b24 P d9cb49eddc16412f96f6ab6e03f8f5c1 [LEADER]: Connected to new peer: Peer: permanent_uuid: "06ae80510f494d7691f99b389de0eda5" member_type: VOTER last_known_addr { host: "127.0.107.195" port: 35177 }, Status: LMP_MISMATCH, Last received: 0.0, Next index: 1, Last known committed idx: 0, Time since last communication: 0.001s
W20260709 14:45:51.191695  1657 leader_election.cc:343] T 30f6e1e8a5984b10ad72e6821557b7c4 P 06ae80510f494d7691f99b389de0eda5 [CANDIDATE]: Term 1 pre-election: Tablet error from VoteRequest() call to peer d9cb49eddc16412f96f6ab6e03f8f5c1 (127.0.107.194:36707): Illegal state: must be running to vote when last-logged opid is not known
I20260709 14:45:51.192520  1738 raft_consensus.cc:2804] T 30f6e1e8a5984b10ad72e6821557b7c4 P 06ae80510f494d7691f99b389de0eda5 [term 0 FOLLOWER]: Leader pre-election won for term 1
I20260709 14:45:51.192842  1738 raft_consensus.cc:493] T 30f6e1e8a5984b10ad72e6821557b7c4 P 06ae80510f494d7691f99b389de0eda5 [term 0 FOLLOWER]: Starting leader election (no leader contacted us within the election timeout)
I20260709 14:45:51.193181  1738 raft_consensus.cc:3060] T 30f6e1e8a5984b10ad72e6821557b7c4 P 06ae80510f494d7691f99b389de0eda5 [term 0 FOLLOWER]: Advancing to term 1
I20260709 14:45:51.194859  1731 tablet_bootstrap.cc:654] T 1a54a64e198746c298563351f57a2928 P 6351b417257948da898bf1e1ab264e94: Neither blocks nor log segments found. Creating new log.
I20260709 14:45:51.195704  1732 tablet_bootstrap.cc:654] T fff5073d37754401b1bdf27d5c26a1e1 P 06ae80510f494d7691f99b389de0eda5: Neither blocks nor log segments found. Creating new log.
I20260709 14:45:51.197940  1616 raft_consensus.cc:2468] T 2d8fa92c5e084ee2b312b3bb8150c293 P d9cb49eddc16412f96f6ab6e03f8f5c1 [term 1 FOLLOWER]: Leader election vote request: Granting yes vote for candidate 06ae80510f494d7691f99b389de0eda5 in term 1.
I20260709 14:45:51.198621  1541 tablet_service.cc:1917] Received RequestConsensusVote() RPC: tablet_id: "2d8fa92c5e084ee2b312b3bb8150c293" candidate_uuid: "06ae80510f494d7691f99b389de0eda5" candidate_term: 1 candidate_status { last_received { term: 0 index: 0 } } ignore_live_leader: false dest_uuid: "6351b417257948da898bf1e1ab264e94"
I20260709 14:45:51.199093  1761 leader_election.cc:290] T 2d8fa92c5e084ee2b312b3bb8150c293 P 06ae80510f494d7691f99b389de0eda5 [CANDIDATE]: Term 1 election: Requested vote from peers 6351b417257948da898bf1e1ab264e94 (127.0.107.193:43181), d9cb49eddc16412f96f6ab6e03f8f5c1 (127.0.107.194:36707)
I20260709 14:45:51.199533  1541 raft_consensus.cc:3060] T 2d8fa92c5e084ee2b312b3bb8150c293 P 6351b417257948da898bf1e1ab264e94 [term 0 FOLLOWER]: Advancing to term 1
I20260709 14:45:51.198941  1657 leader_election.cc:304] T 2d8fa92c5e084ee2b312b3bb8150c293 P 06ae80510f494d7691f99b389de0eda5 [CANDIDATE]: Term 1 election: Election decided. Result: candidate won. Election summary: received 2 responses out of 3 voters: 2 yes votes; 0 no votes. yes voters: 06ae80510f494d7691f99b389de0eda5, d9cb49eddc16412f96f6ab6e03f8f5c1; no voters: 
I20260709 14:45:51.202100  1761 raft_consensus.cc:2804] T 2d8fa92c5e084ee2b312b3bb8150c293 P 06ae80510f494d7691f99b389de0eda5 [term 1 FOLLOWER]: Leader election won for term 1
I20260709 14:45:51.202797  1761 raft_consensus.cc:697] T 2d8fa92c5e084ee2b312b3bb8150c293 P 06ae80510f494d7691f99b389de0eda5 [term 1 LEADER]: Becoming Leader. State: Replica: 06ae80510f494d7691f99b389de0eda5, State: Running, Role: LEADER
I20260709 14:45:51.204327  1761 consensus_queue.cc:237] T 2d8fa92c5e084ee2b312b3bb8150c293 P 06ae80510f494d7691f99b389de0eda5 [LEADER]: Queue going to LEADER mode. State: All replicated index: 0, Majority replicated index: 0, Committed index: 0, Last appended: 0.0, Last appended by leader: 0, Current term: 1, Majority size: 2, State: 0, Mode: LEADER, active raft config: opid_index: -1 OBSOLETE_local: false peers { permanent_uuid: "6351b417257948da898bf1e1ab264e94" member_type: VOTER last_known_addr { host: "127.0.107.193" port: 43181 } } peers { permanent_uuid: "d9cb49eddc16412f96f6ab6e03f8f5c1" member_type: VOTER last_known_addr { host: "127.0.107.194" port: 36707 } } peers { permanent_uuid: "06ae80510f494d7691f99b389de0eda5" member_type: VOTER last_known_addr { host: "127.0.107.195" port: 35177 } }
I20260709 14:45:51.209945  1732 tablet_bootstrap.cc:492] T fff5073d37754401b1bdf27d5c26a1e1 P 06ae80510f494d7691f99b389de0eda5: No bootstrap required, opened a new log
I20260709 14:45:51.210427  1732 ts_tablet_manager.cc:1403] T fff5073d37754401b1bdf27d5c26a1e1 P 06ae80510f494d7691f99b389de0eda5: Time spent bootstrapping tablet: real 0.042s	user 0.010s	sys 0.001s
I20260709 14:45:51.214210  1732 raft_consensus.cc:359] T fff5073d37754401b1bdf27d5c26a1e1 P 06ae80510f494d7691f99b389de0eda5 [term 0 FOLLOWER]: Replica starting. Triggering 0 pending ops. Active config: opid_index: -1 OBSOLETE_local: false peers { permanent_uuid: "6351b417257948da898bf1e1ab264e94" member_type: VOTER last_known_addr { host: "127.0.107.193" port: 43181 } } peers { permanent_uuid: "d9cb49eddc16412f96f6ab6e03f8f5c1" member_type: VOTER last_known_addr { host: "127.0.107.194" port: 36707 } } peers { permanent_uuid: "06ae80510f494d7691f99b389de0eda5" member_type: VOTER last_known_addr { host: "127.0.107.195" port: 35177 } }
I20260709 14:45:51.214879  1732 raft_consensus.cc:385] T fff5073d37754401b1bdf27d5c26a1e1 P 06ae80510f494d7691f99b389de0eda5 [term 0 FOLLOWER]: Consensus starting up: Expiring failure detector timer to make a prompt election more likely
I20260709 14:45:51.215148  1732 raft_consensus.cc:740] T fff5073d37754401b1bdf27d5c26a1e1 P 06ae80510f494d7691f99b389de0eda5 [term 0 FOLLOWER]: Becoming Follower/Learner. State: Replica: 06ae80510f494d7691f99b389de0eda5, State: Initialized, Role: FOLLOWER
I20260709 14:45:51.219746  1541 raft_consensus.cc:2468] T 2d8fa92c5e084ee2b312b3bb8150c293 P 6351b417257948da898bf1e1ab264e94 [term 1 FOLLOWER]: Leader election vote request: Granting yes vote for candidate 06ae80510f494d7691f99b389de0eda5 in term 1.
I20260709 14:45:51.220395  1732 consensus_queue.cc:260] T fff5073d37754401b1bdf27d5c26a1e1 P 06ae80510f494d7691f99b389de0eda5 [NON_LEADER]: Queue going to NON_LEADER mode. State: All replicated index: 0, Majority replicated index: 0, Committed index: 0, Last appended: 0.0, Last appended by leader: 0, Current term: 0, Majority size: -1, State: 0, Mode: NON_LEADER, active raft config: opid_index: -1 OBSOLETE_local: false peers { permanent_uuid: "6351b417257948da898bf1e1ab264e94" member_type: VOTER last_known_addr { host: "127.0.107.193" port: 43181 } } peers { permanent_uuid: "d9cb49eddc16412f96f6ab6e03f8f5c1" member_type: VOTER last_known_addr { host: "127.0.107.194" port: 36707 } } peers { permanent_uuid: "06ae80510f494d7691f99b389de0eda5" member_type: VOTER last_known_addr { host: "127.0.107.195" port: 35177 } }
I20260709 14:45:51.219767  1738 raft_consensus.cc:515] T 30f6e1e8a5984b10ad72e6821557b7c4 P 06ae80510f494d7691f99b389de0eda5 [term 1 FOLLOWER]: Starting leader election with config: opid_index: -1 OBSOLETE_local: false peers { permanent_uuid: "6351b417257948da898bf1e1ab264e94" member_type: VOTER last_known_addr { host: "127.0.107.193" port: 43181 } } peers { permanent_uuid: "d9cb49eddc16412f96f6ab6e03f8f5c1" member_type: VOTER last_known_addr { host: "127.0.107.194" port: 36707 } } peers { permanent_uuid: "06ae80510f494d7691f99b389de0eda5" member_type: VOTER last_known_addr { host: "127.0.107.195" port: 35177 } }
I20260709 14:45:51.222584  1732 ts_tablet_manager.cc:1434] T fff5073d37754401b1bdf27d5c26a1e1 P 06ae80510f494d7691f99b389de0eda5: Time spent starting tablet: real 0.012s	user 0.008s	sys 0.000s
I20260709 14:45:51.223506  1732 tablet_bootstrap.cc:492] T 62653289f84e41b284ebce030fc2de5b P 06ae80510f494d7691f99b389de0eda5: Bootstrap starting.
I20260709 14:45:51.224560  1733 raft_consensus.cc:359] T 62653289f84e41b284ebce030fc2de5b P d9cb49eddc16412f96f6ab6e03f8f5c1 [term 0 FOLLOWER]: Replica starting. Triggering 0 pending ops. Active config: opid_index: -1 OBSOLETE_local: false peers { permanent_uuid: "6351b417257948da898bf1e1ab264e94" member_type: VOTER last_known_addr { host: "127.0.107.193" port: 43181 } } peers { permanent_uuid: "d9cb49eddc16412f96f6ab6e03f8f5c1" member_type: VOTER last_known_addr { host: "127.0.107.194" port: 36707 } } peers { permanent_uuid: "06ae80510f494d7691f99b389de0eda5" member_type: VOTER last_known_addr { host: "127.0.107.195" port: 35177 } }
I20260709 14:45:51.225250  1733 raft_consensus.cc:385] T 62653289f84e41b284ebce030fc2de5b P d9cb49eddc16412f96f6ab6e03f8f5c1 [term 0 FOLLOWER]: Consensus starting up: Expiring failure detector timer to make a prompt election more likely
I20260709 14:45:51.226327  1733 raft_consensus.cc:740] T 62653289f84e41b284ebce030fc2de5b P d9cb49eddc16412f96f6ab6e03f8f5c1 [term 0 FOLLOWER]: Becoming Follower/Learner. State: Replica: d9cb49eddc16412f96f6ab6e03f8f5c1, State: Initialized, Role: FOLLOWER
I20260709 14:45:51.225216  1540 tablet_service.cc:1917] Received RequestConsensusVote() RPC: tablet_id: "30f6e1e8a5984b10ad72e6821557b7c4" candidate_uuid: "06ae80510f494d7691f99b389de0eda5" candidate_term: 1 candidate_status { last_received { term: 0 index: 0 } } ignore_live_leader: false dest_uuid: "6351b417257948da898bf1e1ab264e94"
I20260709 14:45:51.227480  1540 raft_consensus.cc:3060] T 30f6e1e8a5984b10ad72e6821557b7c4 P 6351b417257948da898bf1e1ab264e94 [term 0 FOLLOWER]: Advancing to term 1
I20260709 14:45:51.227465  1733 consensus_queue.cc:260] T 62653289f84e41b284ebce030fc2de5b P d9cb49eddc16412f96f6ab6e03f8f5c1 [NON_LEADER]: Queue going to NON_LEADER mode. State: All replicated index: 0, Majority replicated index: 0, Committed index: 0, Last appended: 0.0, Last appended by leader: 0, Current term: 0, Majority size: -1, State: 0, Mode: NON_LEADER, active raft config: opid_index: -1 OBSOLETE_local: false peers { permanent_uuid: "6351b417257948da898bf1e1ab264e94" member_type: VOTER last_known_addr { host: "127.0.107.193" port: 43181 } } peers { permanent_uuid: "d9cb49eddc16412f96f6ab6e03f8f5c1" member_type: VOTER last_known_addr { host: "127.0.107.194" port: 36707 } } peers { permanent_uuid: "06ae80510f494d7691f99b389de0eda5" member_type: VOTER last_known_addr { host: "127.0.107.195" port: 35177 } }
I20260709 14:45:51.229712  1733 ts_tablet_manager.cc:1434] T 62653289f84e41b284ebce030fc2de5b P d9cb49eddc16412f96f6ab6e03f8f5c1: Time spent starting tablet: real 0.029s	user 0.001s	sys 0.005s
I20260709 14:45:51.230737  1733 tablet_bootstrap.cc:492] T fff5073d37754401b1bdf27d5c26a1e1 P d9cb49eddc16412f96f6ab6e03f8f5c1: Bootstrap starting.
I20260709 14:45:51.232916  1731 tablet_bootstrap.cc:492] T 1a54a64e198746c298563351f57a2928 P 6351b417257948da898bf1e1ab264e94: No bootstrap required, opened a new log
I20260709 14:45:51.233405  1731 ts_tablet_manager.cc:1403] T 1a54a64e198746c298563351f57a2928 P 6351b417257948da898bf1e1ab264e94: Time spent bootstrapping tablet: real 0.065s	user 0.019s	sys 0.003s
I20260709 14:45:51.239035  1738 leader_election.cc:290] T 30f6e1e8a5984b10ad72e6821557b7c4 P 06ae80510f494d7691f99b389de0eda5 [CANDIDATE]: Term 1 election: Requested vote from peers 6351b417257948da898bf1e1ab264e94 (127.0.107.193:43181), d9cb49eddc16412f96f6ab6e03f8f5c1 (127.0.107.194:36707)
I20260709 14:45:51.239743  1616 tablet_service.cc:1917] Received RequestConsensusVote() RPC: tablet_id: "30f6e1e8a5984b10ad72e6821557b7c4" candidate_uuid: "06ae80510f494d7691f99b389de0eda5" candidate_term: 1 candidate_status { last_received { term: 0 index: 0 } } ignore_live_leader: false dest_uuid: "d9cb49eddc16412f96f6ab6e03f8f5c1"
W20260709 14:45:51.241078  1657 leader_election.cc:343] T 30f6e1e8a5984b10ad72e6821557b7c4 P 06ae80510f494d7691f99b389de0eda5 [CANDIDATE]: Term 1 election: Tablet error from VoteRequest() call to peer d9cb49eddc16412f96f6ab6e03f8f5c1 (127.0.107.194:36707): Illegal state: must be running to vote when last-logged opid is not known
I20260709 14:45:51.242133  1731 raft_consensus.cc:359] T 1a54a64e198746c298563351f57a2928 P 6351b417257948da898bf1e1ab264e94 [term 0 FOLLOWER]: Replica starting. Triggering 0 pending ops. Active config: opid_index: -1 OBSOLETE_local: false peers { permanent_uuid: "6351b417257948da898bf1e1ab264e94" member_type: VOTER last_known_addr { host: "127.0.107.193" port: 43181 } } peers { permanent_uuid: "d9cb49eddc16412f96f6ab6e03f8f5c1" member_type: VOTER last_known_addr { host: "127.0.107.194" port: 36707 } } peers { permanent_uuid: "06ae80510f494d7691f99b389de0eda5" member_type: VOTER last_known_addr { host: "127.0.107.195" port: 35177 } }
I20260709 14:45:51.242835  1731 raft_consensus.cc:385] T 1a54a64e198746c298563351f57a2928 P 6351b417257948da898bf1e1ab264e94 [term 0 FOLLOWER]: Consensus starting up: Expiring failure detector timer to make a prompt election more likely
I20260709 14:45:51.243088  1731 raft_consensus.cc:740] T 1a54a64e198746c298563351f57a2928 P 6351b417257948da898bf1e1ab264e94 [term 0 FOLLOWER]: Becoming Follower/Learner. State: Replica: 6351b417257948da898bf1e1ab264e94, State: Initialized, Role: FOLLOWER
I20260709 14:45:51.244182  1731 consensus_queue.cc:260] T 1a54a64e198746c298563351f57a2928 P 6351b417257948da898bf1e1ab264e94 [NON_LEADER]: Queue going to NON_LEADER mode. State: All replicated index: 0, Majority replicated index: 0, Committed index: 0, Last appended: 0.0, Last appended by leader: 0, Current term: 0, Majority size: -1, State: 0, Mode: NON_LEADER, active raft config: opid_index: -1 OBSOLETE_local: false peers { permanent_uuid: "6351b417257948da898bf1e1ab264e94" member_type: VOTER last_known_addr { host: "127.0.107.193" port: 43181 } } peers { permanent_uuid: "d9cb49eddc16412f96f6ab6e03f8f5c1" member_type: VOTER last_known_addr { host: "127.0.107.194" port: 36707 } } peers { permanent_uuid: "06ae80510f494d7691f99b389de0eda5" member_type: VOTER last_known_addr { host: "127.0.107.195" port: 35177 } }
I20260709 14:45:51.246368  1738 raft_consensus.cc:493] T 33aa7d41f5464175a8c8cfc45faae891 P 06ae80510f494d7691f99b389de0eda5 [term 0 FOLLOWER]: Starting pre-election (no leader contacted us within the election timeout)
I20260709 14:45:51.246867  1738 raft_consensus.cc:515] T 33aa7d41f5464175a8c8cfc45faae891 P 06ae80510f494d7691f99b389de0eda5 [term 0 FOLLOWER]: Starting pre-election with config: opid_index: -1 OBSOLETE_local: false peers { permanent_uuid: "6351b417257948da898bf1e1ab264e94" member_type: VOTER last_known_addr { host: "127.0.107.193" port: 43181 } } peers { permanent_uuid: "d9cb49eddc16412f96f6ab6e03f8f5c1" member_type: VOTER last_known_addr { host: "127.0.107.194" port: 36707 } } peers { permanent_uuid: "06ae80510f494d7691f99b389de0eda5" member_type: VOTER last_known_addr { host: "127.0.107.195" port: 35177 } }
I20260709 14:45:51.248914  1738 leader_election.cc:290] T 33aa7d41f5464175a8c8cfc45faae891 P 06ae80510f494d7691f99b389de0eda5 [CANDIDATE]: Term 1 pre-election: Requested pre-vote from peers 6351b417257948da898bf1e1ab264e94 (127.0.107.193:43181), d9cb49eddc16412f96f6ab6e03f8f5c1 (127.0.107.194:36707)
I20260709 14:45:51.250056  1542 tablet_service.cc:1917] Received RequestConsensusVote() RPC: tablet_id: "33aa7d41f5464175a8c8cfc45faae891" candidate_uuid: "06ae80510f494d7691f99b389de0eda5" candidate_term: 1 candidate_status { last_received { term: 0 index: 0 } } ignore_live_leader: false dest_uuid: "6351b417257948da898bf1e1ab264e94" is_pre_election: true
I20260709 14:45:51.250067  1616 tablet_service.cc:1917] Received RequestConsensusVote() RPC: tablet_id: "33aa7d41f5464175a8c8cfc45faae891" candidate_uuid: "06ae80510f494d7691f99b389de0eda5" candidate_term: 1 candidate_status { last_received { term: 0 index: 0 } } ignore_live_leader: false dest_uuid: "d9cb49eddc16412f96f6ab6e03f8f5c1" is_pre_election: true
I20260709 14:45:51.250850  1542 raft_consensus.cc:2468] T 33aa7d41f5464175a8c8cfc45faae891 P 6351b417257948da898bf1e1ab264e94 [term 0 FOLLOWER]: Leader pre-election vote request: Granting yes vote for candidate 06ae80510f494d7691f99b389de0eda5 in term 0.
I20260709 14:45:51.251785  1654 leader_election.cc:304] T 33aa7d41f5464175a8c8cfc45faae891 P 06ae80510f494d7691f99b389de0eda5 [CANDIDATE]: Term 1 pre-election: Election decided. Result: candidate won. Election summary: received 2 responses out of 3 voters: 2 yes votes; 0 no votes. yes voters: 06ae80510f494d7691f99b389de0eda5, 6351b417257948da898bf1e1ab264e94; no voters: 
W20260709 14:45:51.252353  1657 leader_election.cc:343] T 33aa7d41f5464175a8c8cfc45faae891 P 06ae80510f494d7691f99b389de0eda5 [CANDIDATE]: Term 1 pre-election: Tablet error from VoteRequest() call to peer d9cb49eddc16412f96f6ab6e03f8f5c1 (127.0.107.194:36707): Illegal state: must be running to vote when last-logged opid is not known
I20260709 14:45:51.252791  1761 raft_consensus.cc:2804] T 33aa7d41f5464175a8c8cfc45faae891 P 06ae80510f494d7691f99b389de0eda5 [term 0 FOLLOWER]: Leader pre-election won for term 1
I20260709 14:45:51.255108  1761 raft_consensus.cc:493] T 33aa7d41f5464175a8c8cfc45faae891 P 06ae80510f494d7691f99b389de0eda5 [term 0 FOLLOWER]: Starting leader election (no leader contacted us within the election timeout)
I20260709 14:45:51.255446  1761 raft_consensus.cc:3060] T 33aa7d41f5464175a8c8cfc45faae891 P 06ae80510f494d7691f99b389de0eda5 [term 0 FOLLOWER]: Advancing to term 1
I20260709 14:45:51.258149  1731 ts_tablet_manager.cc:1434] T 1a54a64e198746c298563351f57a2928 P 6351b417257948da898bf1e1ab264e94: Time spent starting tablet: real 0.024s	user 0.005s	sys 0.001s
I20260709 14:45:51.259035  1731 tablet_bootstrap.cc:492] T fc92207b10324b40b1d2e25fed990297 P 6351b417257948da898bf1e1ab264e94: Bootstrap starting.
I20260709 14:45:51.259519  1540 raft_consensus.cc:2468] T 30f6e1e8a5984b10ad72e6821557b7c4 P 6351b417257948da898bf1e1ab264e94 [term 1 FOLLOWER]: Leader election vote request: Granting yes vote for candidate 06ae80510f494d7691f99b389de0eda5 in term 1.
I20260709 14:45:51.260964  1733 tablet_bootstrap.cc:654] T fff5073d37754401b1bdf27d5c26a1e1 P d9cb49eddc16412f96f6ab6e03f8f5c1: Neither blocks nor log segments found. Creating new log.
I20260709 14:45:51.262099  1732 tablet_bootstrap.cc:654] T 62653289f84e41b284ebce030fc2de5b P 06ae80510f494d7691f99b389de0eda5: Neither blocks nor log segments found. Creating new log.
I20260709 14:45:51.265822  1731 tablet_bootstrap.cc:654] T fc92207b10324b40b1d2e25fed990297 P 6351b417257948da898bf1e1ab264e94: Neither blocks nor log segments found. Creating new log.
I20260709 14:45:51.266690  1439 catalog_manager.cc:5697] T 2d8fa92c5e084ee2b312b3bb8150c293 P 06ae80510f494d7691f99b389de0eda5 reported cstate change: term changed from 0 to 1, leader changed from <none> to 06ae80510f494d7691f99b389de0eda5 (127.0.107.195). New cstate: current_term: 1 leader_uuid: "06ae80510f494d7691f99b389de0eda5" committed_config { opid_index: -1 OBSOLETE_local: false peers { permanent_uuid: "6351b417257948da898bf1e1ab264e94" member_type: VOTER last_known_addr { host: "127.0.107.193" port: 43181 } health_report { overall_health: UNKNOWN } } peers { permanent_uuid: "d9cb49eddc16412f96f6ab6e03f8f5c1" member_type: VOTER last_known_addr { host: "127.0.107.194" port: 36707 } health_report { overall_health: UNKNOWN } } peers { permanent_uuid: "06ae80510f494d7691f99b389de0eda5" member_type: VOTER last_known_addr { host: "127.0.107.195" port: 35177 } health_report { overall_health: HEALTHY } } }
I20260709 14:45:51.271657  1654 leader_election.cc:304] T 30f6e1e8a5984b10ad72e6821557b7c4 P 06ae80510f494d7691f99b389de0eda5 [CANDIDATE]: Term 1 election: Election decided. Result: candidate won. Election summary: received 3 responses out of 3 voters: 2 yes votes; 1 no votes. yes voters: 06ae80510f494d7691f99b389de0eda5, 6351b417257948da898bf1e1ab264e94; no voters: d9cb49eddc16412f96f6ab6e03f8f5c1
I20260709 14:45:51.275130  1738 raft_consensus.cc:2804] T 30f6e1e8a5984b10ad72e6821557b7c4 P 06ae80510f494d7691f99b389de0eda5 [term 1 FOLLOWER]: Leader election won for term 1
I20260709 14:45:51.279440  1738 raft_consensus.cc:697] T 30f6e1e8a5984b10ad72e6821557b7c4 P 06ae80510f494d7691f99b389de0eda5 [term 1 LEADER]: Becoming Leader. State: Replica: 06ae80510f494d7691f99b389de0eda5, State: Running, Role: LEADER
I20260709 14:45:51.280290  1738 consensus_queue.cc:237] T 30f6e1e8a5984b10ad72e6821557b7c4 P 06ae80510f494d7691f99b389de0eda5 [LEADER]: Queue going to LEADER mode. State: All replicated index: 0, Majority replicated index: 0, Committed index: 0, Last appended: 0.0, Last appended by leader: 0, Current term: 1, Majority size: 2, State: 0, Mode: LEADER, active raft config: opid_index: -1 OBSOLETE_local: false peers { permanent_uuid: "6351b417257948da898bf1e1ab264e94" member_type: VOTER last_known_addr { host: "127.0.107.193" port: 43181 } } peers { permanent_uuid: "d9cb49eddc16412f96f6ab6e03f8f5c1" member_type: VOTER last_known_addr { host: "127.0.107.194" port: 36707 } } peers { permanent_uuid: "06ae80510f494d7691f99b389de0eda5" member_type: VOTER last_known_addr { host: "127.0.107.195" port: 35177 } }
I20260709 14:45:51.289121  1733 tablet_bootstrap.cc:492] T fff5073d37754401b1bdf27d5c26a1e1 P d9cb49eddc16412f96f6ab6e03f8f5c1: No bootstrap required, opened a new log
I20260709 14:45:51.289525  1733 ts_tablet_manager.cc:1403] T fff5073d37754401b1bdf27d5c26a1e1 P d9cb49eddc16412f96f6ab6e03f8f5c1: Time spent bootstrapping tablet: real 0.059s	user 0.003s	sys 0.012s
I20260709 14:45:51.286094  1761 raft_consensus.cc:515] T 33aa7d41f5464175a8c8cfc45faae891 P 06ae80510f494d7691f99b389de0eda5 [term 1 FOLLOWER]: Starting leader election with config: opid_index: -1 OBSOLETE_local: false peers { permanent_uuid: "6351b417257948da898bf1e1ab264e94" member_type: VOTER last_known_addr { host: "127.0.107.193" port: 43181 } } peers { permanent_uuid: "d9cb49eddc16412f96f6ab6e03f8f5c1" member_type: VOTER last_known_addr { host: "127.0.107.194" port: 36707 } } peers { permanent_uuid: "06ae80510f494d7691f99b389de0eda5" member_type: VOTER last_known_addr { host: "127.0.107.195" port: 35177 } }
I20260709 14:45:51.290892  1817 raft_consensus.cc:493] T 2e25c192a7864eaaa164194e0edd1b40 P d9cb49eddc16412f96f6ab6e03f8f5c1 [term 0 FOLLOWER]: Starting pre-election (no leader contacted us within the election timeout)
I20260709 14:45:51.291354  1817 raft_consensus.cc:515] T 2e25c192a7864eaaa164194e0edd1b40 P d9cb49eddc16412f96f6ab6e03f8f5c1 [term 0 FOLLOWER]: Starting pre-election with config: opid_index: -1 OBSOLETE_local: false peers { permanent_uuid: "6351b417257948da898bf1e1ab264e94" member_type: VOTER last_known_addr { host: "127.0.107.193" port: 43181 } } peers { permanent_uuid: "d9cb49eddc16412f96f6ab6e03f8f5c1" member_type: VOTER last_known_addr { host: "127.0.107.194" port: 36707 } } peers { permanent_uuid: "06ae80510f494d7691f99b389de0eda5" member_type: VOTER last_known_addr { host: "127.0.107.195" port: 35177 } }
I20260709 14:45:51.293161  1733 raft_consensus.cc:359] T fff5073d37754401b1bdf27d5c26a1e1 P d9cb49eddc16412f96f6ab6e03f8f5c1 [term 0 FOLLOWER]: Replica starting. Triggering 0 pending ops. Active config: opid_index: -1 OBSOLETE_local: false peers { permanent_uuid: "6351b417257948da898bf1e1ab264e94" member_type: VOTER last_known_addr { host: "127.0.107.193" port: 43181 } } peers { permanent_uuid: "d9cb49eddc16412f96f6ab6e03f8f5c1" member_type: VOTER last_known_addr { host: "127.0.107.194" port: 36707 } } peers { permanent_uuid: "06ae80510f494d7691f99b389de0eda5" member_type: VOTER last_known_addr { host: "127.0.107.195" port: 35177 } }
I20260709 14:45:51.293802  1733 raft_consensus.cc:385] T fff5073d37754401b1bdf27d5c26a1e1 P d9cb49eddc16412f96f6ab6e03f8f5c1 [term 0 FOLLOWER]: Consensus starting up: Expiring failure detector timer to make a prompt election more likely
I20260709 14:45:51.294101  1733 raft_consensus.cc:740] T fff5073d37754401b1bdf27d5c26a1e1 P d9cb49eddc16412f96f6ab6e03f8f5c1 [term 0 FOLLOWER]: Becoming Follower/Learner. State: Replica: d9cb49eddc16412f96f6ab6e03f8f5c1, State: Initialized, Role: FOLLOWER
I20260709 14:45:51.294157  1616 tablet_service.cc:1917] Received RequestConsensusVote() RPC: tablet_id: "33aa7d41f5464175a8c8cfc45faae891" candidate_uuid: "06ae80510f494d7691f99b389de0eda5" candidate_term: 1 candidate_status { last_received { term: 0 index: 0 } } ignore_live_leader: false dest_uuid: "d9cb49eddc16412f96f6ab6e03f8f5c1"
I20260709 14:45:51.294848  1733 consensus_queue.cc:260] T fff5073d37754401b1bdf27d5c26a1e1 P d9cb49eddc16412f96f6ab6e03f8f5c1 [NON_LEADER]: Queue going to NON_LEADER mode. State: All replicated index: 0, Majority replicated index: 0, Committed index: 0, Last appended: 0.0, Last appended by leader: 0, Current term: 0, Majority size: -1, State: 0, Mode: NON_LEADER, active raft config: opid_index: -1 OBSOLETE_local: false peers { permanent_uuid: "6351b417257948da898bf1e1ab264e94" member_type: VOTER last_known_addr { host: "127.0.107.193" port: 43181 } } peers { permanent_uuid: "d9cb49eddc16412f96f6ab6e03f8f5c1" member_type: VOTER last_known_addr { host: "127.0.107.194" port: 36707 } } peers { permanent_uuid: "06ae80510f494d7691f99b389de0eda5" member_type: VOTER last_known_addr { host: "127.0.107.195" port: 35177 } }
I20260709 14:45:51.295261  1761 leader_election.cc:290] T 33aa7d41f5464175a8c8cfc45faae891 P 06ae80510f494d7691f99b389de0eda5 [CANDIDATE]: Term 1 election: Requested vote from peers 6351b417257948da898bf1e1ab264e94 (127.0.107.193:43181), d9cb49eddc16412f96f6ab6e03f8f5c1 (127.0.107.194:36707)
I20260709 14:45:51.290927  1737 consensus_queue.cc:1048] T c310dc93c7d64e57ae2bcb5f4b3ab796 P 6351b417257948da898bf1e1ab264e94 [LEADER]: Connected to new peer: Peer: permanent_uuid: "06ae80510f494d7691f99b389de0eda5" member_type: VOTER last_known_addr { host: "127.0.107.195" port: 35177 }, Status: LMP_MISMATCH, Last received: 0.0, Next index: 1, Last known committed idx: 0, Time since last communication: 0.005s
I20260709 14:45:51.295395  1540 tablet_service.cc:1917] Received RequestConsensusVote() RPC: tablet_id: "2e25c192a7864eaaa164194e0edd1b40" candidate_uuid: "d9cb49eddc16412f96f6ab6e03f8f5c1" candidate_term: 1 candidate_status { last_received { term: 0 index: 0 } } ignore_live_leader: false dest_uuid: "6351b417257948da898bf1e1ab264e94" is_pre_election: true
I20260709 14:45:51.296820  1733 ts_tablet_manager.cc:1434] T fff5073d37754401b1bdf27d5c26a1e1 P d9cb49eddc16412f96f6ab6e03f8f5c1: Time spent starting tablet: real 0.007s	user 0.006s	sys 0.000s
W20260709 14:45:51.297446  1657 leader_election.cc:343] T 33aa7d41f5464175a8c8cfc45faae891 P 06ae80510f494d7691f99b389de0eda5 [CANDIDATE]: Term 1 election: Tablet error from VoteRequest() call to peer d9cb49eddc16412f96f6ab6e03f8f5c1 (127.0.107.194:36707): Illegal state: must be running to vote when last-logged opid is not known
I20260709 14:45:51.297457  1690 tablet_service.cc:1917] Received RequestConsensusVote() RPC: tablet_id: "2e25c192a7864eaaa164194e0edd1b40" candidate_uuid: "d9cb49eddc16412f96f6ab6e03f8f5c1" candidate_term: 1 candidate_status { last_received { term: 0 index: 0 } } ignore_live_leader: false dest_uuid: "06ae80510f494d7691f99b389de0eda5" is_pre_election: true
I20260709 14:45:51.312330  1733 tablet_bootstrap.cc:492] T 33aa7d41f5464175a8c8cfc45faae891 P d9cb49eddc16412f96f6ab6e03f8f5c1: Bootstrap starting.
I20260709 14:45:51.312388  1763 raft_consensus.cc:493] T fff5073d37754401b1bdf27d5c26a1e1 P 06ae80510f494d7691f99b389de0eda5 [term 0 FOLLOWER]: Starting pre-election (no leader contacted us within the election timeout)
I20260709 14:45:51.312515  1690 raft_consensus.cc:2393] T 2e25c192a7864eaaa164194e0edd1b40 P 06ae80510f494d7691f99b389de0eda5 [term 1 FOLLOWER]: Leader pre-election vote request: Denying vote to candidate d9cb49eddc16412f96f6ab6e03f8f5c1 in current term 1: Already voted for candidate 6351b417257948da898bf1e1ab264e94 in this term.
I20260709 14:45:51.312950  1763 raft_consensus.cc:515] T fff5073d37754401b1bdf27d5c26a1e1 P 06ae80510f494d7691f99b389de0eda5 [term 0 FOLLOWER]: Starting pre-election with config: opid_index: -1 OBSOLETE_local: false peers { permanent_uuid: "6351b417257948da898bf1e1ab264e94" member_type: VOTER last_known_addr { host: "127.0.107.193" port: 43181 } } peers { permanent_uuid: "d9cb49eddc16412f96f6ab6e03f8f5c1" member_type: VOTER last_known_addr { host: "127.0.107.194" port: 36707 } } peers { permanent_uuid: "06ae80510f494d7691f99b389de0eda5" member_type: VOTER last_known_addr { host: "127.0.107.195" port: 35177 } }
I20260709 14:45:51.314859  1763 leader_election.cc:290] T fff5073d37754401b1bdf27d5c26a1e1 P 06ae80510f494d7691f99b389de0eda5 [CANDIDATE]: Term 1 pre-election: Requested pre-vote from peers 6351b417257948da898bf1e1ab264e94 (127.0.107.193:43181), d9cb49eddc16412f96f6ab6e03f8f5c1 (127.0.107.194:36707)
