I20260709 14:54:01.895491  6115 consensus_queue.cc:237] T 3f8f94645cf04ab6a6244d3de3a21dca P e2c4b23f7fe44746a0532f6b23758252 [LEADER]: Queue going to LEADER mode. State: All replicated index: 0, Majority replicated index: 0, Committed index: 0, Last appended: 0.0, Last appended by leader: 0, Current term: 1, Majority size: 2, State: 0, Mode: LEADER, active raft config: opid_index: -1 OBSOLETE_local: false peers { permanent_uuid: "e2c4b23f7fe44746a0532f6b23758252" member_type: VOTER last_known_addr { host: "127.4.161.65" port: 45815 } } peers { permanent_uuid: "3b5b6d66bec94b8ea3cb3ecd1dded4d6" member_type: VOTER last_known_addr { host: "127.4.161.66" port: 38255 } } peers { permanent_uuid: "7c80aba6a1314f6f8e34cd33b6425674" member_type: VOTER last_known_addr { host: "127.4.161.67" port: 35743 } }
W20260709 14:54:01.871671  5998 leader_election.cc:343] T 0c00b11a2bb748848e5805e9ec3da6fc P 7c80aba6a1314f6f8e34cd33b6425674 [CANDIDATE]: Term 1 pre-election: Tablet error from VoteRequest() call to peer 3b5b6d66bec94b8ea3cb3ecd1dded4d6 (127.4.161.66:38255): Illegal state: must be running to vote when last-logged opid is not known
I20260709 14:54:01.903462  5998 leader_election.cc:304] T 0c00b11a2bb748848e5805e9ec3da6fc P 7c80aba6a1314f6f8e34cd33b6425674 [CANDIDATE]: Term 1 pre-election: Election decided. Result: candidate lost. Election summary: received 3 responses out of 3 voters: 1 yes votes; 2 no votes. yes voters: 7c80aba6a1314f6f8e34cd33b6425674; no voters: 3b5b6d66bec94b8ea3cb3ecd1dded4d6, e2c4b23f7fe44746a0532f6b23758252
I20260709 14:54:01.849550  6030 tablet_service.cc:1917] Received RequestConsensusVote() RPC: tablet_id: "16de19ca36764f06b0c8f1bb2f76f85e" candidate_uuid: "e2c4b23f7fe44746a0532f6b23758252" candidate_term: 1 candidate_status { last_received { term: 0 index: 0 } } ignore_live_leader: false dest_uuid: "7c80aba6a1314f6f8e34cd33b6425674" is_pre_election: true
I20260709 14:54:01.929247  6030 raft_consensus.cc:2468] T 16de19ca36764f06b0c8f1bb2f76f85e P 7c80aba6a1314f6f8e34cd33b6425674 [term 0 FOLLOWER]: Leader pre-election vote request: Granting yes vote for candidate e2c4b23f7fe44746a0532f6b23758252 in term 0.
W20260709 14:54:01.929700  5998 outbound_call.cc:321] RPC callback for RPC call kudu.consensus.ConsensusService.RequestConsensusVote -> {remote=127.4.161.66:38255, user_credentials={real_user=slave}} blocked reactor thread for 58062.9us
I20260709 14:54:01.930212  6279 raft_consensus.cc:2749] T 0c00b11a2bb748848e5805e9ec3da6fc P 7c80aba6a1314f6f8e34cd33b6425674 [term 0 FOLLOWER]: Leader pre-election lost for term 1. Reason: could not achieve majority
I20260709 14:54:01.930406  5847 leader_election.cc:304] T 16de19ca36764f06b0c8f1bb2f76f85e P e2c4b23f7fe44746a0532f6b23758252 [CANDIDATE]: Term 1 pre-election: Election decided. Result: candidate won. Election summary: received 3 responses out of 3 voters: 2 yes votes; 1 no votes. yes voters: 7c80aba6a1314f6f8e34cd33b6425674, e2c4b23f7fe44746a0532f6b23758252; no voters: 3b5b6d66bec94b8ea3cb3ecd1dded4d6
I20260709 14:54:01.931648  6281 raft_consensus.cc:2804] T 16de19ca36764f06b0c8f1bb2f76f85e P e2c4b23f7fe44746a0532f6b23758252 [term 0 FOLLOWER]: Leader pre-election won for term 1
I20260709 14:54:01.931982  6281 raft_consensus.cc:493] T 16de19ca36764f06b0c8f1bb2f76f85e P e2c4b23f7fe44746a0532f6b23758252 [term 0 FOLLOWER]: Starting leader election (no leader contacted us within the election timeout)
I20260709 14:54:01.932288  6281 raft_consensus.cc:3060] T 16de19ca36764f06b0c8f1bb2f76f85e P e2c4b23f7fe44746a0532f6b23758252 [term 0 FOLLOWER]: Advancing to term 1
I20260709 14:54:01.933799  6127 consensus_queue.cc:1048] T e1c11e4d3e9c4ed3ac65edfbca3947cd P 3b5b6d66bec94b8ea3cb3ecd1dded4d6 [LEADER]: Connected to new peer: Peer: permanent_uuid: "e2c4b23f7fe44746a0532f6b23758252" member_type: VOTER last_known_addr { host: "127.4.161.65" port: 45815 }, Status: LMP_MISMATCH, Last received: 0.0, Next index: 1, Last known committed idx: 0, Time since last communication: 0.000s
I20260709 14:54:01.936292  6096 leader_election.cc:290] T bd08a30d0d5d4bc5bd2cd2fc1bd605cd P 7c80aba6a1314f6f8e34cd33b6425674 [CANDIDATE]: Term 1 pre-election: Requested pre-vote from peers e2c4b23f7fe44746a0532f6b23758252 (127.4.161.65:45815), 3b5b6d66bec94b8ea3cb3ecd1dded4d6 (127.4.161.66:38255)
I20260709 14:54:01.939599  5879 tablet_service.cc:1917] Received RequestConsensusVote() RPC: tablet_id: "103266e27132466d9185a5e91adacb34" candidate_uuid: "7c80aba6a1314f6f8e34cd33b6425674" candidate_term: 1 candidate_status { last_received { term: 0 index: 0 } } ignore_live_leader: false dest_uuid: "e2c4b23f7fe44746a0532f6b23758252" is_pre_election: true
W20260709 14:54:01.941051  5995 leader_election.cc:343] T 103266e27132466d9185a5e91adacb34 P 7c80aba6a1314f6f8e34cd33b6425674 [CANDIDATE]: Term 1 pre-election: Tablet error from VoteRequest() call to peer e2c4b23f7fe44746a0532f6b23758252 (127.4.161.65:45815): Illegal state: must be running to vote when last-logged opid is not known
I20260709 14:54:01.938191  6160 leader_election.cc:290] T 103266e27132466d9185a5e91adacb34 P 7c80aba6a1314f6f8e34cd33b6425674 [CANDIDATE]: Term 1 pre-election: Requested pre-vote from peers e2c4b23f7fe44746a0532f6b23758252 (127.4.161.65:45815), 3b5b6d66bec94b8ea3cb3ecd1dded4d6 (127.4.161.66:38255)
I20260709 14:54:01.942060  6072 tablet_bootstrap.cc:492] T 103266e27132466d9185a5e91adacb34 P 3b5b6d66bec94b8ea3cb3ecd1dded4d6: No bootstrap required, opened a new log
I20260709 14:54:01.941881  5881 tablet_service.cc:1917] Received RequestConsensusVote() RPC: tablet_id: "bd08a30d0d5d4bc5bd2cd2fc1bd605cd" candidate_uuid: "7c80aba6a1314f6f8e34cd33b6425674" candidate_term: 1 candidate_status { last_received { term: 0 index: 0 } } ignore_live_leader: false dest_uuid: "e2c4b23f7fe44746a0532f6b23758252" is_pre_election: true
I20260709 14:54:01.929268  6083 raft_consensus.cc:515] T 3fc6e1677a1145c3a71caec98f88102e P 7c80aba6a1314f6f8e34cd33b6425674 [term 1 FOLLOWER]: Starting leader election with config: opid_index: -1 OBSOLETE_local: false peers { permanent_uuid: "e2c4b23f7fe44746a0532f6b23758252" member_type: VOTER last_known_addr { host: "127.4.161.65" port: 45815 } } peers { permanent_uuid: "3b5b6d66bec94b8ea3cb3ecd1dded4d6" member_type: VOTER last_known_addr { host: "127.4.161.66" port: 38255 } } peers { permanent_uuid: "7c80aba6a1314f6f8e34cd33b6425674" member_type: VOTER last_known_addr { host: "127.4.161.67" port: 35743 } }
W20260709 14:54:01.943313  5995 leader_election.cc:343] T bd08a30d0d5d4bc5bd2cd2fc1bd605cd P 7c80aba6a1314f6f8e34cd33b6425674 [CANDIDATE]: Term 1 pre-election: Tablet error from VoteRequest() call to peer e2c4b23f7fe44746a0532f6b23758252 (127.4.161.65:45815): Illegal state: must be running to vote when last-logged opid is not known
I20260709 14:54:01.940840  6281 raft_consensus.cc:515] T 16de19ca36764f06b0c8f1bb2f76f85e P e2c4b23f7fe44746a0532f6b23758252 [term 1 FOLLOWER]: Starting leader election with config: opid_index: -1 OBSOLETE_local: false peers { permanent_uuid: "e2c4b23f7fe44746a0532f6b23758252" member_type: VOTER last_known_addr { host: "127.4.161.65" port: 45815 } } peers { permanent_uuid: "3b5b6d66bec94b8ea3cb3ecd1dded4d6" member_type: VOTER last_known_addr { host: "127.4.161.66" port: 38255 } } peers { permanent_uuid: "7c80aba6a1314f6f8e34cd33b6425674" member_type: VOTER last_known_addr { host: "127.4.161.67" port: 35743 } }
I20260709 14:54:01.944079  6030 tablet_service.cc:1917] Received RequestConsensusVote() RPC: tablet_id: "23a8f96f119f4d4aa543436708d3732a" candidate_uuid: "e2c4b23f7fe44746a0532f6b23758252" candidate_term: 1 candidate_status { last_received { term: 0 index: 0 } } ignore_live_leader: false dest_uuid: "7c80aba6a1314f6f8e34cd33b6425674" is_pre_election: true
I20260709 14:54:01.944803  6030 raft_consensus.cc:2393] T 23a8f96f119f4d4aa543436708d3732a P 7c80aba6a1314f6f8e34cd33b6425674 [term 1 FOLLOWER]: Leader pre-election vote request: Denying vote to candidate e2c4b23f7fe44746a0532f6b23758252 in current term 1: Already voted for candidate 3b5b6d66bec94b8ea3cb3ecd1dded4d6 in this term.
I20260709 14:54:01.946327  5883 raft_consensus.cc:2468] T 58aba6c2dd874cc8b58256b10bfa2430 P e2c4b23f7fe44746a0532f6b23758252 [term 1 FOLLOWER]: Leader election vote request: Granting yes vote for candidate 3b5b6d66bec94b8ea3cb3ecd1dded4d6 in term 1.
I20260709 14:54:01.946600  6031 tablet_service.cc:1917] Received RequestConsensusVote() RPC: tablet_id: "16de19ca36764f06b0c8f1bb2f76f85e" candidate_uuid: "e2c4b23f7fe44746a0532f6b23758252" candidate_term: 1 candidate_status { last_received { term: 0 index: 0 } } ignore_live_leader: false dest_uuid: "7c80aba6a1314f6f8e34cd33b6425674"
I20260709 14:54:01.947181  6031 raft_consensus.cc:3060] T 16de19ca36764f06b0c8f1bb2f76f85e P 7c80aba6a1314f6f8e34cd33b6425674 [term 0 FOLLOWER]: Advancing to term 1
I20260709 14:54:01.950224  6073 tablet_bootstrap.cc:654] T 8628a8b0627440709d39b5b09b6ae06d P e2c4b23f7fe44746a0532f6b23758252: Neither blocks nor log segments found. Creating new log.
I20260709 14:54:01.951020  6083 leader_election.cc:290] T 3fc6e1677a1145c3a71caec98f88102e P 7c80aba6a1314f6f8e34cd33b6425674 [CANDIDATE]: Term 1 election: Requested vote from peers e2c4b23f7fe44746a0532f6b23758252 (127.4.161.65:45815), 3b5b6d66bec94b8ea3cb3ecd1dded4d6 (127.4.161.66:38255)
I20260709 14:54:01.952704  5777 catalog_manager.cc:5697] T 23a8f96f119f4d4aa543436708d3732a P 3b5b6d66bec94b8ea3cb3ecd1dded4d6 reported cstate change: term changed from 0 to 1, leader changed from <none> to 3b5b6d66bec94b8ea3cb3ecd1dded4d6 (127.4.161.66). New cstate: current_term: 1 leader_uuid: "3b5b6d66bec94b8ea3cb3ecd1dded4d6" committed_config { opid_index: -1 OBSOLETE_local: false peers { permanent_uuid: "e2c4b23f7fe44746a0532f6b23758252" member_type: VOTER last_known_addr { host: "127.4.161.65" port: 45815 } health_report { overall_health: UNKNOWN } } peers { permanent_uuid: "3b5b6d66bec94b8ea3cb3ecd1dded4d6" member_type: VOTER last_known_addr { host: "127.4.161.66" port: 38255 } health_report { overall_health: HEALTHY } } peers { permanent_uuid: "7c80aba6a1314f6f8e34cd33b6425674" member_type: VOTER last_known_addr { host: "127.4.161.67" port: 35743 } health_report { overall_health: UNKNOWN } } }
I20260709 14:54:01.954555  6031 raft_consensus.cc:2468] T 16de19ca36764f06b0c8f1bb2f76f85e P 7c80aba6a1314f6f8e34cd33b6425674 [term 1 FOLLOWER]: Leader election vote request: Granting yes vote for candidate e2c4b23f7fe44746a0532f6b23758252 in term 1.
I20260709 14:54:01.955673  5847 leader_election.cc:304] T 16de19ca36764f06b0c8f1bb2f76f85e P e2c4b23f7fe44746a0532f6b23758252 [CANDIDATE]: Term 1 election: Election decided. Result: candidate won. Election summary: received 2 responses out of 3 voters: 2 yes votes; 0 no votes. yes voters: 7c80aba6a1314f6f8e34cd33b6425674, e2c4b23f7fe44746a0532f6b23758252; no voters: 
I20260709 14:54:01.956462  6085 raft_consensus.cc:2804] T 16de19ca36764f06b0c8f1bb2f76f85e P e2c4b23f7fe44746a0532f6b23758252 [term 1 FOLLOWER]: Leader election won for term 1
I20260709 14:54:01.956943  6085 raft_consensus.cc:697] T 16de19ca36764f06b0c8f1bb2f76f85e P e2c4b23f7fe44746a0532f6b23758252 [term 1 LEADER]: Becoming Leader. State: Replica: e2c4b23f7fe44746a0532f6b23758252, State: Running, Role: LEADER
I20260709 14:54:01.957110  6281 leader_election.cc:290] T 16de19ca36764f06b0c8f1bb2f76f85e P e2c4b23f7fe44746a0532f6b23758252 [CANDIDATE]: Term 1 election: Requested vote from peers 3b5b6d66bec94b8ea3cb3ecd1dded4d6 (127.4.161.66:38255), 7c80aba6a1314f6f8e34cd33b6425674 (127.4.161.67:35743)
I20260709 14:54:01.956858  5882 tablet_service.cc:1917] Received RequestConsensusVote() RPC: tablet_id: "3fc6e1677a1145c3a71caec98f88102e" candidate_uuid: "7c80aba6a1314f6f8e34cd33b6425674" candidate_term: 1 candidate_status { last_received { term: 0 index: 0 } } ignore_live_leader: false dest_uuid: "e2c4b23f7fe44746a0532f6b23758252"
I20260709 14:54:01.957826  6085 consensus_queue.cc:237] T 16de19ca36764f06b0c8f1bb2f76f85e P e2c4b23f7fe44746a0532f6b23758252 [LEADER]: Queue going to LEADER mode. State: All replicated index: 0, Majority replicated index: 0, Committed index: 0, Last appended: 0.0, Last appended by leader: 0, Current term: 1, Majority size: 2, State: 0, Mode: LEADER, active raft config: opid_index: -1 OBSOLETE_local: false peers { permanent_uuid: "e2c4b23f7fe44746a0532f6b23758252" member_type: VOTER last_known_addr { host: "127.4.161.65" port: 45815 } } peers { permanent_uuid: "3b5b6d66bec94b8ea3cb3ecd1dded4d6" member_type: VOTER last_known_addr { host: "127.4.161.66" port: 38255 } } peers { permanent_uuid: "7c80aba6a1314f6f8e34cd33b6425674" member_type: VOTER last_known_addr { host: "127.4.161.67" port: 35743 } }
I20260709 14:54:01.958505  5882 raft_consensus.cc:3060] T 3fc6e1677a1145c3a71caec98f88102e P e2c4b23f7fe44746a0532f6b23758252 [term 0 FOLLOWER]: Advancing to term 1
I20260709 14:54:01.959195  6072 ts_tablet_manager.cc:1403] T 103266e27132466d9185a5e91adacb34 P 3b5b6d66bec94b8ea3cb3ecd1dded4d6: Time spent bootstrapping tablet: real 0.176s	user 0.019s	sys 0.012s
I20260709 14:54:01.962097  6072 raft_consensus.cc:359] T 103266e27132466d9185a5e91adacb34 P 3b5b6d66bec94b8ea3cb3ecd1dded4d6 [term 0 FOLLOWER]: Replica starting. Triggering 0 pending ops. Active config: opid_index: -1 OBSOLETE_local: false peers { permanent_uuid: "e2c4b23f7fe44746a0532f6b23758252" member_type: VOTER last_known_addr { host: "127.4.161.65" port: 45815 } } peers { permanent_uuid: "3b5b6d66bec94b8ea3cb3ecd1dded4d6" member_type: VOTER last_known_addr { host: "127.4.161.66" port: 38255 } } peers { permanent_uuid: "7c80aba6a1314f6f8e34cd33b6425674" member_type: VOTER last_known_addr { host: "127.4.161.67" port: 35743 } }
I20260709 14:54:01.962710  6072 raft_consensus.cc:385] T 103266e27132466d9185a5e91adacb34 P 3b5b6d66bec94b8ea3cb3ecd1dded4d6 [term 0 FOLLOWER]: Consensus starting up: Expiring failure detector timer to make a prompt election more likely
I20260709 14:54:01.962984  6072 raft_consensus.cc:740] T 103266e27132466d9185a5e91adacb34 P 3b5b6d66bec94b8ea3cb3ecd1dded4d6 [term 0 FOLLOWER]: Becoming Follower/Learner. State: Replica: 3b5b6d66bec94b8ea3cb3ecd1dded4d6, State: Initialized, Role: FOLLOWER
I20260709 14:54:01.965232  5882 raft_consensus.cc:2468] T 3fc6e1677a1145c3a71caec98f88102e P e2c4b23f7fe44746a0532f6b23758252 [term 1 FOLLOWER]: Leader election vote request: Granting yes vote for candidate 7c80aba6a1314f6f8e34cd33b6425674 in term 1.
I20260709 14:54:01.966605  5995 leader_election.cc:304] T 3fc6e1677a1145c3a71caec98f88102e P 7c80aba6a1314f6f8e34cd33b6425674 [CANDIDATE]: Term 1 election: Election decided. Result: candidate won. Election summary: received 2 responses out of 3 voters: 2 yes votes; 0 no votes. yes voters: 7c80aba6a1314f6f8e34cd33b6425674, e2c4b23f7fe44746a0532f6b23758252; no voters: 
I20260709 14:54:01.967482  6096 raft_consensus.cc:2804] T 3fc6e1677a1145c3a71caec98f88102e P 7c80aba6a1314f6f8e34cd33b6425674 [term 1 FOLLOWER]: Leader election won for term 1
I20260709 14:54:01.966653  6138 leader_election.cc:290] T 23a8f96f119f4d4aa543436708d3732a P e2c4b23f7fe44746a0532f6b23758252 [CANDIDATE]: Term 1 pre-election: Requested pre-vote from peers 3b5b6d66bec94b8ea3cb3ecd1dded4d6 (127.4.161.66:38255), 7c80aba6a1314f6f8e34cd33b6425674 (127.4.161.67:35743)
I20260709 14:54:01.967918  6096 raft_consensus.cc:697] T 3fc6e1677a1145c3a71caec98f88102e P 7c80aba6a1314f6f8e34cd33b6425674 [term 1 LEADER]: Becoming Leader. State: Replica: 7c80aba6a1314f6f8e34cd33b6425674, State: Running, Role: LEADER
I20260709 14:54:01.972913  5957 tablet_service.cc:1917] Received RequestConsensusVote() RPC: tablet_id: "23a8f96f119f4d4aa543436708d3732a" candidate_uuid: "e2c4b23f7fe44746a0532f6b23758252" candidate_term: 1 candidate_status { last_received { term: 0 index: 0 } } ignore_live_leader: false dest_uuid: "3b5b6d66bec94b8ea3cb3ecd1dded4d6" is_pre_election: true
I20260709 14:54:01.976719  6072 consensus_queue.cc:260] T 103266e27132466d9185a5e91adacb34 P 3b5b6d66bec94b8ea3cb3ecd1dded4d6 [NON_LEADER]: Queue going to NON_LEADER mode. State: All replicated index: 0, Majority replicated index: 0, Committed index: 0, Last appended: 0.0, Last appended by leader: 0, Current term: 0, Majority size: -1, State: 0, Mode: NON_LEADER, active raft config: opid_index: -1 OBSOLETE_local: false peers { permanent_uuid: "e2c4b23f7fe44746a0532f6b23758252" member_type: VOTER last_known_addr { host: "127.4.161.65" port: 45815 } } peers { permanent_uuid: "3b5b6d66bec94b8ea3cb3ecd1dded4d6" member_type: VOTER last_known_addr { host: "127.4.161.66" port: 38255 } } peers { permanent_uuid: "7c80aba6a1314f6f8e34cd33b6425674" member_type: VOTER last_known_addr { host: "127.4.161.67" port: 35743 } }
I20260709 14:54:01.977278  5958 tablet_service.cc:1917] Received RequestConsensusVote() RPC: tablet_id: "103266e27132466d9185a5e91adacb34" candidate_uuid: "7c80aba6a1314f6f8e34cd33b6425674" candidate_term: 1 candidate_status { last_received { term: 0 index: 0 } } ignore_live_leader: false dest_uuid: "3b5b6d66bec94b8ea3cb3ecd1dded4d6" is_pre_election: true
I20260709 14:54:01.976862  6096 consensus_queue.cc:237] T 3fc6e1677a1145c3a71caec98f88102e P 7c80aba6a1314f6f8e34cd33b6425674 [LEADER]: Queue going to LEADER mode. State: All replicated index: 0, Majority replicated index: 0, Committed index: 0, Last appended: 0.0, Last appended by leader: 0, Current term: 1, Majority size: 2, State: 0, Mode: LEADER, active raft config: opid_index: -1 OBSOLETE_local: false peers { permanent_uuid: "e2c4b23f7fe44746a0532f6b23758252" member_type: VOTER last_known_addr { host: "127.4.161.65" port: 45815 } } peers { permanent_uuid: "3b5b6d66bec94b8ea3cb3ecd1dded4d6" member_type: VOTER last_known_addr { host: "127.4.161.66" port: 38255 } } peers { permanent_uuid: "7c80aba6a1314f6f8e34cd33b6425674" member_type: VOTER last_known_addr { host: "127.4.161.67" port: 35743 } }
I20260709 14:54:01.978878  6072 ts_tablet_manager.cc:1434] T 103266e27132466d9185a5e91adacb34 P 3b5b6d66bec94b8ea3cb3ecd1dded4d6: Time spent starting tablet: real 0.019s	user 0.006s	sys 0.000s
I20260709 14:54:01.978770  5954 tablet_service.cc:1917] Received RequestConsensusVote() RPC: tablet_id: "3fc6e1677a1145c3a71caec98f88102e" candidate_uuid: "7c80aba6a1314f6f8e34cd33b6425674" candidate_term: 1 candidate_status { last_received { term: 0 index: 0 } } ignore_live_leader: false dest_uuid: "3b5b6d66bec94b8ea3cb3ecd1dded4d6"
I20260709 14:54:01.979880  6072 tablet_bootstrap.cc:492] T 3fc6e1677a1145c3a71caec98f88102e P 3b5b6d66bec94b8ea3cb3ecd1dded4d6: Bootstrap starting.
I20260709 14:54:01.977913  5958 raft_consensus.cc:2468] T 103266e27132466d9185a5e91adacb34 P 3b5b6d66bec94b8ea3cb3ecd1dded4d6 [term 0 FOLLOWER]: Leader pre-election vote request: Granting yes vote for candidate 7c80aba6a1314f6f8e34cd33b6425674 in term 0.
I20260709 14:54:01.980823  6282 consensus_queue.cc:1048] T f3520918b75e4cc584cd1a3b54d492e6 P 7c80aba6a1314f6f8e34cd33b6425674 [LEADER]: Connected to new peer: Peer: permanent_uuid: "3b5b6d66bec94b8ea3cb3ecd1dded4d6" member_type: VOTER last_known_addr { host: "127.4.161.66" port: 38255 }, Status: LMP_MISMATCH, Last received: 0.0, Next index: 1, Last known committed idx: 0, Time since last communication: 0.000s
I20260709 14:54:01.976642  5956 tablet_service.cc:1917] Received RequestConsensusVote() RPC: tablet_id: "bd08a30d0d5d4bc5bd2cd2fc1bd605cd" candidate_uuid: "7c80aba6a1314f6f8e34cd33b6425674" candidate_term: 1 candidate_status { last_received { term: 0 index: 0 } } ignore_live_leader: false dest_uuid: "3b5b6d66bec94b8ea3cb3ecd1dded4d6" is_pre_election: true
I20260709 14:54:01.985616  6072 tablet_bootstrap.cc:654] T 3fc6e1677a1145c3a71caec98f88102e P 3b5b6d66bec94b8ea3cb3ecd1dded4d6: Neither blocks nor log segments found. Creating new log.
I20260709 14:54:01.995128  6074 tablet_bootstrap.cc:654] T ac54e4673a8b41d894f7d9985f392758 P 7c80aba6a1314f6f8e34cd33b6425674: Neither blocks nor log segments found. Creating new log.
I20260709 14:54:01.999245  6072 tablet_bootstrap.cc:492] T 3fc6e1677a1145c3a71caec98f88102e P 3b5b6d66bec94b8ea3cb3ecd1dded4d6: No bootstrap required, opened a new log
I20260709 14:54:01.999332  5956 tablet_service.cc:1917] Received RequestConsensusVote() RPC: tablet_id: "16de19ca36764f06b0c8f1bb2f76f85e" candidate_uuid: "e2c4b23f7fe44746a0532f6b23758252" candidate_term: 1 candidate_status { last_received { term: 0 index: 0 } } ignore_live_leader: false dest_uuid: "3b5b6d66bec94b8ea3cb3ecd1dded4d6"
I20260709 14:54:01.999787  6072 ts_tablet_manager.cc:1403] T 3fc6e1677a1145c3a71caec98f88102e P 3b5b6d66bec94b8ea3cb3ecd1dded4d6: Time spent bootstrapping tablet: real 0.020s	user 0.006s	sys 0.010s
I20260709 14:54:02.003545  6072 raft_consensus.cc:359] T 3fc6e1677a1145c3a71caec98f88102e P 3b5b6d66bec94b8ea3cb3ecd1dded4d6 [term 0 FOLLOWER]: Replica starting. Triggering 0 pending ops. Active config: opid_index: -1 OBSOLETE_local: false peers { permanent_uuid: "e2c4b23f7fe44746a0532f6b23758252" member_type: VOTER last_known_addr { host: "127.4.161.65" port: 45815 } } peers { permanent_uuid: "3b5b6d66bec94b8ea3cb3ecd1dded4d6" member_type: VOTER last_known_addr { host: "127.4.161.66" port: 38255 } } peers { permanent_uuid: "7c80aba6a1314f6f8e34cd33b6425674" member_type: VOTER last_known_addr { host: "127.4.161.67" port: 35743 } }
I20260709 14:54:02.004240  6072 raft_consensus.cc:385] T 3fc6e1677a1145c3a71caec98f88102e P 3b5b6d66bec94b8ea3cb3ecd1dded4d6 [term 0 FOLLOWER]: Consensus starting up: Expiring failure detector timer to make a prompt election more likely
I20260709 14:54:02.004585  6072 raft_consensus.cc:740] T 3fc6e1677a1145c3a71caec98f88102e P 3b5b6d66bec94b8ea3cb3ecd1dded4d6 [term 0 FOLLOWER]: Becoming Follower/Learner. State: Replica: 3b5b6d66bec94b8ea3cb3ecd1dded4d6, State: Initialized, Role: FOLLOWER
W20260709 14:54:02.009187  5998 leader_election.cc:343] T 3fc6e1677a1145c3a71caec98f88102e P 7c80aba6a1314f6f8e34cd33b6425674 [CANDIDATE]: Term 1 election: Tablet error from VoteRequest() call to peer 3b5b6d66bec94b8ea3cb3ecd1dded4d6 (127.4.161.66:38255): Illegal state: must be running to vote when last-logged opid is not known
W20260709 14:54:02.009430  5995 consensus_peers.cc:597] T f3520918b75e4cc584cd1a3b54d492e6 P 7c80aba6a1314f6f8e34cd33b6425674 -> Peer e2c4b23f7fe44746a0532f6b23758252 (127.4.161.65:45815): Couldn't send request to peer e2c4b23f7fe44746a0532f6b23758252. Error code: TABLET_NOT_RUNNING (12). Status: Illegal state: Tablet not RUNNING: INITIALIZED. This is attempt 1: this message will repeat every 5th retry.
I20260709 14:54:02.005802  6072 consensus_queue.cc:260] T 3fc6e1677a1145c3a71caec98f88102e P 3b5b6d66bec94b8ea3cb3ecd1dded4d6 [NON_LEADER]: Queue going to NON_LEADER mode. State: All replicated index: 0, Majority replicated index: 0, Committed index: 0, Last appended: 0.0, Last appended by leader: 0, Current term: 0, Majority size: -1, State: 0, Mode: NON_LEADER, active raft config: opid_index: -1 OBSOLETE_local: false peers { permanent_uuid: "e2c4b23f7fe44746a0532f6b23758252" member_type: VOTER last_known_addr { host: "127.4.161.65" port: 45815 } } peers { permanent_uuid: "3b5b6d66bec94b8ea3cb3ecd1dded4d6" member_type: VOTER last_known_addr { host: "127.4.161.66" port: 38255 } } peers { permanent_uuid: "7c80aba6a1314f6f8e34cd33b6425674" member_type: VOTER last_known_addr { host: "127.4.161.67" port: 35743 } }
I20260709 14:54:02.011754  6072 ts_tablet_manager.cc:1434] T 3fc6e1677a1145c3a71caec98f88102e P 3b5b6d66bec94b8ea3cb3ecd1dded4d6: Time spent starting tablet: real 0.012s	user 0.003s	sys 0.002s
I20260709 14:54:02.011785  5998 leader_election.cc:304] T 103266e27132466d9185a5e91adacb34 P 7c80aba6a1314f6f8e34cd33b6425674 [CANDIDATE]: Term 1 pre-election: Election decided. Result: candidate won. Election summary: received 3 responses out of 3 voters: 2 yes votes; 1 no votes. yes voters: 3b5b6d66bec94b8ea3cb3ecd1dded4d6, 7c80aba6a1314f6f8e34cd33b6425674; no voters: e2c4b23f7fe44746a0532f6b23758252
I20260709 14:54:02.012778  6072 tablet_bootstrap.cc:492] T 60a63840600c4578a47ca8985730cbc8 P 3b5b6d66bec94b8ea3cb3ecd1dded4d6: Bootstrap starting.
I20260709 14:54:02.012753  6083 raft_consensus.cc:2804] T 103266e27132466d9185a5e91adacb34 P 7c80aba6a1314f6f8e34cd33b6425674 [term 0 FOLLOWER]: Leader pre-election won for term 1
I20260709 14:54:02.013242  6083 raft_consensus.cc:493] T 103266e27132466d9185a5e91adacb34 P 7c80aba6a1314f6f8e34cd33b6425674 [term 0 FOLLOWER]: Starting leader election (no leader contacted us within the election timeout)
I20260709 14:54:02.013594  6083 raft_consensus.cc:3060] T 103266e27132466d9185a5e91adacb34 P 7c80aba6a1314f6f8e34cd33b6425674 [term 0 FOLLOWER]: Advancing to term 1
I20260709 14:54:02.016063  5781 catalog_manager.cc:5697] T 3fc6e1677a1145c3a71caec98f88102e P 7c80aba6a1314f6f8e34cd33b6425674 reported cstate change: term changed from 0 to 1, leader changed from <none> to 7c80aba6a1314f6f8e34cd33b6425674 (127.4.161.67). New cstate: current_term: 1 leader_uuid: "7c80aba6a1314f6f8e34cd33b6425674" committed_config { opid_index: -1 OBSOLETE_local: false peers { permanent_uuid: "e2c4b23f7fe44746a0532f6b23758252" member_type: VOTER last_known_addr { host: "127.4.161.65" port: 45815 } health_report { overall_health: UNKNOWN } } peers { permanent_uuid: "3b5b6d66bec94b8ea3cb3ecd1dded4d6" member_type: VOTER last_known_addr { host: "127.4.161.66" port: 38255 } health_report { overall_health: UNKNOWN } } peers { permanent_uuid: "7c80aba6a1314f6f8e34cd33b6425674" member_type: VOTER last_known_addr { host: "127.4.161.67" port: 35743 } health_report { overall_health: HEALTHY } } }
I20260709 14:54:02.016371  5921 leader_election.cc:304] T 58aba6c2dd874cc8b58256b10bfa2430 P 3b5b6d66bec94b8ea3cb3ecd1dded4d6 [CANDIDATE]: Term 1 election: Election decided. Result: candidate won. Election summary: received 2 responses out of 3 voters: 2 yes votes; 0 no votes. yes voters: 3b5b6d66bec94b8ea3cb3ecd1dded4d6, e2c4b23f7fe44746a0532f6b23758252; no voters: 
I20260709 14:54:02.020864  6083 raft_consensus.cc:515] T 103266e27132466d9185a5e91adacb34 P 7c80aba6a1314f6f8e34cd33b6425674 [term 1 FOLLOWER]: Starting leader election with config: opid_index: -1 OBSOLETE_local: false peers { permanent_uuid: "e2c4b23f7fe44746a0532f6b23758252" member_type: VOTER last_known_addr { host: "127.4.161.65" port: 45815 } } peers { permanent_uuid: "3b5b6d66bec94b8ea3cb3ecd1dded4d6" member_type: VOTER last_known_addr { host: "127.4.161.66" port: 38255 } } peers { permanent_uuid: "7c80aba6a1314f6f8e34cd33b6425674" member_type: VOTER last_known_addr { host: "127.4.161.67" port: 35743 } }
I20260709 14:54:02.021476  6077 raft_consensus.cc:2804] T 58aba6c2dd874cc8b58256b10bfa2430 P 3b5b6d66bec94b8ea3cb3ecd1dded4d6 [term 1 FOLLOWER]: Leader election won for term 1
I20260709 14:54:02.021823  6072 tablet_bootstrap.cc:654] T 60a63840600c4578a47ca8985730cbc8 P 3b5b6d66bec94b8ea3cb3ecd1dded4d6: Neither blocks nor log segments found. Creating new log.
I20260709 14:54:02.021986  6077 raft_consensus.cc:697] T 58aba6c2dd874cc8b58256b10bfa2430 P 3b5b6d66bec94b8ea3cb3ecd1dded4d6 [term 1 LEADER]: Becoming Leader. State: Replica: 3b5b6d66bec94b8ea3cb3ecd1dded4d6, State: Running, Role: LEADER
I20260709 14:54:02.022814  6077 consensus_queue.cc:237] T 58aba6c2dd874cc8b58256b10bfa2430 P 3b5b6d66bec94b8ea3cb3ecd1dded4d6 [LEADER]: Queue going to LEADER mode. State: All replicated index: 0, Majority replicated index: 0, Committed index: 0, Last appended: 0.0, Last appended by leader: 0, Current term: 1, Majority size: 2, State: 0, Mode: LEADER, active raft config: opid_index: -1 OBSOLETE_local: false peers { permanent_uuid: "e2c4b23f7fe44746a0532f6b23758252" member_type: VOTER last_known_addr { host: "127.4.161.65" port: 45815 } } peers { permanent_uuid: "3b5b6d66bec94b8ea3cb3ecd1dded4d6" member_type: VOTER last_known_addr { host: "127.4.161.66" port: 38255 } } peers { permanent_uuid: "7c80aba6a1314f6f8e34cd33b6425674" member_type: VOTER last_known_addr { host: "127.4.161.67" port: 35743 } }
I20260709 14:54:02.025854  6083 leader_election.cc:290] T 103266e27132466d9185a5e91adacb34 P 7c80aba6a1314f6f8e34cd33b6425674 [CANDIDATE]: Term 1 election: Requested vote from peers e2c4b23f7fe44746a0532f6b23758252 (127.4.161.65:45815), 3b5b6d66bec94b8ea3cb3ecd1dded4d6 (127.4.161.66:38255)
I20260709 14:54:02.025058  5880 tablet_service.cc:1917] Received RequestConsensusVote() RPC: tablet_id: "103266e27132466d9185a5e91adacb34" candidate_uuid: "7c80aba6a1314f6f8e34cd33b6425674" candidate_term: 1 candidate_status { last_received { term: 0 index: 0 } } ignore_live_leader: false dest_uuid: "e2c4b23f7fe44746a0532f6b23758252"
W20260709 14:54:02.027774  5995 leader_election.cc:343] T 103266e27132466d9185a5e91adacb34 P 7c80aba6a1314f6f8e34cd33b6425674 [CANDIDATE]: Term 1 election: Tablet error from VoteRequest() call to peer e2c4b23f7fe44746a0532f6b23758252 (127.4.161.65:45815): Illegal state: must be running to vote when last-logged opid is not known
W20260709 14:54:02.022818  5998 leader_election.cc:343] T bd08a30d0d5d4bc5bd2cd2fc1bd605cd P 7c80aba6a1314f6f8e34cd33b6425674 [CANDIDATE]: Term 1 pre-election: Tablet error from VoteRequest() call to peer 3b5b6d66bec94b8ea3cb3ecd1dded4d6 (127.4.161.66:38255): Illegal state: must be running to vote when last-logged opid is not known
I20260709 14:54:02.031526  5998 leader_election.cc:304] T bd08a30d0d5d4bc5bd2cd2fc1bd605cd P 7c80aba6a1314f6f8e34cd33b6425674 [CANDIDATE]: Term 1 pre-election: Election decided. Result: candidate lost. Election summary: received 3 responses out of 3 voters: 1 yes votes; 2 no votes. yes voters: 7c80aba6a1314f6f8e34cd33b6425674; no voters: 3b5b6d66bec94b8ea3cb3ecd1dded4d6, e2c4b23f7fe44746a0532f6b23758252
I20260709 14:54:02.034256  6096 raft_consensus.cc:2749] T bd08a30d0d5d4bc5bd2cd2fc1bd605cd P 7c80aba6a1314f6f8e34cd33b6425674 [term 0 FOLLOWER]: Leader pre-election lost for term 1. Reason: could not achieve majority
I20260709 14:54:02.036873  5849 leader_election.cc:304] T 23a8f96f119f4d4aa543436708d3732a P e2c4b23f7fe44746a0532f6b23758252 [CANDIDATE]: Term 1 pre-election: Election decided. Result: candidate lost. Election summary: received 3 responses out of 3 voters: 1 yes votes; 2 no votes. yes voters: e2c4b23f7fe44746a0532f6b23758252; no voters: 3b5b6d66bec94b8ea3cb3ecd1dded4d6, 7c80aba6a1314f6f8e34cd33b6425674
I20260709 14:54:02.037743  6138 raft_consensus.cc:3060] T 23a8f96f119f4d4aa543436708d3732a P e2c4b23f7fe44746a0532f6b23758252 [term 0 FOLLOWER]: Advancing to term 1
I20260709 14:54:02.047326  6029 raft_consensus.cc:2468] T 58aba6c2dd874cc8b58256b10bfa2430 P 7c80aba6a1314f6f8e34cd33b6425674 [term 1 FOLLOWER]: Leader election vote request: Granting yes vote for candidate 3b5b6d66bec94b8ea3cb3ecd1dded4d6 in term 1.
W20260709 14:54:02.051468  5849 leader_election.cc:343] T 16de19ca36764f06b0c8f1bb2f76f85e P e2c4b23f7fe44746a0532f6b23758252 [CANDIDATE]: Term 1 election: Tablet error from VoteRequest() call to peer 3b5b6d66bec94b8ea3cb3ecd1dded4d6 (127.4.161.66:38255): Illegal state: must be running to vote when last-logged opid is not known
I20260709 14:54:02.055539  5781 catalog_manager.cc:5697] T 58aba6c2dd874cc8b58256b10bfa2430 P 3b5b6d66bec94b8ea3cb3ecd1dded4d6 reported cstate change: term changed from 0 to 1, leader changed from <none> to 3b5b6d66bec94b8ea3cb3ecd1dded4d6 (127.4.161.66). New cstate: current_term: 1 leader_uuid: "3b5b6d66bec94b8ea3cb3ecd1dded4d6" committed_config { opid_index: -1 OBSOLETE_local: false peers { permanent_uuid: "e2c4b23f7fe44746a0532f6b23758252" member_type: VOTER last_known_addr { host: "127.4.161.65" port: 45815 } health_report { overall_health: UNKNOWN } } peers { permanent_uuid: "3b5b6d66bec94b8ea3cb3ecd1dded4d6" member_type: VOTER last_known_addr { host: "127.4.161.66" port: 38255 } health_report { overall_health: HEALTHY } } peers { permanent_uuid: "7c80aba6a1314f6f8e34cd33b6425674" member_type: VOTER last_known_addr { host: "127.4.161.67" port: 35743 } health_report { overall_health: UNKNOWN } } }
I20260709 14:54:02.064344  5955 tablet_service.cc:1917] Received RequestConsensusVote() RPC: tablet_id: "103266e27132466d9185a5e91adacb34" candidate_uuid: "7c80aba6a1314f6f8e34cd33b6425674" candidate_term: 1 candidate_status { last_received { term: 0 index: 0 } } ignore_live_leader: false dest_uuid: "3b5b6d66bec94b8ea3cb3ecd1dded4d6"
I20260709 14:54:02.064567  6138 raft_consensus.cc:2749] T 23a8f96f119f4d4aa543436708d3732a P e2c4b23f7fe44746a0532f6b23758252 [term 1 FOLLOWER]: Leader pre-election lost for term 1. Reason: could not achieve majority
I20260709 14:54:02.071985  6073 tablet_bootstrap.cc:492] T 8628a8b0627440709d39b5b09b6ae06d P e2c4b23f7fe44746a0532f6b23758252: No bootstrap required, opened a new log
I20260709 14:54:02.072389  6073 ts_tablet_manager.cc:1403] T 8628a8b0627440709d39b5b09b6ae06d P e2c4b23f7fe44746a0532f6b23758252: Time spent bootstrapping tablet: real 0.221s	user 0.060s	sys 0.021s
I20260709 14:54:02.073158  5955 raft_consensus.cc:3060] T 103266e27132466d9185a5e91adacb34 P 3b5b6d66bec94b8ea3cb3ecd1dded4d6 [term 0 FOLLOWER]: Advancing to term 1
I20260709 14:54:02.074471  6073 raft_consensus.cc:359] T 8628a8b0627440709d39b5b09b6ae06d P e2c4b23f7fe44746a0532f6b23758252 [term 0 FOLLOWER]: Replica starting. Triggering 0 pending ops. Active config: opid_index: -1 OBSOLETE_local: false peers { permanent_uuid: "e2c4b23f7fe44746a0532f6b23758252" member_type: VOTER last_known_addr { host: "127.4.161.65" port: 45815 } } peers { permanent_uuid: "3b5b6d66bec94b8ea3cb3ecd1dded4d6" member_type: VOTER last_known_addr { host: "127.4.161.66" port: 38255 } } peers { permanent_uuid: "7c80aba6a1314f6f8e34cd33b6425674" member_type: VOTER last_known_addr { host: "127.4.161.67" port: 35743 } }
I20260709 14:54:02.075145  6073 raft_consensus.cc:385] T 8628a8b0627440709d39b5b09b6ae06d P e2c4b23f7fe44746a0532f6b23758252 [term 0 FOLLOWER]: Consensus starting up: Expiring failure detector timer to make a prompt election more likely
I20260709 14:54:02.075385  6073 raft_consensus.cc:740] T 8628a8b0627440709d39b5b09b6ae06d P e2c4b23f7fe44746a0532f6b23758252 [term 0 FOLLOWER]: Becoming Follower/Learner. State: Replica: e2c4b23f7fe44746a0532f6b23758252, State: Initialized, Role: FOLLOWER
I20260709 14:54:02.075950  6073 consensus_queue.cc:260] T 8628a8b0627440709d39b5b09b6ae06d P e2c4b23f7fe44746a0532f6b23758252 [NON_LEADER]: Queue going to NON_LEADER mode. State: All replicated index: 0, Majority replicated index: 0, Committed index: 0, Last appended: 0.0, Last appended by leader: 0, Current term: 0, Majority size: -1, State: 0, Mode: NON_LEADER, active raft config: opid_index: -1 OBSOLETE_local: false peers { permanent_uuid: "e2c4b23f7fe44746a0532f6b23758252" member_type: VOTER last_known_addr { host: "127.4.161.65" port: 45815 } } peers { permanent_uuid: "3b5b6d66bec94b8ea3cb3ecd1dded4d6" member_type: VOTER last_known_addr { host: "127.4.161.66" port: 38255 } } peers { permanent_uuid: "7c80aba6a1314f6f8e34cd33b6425674" member_type: VOTER last_known_addr { host: "127.4.161.67" port: 35743 } }
I20260709 14:54:02.077566  6073 ts_tablet_manager.cc:1434] T 8628a8b0627440709d39b5b09b6ae06d P e2c4b23f7fe44746a0532f6b23758252: Time spent starting tablet: real 0.005s	user 0.000s	sys 0.004s
I20260709 14:54:02.079190  6073 tablet_bootstrap.cc:492] T 103266e27132466d9185a5e91adacb34 P e2c4b23f7fe44746a0532f6b23758252: Bootstrap starting.
I20260709 14:54:02.081655  6074 tablet_bootstrap.cc:492] T ac54e4673a8b41d894f7d9985f392758 P 7c80aba6a1314f6f8e34cd33b6425674: No bootstrap required, opened a new log
I20260709 14:54:02.082073  6074 ts_tablet_manager.cc:1403] T ac54e4673a8b41d894f7d9985f392758 P 7c80aba6a1314f6f8e34cd33b6425674: Time spent bootstrapping tablet: real 0.270s	user 0.009s	sys 0.004s
I20260709 14:54:02.090544  6072 tablet_bootstrap.cc:492] T 60a63840600c4578a47ca8985730cbc8 P 3b5b6d66bec94b8ea3cb3ecd1dded4d6: No bootstrap required, opened a new log
I20260709 14:54:02.092033  6074 raft_consensus.cc:359] T ac54e4673a8b41d894f7d9985f392758 P 7c80aba6a1314f6f8e34cd33b6425674 [term 0 FOLLOWER]: Replica starting. Triggering 0 pending ops. Active config: opid_index: -1 OBSOLETE_local: false peers { permanent_uuid: "e2c4b23f7fe44746a0532f6b23758252" member_type: VOTER last_known_addr { host: "127.4.161.65" port: 45815 } } peers { permanent_uuid: "3b5b6d66bec94b8ea3cb3ecd1dded4d6" member_type: VOTER last_known_addr { host: "127.4.161.66" port: 38255 } } peers { permanent_uuid: "7c80aba6a1314f6f8e34cd33b6425674" member_type: VOTER last_known_addr { host: "127.4.161.67" port: 35743 } }
I20260709 14:54:02.092700  6074 raft_consensus.cc:385] T ac54e4673a8b41d894f7d9985f392758 P 7c80aba6a1314f6f8e34cd33b6425674 [term 0 FOLLOWER]: Consensus starting up: Expiring failure detector timer to make a prompt election more likely
I20260709 14:54:02.092944  6074 raft_consensus.cc:740] T ac54e4673a8b41d894f7d9985f392758 P 7c80aba6a1314f6f8e34cd33b6425674 [term 0 FOLLOWER]: Becoming Follower/Learner. State: Replica: 7c80aba6a1314f6f8e34cd33b6425674, State: Initialized, Role: FOLLOWER
I20260709 14:54:02.093537  6074 consensus_queue.cc:260] T ac54e4673a8b41d894f7d9985f392758 P 7c80aba6a1314f6f8e34cd33b6425674 [NON_LEADER]: Queue going to NON_LEADER mode. State: All replicated index: 0, Majority replicated index: 0, Committed index: 0, Last appended: 0.0, Last appended by leader: 0, Current term: 0, Majority size: -1, State: 0, Mode: NON_LEADER, active raft config: opid_index: -1 OBSOLETE_local: false peers { permanent_uuid: "e2c4b23f7fe44746a0532f6b23758252" member_type: VOTER last_known_addr { host: "127.4.161.65" port: 45815 } } peers { permanent_uuid: "3b5b6d66bec94b8ea3cb3ecd1dded4d6" member_type: VOTER last_known_addr { host: "127.4.161.66" port: 38255 } } peers { permanent_uuid: "7c80aba6a1314f6f8e34cd33b6425674" member_type: VOTER last_known_addr { host: "127.4.161.67" port: 35743 } }
I20260709 14:54:02.098004  6073 tablet_bootstrap.cc:654] T 103266e27132466d9185a5e91adacb34 P e2c4b23f7fe44746a0532f6b23758252: Neither blocks nor log segments found. Creating new log.
I20260709 14:54:02.101008  5955 raft_consensus.cc:2468] T 103266e27132466d9185a5e91adacb34 P 3b5b6d66bec94b8ea3cb3ecd1dded4d6 [term 1 FOLLOWER]: Leader election vote request: Granting yes vote for candidate 7c80aba6a1314f6f8e34cd33b6425674 in term 1.
I20260709 14:54:02.103164  6072 ts_tablet_manager.cc:1403] T 60a63840600c4578a47ca8985730cbc8 P 3b5b6d66bec94b8ea3cb3ecd1dded4d6: Time spent bootstrapping tablet: real 0.091s	user 0.020s	sys 0.012s
I20260709 14:54:02.105255  6072 raft_consensus.cc:359] T 60a63840600c4578a47ca8985730cbc8 P 3b5b6d66bec94b8ea3cb3ecd1dded4d6 [term 0 FOLLOWER]: Replica starting. Triggering 0 pending ops. Active config: opid_index: -1 OBSOLETE_local: false peers { permanent_uuid: "e2c4b23f7fe44746a0532f6b23758252" member_type: VOTER last_known_addr { host: "127.4.161.65" port: 45815 } } peers { permanent_uuid: "3b5b6d66bec94b8ea3cb3ecd1dded4d6" member_type: VOTER last_known_addr { host: "127.4.161.66" port: 38255 } } peers { permanent_uuid: "7c80aba6a1314f6f8e34cd33b6425674" member_type: VOTER last_known_addr { host: "127.4.161.67" port: 35743 } }
I20260709 14:54:02.105858  6072 raft_consensus.cc:385] T 60a63840600c4578a47ca8985730cbc8 P 3b5b6d66bec94b8ea3cb3ecd1dded4d6 [term 0 FOLLOWER]: Consensus starting up: Expiring failure detector timer to make a prompt election more likely
I20260709 14:54:02.106106  6072 raft_consensus.cc:740] T 60a63840600c4578a47ca8985730cbc8 P 3b5b6d66bec94b8ea3cb3ecd1dded4d6 [term 0 FOLLOWER]: Becoming Follower/Learner. State: Replica: 3b5b6d66bec94b8ea3cb3ecd1dded4d6, State: Initialized, Role: FOLLOWER
I20260709 14:54:02.106736  6072 consensus_queue.cc:260] T 60a63840600c4578a47ca8985730cbc8 P 3b5b6d66bec94b8ea3cb3ecd1dded4d6 [NON_LEADER]: Queue going to NON_LEADER mode. State: All replicated index: 0, Majority replicated index: 0, Committed index: 0, Last appended: 0.0, Last appended by leader: 0, Current term: 0, Majority size: -1, State: 0, Mode: NON_LEADER, active raft config: opid_index: -1 OBSOLETE_local: false peers { permanent_uuid: "e2c4b23f7fe44746a0532f6b23758252" member_type: VOTER last_known_addr { host: "127.4.161.65" port: 45815 } } peers { permanent_uuid: "3b5b6d66bec94b8ea3cb3ecd1dded4d6" member_type: VOTER last_known_addr { host: "127.4.161.66" port: 38255 } } peers { permanent_uuid: "7c80aba6a1314f6f8e34cd33b6425674" member_type: VOTER last_known_addr { host: "127.4.161.67" port: 35743 } }
I20260709 14:54:02.107913  6073 tablet_bootstrap.cc:492] T 103266e27132466d9185a5e91adacb34 P e2c4b23f7fe44746a0532f6b23758252: No bootstrap required, opened a new log
I20260709 14:54:02.108364  6073 ts_tablet_manager.cc:1403] T 103266e27132466d9185a5e91adacb34 P e2c4b23f7fe44746a0532f6b23758252: Time spent bootstrapping tablet: real 0.030s	user 0.009s	sys 0.001s
I20260709 14:54:02.108642  6072 ts_tablet_manager.cc:1434] T 60a63840600c4578a47ca8985730cbc8 P 3b5b6d66bec94b8ea3cb3ecd1dded4d6: Time spent starting tablet: real 0.005s	user 0.003s	sys 0.000s
I20260709 14:54:02.109613  6072 tablet_bootstrap.cc:492] T ac54e4673a8b41d894f7d9985f392758 P 3b5b6d66bec94b8ea3cb3ecd1dded4d6: Bootstrap starting.
I20260709 14:54:02.098985  5777 catalog_manager.cc:5697] T 3f8f94645cf04ab6a6244d3de3a21dca P e2c4b23f7fe44746a0532f6b23758252 reported cstate change: term changed from 0 to 1, leader changed from <none> to e2c4b23f7fe44746a0532f6b23758252 (127.4.161.65). New cstate: current_term: 1 leader_uuid: "e2c4b23f7fe44746a0532f6b23758252" committed_config { opid_index: -1 OBSOLETE_local: false peers { permanent_uuid: "e2c4b23f7fe44746a0532f6b23758252" member_type: VOTER last_known_addr { host: "127.4.161.65" port: 45815 } health_report { overall_health: HEALTHY } } peers { permanent_uuid: "3b5b6d66bec94b8ea3cb3ecd1dded4d6" member_type: VOTER last_known_addr { host: "127.4.161.66" port: 38255 } health_report { overall_health: UNKNOWN } } peers { permanent_uuid: "7c80aba6a1314f6f8e34cd33b6425674" member_type: VOTER last_known_addr { host: "127.4.161.67" port: 35743 } health_report { overall_health: UNKNOWN } } }
I20260709 14:54:02.110330  6077 raft_consensus.cc:493] T a652d70a6508495f9bbeaab4a042cf3f P 3b5b6d66bec94b8ea3cb3ecd1dded4d6 [term 0 FOLLOWER]: Starting pre-election (no leader contacted us within the election timeout)
I20260709 14:54:02.110803  6077 raft_consensus.cc:515] T a652d70a6508495f9bbeaab4a042cf3f P 3b5b6d66bec94b8ea3cb3ecd1dded4d6 [term 0 FOLLOWER]: Starting pre-election with config: opid_index: -1 OBSOLETE_local: false peers { permanent_uuid: "e2c4b23f7fe44746a0532f6b23758252" member_type: VOTER last_known_addr { host: "127.4.161.65" port: 45815 } } peers { permanent_uuid: "3b5b6d66bec94b8ea3cb3ecd1dded4d6" member_type: VOTER last_known_addr { host: "127.4.161.66" port: 38255 } } peers { permanent_uuid: "7c80aba6a1314f6f8e34cd33b6425674" member_type: VOTER last_known_addr { host: "127.4.161.67" port: 35743 } }
I20260709 14:54:02.111078  6073 raft_consensus.cc:359] T 103266e27132466d9185a5e91adacb34 P e2c4b23f7fe44746a0532f6b23758252 [term 0 FOLLOWER]: Replica starting. Triggering 0 pending ops. Active config: opid_index: -1 OBSOLETE_local: false peers { permanent_uuid: "e2c4b23f7fe44746a0532f6b23758252" member_type: VOTER last_known_addr { host: "127.4.161.65" port: 45815 } } peers { permanent_uuid: "3b5b6d66bec94b8ea3cb3ecd1dded4d6" member_type: VOTER last_known_addr { host: "127.4.161.66" port: 38255 } } peers { permanent_uuid: "7c80aba6a1314f6f8e34cd33b6425674" member_type: VOTER last_known_addr { host: "127.4.161.67" port: 35743 } }
I20260709 14:54:02.111819  6073 raft_consensus.cc:385] T 103266e27132466d9185a5e91adacb34 P e2c4b23f7fe44746a0532f6b23758252 [term 0 FOLLOWER]: Consensus starting up: Expiring failure detector timer to make a prompt election more likely
I20260709 14:54:02.112138  6073 raft_consensus.cc:740] T 103266e27132466d9185a5e91adacb34 P e2c4b23f7fe44746a0532f6b23758252 [term 0 FOLLOWER]: Becoming Follower/Learner. State: Replica: e2c4b23f7fe44746a0532f6b23758252, State: Initialized, Role: FOLLOWER
I20260709 14:54:02.112805  6073 consensus_queue.cc:260] T 103266e27132466d9185a5e91adacb34 P e2c4b23f7fe44746a0532f6b23758252 [NON_LEADER]: Queue going to NON_LEADER mode. State: All replicated index: 0, Majority replicated index: 0, Committed index: 0, Last appended: 0.0, Last appended by leader: 0, Current term: 0, Majority size: -1, State: 0, Mode: NON_LEADER, active raft config: opid_index: -1 OBSOLETE_local: false peers { permanent_uuid: "e2c4b23f7fe44746a0532f6b23758252" member_type: VOTER last_known_addr { host: "127.4.161.65" port: 45815 } } peers { permanent_uuid: "3b5b6d66bec94b8ea3cb3ecd1dded4d6" member_type: VOTER last_known_addr { host: "127.4.161.66" port: 38255 } } peers { permanent_uuid: "7c80aba6a1314f6f8e34cd33b6425674" member_type: VOTER last_known_addr { host: "127.4.161.67" port: 35743 } }
I20260709 14:54:02.113179  6077 leader_election.cc:290] T a652d70a6508495f9bbeaab4a042cf3f P 3b5b6d66bec94b8ea3cb3ecd1dded4d6 [CANDIDATE]: Term 1 pre-election: Requested pre-vote from peers e2c4b23f7fe44746a0532f6b23758252 (127.4.161.65:45815), 7c80aba6a1314f6f8e34cd33b6425674 (127.4.161.67:35743)
I20260709 14:54:02.114873  6073 ts_tablet_manager.cc:1434] T 103266e27132466d9185a5e91adacb34 P e2c4b23f7fe44746a0532f6b23758252: Time spent starting tablet: real 0.006s	user 0.005s	sys 0.000s
I20260709 14:54:02.115152  5998 leader_election.cc:304] T 103266e27132466d9185a5e91adacb34 P 7c80aba6a1314f6f8e34cd33b6425674 [CANDIDATE]: Term 1 election: Election decided. Result: candidate won. Election summary: received 3 responses out of 3 voters: 2 yes votes; 1 no votes. yes voters: 3b5b6d66bec94b8ea3cb3ecd1dded4d6, 7c80aba6a1314f6f8e34cd33b6425674; no voters: e2c4b23f7fe44746a0532f6b23758252
I20260709 14:54:02.115633  6072 tablet_bootstrap.cc:654] T ac54e4673a8b41d894f7d9985f392758 P 3b5b6d66bec94b8ea3cb3ecd1dded4d6: Neither blocks nor log segments found. Creating new log.
I20260709 14:54:02.115927  6073 tablet_bootstrap.cc:492] T f3520918b75e4cc584cd1a3b54d492e6 P e2c4b23f7fe44746a0532f6b23758252: Bootstrap starting.
I20260709 14:54:02.115896  6282 raft_consensus.cc:2804] T 103266e27132466d9185a5e91adacb34 P 7c80aba6a1314f6f8e34cd33b6425674 [term 1 FOLLOWER]: Leader election won for term 1
I20260709 14:54:02.116559  6282 raft_consensus.cc:697] T 103266e27132466d9185a5e91adacb34 P 7c80aba6a1314f6f8e34cd33b6425674 [term 1 LEADER]: Becoming Leader. State: Replica: 7c80aba6a1314f6f8e34cd33b6425674, State: Running, Role: LEADER
I20260709 14:54:02.116946  5880 tablet_service.cc:1917] Received RequestConsensusVote() RPC: tablet_id: "a652d70a6508495f9bbeaab4a042cf3f" candidate_uuid: "3b5b6d66bec94b8ea3cb3ecd1dded4d6" candidate_term: 1 candidate_status { last_received { term: 0 index: 0 } } ignore_live_leader: false dest_uuid: "e2c4b23f7fe44746a0532f6b23758252" is_pre_election: true
I20260709 14:54:02.117687  5880 raft_consensus.cc:2393] T a652d70a6508495f9bbeaab4a042cf3f P e2c4b23f7fe44746a0532f6b23758252 [term 1 FOLLOWER]: Leader pre-election vote request: Denying vote to candidate 3b5b6d66bec94b8ea3cb3ecd1dded4d6 in current term 1: Already voted for candidate 7c80aba6a1314f6f8e34cd33b6425674 in this term.
I20260709 14:54:02.117337  6282 consensus_queue.cc:237] T 103266e27132466d9185a5e91adacb34 P 7c80aba6a1314f6f8e34cd33b6425674 [LEADER]: Queue going to LEADER mode. State: All replicated index: 0, Majority replicated index: 0, Committed index: 0, Last appended: 0.0, Last appended by leader: 0, Current term: 1, Majority size: 2, State: 0, Mode: LEADER, active raft config: opid_index: -1 OBSOLETE_local: false peers { permanent_uuid: "e2c4b23f7fe44746a0532f6b23758252" member_type: VOTER last_known_addr { host: "127.4.161.65" port: 45815 } } peers { permanent_uuid: "3b5b6d66bec94b8ea3cb3ecd1dded4d6" member_type: VOTER last_known_addr { host: "127.4.161.66" port: 38255 } } peers { permanent_uuid: "7c80aba6a1314f6f8e34cd33b6425674" member_type: VOTER last_known_addr { host: "127.4.161.67" port: 35743 } }
I20260709 14:54:02.121788  6074 ts_tablet_manager.cc:1434] T ac54e4673a8b41d894f7d9985f392758 P 7c80aba6a1314f6f8e34cd33b6425674: Time spent starting tablet: real 0.039s	user 0.007s	sys 0.002s
I20260709 14:54:02.129066  6074 tablet_bootstrap.cc:492] T 46c3c623e8d04aa59847271d12940655 P 7c80aba6a1314f6f8e34cd33b6425674: Bootstrap starting.
I20260709 14:54:02.135896  6073 tablet_bootstrap.cc:654] T f3520918b75e4cc584cd1a3b54d492e6 P e2c4b23f7fe44746a0532f6b23758252: Neither blocks nor log segments found. Creating new log.
I20260709 14:54:02.137409  5957 raft_consensus.cc:3060] T a652d70a6508495f9bbeaab4a042cf3f P 3b5b6d66bec94b8ea3cb3ecd1dded4d6 [term 0 FOLLOWER]: Advancing to term 1
I20260709 14:54:02.137568  6029 tablet_service.cc:1917] Received RequestConsensusVote() RPC: tablet_id: "a652d70a6508495f9bbeaab4a042cf3f" candidate_uuid: "3b5b6d66bec94b8ea3cb3ecd1dded4d6" candidate_term: 1 candidate_status { last_received { term: 0 index: 0 } } ignore_live_leader: false dest_uuid: "7c80aba6a1314f6f8e34cd33b6425674" is_pre_election: true
I20260709 14:54:02.143980  5922 leader_election.cc:304] T a652d70a6508495f9bbeaab4a042cf3f P 3b5b6d66bec94b8ea3cb3ecd1dded4d6 [CANDIDATE]: Term 1 pre-election: Election decided. Result: candidate lost. Election summary: received 3 responses out of 3 voters: 1 yes votes; 2 no votes. yes voters: 3b5b6d66bec94b8ea3cb3ecd1dded4d6; no voters: 7c80aba6a1314f6f8e34cd33b6425674, e2c4b23f7fe44746a0532f6b23758252
I20260709 14:54:02.149906  6074 tablet_bootstrap.cc:654] T 46c3c623e8d04aa59847271d12940655 P 7c80aba6a1314f6f8e34cd33b6425674: Neither blocks nor log segments found. Creating new log.
I20260709 14:54:02.150763  6077 raft_consensus.cc:2749] T a652d70a6508495f9bbeaab4a042cf3f P 3b5b6d66bec94b8ea3cb3ecd1dded4d6 [term 1 FOLLOWER]: Leader pre-election lost for term 1. Reason: could not achieve majority
I20260709 14:54:02.156304  6073 tablet_bootstrap.cc:492] T f3520918b75e4cc584cd1a3b54d492e6 P e2c4b23f7fe44746a0532f6b23758252: No bootstrap required, opened a new log
