I20260709 14:53:35.714789  4951 tablet_service.cc:2044] Received Run Leader Election RPC: tablet_id: "56997842be2645cf957aa80260401174"
dest_uuid: "16d6d7777cf649b6b458c34684995801"
 from {username='slave'} at 127.0.0.1:52992
I20260709 14:53:35.715231  4951 raft_consensus.cc:493] T 56997842be2645cf957aa80260401174 P 16d6d7777cf649b6b458c34684995801 [term 1 FOLLOWER]: Starting forced leader election (received explicit request)
I20260709 14:53:35.715505  4951 raft_consensus.cc:3060] T 56997842be2645cf957aa80260401174 P 16d6d7777cf649b6b458c34684995801 [term 1 FOLLOWER]: Advancing to term 2
I20260709 14:53:35.717715  4949 raft_consensus.cc:515] T f1a84881d4504c7e891d486095198e45 P 16d6d7777cf649b6b458c34684995801 [term 2 FOLLOWER]: Starting forced leader election with config: opid_index: -1 OBSOLETE_local: false peers { permanent_uuid: "adc20eea881e4769958bf2ea08c96f45" member_type: VOTER last_known_addr { host: "127.4.161.65" port: 41407 } } peers { permanent_uuid: "16d6d7777cf649b6b458c34684995801" member_type: VOTER last_known_addr { host: "127.4.161.66" port: 36883 } } peers { permanent_uuid: "bc1585f0251c4ea5bb42f92c3bf3263d" member_type: VOTER last_known_addr { host: "127.4.161.67" port: 33235 } }
I20260709 14:53:35.719316  4949 leader_election.cc:290] T f1a84881d4504c7e891d486095198e45 P 16d6d7777cf649b6b458c34684995801 [CANDIDATE]: Term 2 election: Requested vote from peers adc20eea881e4769958bf2ea08c96f45 (127.4.161.65:41407), bc1585f0251c4ea5bb42f92c3bf3263d (127.4.161.67:33235)
I20260709 14:53:35.719882  4951 raft_consensus.cc:515] T 56997842be2645cf957aa80260401174 P 16d6d7777cf649b6b458c34684995801 [term 2 FOLLOWER]: Starting forced leader election with config: opid_index: -1 OBSOLETE_local: false peers { permanent_uuid: "adc20eea881e4769958bf2ea08c96f45" member_type: VOTER last_known_addr { host: "127.4.161.65" port: 41407 } } peers { permanent_uuid: "16d6d7777cf649b6b458c34684995801" member_type: VOTER last_known_addr { host: "127.4.161.66" port: 36883 } } peers { permanent_uuid: "bc1585f0251c4ea5bb42f92c3bf3263d" member_type: VOTER last_known_addr { host: "127.4.161.67" port: 33235 } }
I20260709 14:53:35.720180  4876 tablet_service.cc:1917] Received RequestConsensusVote() RPC: tablet_id: "f1a84881d4504c7e891d486095198e45" candidate_uuid: "16d6d7777cf649b6b458c34684995801" candidate_term: 2 candidate_status { last_received { term: 1 index: 1 } } ignore_live_leader: true dest_uuid: "adc20eea881e4769958bf2ea08c96f45"
I20260709 14:53:35.720377  5024 tablet_service.cc:1917] Received RequestConsensusVote() RPC: tablet_id: "f1a84881d4504c7e891d486095198e45" candidate_uuid: "16d6d7777cf649b6b458c34684995801" candidate_term: 2 candidate_status { last_received { term: 1 index: 1 } } ignore_live_leader: true dest_uuid: "bc1585f0251c4ea5bb42f92c3bf3263d"
I20260709 14:53:35.720708  4876 raft_consensus.cc:3060] T f1a84881d4504c7e891d486095198e45 P adc20eea881e4769958bf2ea08c96f45 [term 1 FOLLOWER]: Advancing to term 2
I20260709 14:53:35.720963  5024 raft_consensus.cc:3055] T f1a84881d4504c7e891d486095198e45 P bc1585f0251c4ea5bb42f92c3bf3263d [term 1 LEADER]: Stepping down as leader of term 1
I20260709 14:53:35.721297  5024 raft_consensus.cc:740] T f1a84881d4504c7e891d486095198e45 P bc1585f0251c4ea5bb42f92c3bf3263d [term 1 LEADER]: Becoming Follower/Learner. State: Replica: bc1585f0251c4ea5bb42f92c3bf3263d, State: Running, Role: LEADER
I20260709 14:53:35.722087  5024 consensus_queue.cc:260] T f1a84881d4504c7e891d486095198e45 P bc1585f0251c4ea5bb42f92c3bf3263d [NON_LEADER]: Queue going to NON_LEADER mode. State: All replicated index: 0, Majority replicated index: 1, Committed index: 1, Last appended: 1.1, Last appended by leader: 1, Current term: 1, Majority size: -1, State: 0, Mode: NON_LEADER, active raft config: opid_index: -1 OBSOLETE_local: false peers { permanent_uuid: "adc20eea881e4769958bf2ea08c96f45" member_type: VOTER last_known_addr { host: "127.4.161.65" port: 41407 } } peers { permanent_uuid: "16d6d7777cf649b6b458c34684995801" member_type: VOTER last_known_addr { host: "127.4.161.66" port: 36883 } } peers { permanent_uuid: "bc1585f0251c4ea5bb42f92c3bf3263d" member_type: VOTER last_known_addr { host: "127.4.161.67" port: 33235 } }
I20260709 14:53:35.722785  4875 tablet_service.cc:1917] Received RequestConsensusVote() RPC: tablet_id: "56997842be2645cf957aa80260401174" candidate_uuid: "16d6d7777cf649b6b458c34684995801" candidate_term: 2 candidate_status { last_received { term: 1 index: 1 } } ignore_live_leader: true dest_uuid: "adc20eea881e4769958bf2ea08c96f45"
I20260709 14:53:35.722927  5025 tablet_service.cc:1917] Received RequestConsensusVote() RPC: tablet_id: "56997842be2645cf957aa80260401174" candidate_uuid: "16d6d7777cf649b6b458c34684995801" candidate_term: 2 candidate_status { last_received { term: 1 index: 1 } } ignore_live_leader: true dest_uuid: "bc1585f0251c4ea5bb42f92c3bf3263d"
I20260709 14:53:35.723407  4951 leader_election.cc:290] T 56997842be2645cf957aa80260401174 P 16d6d7777cf649b6b458c34684995801 [CANDIDATE]: Term 2 election: Requested vote from peers adc20eea881e4769958bf2ea08c96f45 (127.4.161.65:41407), bc1585f0251c4ea5bb42f92c3bf3263d (127.4.161.67:33235)
I20260709 14:53:35.723443  5025 raft_consensus.cc:3060] T 56997842be2645cf957aa80260401174 P bc1585f0251c4ea5bb42f92c3bf3263d [term 1 FOLLOWER]: Advancing to term 2
I20260709 14:53:35.723335  4875 raft_consensus.cc:3055] T 56997842be2645cf957aa80260401174 P adc20eea881e4769958bf2ea08c96f45 [term 1 LEADER]: Stepping down as leader of term 1
I20260709 14:53:35.724097  4875 raft_consensus.cc:740] T 56997842be2645cf957aa80260401174 P adc20eea881e4769958bf2ea08c96f45 [term 1 LEADER]: Becoming Follower/Learner. State: Replica: adc20eea881e4769958bf2ea08c96f45, State: Running, Role: LEADER
I20260709 14:53:35.723311  5024 raft_consensus.cc:3060] T f1a84881d4504c7e891d486095198e45 P bc1585f0251c4ea5bb42f92c3bf3263d [term 1 FOLLOWER]: Advancing to term 2
I20260709 14:53:35.724833  4875 consensus_queue.cc:260] T 56997842be2645cf957aa80260401174 P adc20eea881e4769958bf2ea08c96f45 [NON_LEADER]: Queue going to NON_LEADER mode. State: All replicated index: 0, Majority replicated index: 1, Committed index: 1, Last appended: 1.1, Last appended by leader: 1, Current term: 1, Majority size: -1, State: 0, Mode: NON_LEADER, active raft config: opid_index: -1 OBSOLETE_local: false peers { permanent_uuid: "adc20eea881e4769958bf2ea08c96f45" member_type: VOTER last_known_addr { host: "127.4.161.65" port: 41407 } } peers { permanent_uuid: "16d6d7777cf649b6b458c34684995801" member_type: VOTER last_known_addr { host: "127.4.161.66" port: 36883 } } peers { permanent_uuid: "bc1585f0251c4ea5bb42f92c3bf3263d" member_type: VOTER last_known_addr { host: "127.4.161.67" port: 33235 } }
I20260709 14:53:35.726066  4875 raft_consensus.cc:3060] T 56997842be2645cf957aa80260401174 P adc20eea881e4769958bf2ea08c96f45 [term 1 FOLLOWER]: Advancing to term 2
I20260709 14:53:35.727074  4876 raft_consensus.cc:2468] T f1a84881d4504c7e891d486095198e45 P adc20eea881e4769958bf2ea08c96f45 [term 2 FOLLOWER]: Leader election vote request: Granting yes vote for candidate 16d6d7777cf649b6b458c34684995801 in term 2.
I20260709 14:53:35.728185  4914 leader_election.cc:304] T f1a84881d4504c7e891d486095198e45 P 16d6d7777cf649b6b458c34684995801 [CANDIDATE]: Term 2 election: Election decided. Result: candidate won. Election summary: received 2 responses out of 3 voters: 2 yes votes; 0 no votes. yes voters: 16d6d7777cf649b6b458c34684995801, adc20eea881e4769958bf2ea08c96f45; no voters: 
I20260709 14:53:35.729030  5075 raft_consensus.cc:2804] T f1a84881d4504c7e891d486095198e45 P 16d6d7777cf649b6b458c34684995801 [term 2 FOLLOWER]: Leader election won for term 2
I20260709 14:53:35.729524  5075 raft_consensus.cc:697] T f1a84881d4504c7e891d486095198e45 P 16d6d7777cf649b6b458c34684995801 [term 2 LEADER]: Becoming Leader. State: Replica: 16d6d7777cf649b6b458c34684995801, State: Running, Role: LEADER
I20260709 14:53:35.730286  5075 consensus_queue.cc:237] T f1a84881d4504c7e891d486095198e45 P 16d6d7777cf649b6b458c34684995801 [LEADER]: Queue going to LEADER mode. State: All replicated index: 0, Majority replicated index: 1, Committed index: 1, Last appended: 1.1, Last appended by leader: 1, Current term: 2, Majority size: 2, State: 0, Mode: LEADER, active raft config: opid_index: -1 OBSOLETE_local: false peers { permanent_uuid: "adc20eea881e4769958bf2ea08c96f45" member_type: VOTER last_known_addr { host: "127.4.161.65" port: 41407 } } peers { permanent_uuid: "16d6d7777cf649b6b458c34684995801" member_type: VOTER last_known_addr { host: "127.4.161.66" port: 36883 } } peers { permanent_uuid: "bc1585f0251c4ea5bb42f92c3bf3263d" member_type: VOTER last_known_addr { host: "127.4.161.67" port: 33235 } }
I20260709 14:53:35.730741  5025 raft_consensus.cc:2468] T 56997842be2645cf957aa80260401174 P bc1585f0251c4ea5bb42f92c3bf3263d [term 2 FOLLOWER]: Leader election vote request: Granting yes vote for candidate 16d6d7777cf649b6b458c34684995801 in term 2.
I20260709 14:53:35.730865  5024 raft_consensus.cc:2468] T f1a84881d4504c7e891d486095198e45 P bc1585f0251c4ea5bb42f92c3bf3263d [term 2 FOLLOWER]: Leader election vote request: Granting yes vote for candidate 16d6d7777cf649b6b458c34684995801 in term 2.
I20260709 14:53:35.732178  4916 leader_election.cc:304] T 56997842be2645cf957aa80260401174 P 16d6d7777cf649b6b458c34684995801 [CANDIDATE]: Term 2 election: Election decided. Result: candidate won. Election summary: received 2 responses out of 3 voters: 2 yes votes; 0 no votes. yes voters: 16d6d7777cf649b6b458c34684995801, bc1585f0251c4ea5bb42f92c3bf3263d; no voters: 
I20260709 14:53:35.732574  4875 raft_consensus.cc:2468] T 56997842be2645cf957aa80260401174 P adc20eea881e4769958bf2ea08c96f45 [term 2 FOLLOWER]: Leader election vote request: Granting yes vote for candidate 16d6d7777cf649b6b458c34684995801 in term 2.
I20260709 14:53:35.732909  5161 raft_consensus.cc:2804] T 56997842be2645cf957aa80260401174 P 16d6d7777cf649b6b458c34684995801 [term 2 FOLLOWER]: Leader election won for term 2
I20260709 14:53:35.735188  5161 raft_consensus.cc:697] T 56997842be2645cf957aa80260401174 P 16d6d7777cf649b6b458c34684995801 [term 2 LEADER]: Becoming Leader. State: Replica: 16d6d7777cf649b6b458c34684995801, State: Running, Role: LEADER
I20260709 14:53:35.735769  5161 consensus_queue.cc:237] T 56997842be2645cf957aa80260401174 P 16d6d7777cf649b6b458c34684995801 [LEADER]: Queue going to LEADER mode. State: All replicated index: 0, Majority replicated index: 1, Committed index: 1, Last appended: 1.1, Last appended by leader: 1, Current term: 2, Majority size: 2, State: 0, Mode: LEADER, active raft config: opid_index: -1 OBSOLETE_local: false peers { permanent_uuid: "adc20eea881e4769958bf2ea08c96f45" member_type: VOTER last_known_addr { host: "127.4.161.65" port: 41407 } } peers { permanent_uuid: "16d6d7777cf649b6b458c34684995801" member_type: VOTER last_known_addr { host: "127.4.161.66" port: 36883 } } peers { permanent_uuid: "bc1585f0251c4ea5bb42f92c3bf3263d" member_type: VOTER last_known_addr { host: "127.4.161.67" port: 33235 } }
I20260709 14:53:35.738300  4771 catalog_manager.cc:5697] T f1a84881d4504c7e891d486095198e45 P 16d6d7777cf649b6b458c34684995801 reported cstate change: term changed from 1 to 2, leader changed from bc1585f0251c4ea5bb42f92c3bf3263d (127.4.161.67) to 16d6d7777cf649b6b458c34684995801 (127.4.161.66). New cstate: current_term: 2 leader_uuid: "16d6d7777cf649b6b458c34684995801" committed_config { opid_index: -1 OBSOLETE_local: false peers { permanent_uuid: "adc20eea881e4769958bf2ea08c96f45" member_type: VOTER last_known_addr { host: "127.4.161.65" port: 41407 } health_report { overall_health: UNKNOWN } } peers { permanent_uuid: "16d6d7777cf649b6b458c34684995801" member_type: VOTER last_known_addr { host: "127.4.161.66" port: 36883 } health_report { overall_health: HEALTHY } } peers { permanent_uuid: "bc1585f0251c4ea5bb42f92c3bf3263d" member_type: VOTER last_known_addr { host: "127.4.161.67" port: 33235 } health_report { overall_health: UNKNOWN } } }
I20260709 14:53:35.749265  4771 catalog_manager.cc:5697] T 56997842be2645cf957aa80260401174 P 16d6d7777cf649b6b458c34684995801 reported cstate change: term changed from 1 to 2, leader changed from adc20eea881e4769958bf2ea08c96f45 (127.4.161.65) to 16d6d7777cf649b6b458c34684995801 (127.4.161.66). New cstate: current_term: 2 leader_uuid: "16d6d7777cf649b6b458c34684995801" committed_config { opid_index: -1 OBSOLETE_local: false peers { permanent_uuid: "adc20eea881e4769958bf2ea08c96f45" member_type: VOTER last_known_addr { host: "127.4.161.65" port: 41407 } health_report { overall_health: UNKNOWN } } peers { permanent_uuid: "16d6d7777cf649b6b458c34684995801" member_type: VOTER last_known_addr { host: "127.4.161.66" port: 36883 } health_report { overall_health: HEALTHY } } peers { permanent_uuid: "bc1585f0251c4ea5bb42f92c3bf3263d" member_type: VOTER last_known_addr { host: "127.4.161.67" port: 33235 } health_report { overall_health: UNKNOWN } } }
I20260709 14:53:35.863026  5115 raft_consensus.cc:993] T d73e54820e5a4128a42f3a521170f87d P bc1585f0251c4ea5bb42f92c3bf3263d: : Instructing follower adc20eea881e4769958bf2ea08c96f45 to start an election
I20260709 14:53:35.863559  5166 raft_consensus.cc:1081] T d73e54820e5a4128a42f3a521170f87d P bc1585f0251c4ea5bb42f92c3bf3263d [term 1 LEADER]: Signalling peer adc20eea881e4769958bf2ea08c96f45 to start an election
I20260709 14:53:35.865190  4875 tablet_service.cc:2044] Received Run Leader Election RPC: tablet_id: "d73e54820e5a4128a42f3a521170f87d"
dest_uuid: "adc20eea881e4769958bf2ea08c96f45"
 from {username='slave'} at 127.0.0.1:58764
I20260709 14:53:35.865670  4875 raft_consensus.cc:493] T d73e54820e5a4128a42f3a521170f87d P adc20eea881e4769958bf2ea08c96f45 [term 1 FOLLOWER]: Starting forced leader election (received explicit request)
I20260709 14:53:35.866034  4875 raft_consensus.cc:3060] T d73e54820e5a4128a42f3a521170f87d P adc20eea881e4769958bf2ea08c96f45 [term 1 FOLLOWER]: Advancing to term 2
I20260709 14:53:35.871491  4875 raft_consensus.cc:515] T d73e54820e5a4128a42f3a521170f87d P adc20eea881e4769958bf2ea08c96f45 [term 2 FOLLOWER]: Starting forced leader election with config: opid_index: -1 OBSOLETE_local: false peers { permanent_uuid: "adc20eea881e4769958bf2ea08c96f45" member_type: VOTER last_known_addr { host: "127.4.161.65" port: 41407 } } peers { permanent_uuid: "16d6d7777cf649b6b458c34684995801" member_type: VOTER last_known_addr { host: "127.4.161.66" port: 36883 } } peers { permanent_uuid: "bc1585f0251c4ea5bb42f92c3bf3263d" member_type: VOTER last_known_addr { host: "127.4.161.67" port: 33235 } }
I20260709 14:53:35.873081  4875 leader_election.cc:290] T d73e54820e5a4128a42f3a521170f87d P adc20eea881e4769958bf2ea08c96f45 [CANDIDATE]: Term 2 election: Requested vote from peers 16d6d7777cf649b6b458c34684995801 (127.4.161.66:36883), bc1585f0251c4ea5bb42f92c3bf3263d (127.4.161.67:33235)
I20260709 14:53:35.874087  4951 tablet_service.cc:1917] Received RequestConsensusVote() RPC: tablet_id: "d73e54820e5a4128a42f3a521170f87d" candidate_uuid: "adc20eea881e4769958bf2ea08c96f45" candidate_term: 2 candidate_status { last_received { term: 1 index: 1 } } ignore_live_leader: true dest_uuid: "16d6d7777cf649b6b458c34684995801"
I20260709 14:53:35.874089  5024 tablet_service.cc:1917] Received RequestConsensusVote() RPC: tablet_id: "d73e54820e5a4128a42f3a521170f87d" candidate_uuid: "adc20eea881e4769958bf2ea08c96f45" candidate_term: 2 candidate_status { last_received { term: 1 index: 1 } } ignore_live_leader: true dest_uuid: "bc1585f0251c4ea5bb42f92c3bf3263d"
I20260709 14:53:35.874800  4951 raft_consensus.cc:3060] T d73e54820e5a4128a42f3a521170f87d P 16d6d7777cf649b6b458c34684995801 [term 1 FOLLOWER]: Advancing to term 2
I20260709 14:53:35.874850  5024 raft_consensus.cc:3055] T d73e54820e5a4128a42f3a521170f87d P bc1585f0251c4ea5bb42f92c3bf3263d [term 1 LEADER]: Stepping down as leader of term 1
I20260709 14:53:35.875275  5024 raft_consensus.cc:740] T d73e54820e5a4128a42f3a521170f87d P bc1585f0251c4ea5bb42f92c3bf3263d [term 1 LEADER]: Becoming Follower/Learner. State: Replica: bc1585f0251c4ea5bb42f92c3bf3263d, State: Running, Role: LEADER
I20260709 14:53:35.876042  5024 consensus_queue.cc:260] T d73e54820e5a4128a42f3a521170f87d P bc1585f0251c4ea5bb42f92c3bf3263d [NON_LEADER]: Queue going to NON_LEADER mode. State: All replicated index: 0, Majority replicated index: 1, Committed index: 1, Last appended: 1.1, Last appended by leader: 1, Current term: 1, Majority size: -1, State: 0, Mode: NON_LEADER, active raft config: opid_index: -1 OBSOLETE_local: false peers { permanent_uuid: "adc20eea881e4769958bf2ea08c96f45" member_type: VOTER last_known_addr { host: "127.4.161.65" port: 41407 } } peers { permanent_uuid: "16d6d7777cf649b6b458c34684995801" member_type: VOTER last_known_addr { host: "127.4.161.66" port: 36883 } } peers { permanent_uuid: "bc1585f0251c4ea5bb42f92c3bf3263d" member_type: VOTER last_known_addr { host: "127.4.161.67" port: 33235 } }
I20260709 14:53:35.877175  5024 raft_consensus.cc:3060] T d73e54820e5a4128a42f3a521170f87d P bc1585f0251c4ea5bb42f92c3bf3263d [term 1 FOLLOWER]: Advancing to term 2
I20260709 14:53:35.881246  4951 raft_consensus.cc:2468] T d73e54820e5a4128a42f3a521170f87d P 16d6d7777cf649b6b458c34684995801 [term 2 FOLLOWER]: Leader election vote request: Granting yes vote for candidate adc20eea881e4769958bf2ea08c96f45 in term 2.
I20260709 14:53:35.882319  4840 leader_election.cc:304] T d73e54820e5a4128a42f3a521170f87d P adc20eea881e4769958bf2ea08c96f45 [CANDIDATE]: Term 2 election: Election decided. Result: candidate won. Election summary: received 2 responses out of 3 voters: 2 yes votes; 0 no votes. yes voters: 16d6d7777cf649b6b458c34684995801, adc20eea881e4769958bf2ea08c96f45; no voters: 
I20260709 14:53:35.883112  5078 raft_consensus.cc:2804] T d73e54820e5a4128a42f3a521170f87d P adc20eea881e4769958bf2ea08c96f45 [term 2 FOLLOWER]: Leader election won for term 2
I20260709 14:53:35.883416  5024 raft_consensus.cc:2468] T d73e54820e5a4128a42f3a521170f87d P bc1585f0251c4ea5bb42f92c3bf3263d [term 2 FOLLOWER]: Leader election vote request: Granting yes vote for candidate adc20eea881e4769958bf2ea08c96f45 in term 2.
I20260709 14:53:35.883513  5078 raft_consensus.cc:697] T d73e54820e5a4128a42f3a521170f87d P adc20eea881e4769958bf2ea08c96f45 [term 2 LEADER]: Becoming Leader. State: Replica: adc20eea881e4769958bf2ea08c96f45, State: Running, Role: LEADER
I20260709 14:53:35.884351  5078 consensus_queue.cc:237] T d73e54820e5a4128a42f3a521170f87d P adc20eea881e4769958bf2ea08c96f45 [LEADER]: Queue going to LEADER mode. State: All replicated index: 0, Majority replicated index: 1, Committed index: 1, Last appended: 1.1, Last appended by leader: 1, Current term: 2, Majority size: 2, State: 0, Mode: LEADER, active raft config: opid_index: -1 OBSOLETE_local: false peers { permanent_uuid: "adc20eea881e4769958bf2ea08c96f45" member_type: VOTER last_known_addr { host: "127.4.161.65" port: 41407 } } peers { permanent_uuid: "16d6d7777cf649b6b458c34684995801" member_type: VOTER last_known_addr { host: "127.4.161.66" port: 36883 } } peers { permanent_uuid: "bc1585f0251c4ea5bb42f92c3bf3263d" member_type: VOTER last_known_addr { host: "127.4.161.67" port: 33235 } }
I20260709 14:53:35.892228  4771 catalog_manager.cc:5697] T d73e54820e5a4128a42f3a521170f87d P adc20eea881e4769958bf2ea08c96f45 reported cstate change: term changed from 1 to 2, leader changed from bc1585f0251c4ea5bb42f92c3bf3263d (127.4.161.67) to adc20eea881e4769958bf2ea08c96f45 (127.4.161.65). New cstate: current_term: 2 leader_uuid: "adc20eea881e4769958bf2ea08c96f45" committed_config { opid_index: -1 OBSOLETE_local: false peers { permanent_uuid: "adc20eea881e4769958bf2ea08c96f45" member_type: VOTER last_known_addr { host: "127.4.161.65" port: 41407 } health_report { overall_health: HEALTHY } } peers { permanent_uuid: "16d6d7777cf649b6b458c34684995801" member_type: VOTER last_known_addr { host: "127.4.161.66" port: 36883 } health_report { overall_health: UNKNOWN } } peers { permanent_uuid: "bc1585f0251c4ea5bb42f92c3bf3263d" member_type: VOTER last_known_addr { host: "127.4.161.67" port: 33235 } health_report { overall_health: UNKNOWN } } }
I20260709 14:53:36.028415  4875 raft_consensus.cc:1275] T 2237e1239dba42719fbdd95eb52ffb01 P adc20eea881e4769958bf2ea08c96f45 [term 2 FOLLOWER]: Refusing update from remote peer 16d6d7777cf649b6b458c34684995801: Log matching property violated. Preceding OpId in replica: term: 1 index: 1. Preceding OpId from leader: term: 2 index: 2. (index mismatch)
I20260709 14:53:36.029601  5161 consensus_queue.cc:1048] T 2237e1239dba42719fbdd95eb52ffb01 P 16d6d7777cf649b6b458c34684995801 [LEADER]: Connected to new peer: Peer: permanent_uuid: "adc20eea881e4769958bf2ea08c96f45" member_type: VOTER last_known_addr { host: "127.4.161.65" port: 41407 }, Status: LMP_MISMATCH, Last received: 0.0, Next index: 2, Last known committed idx: 1, Time since last communication: 0.000s
I20260709 14:53:36.039261  5024 raft_consensus.cc:1275] T 2237e1239dba42719fbdd95eb52ffb01 P bc1585f0251c4ea5bb42f92c3bf3263d [term 2 FOLLOWER]: Refusing update from remote peer 16d6d7777cf649b6b458c34684995801: Log matching property violated. Preceding OpId in replica: term: 1 index: 1. Preceding OpId from leader: term: 2 index: 2. (index mismatch)
I20260709 14:53:36.040795  5161 consensus_queue.cc:1048] T 2237e1239dba42719fbdd95eb52ffb01 P 16d6d7777cf649b6b458c34684995801 [LEADER]: Connected to new peer: Peer: permanent_uuid: "bc1585f0251c4ea5bb42f92c3bf3263d" member_type: VOTER last_known_addr { host: "127.4.161.67" port: 33235 }, Status: LMP_MISMATCH, Last received: 0.0, Next index: 2, Last known committed idx: 1, Time since last communication: 0.000s
I20260709 14:53:36.140350  5024 raft_consensus.cc:1275] T 56997842be2645cf957aa80260401174 P bc1585f0251c4ea5bb42f92c3bf3263d [term 2 FOLLOWER]: Refusing update from remote peer 16d6d7777cf649b6b458c34684995801: Log matching property violated. Preceding OpId in replica: term: 1 index: 1. Preceding OpId from leader: term: 2 index: 2. (index mismatch)
I20260709 14:53:36.141556  5161 consensus_queue.cc:1048] T 56997842be2645cf957aa80260401174 P 16d6d7777cf649b6b458c34684995801 [LEADER]: Connected to new peer: Peer: permanent_uuid: "bc1585f0251c4ea5bb42f92c3bf3263d" member_type: VOTER last_known_addr { host: "127.4.161.67" port: 33235 }, Status: LMP_MISMATCH, Last received: 0.0, Next index: 2, Last known committed idx: 1, Time since last communication: 0.000s
I20260709 14:53:36.149746  4875 raft_consensus.cc:1275] T 56997842be2645cf957aa80260401174 P adc20eea881e4769958bf2ea08c96f45 [term 2 FOLLOWER]: Refusing update from remote peer 16d6d7777cf649b6b458c34684995801: Log matching property violated. Preceding OpId in replica: term: 1 index: 1. Preceding OpId from leader: term: 2 index: 2. (index mismatch)
I20260709 14:53:36.151768  5075 consensus_queue.cc:1048] T 56997842be2645cf957aa80260401174 P 16d6d7777cf649b6b458c34684995801 [LEADER]: Connected to new peer: Peer: permanent_uuid: "adc20eea881e4769958bf2ea08c96f45" member_type: VOTER last_known_addr { host: "127.4.161.65" port: 41407 }, Status: LMP_MISMATCH, Last received: 0.0, Next index: 2, Last known committed idx: 1, Time since last communication: 0.000s
I20260709 14:53:36.280548  5024 raft_consensus.cc:1275] T f1a84881d4504c7e891d486095198e45 P bc1585f0251c4ea5bb42f92c3bf3263d [term 2 FOLLOWER]: Refusing update from remote peer 16d6d7777cf649b6b458c34684995801: Log matching property violated. Preceding OpId in replica: term: 1 index: 1. Preceding OpId from leader: term: 2 index: 2. (index mismatch)
I20260709 14:53:36.281687  5075 consensus_queue.cc:1048] T f1a84881d4504c7e891d486095198e45 P 16d6d7777cf649b6b458c34684995801 [LEADER]: Connected to new peer: Peer: permanent_uuid: "bc1585f0251c4ea5bb42f92c3bf3263d" member_type: VOTER last_known_addr { host: "127.4.161.67" port: 33235 }, Status: LMP_MISMATCH, Last received: 0.0, Next index: 2, Last known committed idx: 1, Time since last communication: 0.000s
I20260709 14:53:36.291657  4875 raft_consensus.cc:1275] T f1a84881d4504c7e891d486095198e45 P adc20eea881e4769958bf2ea08c96f45 [term 2 FOLLOWER]: Refusing update from remote peer 16d6d7777cf649b6b458c34684995801: Log matching property violated. Preceding OpId in replica: term: 1 index: 1. Preceding OpId from leader: term: 2 index: 2. (index mismatch)
I20260709 14:53:36.292824  5168 consensus_queue.cc:1048] T f1a84881d4504c7e891d486095198e45 P 16d6d7777cf649b6b458c34684995801 [LEADER]: Connected to new peer: Peer: permanent_uuid: "adc20eea881e4769958bf2ea08c96f45" member_type: VOTER last_known_addr { host: "127.4.161.65" port: 41407 }, Status: LMP_MISMATCH, Last received: 0.0, Next index: 2, Last known committed idx: 1, Time since last communication: 0.000s
I20260709 14:53:36.322382  5024 raft_consensus.cc:1275] T d73e54820e5a4128a42f3a521170f87d P bc1585f0251c4ea5bb42f92c3bf3263d [term 2 FOLLOWER]: Refusing update from remote peer adc20eea881e4769958bf2ea08c96f45: Log matching property violated. Preceding OpId in replica: term: 1 index: 1. Preceding OpId from leader: term: 2 index: 2. (index mismatch)
I20260709 14:53:36.323668  5078 consensus_queue.cc:1048] T d73e54820e5a4128a42f3a521170f87d P adc20eea881e4769958bf2ea08c96f45 [LEADER]: Connected to new peer: Peer: permanent_uuid: "bc1585f0251c4ea5bb42f92c3bf3263d" member_type: VOTER last_known_addr { host: "127.4.161.67" port: 33235 }, Status: LMP_MISMATCH, Last received: 0.0, Next index: 2, Last known committed idx: 1, Time since last communication: 0.000s
I20260709 14:53:36.332252  4951 raft_consensus.cc:1275] T d73e54820e5a4128a42f3a521170f87d P 16d6d7777cf649b6b458c34684995801 [term 2 FOLLOWER]: Refusing update from remote peer adc20eea881e4769958bf2ea08c96f45: Log matching property violated. Preceding OpId in replica: term: 1 index: 1. Preceding OpId from leader: term: 2 index: 2. (index mismatch)
I20260709 14:53:36.333673  5078 consensus_queue.cc:1048] T d73e54820e5a4128a42f3a521170f87d P adc20eea881e4769958bf2ea08c96f45 [LEADER]: Connected to new peer: Peer: permanent_uuid: "16d6d7777cf649b6b458c34684995801" member_type: VOTER last_known_addr { host: "127.4.161.66" port: 36883 }, Status: LMP_MISMATCH, Last received: 0.0, Next index: 2, Last known committed idx: 1, Time since last communication: 0.000s
W20260709 14:53:38.422387  4897 debug-util.cc:398] Leaking SignalData structure 0x7b08000e7060 after lost signal to thread 4744
W20260709 14:53:38.423089  4897 debug-util.cc:398] Leaking SignalData structure 0x7b08000e7740 after lost signal to thread 4807
W20260709 14:53:38.423782  4897 debug-util.cc:398] Leaking SignalData structure 0x7b08001f2da0 after lost signal to thread 4900
W20260709 14:53:38.424376  4897 debug-util.cc:398] Leaking SignalData structure 0x7b08001f3a00 after lost signal to thread 4975
W20260709 14:53:38.424954  4897 debug-util.cc:398] Leaking SignalData structure 0x7b08001e6a60 after lost signal to thread 5049
I20260709 14:53:38.526283  4741 auto_leader_rebalancer-test.cc:378] The leader distribution is 
I20260709 14:53:38.527354  4741 auto_leader_rebalancer.cc:141] leader rebalance for table test-workload
I20260709 14:53:38.551172  4875 tablet_service.cc:2072] Received LeaderStepDown RPC: tablet_id: "25055da7e5f94d79b65c849e7082c6e2"
dest_uuid: "adc20eea881e4769958bf2ea08c96f45"
mode: GRACEFUL
new_leader_uuid: "bc1585f0251c4ea5bb42f92c3bf3263d"
 from {username='slave'} at 127.0.0.1:58784
I20260709 14:53:38.551676  4875 raft_consensus.cc:606] T 25055da7e5f94d79b65c849e7082c6e2 P adc20eea881e4769958bf2ea08c96f45 [term 2 LEADER]: Received request to transfer leadership to TS bc1585f0251c4ea5bb42f92c3bf3263d
I20260709 14:53:38.563407  4949 tablet_service.cc:2072] Received LeaderStepDown RPC: tablet_id: "56997842be2645cf957aa80260401174"
dest_uuid: "16d6d7777cf649b6b458c34684995801"
mode: GRACEFUL
new_leader_uuid: "bc1585f0251c4ea5bb42f92c3bf3263d"
 from {username='slave'} at 127.0.0.1:53002
I20260709 14:53:38.563895  4949 raft_consensus.cc:606] T 56997842be2645cf957aa80260401174 P 16d6d7777cf649b6b458c34684995801 [term 2 LEADER]: Received request to transfer leadership to TS bc1585f0251c4ea5bb42f92c3bf3263d
I20260709 14:53:38.565026  4741 auto_leader_rebalancer.cc:452] table: test-workload, leader rebalance finish, leader transfer count: 2
I20260709 14:53:38.565600  4741 auto_leader_rebalancer.cc:527] All tables' leader rebalancing finished this round
I20260709 14:53:38.737872  5189 raft_consensus.cc:993] T 56997842be2645cf957aa80260401174 P 16d6d7777cf649b6b458c34684995801: : Instructing follower bc1585f0251c4ea5bb42f92c3bf3263d to start an election
I20260709 14:53:38.738691  5168 raft_consensus.cc:1081] T 56997842be2645cf957aa80260401174 P 16d6d7777cf649b6b458c34684995801 [term 2 LEADER]: Signalling peer bc1585f0251c4ea5bb42f92c3bf3263d to start an election
I20260709 14:53:38.740635  5023 tablet_service.cc:2044] Received Run Leader Election RPC: tablet_id: "56997842be2645cf957aa80260401174"
dest_uuid: "bc1585f0251c4ea5bb42f92c3bf3263d"
 from {username='slave'} at 127.0.0.1:47302
I20260709 14:53:38.741160  5023 raft_consensus.cc:493] T 56997842be2645cf957aa80260401174 P bc1585f0251c4ea5bb42f92c3bf3263d [term 2 FOLLOWER]: Starting forced leader election (received explicit request)
I20260709 14:53:38.741433  5023 raft_consensus.cc:3060] T 56997842be2645cf957aa80260401174 P bc1585f0251c4ea5bb42f92c3bf3263d [term 2 FOLLOWER]: Advancing to term 3
I20260709 14:53:38.746047  5023 raft_consensus.cc:515] T 56997842be2645cf957aa80260401174 P bc1585f0251c4ea5bb42f92c3bf3263d [term 3 FOLLOWER]: Starting forced leader election with config: opid_index: -1 OBSOLETE_local: false peers { permanent_uuid: "adc20eea881e4769958bf2ea08c96f45" member_type: VOTER last_known_addr { host: "127.4.161.65" port: 41407 } } peers { permanent_uuid: "16d6d7777cf649b6b458c34684995801" member_type: VOTER last_known_addr { host: "127.4.161.66" port: 36883 } } peers { permanent_uuid: "bc1585f0251c4ea5bb42f92c3bf3263d" member_type: VOTER last_known_addr { host: "127.4.161.67" port: 33235 } }
I20260709 14:53:38.747663  5023 leader_election.cc:290] T 56997842be2645cf957aa80260401174 P bc1585f0251c4ea5bb42f92c3bf3263d [CANDIDATE]: Term 3 election: Requested vote from peers adc20eea881e4769958bf2ea08c96f45 (127.4.161.65:41407), 16d6d7777cf649b6b458c34684995801 (127.4.161.66:36883)
I20260709 14:53:38.748466  4875 tablet_service.cc:1917] Received RequestConsensusVote() RPC: tablet_id: "56997842be2645cf957aa80260401174" candidate_uuid: "bc1585f0251c4ea5bb42f92c3bf3263d" candidate_term: 3 candidate_status { last_received { term: 2 index: 2 } } ignore_live_leader: true dest_uuid: "adc20eea881e4769958bf2ea08c96f45"
I20260709 14:53:38.748683  4949 tablet_service.cc:1917] Received RequestConsensusVote() RPC: tablet_id: "56997842be2645cf957aa80260401174" candidate_uuid: "bc1585f0251c4ea5bb42f92c3bf3263d" candidate_term: 3 candidate_status { last_received { term: 2 index: 2 } } ignore_live_leader: true dest_uuid: "16d6d7777cf649b6b458c34684995801"
I20260709 14:53:38.748944  4875 raft_consensus.cc:3060] T 56997842be2645cf957aa80260401174 P adc20eea881e4769958bf2ea08c96f45 [term 2 FOLLOWER]: Advancing to term 3
I20260709 14:53:38.749286  4949 raft_consensus.cc:3055] T 56997842be2645cf957aa80260401174 P 16d6d7777cf649b6b458c34684995801 [term 2 LEADER]: Stepping down as leader of term 2
I20260709 14:53:38.749614  4949 raft_consensus.cc:740] T 56997842be2645cf957aa80260401174 P 16d6d7777cf649b6b458c34684995801 [term 2 LEADER]: Becoming Follower/Learner. State: Replica: 16d6d7777cf649b6b458c34684995801, State: Running, Role: LEADER
I20260709 14:53:38.750375  4949 consensus_queue.cc:260] T 56997842be2645cf957aa80260401174 P 16d6d7777cf649b6b458c34684995801 [NON_LEADER]: Queue going to NON_LEADER mode. State: All replicated index: 0, Majority replicated index: 2, Committed index: 2, Last appended: 2.2, Last appended by leader: 2, Current term: 2, Majority size: -1, State: 0, Mode: NON_LEADER, active raft config: opid_index: -1 OBSOLETE_local: false peers { permanent_uuid: "adc20eea881e4769958bf2ea08c96f45" member_type: VOTER last_known_addr { host: "127.4.161.65" port: 41407 } } peers { permanent_uuid: "16d6d7777cf649b6b458c34684995801" member_type: VOTER last_known_addr { host: "127.4.161.66" port: 36883 } } peers { permanent_uuid: "bc1585f0251c4ea5bb42f92c3bf3263d" member_type: VOTER last_known_addr { host: "127.4.161.67" port: 33235 } }
I20260709 14:53:38.751576  4949 raft_consensus.cc:3060] T 56997842be2645cf957aa80260401174 P 16d6d7777cf649b6b458c34684995801 [term 2 FOLLOWER]: Advancing to term 3
I20260709 14:53:38.753477  4875 raft_consensus.cc:2468] T 56997842be2645cf957aa80260401174 P adc20eea881e4769958bf2ea08c96f45 [term 3 FOLLOWER]: Leader election vote request: Granting yes vote for candidate bc1585f0251c4ea5bb42f92c3bf3263d in term 3.
I20260709 14:53:38.754444  4988 leader_election.cc:304] T 56997842be2645cf957aa80260401174 P bc1585f0251c4ea5bb42f92c3bf3263d [CANDIDATE]: Term 3 election: Election decided. Result: candidate won. Election summary: received 2 responses out of 3 voters: 2 yes votes; 0 no votes. yes voters: adc20eea881e4769958bf2ea08c96f45, bc1585f0251c4ea5bb42f92c3bf3263d; no voters: 
I20260709 14:53:38.755100  5185 raft_consensus.cc:2804] T 56997842be2645cf957aa80260401174 P bc1585f0251c4ea5bb42f92c3bf3263d [term 3 FOLLOWER]: Leader election won for term 3
I20260709 14:53:38.756271  5185 raft_consensus.cc:697] T 56997842be2645cf957aa80260401174 P bc1585f0251c4ea5bb42f92c3bf3263d [term 3 LEADER]: Becoming Leader. State: Replica: bc1585f0251c4ea5bb42f92c3bf3263d, State: Running, Role: LEADER
I20260709 14:53:38.757061  5185 consensus_queue.cc:237] T 56997842be2645cf957aa80260401174 P bc1585f0251c4ea5bb42f92c3bf3263d [LEADER]: Queue going to LEADER mode. State: All replicated index: 0, Majority replicated index: 2, Committed index: 2, Last appended: 2.2, Last appended by leader: 2, Current term: 3, Majority size: 2, State: 0, Mode: LEADER, active raft config: opid_index: -1 OBSOLETE_local: false peers { permanent_uuid: "adc20eea881e4769958bf2ea08c96f45" member_type: VOTER last_known_addr { host: "127.4.161.65" port: 41407 } } peers { permanent_uuid: "16d6d7777cf649b6b458c34684995801" member_type: VOTER last_known_addr { host: "127.4.161.66" port: 36883 } } peers { permanent_uuid: "bc1585f0251c4ea5bb42f92c3bf3263d" member_type: VOTER last_known_addr { host: "127.4.161.67" port: 33235 } }
I20260709 14:53:38.757730  4949 raft_consensus.cc:2468] T 56997842be2645cf957aa80260401174 P 16d6d7777cf649b6b458c34684995801 [term 3 FOLLOWER]: Leader election vote request: Granting yes vote for candidate bc1585f0251c4ea5bb42f92c3bf3263d in term 3.
I20260709 14:53:38.765369  4768 catalog_manager.cc:5697] T 56997842be2645cf957aa80260401174 P bc1585f0251c4ea5bb42f92c3bf3263d reported cstate change: term changed from 2 to 3, leader changed from 16d6d7777cf649b6b458c34684995801 (127.4.161.66) to bc1585f0251c4ea5bb42f92c3bf3263d (127.4.161.67). New cstate: current_term: 3 leader_uuid: "bc1585f0251c4ea5bb42f92c3bf3263d" committed_config { opid_index: -1 OBSOLETE_local: false peers { permanent_uuid: "adc20eea881e4769958bf2ea08c96f45" member_type: VOTER last_known_addr { host: "127.4.161.65" port: 41407 } health_report { overall_health: UNKNOWN } } peers { permanent_uuid: "16d6d7777cf649b6b458c34684995801" member_type: VOTER last_known_addr { host: "127.4.161.66" port: 36883 } health_report { overall_health: UNKNOWN } } peers { permanent_uuid: "bc1585f0251c4ea5bb42f92c3bf3263d" member_type: VOTER last_known_addr { host: "127.4.161.67" port: 33235 } health_report { overall_health: HEALTHY } } }
I20260709 14:53:38.831562  5078 raft_consensus.cc:993] T 25055da7e5f94d79b65c849e7082c6e2 P adc20eea881e4769958bf2ea08c96f45: : Instructing follower bc1585f0251c4ea5bb42f92c3bf3263d to start an election
I20260709 14:53:38.831949  5182 raft_consensus.cc:1081] T 25055da7e5f94d79b65c849e7082c6e2 P adc20eea881e4769958bf2ea08c96f45 [term 2 LEADER]: Signalling peer bc1585f0251c4ea5bb42f92c3bf3263d to start an election
I20260709 14:53:38.833449  5023 tablet_service.cc:2044] Received Run Leader Election RPC: tablet_id: "25055da7e5f94d79b65c849e7082c6e2"
dest_uuid: "bc1585f0251c4ea5bb42f92c3bf3263d"
 from {username='slave'} at 127.0.0.1:47300
I20260709 14:53:38.833992  5023 raft_consensus.cc:493] T 25055da7e5f94d79b65c849e7082c6e2 P bc1585f0251c4ea5bb42f92c3bf3263d [term 2 FOLLOWER]: Starting forced leader election (received explicit request)
I20260709 14:53:38.834345  5023 raft_consensus.cc:3060] T 25055da7e5f94d79b65c849e7082c6e2 P bc1585f0251c4ea5bb42f92c3bf3263d [term 2 FOLLOWER]: Advancing to term 3
I20260709 14:53:38.840988  5023 raft_consensus.cc:515] T 25055da7e5f94d79b65c849e7082c6e2 P bc1585f0251c4ea5bb42f92c3bf3263d [term 3 FOLLOWER]: Starting forced leader election with config: opid_index: -1 OBSOLETE_local: false peers { permanent_uuid: "adc20eea881e4769958bf2ea08c96f45" member_type: VOTER last_known_addr { host: "127.4.161.65" port: 41407 } } peers { permanent_uuid: "16d6d7777cf649b6b458c34684995801" member_type: VOTER last_known_addr { host: "127.4.161.66" port: 36883 } } peers { permanent_uuid: "bc1585f0251c4ea5bb42f92c3bf3263d" member_type: VOTER last_known_addr { host: "127.4.161.67" port: 33235 } }
I20260709 14:53:38.843041  5023 leader_election.cc:290] T 25055da7e5f94d79b65c849e7082c6e2 P bc1585f0251c4ea5bb42f92c3bf3263d [CANDIDATE]: Term 3 election: Requested vote from peers adc20eea881e4769958bf2ea08c96f45 (127.4.161.65:41407), 16d6d7777cf649b6b458c34684995801 (127.4.161.66:36883)
I20260709 14:53:38.843779  4875 tablet_service.cc:1917] Received RequestConsensusVote() RPC: tablet_id: "25055da7e5f94d79b65c849e7082c6e2" candidate_uuid: "bc1585f0251c4ea5bb42f92c3bf3263d" candidate_term: 3 candidate_status { last_received { term: 2 index: 1 } } ignore_live_leader: true dest_uuid: "adc20eea881e4769958bf2ea08c96f45"
I20260709 14:53:38.844084  4949 tablet_service.cc:1917] Received RequestConsensusVote() RPC: tablet_id: "25055da7e5f94d79b65c849e7082c6e2" candidate_uuid: "bc1585f0251c4ea5bb42f92c3bf3263d" candidate_term: 3 candidate_status { last_received { term: 2 index: 1 } } ignore_live_leader: true dest_uuid: "16d6d7777cf649b6b458c34684995801"
I20260709 14:53:38.844349  4875 raft_consensus.cc:3055] T 25055da7e5f94d79b65c849e7082c6e2 P adc20eea881e4769958bf2ea08c96f45 [term 2 LEADER]: Stepping down as leader of term 2
I20260709 14:53:38.844637  4949 raft_consensus.cc:3060] T 25055da7e5f94d79b65c849e7082c6e2 P 16d6d7777cf649b6b458c34684995801 [term 2 FOLLOWER]: Advancing to term 3
I20260709 14:53:38.844691  4875 raft_consensus.cc:740] T 25055da7e5f94d79b65c849e7082c6e2 P adc20eea881e4769958bf2ea08c96f45 [term 2 LEADER]: Becoming Follower/Learner. State: Replica: adc20eea881e4769958bf2ea08c96f45, State: Running, Role: LEADER
I20260709 14:53:38.845444  4875 consensus_queue.cc:260] T 25055da7e5f94d79b65c849e7082c6e2 P adc20eea881e4769958bf2ea08c96f45 [NON_LEADER]: Queue going to NON_LEADER mode. State: All replicated index: 0, Majority replicated index: 1, Committed index: 1, Last appended: 2.1, Last appended by leader: 1, Current term: 2, Majority size: -1, State: 0, Mode: NON_LEADER, active raft config: opid_index: -1 OBSOLETE_local: false peers { permanent_uuid: "adc20eea881e4769958bf2ea08c96f45" member_type: VOTER last_known_addr { host: "127.4.161.65" port: 41407 } } peers { permanent_uuid: "16d6d7777cf649b6b458c34684995801" member_type: VOTER last_known_addr { host: "127.4.161.66" port: 36883 } } peers { permanent_uuid: "bc1585f0251c4ea5bb42f92c3bf3263d" member_type: VOTER last_known_addr { host: "127.4.161.67" port: 33235 } }
I20260709 14:53:38.846338  4875 raft_consensus.cc:3060] T 25055da7e5f94d79b65c849e7082c6e2 P adc20eea881e4769958bf2ea08c96f45 [term 2 FOLLOWER]: Advancing to term 3
I20260709 14:53:38.850467  4875 raft_consensus.cc:2468] T 25055da7e5f94d79b65c849e7082c6e2 P adc20eea881e4769958bf2ea08c96f45 [term 3 FOLLOWER]: Leader election vote request: Granting yes vote for candidate bc1585f0251c4ea5bb42f92c3bf3263d in term 3.
I20260709 14:53:38.851109  4949 raft_consensus.cc:2468] T 25055da7e5f94d79b65c849e7082c6e2 P 16d6d7777cf649b6b458c34684995801 [term 3 FOLLOWER]: Leader election vote request: Granting yes vote for candidate bc1585f0251c4ea5bb42f92c3bf3263d in term 3.
I20260709 14:53:38.851403  4988 leader_election.cc:304] T 25055da7e5f94d79b65c849e7082c6e2 P bc1585f0251c4ea5bb42f92c3bf3263d [CANDIDATE]: Term 3 election: Election decided. Result: candidate won. Election summary: received 2 responses out of 3 voters: 2 yes votes; 0 no votes. yes voters: adc20eea881e4769958bf2ea08c96f45, bc1585f0251c4ea5bb42f92c3bf3263d; no voters: 
I20260709 14:53:38.852120  5185 raft_consensus.cc:2804] T 25055da7e5f94d79b65c849e7082c6e2 P bc1585f0251c4ea5bb42f92c3bf3263d [term 3 FOLLOWER]: Leader election won for term 3
I20260709 14:53:38.852573  5185 raft_consensus.cc:697] T 25055da7e5f94d79b65c849e7082c6e2 P bc1585f0251c4ea5bb42f92c3bf3263d [term 3 LEADER]: Becoming Leader. State: Replica: bc1585f0251c4ea5bb42f92c3bf3263d, State: Running, Role: LEADER
I20260709 14:53:38.853343  5185 consensus_queue.cc:237] T 25055da7e5f94d79b65c849e7082c6e2 P bc1585f0251c4ea5bb42f92c3bf3263d [LEADER]: Queue going to LEADER mode. State: All replicated index: 0, Majority replicated index: 1, Committed index: 1, Last appended: 2.1, Last appended by leader: 1, Current term: 3, Majority size: 2, State: 0, Mode: LEADER, active raft config: opid_index: -1 OBSOLETE_local: false peers { permanent_uuid: "adc20eea881e4769958bf2ea08c96f45" member_type: VOTER last_known_addr { host: "127.4.161.65" port: 41407 } } peers { permanent_uuid: "16d6d7777cf649b6b458c34684995801" member_type: VOTER last_known_addr { host: "127.4.161.66" port: 36883 } } peers { permanent_uuid: "bc1585f0251c4ea5bb42f92c3bf3263d" member_type: VOTER last_known_addr { host: "127.4.161.67" port: 33235 } }
I20260709 14:53:38.860954  4768 catalog_manager.cc:5697] T 25055da7e5f94d79b65c849e7082c6e2 P bc1585f0251c4ea5bb42f92c3bf3263d reported cstate change: term changed from 2 to 3, leader changed from adc20eea881e4769958bf2ea08c96f45 (127.4.161.65) to bc1585f0251c4ea5bb42f92c3bf3263d (127.4.161.67). New cstate: current_term: 3 leader_uuid: "bc1585f0251c4ea5bb42f92c3bf3263d" committed_config { opid_index: -1 OBSOLETE_local: false peers { permanent_uuid: "adc20eea881e4769958bf2ea08c96f45" member_type: VOTER last_known_addr { host: "127.4.161.65" port: 41407 } health_report { overall_health: UNKNOWN } } peers { permanent_uuid: "16d6d7777cf649b6b458c34684995801" member_type: VOTER last_known_addr { host: "127.4.161.66" port: 36883 } health_report { overall_health: UNKNOWN } } peers { permanent_uuid: "bc1585f0251c4ea5bb42f92c3bf3263d" member_type: VOTER last_known_addr { host: "127.4.161.67" port: 33235 } health_report { overall_health: HEALTHY } } }
I20260709 14:53:39.136421  4875 raft_consensus.cc:1275] T 56997842be2645cf957aa80260401174 P adc20eea881e4769958bf2ea08c96f45 [term 3 FOLLOWER]: Refusing update from remote peer bc1585f0251c4ea5bb42f92c3bf3263d: Log matching property violated. Preceding OpId in replica: term: 2 index: 2. Preceding OpId from leader: term: 3 index: 3. (index mismatch)
I20260709 14:53:39.137734  5185 consensus_queue.cc:1048] T 56997842be2645cf957aa80260401174 P bc1585f0251c4ea5bb42f92c3bf3263d [LEADER]: Connected to new peer: Peer: permanent_uuid: "adc20eea881e4769958bf2ea08c96f45" member_type: VOTER last_known_addr { host: "127.4.161.65" port: 41407 }, Status: LMP_MISMATCH, Last received: 0.0, Next index: 3, Last known committed idx: 2, Time since last communication: 0.000s
I20260709 14:53:39.148983  4949 raft_consensus.cc:1275] T 56997842be2645cf957aa80260401174 P 16d6d7777cf649b6b458c34684995801 [term 3 FOLLOWER]: Refusing update from remote peer bc1585f0251c4ea5bb42f92c3bf3263d: Log matching property violated. Preceding OpId in replica: term: 2 index: 2. Preceding OpId from leader: term: 3 index: 3. (index mismatch)
I20260709 14:53:39.151396  5185 consensus_queue.cc:1048] T 56997842be2645cf957aa80260401174 P bc1585f0251c4ea5bb42f92c3bf3263d [LEADER]: Connected to new peer: Peer: permanent_uuid: "16d6d7777cf649b6b458c34684995801" member_type: VOTER last_known_addr { host: "127.4.161.66" port: 36883 }, Status: LMP_MISMATCH, Last received: 0.0, Next index: 3, Last known committed idx: 2, Time since last communication: 0.000s
I20260709 14:53:39.253067  4875 raft_consensus.cc:1275] T 25055da7e5f94d79b65c849e7082c6e2 P adc20eea881e4769958bf2ea08c96f45 [term 3 FOLLOWER]: Refusing update from remote peer bc1585f0251c4ea5bb42f92c3bf3263d: Log matching property violated. Preceding OpId in replica: term: 2 index: 1. Preceding OpId from leader: term: 3 index: 2. (index mismatch)
I20260709 14:53:39.254175  5185 consensus_queue.cc:1048] T 25055da7e5f94d79b65c849e7082c6e2 P bc1585f0251c4ea5bb42f92c3bf3263d [LEADER]: Connected to new peer: Peer: permanent_uuid: "adc20eea881e4769958bf2ea08c96f45" member_type: VOTER last_known_addr { host: "127.4.161.65" port: 41407 }, Status: LMP_MISMATCH, Last received: 0.0, Next index: 2, Last known committed idx: 1, Time since last communication: 0.000s
I20260709 14:53:39.262341  4949 raft_consensus.cc:1275] T 25055da7e5f94d79b65c849e7082c6e2 P 16d6d7777cf649b6b458c34684995801 [term 3 FOLLOWER]: Refusing update from remote peer bc1585f0251c4ea5bb42f92c3bf3263d: Log matching property violated. Preceding OpId in replica: term: 2 index: 1. Preceding OpId from leader: term: 3 index: 2. (index mismatch)
I20260709 14:53:39.263806  5185 consensus_queue.cc:1048] T 25055da7e5f94d79b65c849e7082c6e2 P bc1585f0251c4ea5bb42f92c3bf3263d [LEADER]: Connected to new peer: Peer: permanent_uuid: "16d6d7777cf649b6b458c34684995801" member_type: VOTER last_known_addr { host: "127.4.161.66" port: 36883 }, Status: LMP_MISMATCH, Last received: 0.0, Next index: 2, Last known committed idx: 1, Time since last communication: 0.000s
I20260709 14:53:39.566506  4741 auto_leader_rebalancer.cc:141] leader rebalance for table test-workload
I20260709 14:53:39.579310  4875 tablet_service.cc:2072] Received LeaderStepDown RPC: tablet_id: "9277382354e246cf8540aa7c93708065"
dest_uuid: "adc20eea881e4769958bf2ea08c96f45"
mode: GRACEFUL
new_leader_uuid: "16d6d7777cf649b6b458c34684995801"
 from {username='slave'} at 127.0.0.1:58774
I20260709 14:53:39.579963  4875 raft_consensus.cc:606] T 9277382354e246cf8540aa7c93708065 P adc20eea881e4769958bf2ea08c96f45 [term 1 LEADER]: Received request to transfer leadership to TS 16d6d7777cf649b6b458c34684995801
I20260709 14:53:39.584964  4875 tablet_service.cc:2072] Received LeaderStepDown RPC: tablet_id: "269614ff10a04933a4b82a27764bcfaa"
dest_uuid: "adc20eea881e4769958bf2ea08c96f45"
mode: GRACEFUL
new_leader_uuid: "16d6d7777cf649b6b458c34684995801"
 from {username='slave'} at 127.0.0.1:58774
I20260709 14:53:39.585552  4875 raft_consensus.cc:606] T 269614ff10a04933a4b82a27764bcfaa P adc20eea881e4769958bf2ea08c96f45 [term 1 LEADER]: Received request to transfer leadership to TS 16d6d7777cf649b6b458c34684995801
I20260709 14:53:39.590477  4875 tablet_service.cc:2072] Received LeaderStepDown RPC: tablet_id: "d73e54820e5a4128a42f3a521170f87d"
dest_uuid: "adc20eea881e4769958bf2ea08c96f45"
mode: GRACEFUL
new_leader_uuid: "16d6d7777cf649b6b458c34684995801"
 from {username='slave'} at 127.0.0.1:58774
I20260709 14:53:39.591085  4875 raft_consensus.cc:606] T d73e54820e5a4128a42f3a521170f87d P adc20eea881e4769958bf2ea08c96f45 [term 2 LEADER]: Received request to transfer leadership to TS 16d6d7777cf649b6b458c34684995801
I20260709 14:53:39.595726  5023 tablet_service.cc:2072] Received LeaderStepDown RPC: tablet_id: "25055da7e5f94d79b65c849e7082c6e2"
dest_uuid: "bc1585f0251c4ea5bb42f92c3bf3263d"
mode: GRACEFUL
new_leader_uuid: "16d6d7777cf649b6b458c34684995801"
 from {username='slave'} at 127.0.0.1:47312
I20260709 14:53:39.596310  5023 raft_consensus.cc:606] T 25055da7e5f94d79b65c849e7082c6e2 P bc1585f0251c4ea5bb42f92c3bf3263d [term 3 LEADER]: Received request to transfer leadership to TS 16d6d7777cf649b6b458c34684995801
I20260709 14:53:39.603818  5023 tablet_service.cc:2072] Received LeaderStepDown RPC: tablet_id: "56997842be2645cf957aa80260401174"
dest_uuid: "bc1585f0251c4ea5bb42f92c3bf3263d"
mode: GRACEFUL
new_leader_uuid: "16d6d7777cf649b6b458c34684995801"
 from {username='slave'} at 127.0.0.1:47312
I20260709 14:53:39.604432  5023 raft_consensus.cc:606] T 56997842be2645cf957aa80260401174 P bc1585f0251c4ea5bb42f92c3bf3263d [term 3 LEADER]: Received request to transfer leadership to TS 16d6d7777cf649b6b458c34684995801
I20260709 14:53:39.730671  5204 raft_consensus.cc:993] T 25055da7e5f94d79b65c849e7082c6e2 P bc1585f0251c4ea5bb42f92c3bf3263d: : Instructing follower 16d6d7777cf649b6b458c34684995801 to start an election
I20260709 14:53:39.731158  5191 raft_consensus.cc:1081] T 25055da7e5f94d79b65c849e7082c6e2 P bc1585f0251c4ea5bb42f92c3bf3263d [term 3 LEADER]: Signalling peer 16d6d7777cf649b6b458c34684995801 to start an election
I20260709 14:53:39.732717  4949 tablet_service.cc:2044] Received Run Leader Election RPC: tablet_id: "25055da7e5f94d79b65c849e7082c6e2"
dest_uuid: "16d6d7777cf649b6b458c34684995801"
 from {username='slave'} at 127.0.0.1:52998
I20260709 14:53:39.733275  4949 raft_consensus.cc:493] T 25055da7e5f94d79b65c849e7082c6e2 P 16d6d7777cf649b6b458c34684995801 [term 3 FOLLOWER]: Starting forced leader election (received explicit request)
I20260709 14:53:39.733984  4949 raft_consensus.cc:3060] T 25055da7e5f94d79b65c849e7082c6e2 P 16d6d7777cf649b6b458c34684995801 [term 3 FOLLOWER]: Advancing to term 4
