I20260709 14:53:37.055981 21313 raft_consensus.cc:2468] T 8eeed302bd994f99b1d5eb74a8278338 P 7e8f45e7e6514323a356e5637785ea26 [term 2 FOLLOWER]: Leader election vote request: Granting yes vote for candidate cb197b36cc204d51b89db6b0b9d0e6b6 in term 2.
I20260709 14:53:37.056799 21314 raft_consensus.cc:1240] T 8eeed302bd994f99b1d5eb74a8278338 P 7e8f45e7e6514323a356e5637785ea26 [term 2 FOLLOWER]: Rejecting Update request from peer b8758120667e46e986c390d0e7a95cc3 for earlier term 1. Current term is 2. Ops: [1.1-1.1]
I20260709 14:53:37.057081 21130 leader_election.cc:304] T 8eeed302bd994f99b1d5eb74a8278338 P cb197b36cc204d51b89db6b0b9d0e6b6 [CANDIDATE]: Term 2 election: Election decided. Result: candidate won. Election summary: received 2 responses out of 3 voters: 2 yes votes; 0 no votes. yes voters: 7e8f45e7e6514323a356e5637785ea26, cb197b36cc204d51b89db6b0b9d0e6b6; no voters: 
I20260709 14:53:37.057958 21376 raft_consensus.cc:2804] T 8eeed302bd994f99b1d5eb74a8278338 P cb197b36cc204d51b89db6b0b9d0e6b6 [term 2 FOLLOWER]: Leader election won for term 2
I20260709 14:53:37.058045 21239 raft_consensus.cc:2468] T 8eeed302bd994f99b1d5eb74a8278338 P b8758120667e46e986c390d0e7a95cc3 [term 2 FOLLOWER]: Leader election vote request: Granting yes vote for candidate cb197b36cc204d51b89db6b0b9d0e6b6 in term 2.
I20260709 14:53:37.058537 21376 raft_consensus.cc:697] T 8eeed302bd994f99b1d5eb74a8278338 P cb197b36cc204d51b89db6b0b9d0e6b6 [term 2 LEADER]: Becoming Leader. State: Replica: cb197b36cc204d51b89db6b0b9d0e6b6, State: Running, Role: LEADER
I20260709 14:53:37.059351 21376 consensus_queue.cc:237] T 8eeed302bd994f99b1d5eb74a8278338 P cb197b36cc204d51b89db6b0b9d0e6b6 [LEADER]: Queue going to LEADER mode. State: All replicated index: 0, Majority replicated index: 1, Committed index: 1, Last appended: 1.1, Last appended by leader: 1, Current term: 2, Majority size: 2, State: 0, Mode: LEADER, active raft config: opid_index: -1 OBSOLETE_local: false peers { permanent_uuid: "cb197b36cc204d51b89db6b0b9d0e6b6" member_type: VOTER last_known_addr { host: "127.20.15.1" port: 33497 } } peers { permanent_uuid: "b8758120667e46e986c390d0e7a95cc3" member_type: VOTER last_known_addr { host: "127.20.15.2" port: 44021 } } peers { permanent_uuid: "7e8f45e7e6514323a356e5637785ea26" member_type: VOTER last_known_addr { host: "127.20.15.3" port: 46779 } }
I20260709 14:53:37.065256 21063 catalog_manager.cc:5697] T 8eeed302bd994f99b1d5eb74a8278338 P cb197b36cc204d51b89db6b0b9d0e6b6 reported cstate change: term changed from 1 to 2, leader changed from b8758120667e46e986c390d0e7a95cc3 (127.20.15.2) to cb197b36cc204d51b89db6b0b9d0e6b6 (127.20.15.1). New cstate: current_term: 2 leader_uuid: "cb197b36cc204d51b89db6b0b9d0e6b6" committed_config { opid_index: -1 OBSOLETE_local: false peers { permanent_uuid: "cb197b36cc204d51b89db6b0b9d0e6b6" member_type: VOTER last_known_addr { host: "127.20.15.1" port: 33497 } health_report { overall_health: HEALTHY } } peers { permanent_uuid: "b8758120667e46e986c390d0e7a95cc3" member_type: VOTER last_known_addr { host: "127.20.15.2" port: 44021 } health_report { overall_health: UNKNOWN } } peers { permanent_uuid: "7e8f45e7e6514323a356e5637785ea26" member_type: VOTER last_known_addr { host: "127.20.15.3" port: 46779 } health_report { overall_health: UNKNOWN } } }
I20260709 14:53:37.068608 21423 consensus_queue.cc:1048] T 0f54a2ae4ef34e5cb3c89a6625960891 P 7e8f45e7e6514323a356e5637785ea26 [LEADER]: Connected to new peer: Peer: permanent_uuid: "cb197b36cc204d51b89db6b0b9d0e6b6" member_type: VOTER last_known_addr { host: "127.20.15.1" port: 33497 }, Status: LMP_MISMATCH, Last received: 0.0, Next index: 1, Last known committed idx: 0, Time since last communication: 0.000s
I20260709 14:53:37.079042 21376 consensus_queue.cc:1048] T 545f6c69f0484434aded6fe31de62f48 P cb197b36cc204d51b89db6b0b9d0e6b6 [LEADER]: Connected to new peer: Peer: permanent_uuid: "b8758120667e46e986c390d0e7a95cc3" member_type: VOTER last_known_addr { host: "127.20.15.2" port: 44021 }, Status: LMP_MISMATCH, Last received: 0.0, Next index: 1, Last known committed idx: 0, Time since last communication: 0.000s
I20260709 14:53:37.079489 21423 consensus_queue.cc:1048] T a2aa03ad494946069b8a52472f364be2 P 7e8f45e7e6514323a356e5637785ea26 [LEADER]: Connected to new peer: Peer: permanent_uuid: "cb197b36cc204d51b89db6b0b9d0e6b6" member_type: VOTER last_known_addr { host: "127.20.15.1" port: 33497 }, Status: LMP_MISMATCH, Last received: 0.0, Next index: 1, Last known committed idx: 0, Time since last communication: 0.000s
I20260709 14:53:37.083534 21361 consensus_queue.cc:1048] T 0f54a2ae4ef34e5cb3c89a6625960891 P 7e8f45e7e6514323a356e5637785ea26 [LEADER]: Connected to new peer: Peer: permanent_uuid: "b8758120667e46e986c390d0e7a95cc3" member_type: VOTER last_known_addr { host: "127.20.15.2" port: 44021 }, Status: LMP_MISMATCH, Last received: 0.0, Next index: 1, Last known committed idx: 0, Time since last communication: 0.000s
I20260709 14:53:37.086151 21361 consensus_queue.cc:1048] T a2aa03ad494946069b8a52472f364be2 P 7e8f45e7e6514323a356e5637785ea26 [LEADER]: Connected to new peer: Peer: permanent_uuid: "b8758120667e46e986c390d0e7a95cc3" member_type: VOTER last_known_addr { host: "127.20.15.2" port: 44021 }, Status: LMP_MISMATCH, Last received: 0.0, Next index: 1, Last known committed idx: 0, Time since last communication: 0.000s
I20260709 14:53:37.103026 21359 consensus_queue.cc:1048] T 545f6c69f0484434aded6fe31de62f48 P cb197b36cc204d51b89db6b0b9d0e6b6 [LEADER]: Connected to new peer: Peer: permanent_uuid: "7e8f45e7e6514323a356e5637785ea26" member_type: VOTER last_known_addr { host: "127.20.15.3" port: 46779 }, Status: LMP_MISMATCH, Last received: 0.0, Next index: 1, Last known committed idx: 0, Time since last communication: 0.000s
I20260709 14:53:37.112632 21434 raft_consensus.cc:993] T a2aa03ad494946069b8a52472f364be2 P 7e8f45e7e6514323a356e5637785ea26: : Instructing follower b8758120667e46e986c390d0e7a95cc3 to start an election
I20260709 14:53:37.113135 21423 raft_consensus.cc:1081] T a2aa03ad494946069b8a52472f364be2 P 7e8f45e7e6514323a356e5637785ea26 [term 1 LEADER]: Signalling peer b8758120667e46e986c390d0e7a95cc3 to start an election
I20260709 14:53:37.117873 21238 tablet_service.cc:2044] Received Run Leader Election RPC: tablet_id: "a2aa03ad494946069b8a52472f364be2"
dest_uuid: "b8758120667e46e986c390d0e7a95cc3"
 from {username='slave'} at 127.0.0.1:47826
I20260709 14:53:37.118590 21238 raft_consensus.cc:493] T a2aa03ad494946069b8a52472f364be2 P b8758120667e46e986c390d0e7a95cc3 [term 1 FOLLOWER]: Starting forced leader election (received explicit request)
I20260709 14:53:37.118980 21238 raft_consensus.cc:3060] T a2aa03ad494946069b8a52472f364be2 P b8758120667e46e986c390d0e7a95cc3 [term 1 FOLLOWER]: Advancing to term 2
I20260709 14:53:37.127506 21238 raft_consensus.cc:515] T a2aa03ad494946069b8a52472f364be2 P b8758120667e46e986c390d0e7a95cc3 [term 2 FOLLOWER]: Starting forced leader election with config: opid_index: -1 OBSOLETE_local: false peers { permanent_uuid: "cb197b36cc204d51b89db6b0b9d0e6b6" member_type: VOTER last_known_addr { host: "127.20.15.1" port: 33497 } } peers { permanent_uuid: "b8758120667e46e986c390d0e7a95cc3" member_type: VOTER last_known_addr { host: "127.20.15.2" port: 44021 } } peers { permanent_uuid: "7e8f45e7e6514323a356e5637785ea26" member_type: VOTER last_known_addr { host: "127.20.15.3" port: 46779 } }
I20260709 14:53:37.129540 21238 leader_election.cc:290] T a2aa03ad494946069b8a52472f364be2 P b8758120667e46e986c390d0e7a95cc3 [CANDIDATE]: Term 2 election: Requested vote from peers cb197b36cc204d51b89db6b0b9d0e6b6 (127.20.15.1:33497), 7e8f45e7e6514323a356e5637785ea26 (127.20.15.3:46779)
I20260709 14:53:37.129885 21376 consensus_queue.cc:1048] T d3f18827a5ed429d9eca0c3d81b59aa9 P cb197b36cc204d51b89db6b0b9d0e6b6 [LEADER]: Connected to new peer: Peer: permanent_uuid: "7e8f45e7e6514323a356e5637785ea26" member_type: VOTER last_known_addr { host: "127.20.15.3" port: 46779 }, Status: LMP_MISMATCH, Last received: 0.0, Next index: 1, Last known committed idx: 0, Time since last communication: 0.000s
I20260709 14:53:37.132215 21165 tablet_service.cc:1917] Received RequestConsensusVote() RPC: tablet_id: "a2aa03ad494946069b8a52472f364be2" candidate_uuid: "b8758120667e46e986c390d0e7a95cc3" candidate_term: 2 candidate_status { last_received { term: 1 index: 1 } } ignore_live_leader: true dest_uuid: "cb197b36cc204d51b89db6b0b9d0e6b6"
I20260709 14:53:37.132776 21165 raft_consensus.cc:3060] T a2aa03ad494946069b8a52472f364be2 P cb197b36cc204d51b89db6b0b9d0e6b6 [term 1 FOLLOWER]: Advancing to term 2
I20260709 14:53:37.134838 21359 consensus_queue.cc:1048] T d3f18827a5ed429d9eca0c3d81b59aa9 P cb197b36cc204d51b89db6b0b9d0e6b6 [LEADER]: Connected to new peer: Peer: permanent_uuid: "b8758120667e46e986c390d0e7a95cc3" member_type: VOTER last_known_addr { host: "127.20.15.2" port: 44021 }, Status: LMP_MISMATCH, Last received: 0.0, Next index: 1, Last known committed idx: 0, Time since last communication: 0.000s
I20260709 14:53:37.136940 21313 tablet_service.cc:1917] Received RequestConsensusVote() RPC: tablet_id: "a2aa03ad494946069b8a52472f364be2" candidate_uuid: "b8758120667e46e986c390d0e7a95cc3" candidate_term: 2 candidate_status { last_received { term: 1 index: 1 } } ignore_live_leader: true dest_uuid: "7e8f45e7e6514323a356e5637785ea26"
I20260709 14:53:37.137579 21313 raft_consensus.cc:3055] T a2aa03ad494946069b8a52472f364be2 P 7e8f45e7e6514323a356e5637785ea26 [term 1 LEADER]: Stepping down as leader of term 1
I20260709 14:53:37.137900 21313 raft_consensus.cc:740] T a2aa03ad494946069b8a52472f364be2 P 7e8f45e7e6514323a356e5637785ea26 [term 1 LEADER]: Becoming Follower/Learner. State: Replica: 7e8f45e7e6514323a356e5637785ea26, State: Running, Role: LEADER
I20260709 14:53:37.138720 21313 consensus_queue.cc:260] T a2aa03ad494946069b8a52472f364be2 P 7e8f45e7e6514323a356e5637785ea26 [NON_LEADER]: Queue going to NON_LEADER mode. State: All replicated index: 0, Majority replicated index: 1, Committed index: 1, Last appended: 1.1, Last appended by leader: 1, Current term: 1, Majority size: -1, State: 0, Mode: NON_LEADER, active raft config: opid_index: -1 OBSOLETE_local: false peers { permanent_uuid: "cb197b36cc204d51b89db6b0b9d0e6b6" member_type: VOTER last_known_addr { host: "127.20.15.1" port: 33497 } } peers { permanent_uuid: "b8758120667e46e986c390d0e7a95cc3" member_type: VOTER last_known_addr { host: "127.20.15.2" port: 44021 } } peers { permanent_uuid: "7e8f45e7e6514323a356e5637785ea26" member_type: VOTER last_known_addr { host: "127.20.15.3" port: 46779 } }
I20260709 14:53:37.140022 21313 raft_consensus.cc:3060] T a2aa03ad494946069b8a52472f364be2 P 7e8f45e7e6514323a356e5637785ea26 [term 1 FOLLOWER]: Advancing to term 2
I20260709 14:53:37.140554 21165 raft_consensus.cc:2468] T a2aa03ad494946069b8a52472f364be2 P cb197b36cc204d51b89db6b0b9d0e6b6 [term 2 FOLLOWER]: Leader election vote request: Granting yes vote for candidate b8758120667e46e986c390d0e7a95cc3 in term 2.
I20260709 14:53:37.141852 21204 leader_election.cc:304] T a2aa03ad494946069b8a52472f364be2 P b8758120667e46e986c390d0e7a95cc3 [CANDIDATE]: Term 2 election: Election decided. Result: candidate won. Election summary: received 2 responses out of 3 voters: 2 yes votes; 0 no votes. yes voters: b8758120667e46e986c390d0e7a95cc3, cb197b36cc204d51b89db6b0b9d0e6b6; no voters: 
I20260709 14:53:37.142686 21428 raft_consensus.cc:2804] T a2aa03ad494946069b8a52472f364be2 P b8758120667e46e986c390d0e7a95cc3 [term 2 FOLLOWER]: Leader election won for term 2
I20260709 14:53:37.143174 21428 raft_consensus.cc:697] T a2aa03ad494946069b8a52472f364be2 P b8758120667e46e986c390d0e7a95cc3 [term 2 LEADER]: Becoming Leader. State: Replica: b8758120667e46e986c390d0e7a95cc3, State: Running, Role: LEADER
I20260709 14:53:37.144037 21428 consensus_queue.cc:237] T a2aa03ad494946069b8a52472f364be2 P b8758120667e46e986c390d0e7a95cc3 [LEADER]: Queue going to LEADER mode. State: All replicated index: 0, Majority replicated index: 1, Committed index: 1, Last appended: 1.1, Last appended by leader: 1, Current term: 2, Majority size: 2, State: 0, Mode: LEADER, active raft config: opid_index: -1 OBSOLETE_local: false peers { permanent_uuid: "cb197b36cc204d51b89db6b0b9d0e6b6" member_type: VOTER last_known_addr { host: "127.20.15.1" port: 33497 } } peers { permanent_uuid: "b8758120667e46e986c390d0e7a95cc3" member_type: VOTER last_known_addr { host: "127.20.15.2" port: 44021 } } peers { permanent_uuid: "7e8f45e7e6514323a356e5637785ea26" member_type: VOTER last_known_addr { host: "127.20.15.3" port: 46779 } }
I20260709 14:53:37.147097 21313 raft_consensus.cc:2468] T a2aa03ad494946069b8a52472f364be2 P 7e8f45e7e6514323a356e5637785ea26 [term 2 FOLLOWER]: Leader election vote request: Granting yes vote for candidate b8758120667e46e986c390d0e7a95cc3 in term 2.
I20260709 14:53:37.159341 21062 catalog_manager.cc:5697] T a2aa03ad494946069b8a52472f364be2 P b8758120667e46e986c390d0e7a95cc3 reported cstate change: term changed from 1 to 2, leader changed from 7e8f45e7e6514323a356e5637785ea26 (127.20.15.3) to b8758120667e46e986c390d0e7a95cc3 (127.20.15.2). New cstate: current_term: 2 leader_uuid: "b8758120667e46e986c390d0e7a95cc3" committed_config { opid_index: -1 OBSOLETE_local: false peers { permanent_uuid: "cb197b36cc204d51b89db6b0b9d0e6b6" member_type: VOTER last_known_addr { host: "127.20.15.1" port: 33497 } health_report { overall_health: UNKNOWN } } peers { permanent_uuid: "b8758120667e46e986c390d0e7a95cc3" member_type: VOTER last_known_addr { host: "127.20.15.2" port: 44021 } health_report { overall_health: HEALTHY } } peers { permanent_uuid: "7e8f45e7e6514323a356e5637785ea26" member_type: VOTER last_known_addr { host: "127.20.15.3" port: 46779 } health_report { overall_health: UNKNOWN } } }
I20260709 14:53:37.257755 21428 consensus_queue.cc:1048] T be5ee3eaedb44fc5a073227fd43133cd P b8758120667e46e986c390d0e7a95cc3 [LEADER]: Connected to new peer: Peer: permanent_uuid: "cb197b36cc204d51b89db6b0b9d0e6b6" member_type: VOTER last_known_addr { host: "127.20.15.1" port: 33497 }, Status: LMP_MISMATCH, Last received: 0.0, Next index: 1, Last known committed idx: 0, Time since last communication: 0.000s
I20260709 14:53:37.263943 21370 raft_consensus.cc:993] T be5ee3eaedb44fc5a073227fd43133cd P b8758120667e46e986c390d0e7a95cc3: : Instructing follower cb197b36cc204d51b89db6b0b9d0e6b6 to start an election
I20260709 14:53:37.264364 21362 raft_consensus.cc:1081] T be5ee3eaedb44fc5a073227fd43133cd P b8758120667e46e986c390d0e7a95cc3 [term 1 LEADER]: Signalling peer cb197b36cc204d51b89db6b0b9d0e6b6 to start an election
I20260709 14:53:37.265924 21164 tablet_service.cc:2044] Received Run Leader Election RPC: tablet_id: "be5ee3eaedb44fc5a073227fd43133cd"
dest_uuid: "cb197b36cc204d51b89db6b0b9d0e6b6"
 from {username='slave'} at 127.0.0.1:50828
I20260709 14:53:37.266453 21164 raft_consensus.cc:493] T be5ee3eaedb44fc5a073227fd43133cd P cb197b36cc204d51b89db6b0b9d0e6b6 [term 1 FOLLOWER]: Starting forced leader election (received explicit request)
I20260709 14:53:37.266834 21164 raft_consensus.cc:3060] T be5ee3eaedb44fc5a073227fd43133cd P cb197b36cc204d51b89db6b0b9d0e6b6 [term 1 FOLLOWER]: Advancing to term 2
I20260709 14:53:37.269384 21428 consensus_queue.cc:1048] T be5ee3eaedb44fc5a073227fd43133cd P b8758120667e46e986c390d0e7a95cc3 [LEADER]: Connected to new peer: Peer: permanent_uuid: "7e8f45e7e6514323a356e5637785ea26" member_type: VOTER last_known_addr { host: "127.20.15.3" port: 46779 }, Status: LMP_MISMATCH, Last received: 0.0, Next index: 1, Last known committed idx: 0, Time since last communication: 0.000s
I20260709 14:53:37.272691 21164 raft_consensus.cc:515] T be5ee3eaedb44fc5a073227fd43133cd P cb197b36cc204d51b89db6b0b9d0e6b6 [term 2 FOLLOWER]: Starting forced leader election with config: opid_index: -1 OBSOLETE_local: false peers { permanent_uuid: "cb197b36cc204d51b89db6b0b9d0e6b6" member_type: VOTER last_known_addr { host: "127.20.15.1" port: 33497 } } peers { permanent_uuid: "b8758120667e46e986c390d0e7a95cc3" member_type: VOTER last_known_addr { host: "127.20.15.2" port: 44021 } } peers { permanent_uuid: "7e8f45e7e6514323a356e5637785ea26" member_type: VOTER last_known_addr { host: "127.20.15.3" port: 46779 } }
I20260709 14:53:37.275205 21238 tablet_service.cc:1917] Received RequestConsensusVote() RPC: tablet_id: "be5ee3eaedb44fc5a073227fd43133cd" candidate_uuid: "cb197b36cc204d51b89db6b0b9d0e6b6" candidate_term: 2 candidate_status { last_received { term: 1 index: 1 } } ignore_live_leader: true dest_uuid: "b8758120667e46e986c390d0e7a95cc3"
I20260709 14:53:37.275700 21238 raft_consensus.cc:3055] T be5ee3eaedb44fc5a073227fd43133cd P b8758120667e46e986c390d0e7a95cc3 [term 1 LEADER]: Stepping down as leader of term 1
I20260709 14:53:37.275977 21238 raft_consensus.cc:740] T be5ee3eaedb44fc5a073227fd43133cd P b8758120667e46e986c390d0e7a95cc3 [term 1 LEADER]: Becoming Follower/Learner. State: Replica: b8758120667e46e986c390d0e7a95cc3, State: Running, Role: LEADER
I20260709 14:53:37.276063 21164 leader_election.cc:290] T be5ee3eaedb44fc5a073227fd43133cd P cb197b36cc204d51b89db6b0b9d0e6b6 [CANDIDATE]: Term 2 election: Requested vote from peers b8758120667e46e986c390d0e7a95cc3 (127.20.15.2:44021), 7e8f45e7e6514323a356e5637785ea26 (127.20.15.3:46779)
I20260709 14:53:37.276067 21313 tablet_service.cc:1917] Received RequestConsensusVote() RPC: tablet_id: "be5ee3eaedb44fc5a073227fd43133cd" candidate_uuid: "cb197b36cc204d51b89db6b0b9d0e6b6" candidate_term: 2 candidate_status { last_received { term: 1 index: 1 } } ignore_live_leader: true dest_uuid: "7e8f45e7e6514323a356e5637785ea26"
I20260709 14:53:37.278043 21238 consensus_queue.cc:260] T be5ee3eaedb44fc5a073227fd43133cd P b8758120667e46e986c390d0e7a95cc3 [NON_LEADER]: Queue going to NON_LEADER mode. State: All replicated index: 0, Majority replicated index: 1, Committed index: 1, Last appended: 1.1, Last appended by leader: 1, Current term: 1, Majority size: -1, State: 0, Mode: NON_LEADER, active raft config: opid_index: -1 OBSOLETE_local: false peers { permanent_uuid: "cb197b36cc204d51b89db6b0b9d0e6b6" member_type: VOTER last_known_addr { host: "127.20.15.1" port: 33497 } } peers { permanent_uuid: "b8758120667e46e986c390d0e7a95cc3" member_type: VOTER last_known_addr { host: "127.20.15.2" port: 44021 } } peers { permanent_uuid: "7e8f45e7e6514323a356e5637785ea26" member_type: VOTER last_known_addr { host: "127.20.15.3" port: 46779 } }
I20260709 14:53:37.279096 21238 raft_consensus.cc:3060] T be5ee3eaedb44fc5a073227fd43133cd P b8758120667e46e986c390d0e7a95cc3 [term 1 FOLLOWER]: Advancing to term 2
I20260709 14:53:37.284641 21238 raft_consensus.cc:2468] T be5ee3eaedb44fc5a073227fd43133cd P b8758120667e46e986c390d0e7a95cc3 [term 2 FOLLOWER]: Leader election vote request: Granting yes vote for candidate cb197b36cc204d51b89db6b0b9d0e6b6 in term 2.
I20260709 14:53:37.285533 21129 leader_election.cc:304] T be5ee3eaedb44fc5a073227fd43133cd P cb197b36cc204d51b89db6b0b9d0e6b6 [CANDIDATE]: Term 2 election: Election decided. Result: candidate won. Election summary: received 3 responses out of 3 voters: 2 yes votes; 1 no votes. yes voters: b8758120667e46e986c390d0e7a95cc3, cb197b36cc204d51b89db6b0b9d0e6b6; no voters: 7e8f45e7e6514323a356e5637785ea26
I20260709 14:53:37.286404 21391 raft_consensus.cc:2804] T be5ee3eaedb44fc5a073227fd43133cd P cb197b36cc204d51b89db6b0b9d0e6b6 [term 2 FOLLOWER]: Leader election won for term 2
I20260709 14:53:37.286931 21391 raft_consensus.cc:697] T be5ee3eaedb44fc5a073227fd43133cd P cb197b36cc204d51b89db6b0b9d0e6b6 [term 2 LEADER]: Becoming Leader. State: Replica: cb197b36cc204d51b89db6b0b9d0e6b6, State: Running, Role: LEADER
I20260709 14:53:37.287757 21391 consensus_queue.cc:237] T be5ee3eaedb44fc5a073227fd43133cd P cb197b36cc204d51b89db6b0b9d0e6b6 [LEADER]: Queue going to LEADER mode. State: All replicated index: 0, Majority replicated index: 1, Committed index: 1, Last appended: 1.1, Last appended by leader: 1, Current term: 2, Majority size: 2, State: 0, Mode: LEADER, active raft config: opid_index: -1 OBSOLETE_local: false peers { permanent_uuid: "cb197b36cc204d51b89db6b0b9d0e6b6" member_type: VOTER last_known_addr { host: "127.20.15.1" port: 33497 } } peers { permanent_uuid: "b8758120667e46e986c390d0e7a95cc3" member_type: VOTER last_known_addr { host: "127.20.15.2" port: 44021 } } peers { permanent_uuid: "7e8f45e7e6514323a356e5637785ea26" member_type: VOTER last_known_addr { host: "127.20.15.3" port: 46779 } }
I20260709 14:53:37.289317 21423 consensus_queue.cc:1048] T da99a55ba53c420e98fbaf96467690bd P 7e8f45e7e6514323a356e5637785ea26 [LEADER]: Connected to new peer: Peer: permanent_uuid: "b8758120667e46e986c390d0e7a95cc3" member_type: VOTER last_known_addr { host: "127.20.15.2" port: 44021 }, Status: LMP_MISMATCH, Last received: 0.0, Next index: 1, Last known committed idx: 0, Time since last communication: 0.000s
I20260709 14:53:37.294358 21060 catalog_manager.cc:5697] T be5ee3eaedb44fc5a073227fd43133cd P cb197b36cc204d51b89db6b0b9d0e6b6 reported cstate change: term changed from 1 to 2, leader changed from b8758120667e46e986c390d0e7a95cc3 (127.20.15.2) to cb197b36cc204d51b89db6b0b9d0e6b6 (127.20.15.1). New cstate: current_term: 2 leader_uuid: "cb197b36cc204d51b89db6b0b9d0e6b6" committed_config { opid_index: -1 OBSOLETE_local: false peers { permanent_uuid: "cb197b36cc204d51b89db6b0b9d0e6b6" member_type: VOTER last_known_addr { host: "127.20.15.1" port: 33497 } health_report { overall_health: HEALTHY } } peers { permanent_uuid: "b8758120667e46e986c390d0e7a95cc3" member_type: VOTER last_known_addr { host: "127.20.15.2" port: 44021 } health_report { overall_health: UNKNOWN } } peers { permanent_uuid: "7e8f45e7e6514323a356e5637785ea26" member_type: VOTER last_known_addr { host: "127.20.15.3" port: 46779 } health_report { overall_health: UNKNOWN } } }
I20260709 14:53:37.296687 21434 raft_consensus.cc:993] T da99a55ba53c420e98fbaf96467690bd P 7e8f45e7e6514323a356e5637785ea26: : Instructing follower b8758120667e46e986c390d0e7a95cc3 to start an election
I20260709 14:53:37.297096 21434 raft_consensus.cc:1081] T da99a55ba53c420e98fbaf96467690bd P 7e8f45e7e6514323a356e5637785ea26 [term 1 LEADER]: Signalling peer b8758120667e46e986c390d0e7a95cc3 to start an election
I20260709 14:53:37.299925 21240 tablet_service.cc:2044] Received Run Leader Election RPC: tablet_id: "da99a55ba53c420e98fbaf96467690bd"
dest_uuid: "b8758120667e46e986c390d0e7a95cc3"
 from {username='slave'} at 127.0.0.1:47826
I20260709 14:53:37.302039 21423 consensus_queue.cc:1048] T da99a55ba53c420e98fbaf96467690bd P 7e8f45e7e6514323a356e5637785ea26 [LEADER]: Connected to new peer: Peer: permanent_uuid: "cb197b36cc204d51b89db6b0b9d0e6b6" member_type: VOTER last_known_addr { host: "127.20.15.1" port: 33497 }, Status: LMP_MISMATCH, Last received: 0.0, Next index: 1, Last known committed idx: 0, Time since last communication: 0.000s
I20260709 14:53:37.304530 21240 raft_consensus.cc:493] T da99a55ba53c420e98fbaf96467690bd P b8758120667e46e986c390d0e7a95cc3 [term 1 FOLLOWER]: Starting forced leader election (received explicit request)
I20260709 14:53:37.304931 21240 raft_consensus.cc:3060] T da99a55ba53c420e98fbaf96467690bd P b8758120667e46e986c390d0e7a95cc3 [term 1 FOLLOWER]: Advancing to term 2
I20260709 14:53:37.311440 21240 raft_consensus.cc:515] T da99a55ba53c420e98fbaf96467690bd P b8758120667e46e986c390d0e7a95cc3 [term 2 FOLLOWER]: Starting forced leader election with config: opid_index: -1 OBSOLETE_local: false peers { permanent_uuid: "cb197b36cc204d51b89db6b0b9d0e6b6" member_type: VOTER last_known_addr { host: "127.20.15.1" port: 33497 } } peers { permanent_uuid: "b8758120667e46e986c390d0e7a95cc3" member_type: VOTER last_known_addr { host: "127.20.15.2" port: 44021 } } peers { permanent_uuid: "7e8f45e7e6514323a356e5637785ea26" member_type: VOTER last_known_addr { host: "127.20.15.3" port: 46779 } }
I20260709 14:53:37.315899 21240 leader_election.cc:290] T da99a55ba53c420e98fbaf96467690bd P b8758120667e46e986c390d0e7a95cc3 [CANDIDATE]: Term 2 election: Requested vote from peers cb197b36cc204d51b89db6b0b9d0e6b6 (127.20.15.1:33497), 7e8f45e7e6514323a356e5637785ea26 (127.20.15.3:46779)
I20260709 14:53:37.316131 21164 tablet_service.cc:1917] Received RequestConsensusVote() RPC: tablet_id: "da99a55ba53c420e98fbaf96467690bd" candidate_uuid: "b8758120667e46e986c390d0e7a95cc3" candidate_term: 2 candidate_status { last_received { term: 1 index: 1 } } ignore_live_leader: true dest_uuid: "cb197b36cc204d51b89db6b0b9d0e6b6"
I20260709 14:53:37.316820 21164 raft_consensus.cc:3060] T da99a55ba53c420e98fbaf96467690bd P cb197b36cc204d51b89db6b0b9d0e6b6 [term 1 FOLLOWER]: Advancing to term 2
I20260709 14:53:37.317114 21314 tablet_service.cc:1917] Received RequestConsensusVote() RPC: tablet_id: "da99a55ba53c420e98fbaf96467690bd" candidate_uuid: "b8758120667e46e986c390d0e7a95cc3" candidate_term: 2 candidate_status { last_received { term: 1 index: 1 } } ignore_live_leader: true dest_uuid: "7e8f45e7e6514323a356e5637785ea26"
I20260709 14:53:37.317849 21314 raft_consensus.cc:3055] T da99a55ba53c420e98fbaf96467690bd P 7e8f45e7e6514323a356e5637785ea26 [term 1 LEADER]: Stepping down as leader of term 1
I20260709 14:53:37.318220 21314 raft_consensus.cc:740] T da99a55ba53c420e98fbaf96467690bd P 7e8f45e7e6514323a356e5637785ea26 [term 1 LEADER]: Becoming Follower/Learner. State: Replica: 7e8f45e7e6514323a356e5637785ea26, State: Running, Role: LEADER
I20260709 14:53:37.319166 21314 consensus_queue.cc:260] T da99a55ba53c420e98fbaf96467690bd P 7e8f45e7e6514323a356e5637785ea26 [NON_LEADER]: Queue going to NON_LEADER mode. State: All replicated index: 0, Majority replicated index: 1, Committed index: 1, Last appended: 1.1, Last appended by leader: 1, Current term: 1, Majority size: -1, State: 0, Mode: NON_LEADER, active raft config: opid_index: -1 OBSOLETE_local: false peers { permanent_uuid: "cb197b36cc204d51b89db6b0b9d0e6b6" member_type: VOTER last_known_addr { host: "127.20.15.1" port: 33497 } } peers { permanent_uuid: "b8758120667e46e986c390d0e7a95cc3" member_type: VOTER last_known_addr { host: "127.20.15.2" port: 44021 } } peers { permanent_uuid: "7e8f45e7e6514323a356e5637785ea26" member_type: VOTER last_known_addr { host: "127.20.15.3" port: 46779 } }
I20260709 14:53:37.320564 21314 raft_consensus.cc:3060] T da99a55ba53c420e98fbaf96467690bd P 7e8f45e7e6514323a356e5637785ea26 [term 1 FOLLOWER]: Advancing to term 2
I20260709 14:53:37.323774 21164 raft_consensus.cc:2468] T da99a55ba53c420e98fbaf96467690bd P cb197b36cc204d51b89db6b0b9d0e6b6 [term 2 FOLLOWER]: Leader election vote request: Granting yes vote for candidate b8758120667e46e986c390d0e7a95cc3 in term 2.
I20260709 14:53:37.325078 21204 leader_election.cc:304] T da99a55ba53c420e98fbaf96467690bd P b8758120667e46e986c390d0e7a95cc3 [CANDIDATE]: Term 2 election: Election decided. Result: candidate won. Election summary: received 2 responses out of 3 voters: 2 yes votes; 0 no votes. yes voters: b8758120667e46e986c390d0e7a95cc3, cb197b36cc204d51b89db6b0b9d0e6b6; no voters: 
I20260709 14:53:37.326020 21428 raft_consensus.cc:2804] T da99a55ba53c420e98fbaf96467690bd P b8758120667e46e986c390d0e7a95cc3 [term 2 FOLLOWER]: Leader election won for term 2
I20260709 14:53:37.326531 21428 raft_consensus.cc:697] T da99a55ba53c420e98fbaf96467690bd P b8758120667e46e986c390d0e7a95cc3 [term 2 LEADER]: Becoming Leader. State: Replica: b8758120667e46e986c390d0e7a95cc3, State: Running, Role: LEADER
I20260709 14:53:37.327351 21314 raft_consensus.cc:2468] T da99a55ba53c420e98fbaf96467690bd P 7e8f45e7e6514323a356e5637785ea26 [term 2 FOLLOWER]: Leader election vote request: Granting yes vote for candidate b8758120667e46e986c390d0e7a95cc3 in term 2.
I20260709 14:53:37.327314 21428 consensus_queue.cc:237] T da99a55ba53c420e98fbaf96467690bd P b8758120667e46e986c390d0e7a95cc3 [LEADER]: Queue going to LEADER mode. State: All replicated index: 0, Majority replicated index: 1, Committed index: 1, Last appended: 1.1, Last appended by leader: 1, Current term: 2, Majority size: 2, State: 0, Mode: LEADER, active raft config: opid_index: -1 OBSOLETE_local: false peers { permanent_uuid: "cb197b36cc204d51b89db6b0b9d0e6b6" member_type: VOTER last_known_addr { host: "127.20.15.1" port: 33497 } } peers { permanent_uuid: "b8758120667e46e986c390d0e7a95cc3" member_type: VOTER last_known_addr { host: "127.20.15.2" port: 44021 } } peers { permanent_uuid: "7e8f45e7e6514323a356e5637785ea26" member_type: VOTER last_known_addr { host: "127.20.15.3" port: 46779 } }
I20260709 14:53:37.333712 21060 catalog_manager.cc:5697] T da99a55ba53c420e98fbaf96467690bd P b8758120667e46e986c390d0e7a95cc3 reported cstate change: term changed from 1 to 2, leader changed from 7e8f45e7e6514323a356e5637785ea26 (127.20.15.3) to b8758120667e46e986c390d0e7a95cc3 (127.20.15.2). New cstate: current_term: 2 leader_uuid: "b8758120667e46e986c390d0e7a95cc3" committed_config { opid_index: -1 OBSOLETE_local: false peers { permanent_uuid: "cb197b36cc204d51b89db6b0b9d0e6b6" member_type: VOTER last_known_addr { host: "127.20.15.1" port: 33497 } health_report { overall_health: UNKNOWN } } peers { permanent_uuid: "b8758120667e46e986c390d0e7a95cc3" member_type: VOTER last_known_addr { host: "127.20.15.2" port: 44021 } health_report { overall_health: HEALTHY } } peers { permanent_uuid: "7e8f45e7e6514323a356e5637785ea26" member_type: VOTER last_known_addr { host: "127.20.15.3" port: 46779 } health_report { overall_health: UNKNOWN } } }
I20260709 14:53:37.401757 21314 raft_consensus.cc:1275] T f92f5665d924478abbc46e3a43fa060e P 7e8f45e7e6514323a356e5637785ea26 [term 2 FOLLOWER]: Refusing update from remote peer b8758120667e46e986c390d0e7a95cc3: Log matching property violated. Preceding OpId in replica: term: 1 index: 1. Preceding OpId from leader: term: 2 index: 2. (index mismatch)
I20260709 14:53:37.403018 21428 consensus_queue.cc:1048] T f92f5665d924478abbc46e3a43fa060e P b8758120667e46e986c390d0e7a95cc3 [LEADER]: Connected to new peer: Peer: permanent_uuid: "7e8f45e7e6514323a356e5637785ea26" member_type: VOTER last_known_addr { host: "127.20.15.3" port: 46779 }, Status: LMP_MISMATCH, Last received: 0.0, Next index: 2, Last known committed idx: 1, Time since last communication: 0.000s
I20260709 14:53:37.410203 21164 raft_consensus.cc:3060] T f92f5665d924478abbc46e3a43fa060e P cb197b36cc204d51b89db6b0b9d0e6b6 [term 1 FOLLOWER]: Advancing to term 2
I20260709 14:53:37.419907 21164 raft_consensus.cc:1275] T f92f5665d924478abbc46e3a43fa060e P cb197b36cc204d51b89db6b0b9d0e6b6 [term 2 FOLLOWER]: Refusing update from remote peer b8758120667e46e986c390d0e7a95cc3: Log matching property violated. Preceding OpId in replica: term: 1 index: 1. Preceding OpId from leader: term: 2 index: 2. (index mismatch)
I20260709 14:53:37.421379 21428 consensus_queue.cc:1048] T f92f5665d924478abbc46e3a43fa060e P b8758120667e46e986c390d0e7a95cc3 [LEADER]: Connected to new peer: Peer: permanent_uuid: "cb197b36cc204d51b89db6b0b9d0e6b6" member_type: VOTER last_known_addr { host: "127.20.15.1" port: 33497 }, Status: LMP_MISMATCH, Last received: 0.0, Next index: 2, Last known committed idx: 1, Time since last communication: 0.000s
I20260709 14:53:37.596741 21314 raft_consensus.cc:1275] T 8eeed302bd994f99b1d5eb74a8278338 P 7e8f45e7e6514323a356e5637785ea26 [term 2 FOLLOWER]: Refusing update from remote peer cb197b36cc204d51b89db6b0b9d0e6b6: Log matching property violated. Preceding OpId in replica: term: 0 index: 0. Preceding OpId from leader: term: 2 index: 2. (index mismatch)
I20260709 14:53:37.598001 21391 consensus_queue.cc:1048] T 8eeed302bd994f99b1d5eb74a8278338 P cb197b36cc204d51b89db6b0b9d0e6b6 [LEADER]: Connected to new peer: Peer: permanent_uuid: "7e8f45e7e6514323a356e5637785ea26" member_type: VOTER last_known_addr { host: "127.20.15.3" port: 46779 }, Status: LMP_MISMATCH, Last received: 0.0, Next index: 2, Last known committed idx: 0, Time since last communication: 0.000s
I20260709 14:53:37.611811 21240 raft_consensus.cc:1275] T 8eeed302bd994f99b1d5eb74a8278338 P b8758120667e46e986c390d0e7a95cc3 [term 2 FOLLOWER]: Refusing update from remote peer cb197b36cc204d51b89db6b0b9d0e6b6: Log matching property violated. Preceding OpId in replica: term: 1 index: 1. Preceding OpId from leader: term: 2 index: 2. (index mismatch)
I20260709 14:53:37.612977 21391 consensus_queue.cc:1048] T 8eeed302bd994f99b1d5eb74a8278338 P cb197b36cc204d51b89db6b0b9d0e6b6 [LEADER]: Connected to new peer: Peer: permanent_uuid: "b8758120667e46e986c390d0e7a95cc3" member_type: VOTER last_known_addr { host: "127.20.15.2" port: 44021 }, Status: LMP_MISMATCH, Last received: 0.0, Next index: 2, Last known committed idx: 1, Time since last communication: 0.000s
I20260709 14:53:37.637583 21314 raft_consensus.cc:1275] T a2aa03ad494946069b8a52472f364be2 P 7e8f45e7e6514323a356e5637785ea26 [term 2 FOLLOWER]: Refusing update from remote peer b8758120667e46e986c390d0e7a95cc3: Log matching property violated. Preceding OpId in replica: term: 1 index: 1. Preceding OpId from leader: term: 2 index: 2. (index mismatch)
I20260709 14:53:37.638724 21428 consensus_queue.cc:1048] T a2aa03ad494946069b8a52472f364be2 P b8758120667e46e986c390d0e7a95cc3 [LEADER]: Connected to new peer: Peer: permanent_uuid: "7e8f45e7e6514323a356e5637785ea26" member_type: VOTER last_known_addr { host: "127.20.15.3" port: 46779 }, Status: LMP_MISMATCH, Last received: 0.0, Next index: 2, Last known committed idx: 1, Time since last communication: 0.000s
I20260709 14:53:37.645462 21164 raft_consensus.cc:1275] T a2aa03ad494946069b8a52472f364be2 P cb197b36cc204d51b89db6b0b9d0e6b6 [term 2 FOLLOWER]: Refusing update from remote peer b8758120667e46e986c390d0e7a95cc3: Log matching property violated. Preceding OpId in replica: term: 1 index: 1. Preceding OpId from leader: term: 2 index: 2. (index mismatch)
I20260709 14:53:37.647329 21362 consensus_queue.cc:1048] T a2aa03ad494946069b8a52472f364be2 P b8758120667e46e986c390d0e7a95cc3 [LEADER]: Connected to new peer: Peer: permanent_uuid: "cb197b36cc204d51b89db6b0b9d0e6b6" member_type: VOTER last_known_addr { host: "127.20.15.1" port: 33497 }, Status: LMP_MISMATCH, Last received: 0.0, Next index: 2, Last known committed idx: 1, Time since last communication: 0.000s
I20260709 14:53:37.718737 21240 raft_consensus.cc:1275] T be5ee3eaedb44fc5a073227fd43133cd P b8758120667e46e986c390d0e7a95cc3 [term 2 FOLLOWER]: Refusing update from remote peer cb197b36cc204d51b89db6b0b9d0e6b6: Log matching property violated. Preceding OpId in replica: term: 1 index: 1. Preceding OpId from leader: term: 2 index: 2. (index mismatch)
I20260709 14:53:37.719957 21391 consensus_queue.cc:1048] T be5ee3eaedb44fc5a073227fd43133cd P cb197b36cc204d51b89db6b0b9d0e6b6 [LEADER]: Connected to new peer: Peer: permanent_uuid: "b8758120667e46e986c390d0e7a95cc3" member_type: VOTER last_known_addr { host: "127.20.15.2" port: 44021 }, Status: LMP_MISMATCH, Last received: 0.0, Next index: 2, Last known committed idx: 1, Time since last communication: 0.000s
I20260709 14:53:37.726928 21314 raft_consensus.cc:3060] T be5ee3eaedb44fc5a073227fd43133cd P 7e8f45e7e6514323a356e5637785ea26 [term 1 FOLLOWER]: Advancing to term 2
I20260709 14:53:37.733578 21314 raft_consensus.cc:1275] T be5ee3eaedb44fc5a073227fd43133cd P 7e8f45e7e6514323a356e5637785ea26 [term 2 FOLLOWER]: Refusing update from remote peer cb197b36cc204d51b89db6b0b9d0e6b6: Log matching property violated. Preceding OpId in replica: term: 1 index: 1. Preceding OpId from leader: term: 2 index: 2. (index mismatch)
I20260709 14:53:37.734961 21376 consensus_queue.cc:1048] T be5ee3eaedb44fc5a073227fd43133cd P cb197b36cc204d51b89db6b0b9d0e6b6 [LEADER]: Connected to new peer: Peer: permanent_uuid: "7e8f45e7e6514323a356e5637785ea26" member_type: VOTER last_known_addr { host: "127.20.15.3" port: 46779 }, Status: LMP_MISMATCH, Last received: 0.0, Next index: 2, Last known committed idx: 1, Time since last communication: 0.000s
I20260709 14:53:37.816730 21164 raft_consensus.cc:1275] T da99a55ba53c420e98fbaf96467690bd P cb197b36cc204d51b89db6b0b9d0e6b6 [term 2 FOLLOWER]: Refusing update from remote peer b8758120667e46e986c390d0e7a95cc3: Log matching property violated. Preceding OpId in replica: term: 1 index: 1. Preceding OpId from leader: term: 2 index: 2. (index mismatch)
I20260709 14:53:37.817950 21362 consensus_queue.cc:1048] T da99a55ba53c420e98fbaf96467690bd P b8758120667e46e986c390d0e7a95cc3 [LEADER]: Connected to new peer: Peer: permanent_uuid: "cb197b36cc204d51b89db6b0b9d0e6b6" member_type: VOTER last_known_addr { host: "127.20.15.1" port: 33497 }, Status: LMP_MISMATCH, Last received: 0.0, Next index: 2, Last known committed idx: 1, Time since last communication: 0.000s
I20260709 14:53:37.825125 21314 raft_consensus.cc:1275] T da99a55ba53c420e98fbaf96467690bd P 7e8f45e7e6514323a356e5637785ea26 [term 2 FOLLOWER]: Refusing update from remote peer b8758120667e46e986c390d0e7a95cc3: Log matching property violated. Preceding OpId in replica: term: 1 index: 1. Preceding OpId from leader: term: 2 index: 2. (index mismatch)
I20260709 14:53:37.826571 21419 consensus_queue.cc:1048] T da99a55ba53c420e98fbaf96467690bd P b8758120667e46e986c390d0e7a95cc3 [LEADER]: Connected to new peer: Peer: permanent_uuid: "7e8f45e7e6514323a356e5637785ea26" member_type: VOTER last_known_addr { host: "127.20.15.3" port: 46779 }, Status: LMP_MISMATCH, Last received: 0.0, Next index: 2, Last known committed idx: 1, Time since last communication: 0.000s
I20260709 14:53:40.201577 20540 auto_leader_rebalancer-test.cc:410] The leader distribution is 
I20260709 14:53:40.202510 20540 auto_leader_rebalancer.cc:141] leader rebalance for table test-workload
I20260709 14:53:40.219475 21165 tablet_service.cc:2072] Received LeaderStepDown RPC: tablet_id: "8eeed302bd994f99b1d5eb74a8278338"
dest_uuid: "cb197b36cc204d51b89db6b0b9d0e6b6"
mode: GRACEFUL
new_leader_uuid: "7e8f45e7e6514323a356e5637785ea26"
 from {username='slave'} at 127.0.0.1:50836
I20260709 14:53:40.219954 21165 raft_consensus.cc:606] T 8eeed302bd994f99b1d5eb74a8278338 P cb197b36cc204d51b89db6b0b9d0e6b6 [term 2 LEADER]: Received request to transfer leadership to TS 7e8f45e7e6514323a356e5637785ea26
I20260709 14:53:40.222201 21165 tablet_service.cc:2072] Received LeaderStepDown RPC: tablet_id: "d3f18827a5ed429d9eca0c3d81b59aa9"
dest_uuid: "cb197b36cc204d51b89db6b0b9d0e6b6"
mode: GRACEFUL
new_leader_uuid: "7e8f45e7e6514323a356e5637785ea26"
 from {username='slave'} at 127.0.0.1:50836
I20260709 14:53:40.222693 21165 raft_consensus.cc:606] T d3f18827a5ed429d9eca0c3d81b59aa9 P cb197b36cc204d51b89db6b0b9d0e6b6 [term 1 LEADER]: Received request to transfer leadership to TS 7e8f45e7e6514323a356e5637785ea26
I20260709 14:53:40.223660 20540 auto_leader_rebalancer.cc:452] table: test-workload, leader rebalance finish, leader transfer count: 2
I20260709 14:53:40.224128 20540 auto_leader_rebalancer.cc:527] All tables' leader rebalancing finished this round
I20260709 14:53:40.622243 21444 raft_consensus.cc:993] T d3f18827a5ed429d9eca0c3d81b59aa9 P cb197b36cc204d51b89db6b0b9d0e6b6: : Instructing follower 7e8f45e7e6514323a356e5637785ea26 to start an election
I20260709 14:53:40.623670 21376 raft_consensus.cc:1081] T d3f18827a5ed429d9eca0c3d81b59aa9 P cb197b36cc204d51b89db6b0b9d0e6b6 [term 1 LEADER]: Signalling peer 7e8f45e7e6514323a356e5637785ea26 to start an election
I20260709 14:53:40.624279 21450 raft_consensus.cc:993] T 8eeed302bd994f99b1d5eb74a8278338 P cb197b36cc204d51b89db6b0b9d0e6b6: : Instructing follower 7e8f45e7e6514323a356e5637785ea26 to start an election
I20260709 14:53:40.624655 21450 raft_consensus.cc:1081] T 8eeed302bd994f99b1d5eb74a8278338 P cb197b36cc204d51b89db6b0b9d0e6b6 [term 2 LEADER]: Signalling peer 7e8f45e7e6514323a356e5637785ea26 to start an election
I20260709 14:53:40.625062 21312 tablet_service.cc:2044] Received Run Leader Election RPC: tablet_id: "d3f18827a5ed429d9eca0c3d81b59aa9"
dest_uuid: "7e8f45e7e6514323a356e5637785ea26"
 from {username='slave'} at 127.0.0.1:46348
I20260709 14:53:40.625519 21312 raft_consensus.cc:493] T d3f18827a5ed429d9eca0c3d81b59aa9 P 7e8f45e7e6514323a356e5637785ea26 [term 1 FOLLOWER]: Starting forced leader election (received explicit request)
I20260709 14:53:40.625877 21312 raft_consensus.cc:3060] T d3f18827a5ed429d9eca0c3d81b59aa9 P 7e8f45e7e6514323a356e5637785ea26 [term 1 FOLLOWER]: Advancing to term 2
I20260709 14:53:40.626006 21314 tablet_service.cc:2044] Received Run Leader Election RPC: tablet_id: "8eeed302bd994f99b1d5eb74a8278338"
dest_uuid: "7e8f45e7e6514323a356e5637785ea26"
 from {username='slave'} at 127.0.0.1:46348
I20260709 14:53:40.626520 21314 raft_consensus.cc:493] T 8eeed302bd994f99b1d5eb74a8278338 P 7e8f45e7e6514323a356e5637785ea26 [term 2 FOLLOWER]: Starting forced leader election (received explicit request)
I20260709 14:53:40.626782 21314 raft_consensus.cc:3060] T 8eeed302bd994f99b1d5eb74a8278338 P 7e8f45e7e6514323a356e5637785ea26 [term 2 FOLLOWER]: Advancing to term 3
I20260709 14:53:40.630561 21312 raft_consensus.cc:515] T d3f18827a5ed429d9eca0c3d81b59aa9 P 7e8f45e7e6514323a356e5637785ea26 [term 2 FOLLOWER]: Starting forced leader election with config: opid_index: -1 OBSOLETE_local: false peers { permanent_uuid: "cb197b36cc204d51b89db6b0b9d0e6b6" member_type: VOTER last_known_addr { host: "127.20.15.1" port: 33497 } } peers { permanent_uuid: "b8758120667e46e986c390d0e7a95cc3" member_type: VOTER last_known_addr { host: "127.20.15.2" port: 44021 } } peers { permanent_uuid: "7e8f45e7e6514323a356e5637785ea26" member_type: VOTER last_known_addr { host: "127.20.15.3" port: 46779 } }
I20260709 14:53:40.631345 21314 raft_consensus.cc:515] T 8eeed302bd994f99b1d5eb74a8278338 P 7e8f45e7e6514323a356e5637785ea26 [term 3 FOLLOWER]: Starting forced leader election with config: opid_index: -1 OBSOLETE_local: false peers { permanent_uuid: "cb197b36cc204d51b89db6b0b9d0e6b6" member_type: VOTER last_known_addr { host: "127.20.15.1" port: 33497 } } peers { permanent_uuid: "b8758120667e46e986c390d0e7a95cc3" member_type: VOTER last_known_addr { host: "127.20.15.2" port: 44021 } } peers { permanent_uuid: "7e8f45e7e6514323a356e5637785ea26" member_type: VOTER last_known_addr { host: "127.20.15.3" port: 46779 } }
I20260709 14:53:40.632472 21312 leader_election.cc:290] T d3f18827a5ed429d9eca0c3d81b59aa9 P 7e8f45e7e6514323a356e5637785ea26 [CANDIDATE]: Term 2 election: Requested vote from peers cb197b36cc204d51b89db6b0b9d0e6b6 (127.20.15.1:33497), b8758120667e46e986c390d0e7a95cc3 (127.20.15.2:44021)
I20260709 14:53:40.633363 21240 tablet_service.cc:1917] Received RequestConsensusVote() RPC: tablet_id: "d3f18827a5ed429d9eca0c3d81b59aa9" candidate_uuid: "7e8f45e7e6514323a356e5637785ea26" candidate_term: 2 candidate_status { last_received { term: 1 index: 1 } } ignore_live_leader: true dest_uuid: "b8758120667e46e986c390d0e7a95cc3"
I20260709 14:53:40.633953 21240 raft_consensus.cc:3060] T d3f18827a5ed429d9eca0c3d81b59aa9 P b8758120667e46e986c390d0e7a95cc3 [term 1 FOLLOWER]: Advancing to term 2
I20260709 14:53:40.634438 21237 tablet_service.cc:1917] Received RequestConsensusVote() RPC: tablet_id: "8eeed302bd994f99b1d5eb74a8278338" candidate_uuid: "7e8f45e7e6514323a356e5637785ea26" candidate_term: 3 candidate_status { last_received { term: 2 index: 2 } } ignore_live_leader: true dest_uuid: "b8758120667e46e986c390d0e7a95cc3"
I20260709 14:53:40.634637 21165 tablet_service.cc:1917] Received RequestConsensusVote() RPC: tablet_id: "d3f18827a5ed429d9eca0c3d81b59aa9" candidate_uuid: "7e8f45e7e6514323a356e5637785ea26" candidate_term: 2 candidate_status { last_received { term: 1 index: 1 } } ignore_live_leader: true dest_uuid: "cb197b36cc204d51b89db6b0b9d0e6b6"
I20260709 14:53:40.634956 21164 tablet_service.cc:1917] Received RequestConsensusVote() RPC: tablet_id: "8eeed302bd994f99b1d5eb74a8278338" candidate_uuid: "7e8f45e7e6514323a356e5637785ea26" candidate_term: 3 candidate_status { last_received { term: 2 index: 2 } } ignore_live_leader: true dest_uuid: "cb197b36cc204d51b89db6b0b9d0e6b6"
I20260709 14:53:40.635118 21314 leader_election.cc:290] T 8eeed302bd994f99b1d5eb74a8278338 P 7e8f45e7e6514323a356e5637785ea26 [CANDIDATE]: Term 3 election: Requested vote from peers cb197b36cc204d51b89db6b0b9d0e6b6 (127.20.15.1:33497), b8758120667e46e986c390d0e7a95cc3 (127.20.15.2:44021)
I20260709 14:53:40.634994 21237 raft_consensus.cc:3060] T 8eeed302bd994f99b1d5eb74a8278338 P b8758120667e46e986c390d0e7a95cc3 [term 2 FOLLOWER]: Advancing to term 3
I20260709 14:53:40.639008 21240 raft_consensus.cc:2468] T d3f18827a5ed429d9eca0c3d81b59aa9 P b8758120667e46e986c390d0e7a95cc3 [term 2 FOLLOWER]: Leader election vote request: Granting yes vote for candidate 7e8f45e7e6514323a356e5637785ea26 in term 2.
I20260709 14:53:40.639523 21164 raft_consensus.cc:3055] T 8eeed302bd994f99b1d5eb74a8278338 P cb197b36cc204d51b89db6b0b9d0e6b6 [term 2 LEADER]: Stepping down as leader of term 2
I20260709 14:53:40.639856 21164 raft_consensus.cc:740] T 8eeed302bd994f99b1d5eb74a8278338 P cb197b36cc204d51b89db6b0b9d0e6b6 [term 2 LEADER]: Becoming Follower/Learner. State: Replica: cb197b36cc204d51b89db6b0b9d0e6b6, State: Running, Role: LEADER
I20260709 14:53:40.640089 21278 leader_election.cc:304] T d3f18827a5ed429d9eca0c3d81b59aa9 P 7e8f45e7e6514323a356e5637785ea26 [CANDIDATE]: Term 2 election: Election decided. Result: candidate won. Election summary: received 2 responses out of 3 voters: 2 yes votes; 0 no votes. yes voters: 7e8f45e7e6514323a356e5637785ea26, b8758120667e46e986c390d0e7a95cc3; no voters: 
I20260709 14:53:40.640425 21237 raft_consensus.cc:2468] T 8eeed302bd994f99b1d5eb74a8278338 P b8758120667e46e986c390d0e7a95cc3 [term 3 FOLLOWER]: Leader election vote request: Granting yes vote for candidate 7e8f45e7e6514323a356e5637785ea26 in term 3.
I20260709 14:53:40.640817 21392 raft_consensus.cc:2804] T d3f18827a5ed429d9eca0c3d81b59aa9 P 7e8f45e7e6514323a356e5637785ea26 [term 2 FOLLOWER]: Leader election won for term 2
I20260709 14:53:40.640591 21164 consensus_queue.cc:260] T 8eeed302bd994f99b1d5eb74a8278338 P cb197b36cc204d51b89db6b0b9d0e6b6 [NON_LEADER]: Queue going to NON_LEADER mode. State: All replicated index: 0, Majority replicated index: 2, Committed index: 2, Last appended: 2.2, Last appended by leader: 2, Current term: 2, Majority size: -1, State: 0, Mode: NON_LEADER, active raft config: opid_index: -1 OBSOLETE_local: false peers { permanent_uuid: "cb197b36cc204d51b89db6b0b9d0e6b6" member_type: VOTER last_known_addr { host: "127.20.15.1" port: 33497 } } peers { permanent_uuid: "b8758120667e46e986c390d0e7a95cc3" member_type: VOTER last_known_addr { host: "127.20.15.2" port: 44021 } } peers { permanent_uuid: "7e8f45e7e6514323a356e5637785ea26" member_type: VOTER last_known_addr { host: "127.20.15.3" port: 46779 } }
I20260709 14:53:40.641474 21278 leader_election.cc:304] T 8eeed302bd994f99b1d5eb74a8278338 P 7e8f45e7e6514323a356e5637785ea26 [CANDIDATE]: Term 3 election: Election decided. Result: candidate won. Election summary: received 2 responses out of 3 voters: 2 yes votes; 0 no votes. yes voters: 7e8f45e7e6514323a356e5637785ea26, b8758120667e46e986c390d0e7a95cc3; no voters: 
I20260709 14:53:40.641791 21164 raft_consensus.cc:3060] T 8eeed302bd994f99b1d5eb74a8278338 P cb197b36cc204d51b89db6b0b9d0e6b6 [term 2 FOLLOWER]: Advancing to term 3
I20260709 14:53:40.642558 21453 raft_consensus.cc:2804] T 8eeed302bd994f99b1d5eb74a8278338 P 7e8f45e7e6514323a356e5637785ea26 [term 3 FOLLOWER]: Leader election won for term 3
I20260709 14:53:40.642082 21392 raft_consensus.cc:697] T d3f18827a5ed429d9eca0c3d81b59aa9 P 7e8f45e7e6514323a356e5637785ea26 [term 2 LEADER]: Becoming Leader. State: Replica: 7e8f45e7e6514323a356e5637785ea26, State: Running, Role: LEADER
I20260709 14:53:40.643064 21453 raft_consensus.cc:697] T 8eeed302bd994f99b1d5eb74a8278338 P 7e8f45e7e6514323a356e5637785ea26 [term 3 LEADER]: Becoming Leader. State: Replica: 7e8f45e7e6514323a356e5637785ea26, State: Running, Role: LEADER
I20260709 14:53:40.643649 21392 consensus_queue.cc:237] T d3f18827a5ed429d9eca0c3d81b59aa9 P 7e8f45e7e6514323a356e5637785ea26 [LEADER]: Queue going to LEADER mode. State: All replicated index: 0, Majority replicated index: 1, Committed index: 1, Last appended: 1.1, Last appended by leader: 1, Current term: 2, Majority size: 2, State: 0, Mode: LEADER, active raft config: opid_index: -1 OBSOLETE_local: false peers { permanent_uuid: "cb197b36cc204d51b89db6b0b9d0e6b6" member_type: VOTER last_known_addr { host: "127.20.15.1" port: 33497 } } peers { permanent_uuid: "b8758120667e46e986c390d0e7a95cc3" member_type: VOTER last_known_addr { host: "127.20.15.2" port: 44021 } } peers { permanent_uuid: "7e8f45e7e6514323a356e5637785ea26" member_type: VOTER last_known_addr { host: "127.20.15.3" port: 46779 } }
I20260709 14:53:40.643888 21453 consensus_queue.cc:237] T 8eeed302bd994f99b1d5eb74a8278338 P 7e8f45e7e6514323a356e5637785ea26 [LEADER]: Queue going to LEADER mode. State: All replicated index: 0, Majority replicated index: 2, Committed index: 2, Last appended: 2.2, Last appended by leader: 2, Current term: 3, Majority size: 2, State: 0, Mode: LEADER, active raft config: opid_index: -1 OBSOLETE_local: false peers { permanent_uuid: "cb197b36cc204d51b89db6b0b9d0e6b6" member_type: VOTER last_known_addr { host: "127.20.15.1" port: 33497 } } peers { permanent_uuid: "b8758120667e46e986c390d0e7a95cc3" member_type: VOTER last_known_addr { host: "127.20.15.2" port: 44021 } } peers { permanent_uuid: "7e8f45e7e6514323a356e5637785ea26" member_type: VOTER last_known_addr { host: "127.20.15.3" port: 46779 } }
I20260709 14:53:40.648891 21164 raft_consensus.cc:2468] T 8eeed302bd994f99b1d5eb74a8278338 P cb197b36cc204d51b89db6b0b9d0e6b6 [term 3 FOLLOWER]: Leader election vote request: Granting yes vote for candidate 7e8f45e7e6514323a356e5637785ea26 in term 3.
I20260709 14:53:40.635197 21165 raft_consensus.cc:3055] T d3f18827a5ed429d9eca0c3d81b59aa9 P cb197b36cc204d51b89db6b0b9d0e6b6 [term 1 LEADER]: Stepping down as leader of term 1
