W20260709 14:53:48.114301 21770 leader_election.cc:343] T d02546ea609645099298f6d533194d2c P 57fa17434df74d1b8642a0cfe7bbf9b3 [CANDIDATE]: Term 1 election: Tablet error from VoteRequest() call to peer f63858f8d397429fa748c1e43c48d12d (127.20.15.2:43495): Illegal state: must be running to vote when last-logged opid is not known
I20260709 14:53:48.114936 21853 leader_election.cc:290] T d02546ea609645099298f6d533194d2c P 57fa17434df74d1b8642a0cfe7bbf9b3 [CANDIDATE]: Term 1 election: Requested vote from peers 56d9d531348e4c43a120fd56ee6b2c5e (127.20.15.1:40367), f63858f8d397429fa748c1e43c48d12d (127.20.15.2:43495)
I20260709 14:53:48.110951 21844 raft_consensus.cc:359] T 07506a1b81db4b5fa6925a7fb657bf55 P f63858f8d397429fa748c1e43c48d12d [term 0 FOLLOWER]: Replica starting. Triggering 0 pending ops. Active config: opid_index: -1 OBSOLETE_local: false peers { permanent_uuid: "56d9d531348e4c43a120fd56ee6b2c5e" member_type: VOTER last_known_addr { host: "127.20.15.1" port: 40367 } } peers { permanent_uuid: "f63858f8d397429fa748c1e43c48d12d" member_type: VOTER last_known_addr { host: "127.20.15.2" port: 43495 } } peers { permanent_uuid: "57fa17434df74d1b8642a0cfe7bbf9b3" member_type: VOTER last_known_addr { host: "127.20.15.3" port: 45695 } }
I20260709 14:53:48.116307 21844 raft_consensus.cc:385] T 07506a1b81db4b5fa6925a7fb657bf55 P f63858f8d397429fa748c1e43c48d12d [term 0 FOLLOWER]: Consensus starting up: Expiring failure detector timer to make a prompt election more likely
I20260709 14:53:48.116591 21844 raft_consensus.cc:740] T 07506a1b81db4b5fa6925a7fb657bf55 P f63858f8d397429fa748c1e43c48d12d [term 0 FOLLOWER]: Becoming Follower/Learner. State: Replica: f63858f8d397429fa748c1e43c48d12d, State: Initialized, Role: FOLLOWER
I20260709 14:53:48.116446 21847 raft_consensus.cc:359] T 54a4eb35db2341cf81c13f1d683100ff P 56d9d531348e4c43a120fd56ee6b2c5e [term 0 FOLLOWER]: Replica starting. Triggering 0 pending ops. Active config: opid_index: -1 OBSOLETE_local: false peers { permanent_uuid: "56d9d531348e4c43a120fd56ee6b2c5e" member_type: VOTER last_known_addr { host: "127.20.15.1" port: 40367 } } peers { permanent_uuid: "f63858f8d397429fa748c1e43c48d12d" member_type: VOTER last_known_addr { host: "127.20.15.2" port: 43495 } } peers { permanent_uuid: "57fa17434df74d1b8642a0cfe7bbf9b3" member_type: VOTER last_known_addr { host: "127.20.15.3" port: 45695 } }
I20260709 14:53:48.117488 21847 raft_consensus.cc:385] T 54a4eb35db2341cf81c13f1d683100ff P 56d9d531348e4c43a120fd56ee6b2c5e [term 0 FOLLOWER]: Consensus starting up: Expiring failure detector timer to make a prompt election more likely
I20260709 14:53:48.117869 21847 raft_consensus.cc:740] T 54a4eb35db2341cf81c13f1d683100ff P 56d9d531348e4c43a120fd56ee6b2c5e [term 0 FOLLOWER]: Becoming Follower/Learner. State: Replica: 56d9d531348e4c43a120fd56ee6b2c5e, State: Initialized, Role: FOLLOWER
I20260709 14:53:48.119159 21900 raft_consensus.cc:493] T 704fc9b8cabf440493517990cd2423cd P 57fa17434df74d1b8642a0cfe7bbf9b3 [term 0 FOLLOWER]: Starting pre-election (no leader contacted us within the election timeout)
I20260709 14:53:48.118759 21847 consensus_queue.cc:260] T 54a4eb35db2341cf81c13f1d683100ff P 56d9d531348e4c43a120fd56ee6b2c5e [NON_LEADER]: Queue going to NON_LEADER mode. State: All replicated index: 0, Majority replicated index: 0, Committed index: 0, Last appended: 0.0, Last appended by leader: 0, Current term: 0, Majority size: -1, State: 0, Mode: NON_LEADER, active raft config: opid_index: -1 OBSOLETE_local: false peers { permanent_uuid: "56d9d531348e4c43a120fd56ee6b2c5e" member_type: VOTER last_known_addr { host: "127.20.15.1" port: 40367 } } peers { permanent_uuid: "f63858f8d397429fa748c1e43c48d12d" member_type: VOTER last_known_addr { host: "127.20.15.2" port: 43495 } } peers { permanent_uuid: "57fa17434df74d1b8642a0cfe7bbf9b3" member_type: VOTER last_known_addr { host: "127.20.15.3" port: 45695 } }
I20260709 14:53:48.119652 21900 raft_consensus.cc:515] T 704fc9b8cabf440493517990cd2423cd P 57fa17434df74d1b8642a0cfe7bbf9b3 [term 0 FOLLOWER]: Starting pre-election with config: opid_index: -1 OBSOLETE_local: false peers { permanent_uuid: "56d9d531348e4c43a120fd56ee6b2c5e" member_type: VOTER last_known_addr { host: "127.20.15.1" port: 40367 } } peers { permanent_uuid: "f63858f8d397429fa748c1e43c48d12d" member_type: VOTER last_known_addr { host: "127.20.15.2" port: 43495 } } peers { permanent_uuid: "57fa17434df74d1b8642a0cfe7bbf9b3" member_type: VOTER last_known_addr { host: "127.20.15.3" port: 45695 } }
I20260709 14:53:48.121372 21847 ts_tablet_manager.cc:1434] T 54a4eb35db2341cf81c13f1d683100ff P 56d9d531348e4c43a120fd56ee6b2c5e: Time spent starting tablet: real 0.008s	user 0.006s	sys 0.001s
I20260709 14:53:48.121855 21900 leader_election.cc:290] T 704fc9b8cabf440493517990cd2423cd P 57fa17434df74d1b8642a0cfe7bbf9b3 [CANDIDATE]: Term 1 pre-election: Requested pre-vote from peers 56d9d531348e4c43a120fd56ee6b2c5e (127.20.15.1:40367), f63858f8d397429fa748c1e43c48d12d (127.20.15.2:43495)
I20260709 14:53:48.123746 21730 tablet_service.cc:1917] Received RequestConsensusVote() RPC: tablet_id: "704fc9b8cabf440493517990cd2423cd" candidate_uuid: "57fa17434df74d1b8642a0cfe7bbf9b3" candidate_term: 1 candidate_status { last_received { term: 0 index: 0 } } ignore_live_leader: false dest_uuid: "f63858f8d397429fa748c1e43c48d12d" is_pre_election: true
I20260709 14:53:48.124344 21730 raft_consensus.cc:2468] T 704fc9b8cabf440493517990cd2423cd P f63858f8d397429fa748c1e43c48d12d [term 0 FOLLOWER]: Leader pre-election vote request: Granting yes vote for candidate 57fa17434df74d1b8642a0cfe7bbf9b3 in term 0.
I20260709 14:53:48.124603 21845 ts_tablet_manager.cc:1434] T 704fc9b8cabf440493517990cd2423cd P 57fa17434df74d1b8642a0cfe7bbf9b3: Time spent starting tablet: real 0.045s	user 0.009s	sys 0.011s
I20260709 14:53:48.125406 21845 tablet_bootstrap.cc:492] T b1bf55d8ee694285b1866fc1bdc0c0ec P 57fa17434df74d1b8642a0cfe7bbf9b3: Bootstrap starting.
I20260709 14:53:48.126215 21847 tablet_bootstrap.cc:492] T 704fc9b8cabf440493517990cd2423cd P 56d9d531348e4c43a120fd56ee6b2c5e: Bootstrap starting.
I20260709 14:53:48.126641 21770 leader_election.cc:304] T 704fc9b8cabf440493517990cd2423cd P 57fa17434df74d1b8642a0cfe7bbf9b3 [CANDIDATE]: Term 1 pre-election: Election decided. Result: candidate won. Election summary: received 2 responses out of 3 voters: 2 yes votes; 0 no votes. yes voters: 57fa17434df74d1b8642a0cfe7bbf9b3, f63858f8d397429fa748c1e43c48d12d; no voters: 
I20260709 14:53:48.130667 21848 raft_consensus.cc:493] T 9296fd0b9f424363957ab6a7c12fb9bd P f63858f8d397429fa748c1e43c48d12d [term 0 FOLLOWER]: Starting pre-election (no leader contacted us within the election timeout)
I20260709 14:53:48.131285 21845 tablet_bootstrap.cc:654] T b1bf55d8ee694285b1866fc1bdc0c0ec P 57fa17434df74d1b8642a0cfe7bbf9b3: Neither blocks nor log segments found. Creating new log.
I20260709 14:53:48.131145 21848 raft_consensus.cc:515] T 9296fd0b9f424363957ab6a7c12fb9bd P f63858f8d397429fa748c1e43c48d12d [term 0 FOLLOWER]: Starting pre-election with config: opid_index: -1 OBSOLETE_local: false peers { permanent_uuid: "56d9d531348e4c43a120fd56ee6b2c5e" member_type: VOTER last_known_addr { host: "127.20.15.1" port: 40367 } } peers { permanent_uuid: "f63858f8d397429fa748c1e43c48d12d" member_type: VOTER last_known_addr { host: "127.20.15.2" port: 43495 } } peers { permanent_uuid: "57fa17434df74d1b8642a0cfe7bbf9b3" member_type: VOTER last_known_addr { host: "127.20.15.3" port: 45695 } }
I20260709 14:53:48.133208 21848 leader_election.cc:290] T 9296fd0b9f424363957ab6a7c12fb9bd P f63858f8d397429fa748c1e43c48d12d [CANDIDATE]: Term 1 pre-election: Requested pre-vote from peers 56d9d531348e4c43a120fd56ee6b2c5e (127.20.15.1:40367), 57fa17434df74d1b8642a0cfe7bbf9b3 (127.20.15.3:45695)
I20260709 14:53:48.122334 21900 raft_consensus.cc:2804] T d02546ea609645099298f6d533194d2c P 57fa17434df74d1b8642a0cfe7bbf9b3 [term 1 FOLLOWER]: Leader election won for term 1
I20260709 14:53:48.133831 21844 consensus_queue.cc:260] T 07506a1b81db4b5fa6925a7fb657bf55 P f63858f8d397429fa748c1e43c48d12d [NON_LEADER]: Queue going to NON_LEADER mode. State: All replicated index: 0, Majority replicated index: 0, Committed index: 0, Last appended: 0.0, Last appended by leader: 0, Current term: 0, Majority size: -1, State: 0, Mode: NON_LEADER, active raft config: opid_index: -1 OBSOLETE_local: false peers { permanent_uuid: "56d9d531348e4c43a120fd56ee6b2c5e" member_type: VOTER last_known_addr { host: "127.20.15.1" port: 40367 } } peers { permanent_uuid: "f63858f8d397429fa748c1e43c48d12d" member_type: VOTER last_known_addr { host: "127.20.15.2" port: 43495 } } peers { permanent_uuid: "57fa17434df74d1b8642a0cfe7bbf9b3" member_type: VOTER last_known_addr { host: "127.20.15.3" port: 45695 } }
I20260709 14:53:48.134191 21804 tablet_service.cc:1917] Received RequestConsensusVote() RPC: tablet_id: "9296fd0b9f424363957ab6a7c12fb9bd" candidate_uuid: "f63858f8d397429fa748c1e43c48d12d" candidate_term: 1 candidate_status { last_received { term: 0 index: 0 } } ignore_live_leader: false dest_uuid: "57fa17434df74d1b8642a0cfe7bbf9b3" is_pre_election: true
I20260709 14:53:48.134292 21900 raft_consensus.cc:697] T d02546ea609645099298f6d533194d2c P 57fa17434df74d1b8642a0cfe7bbf9b3 [term 1 LEADER]: Becoming Leader. State: Replica: 57fa17434df74d1b8642a0cfe7bbf9b3, State: Running, Role: LEADER
W20260709 14:53:48.135466 21695 leader_election.cc:343] T 9296fd0b9f424363957ab6a7c12fb9bd P f63858f8d397429fa748c1e43c48d12d [CANDIDATE]: Term 1 pre-election: Tablet error from VoteRequest() call to peer 57fa17434df74d1b8642a0cfe7bbf9b3 (127.20.15.3:45695): Illegal state: must be running to vote when last-logged opid is not known
I20260709 14:53:48.135231 21900 consensus_queue.cc:237] T d02546ea609645099298f6d533194d2c P 57fa17434df74d1b8642a0cfe7bbf9b3 [LEADER]: Queue going to LEADER mode. State: All replicated index: 0, Majority replicated index: 0, Committed index: 0, Last appended: 0.0, Last appended by leader: 0, Current term: 1, Majority size: 2, State: 0, Mode: LEADER, active raft config: opid_index: -1 OBSOLETE_local: false peers { permanent_uuid: "56d9d531348e4c43a120fd56ee6b2c5e" member_type: VOTER last_known_addr { host: "127.20.15.1" port: 40367 } } peers { permanent_uuid: "f63858f8d397429fa748c1e43c48d12d" member_type: VOTER last_known_addr { host: "127.20.15.2" port: 43495 } } peers { permanent_uuid: "57fa17434df74d1b8642a0cfe7bbf9b3" member_type: VOTER last_known_addr { host: "127.20.15.3" port: 45695 } }
I20260709 14:53:48.136140 21844 ts_tablet_manager.cc:1434] T 07506a1b81db4b5fa6925a7fb657bf55 P f63858f8d397429fa748c1e43c48d12d: Time spent starting tablet: real 0.027s	user 0.007s	sys 0.000s
I20260709 14:53:48.137125 21898 raft_consensus.cc:2804] T 704fc9b8cabf440493517990cd2423cd P 57fa17434df74d1b8642a0cfe7bbf9b3 [term 0 FOLLOWER]: Leader pre-election won for term 1
I20260709 14:53:48.137537 21898 raft_consensus.cc:493] T 704fc9b8cabf440493517990cd2423cd P 57fa17434df74d1b8642a0cfe7bbf9b3 [term 0 FOLLOWER]: Starting leader election (no leader contacted us within the election timeout)
I20260709 14:53:48.137897 21898 raft_consensus.cc:3060] T 704fc9b8cabf440493517990cd2423cd P 57fa17434df74d1b8642a0cfe7bbf9b3 [term 0 FOLLOWER]: Advancing to term 1
I20260709 14:53:48.139235 21847 tablet_bootstrap.cc:654] T 704fc9b8cabf440493517990cd2423cd P 56d9d531348e4c43a120fd56ee6b2c5e: Neither blocks nor log segments found. Creating new log.
I20260709 14:53:48.141656 21654 tablet_service.cc:1917] Received RequestConsensusVote() RPC: tablet_id: "9296fd0b9f424363957ab6a7c12fb9bd" candidate_uuid: "f63858f8d397429fa748c1e43c48d12d" candidate_term: 1 candidate_status { last_received { term: 0 index: 0 } } ignore_live_leader: false dest_uuid: "56d9d531348e4c43a120fd56ee6b2c5e" is_pre_election: true
I20260709 14:53:48.143517 21844 tablet_bootstrap.cc:492] T 7f6947fb5dba4ebe8613f6ae9a7efdf8 P f63858f8d397429fa748c1e43c48d12d: Bootstrap starting.
W20260709 14:53:48.148478 21695 leader_election.cc:343] T 9296fd0b9f424363957ab6a7c12fb9bd P f63858f8d397429fa748c1e43c48d12d [CANDIDATE]: Term 1 pre-election: Tablet error from VoteRequest() call to peer 56d9d531348e4c43a120fd56ee6b2c5e (127.20.15.1:40367): Illegal state: must be running to vote when last-logged opid is not known
I20260709 14:53:48.149017 21695 leader_election.cc:304] T 9296fd0b9f424363957ab6a7c12fb9bd P f63858f8d397429fa748c1e43c48d12d [CANDIDATE]: Term 1 pre-election: Election decided. Result: candidate lost. Election summary: received 3 responses out of 3 voters: 1 yes votes; 2 no votes. yes voters: f63858f8d397429fa748c1e43c48d12d; no voters: 56d9d531348e4c43a120fd56ee6b2c5e, 57fa17434df74d1b8642a0cfe7bbf9b3
I20260709 14:53:48.148836 21654 tablet_service.cc:1917] Received RequestConsensusVote() RPC: tablet_id: "704fc9b8cabf440493517990cd2423cd" candidate_uuid: "57fa17434df74d1b8642a0cfe7bbf9b3" candidate_term: 1 candidate_status { last_received { term: 0 index: 0 } } ignore_live_leader: false dest_uuid: "56d9d531348e4c43a120fd56ee6b2c5e" is_pre_election: true
I20260709 14:53:48.149817 21848 raft_consensus.cc:2749] T 9296fd0b9f424363957ab6a7c12fb9bd P f63858f8d397429fa748c1e43c48d12d [term 0 FOLLOWER]: Leader pre-election lost for term 1. Reason: could not achieve majority
W20260709 14:53:48.151203 21769 leader_election.cc:343] T 704fc9b8cabf440493517990cd2423cd P 57fa17434df74d1b8642a0cfe7bbf9b3 [CANDIDATE]: Term 1 pre-election: Tablet error from VoteRequest() call to peer 56d9d531348e4c43a120fd56ee6b2c5e (127.20.15.1:40367): Illegal state: must be running to vote when last-logged opid is not known
I20260709 14:53:48.155275 21847 tablet_bootstrap.cc:492] T 704fc9b8cabf440493517990cd2423cd P 56d9d531348e4c43a120fd56ee6b2c5e: No bootstrap required, opened a new log
I20260709 14:53:48.155732 21847 ts_tablet_manager.cc:1403] T 704fc9b8cabf440493517990cd2423cd P 56d9d531348e4c43a120fd56ee6b2c5e: Time spent bootstrapping tablet: real 0.030s	user 0.012s	sys 0.006s
I20260709 14:53:48.158198 21847 raft_consensus.cc:359] T 704fc9b8cabf440493517990cd2423cd P 56d9d531348e4c43a120fd56ee6b2c5e [term 0 FOLLOWER]: Replica starting. Triggering 0 pending ops. Active config: opid_index: -1 OBSOLETE_local: false peers { permanent_uuid: "56d9d531348e4c43a120fd56ee6b2c5e" member_type: VOTER last_known_addr { host: "127.20.15.1" port: 40367 } } peers { permanent_uuid: "f63858f8d397429fa748c1e43c48d12d" member_type: VOTER last_known_addr { host: "127.20.15.2" port: 43495 } } peers { permanent_uuid: "57fa17434df74d1b8642a0cfe7bbf9b3" member_type: VOTER last_known_addr { host: "127.20.15.3" port: 45695 } }
I20260709 14:53:48.158861 21847 raft_consensus.cc:385] T 704fc9b8cabf440493517990cd2423cd P 56d9d531348e4c43a120fd56ee6b2c5e [term 0 FOLLOWER]: Consensus starting up: Expiring failure detector timer to make a prompt election more likely
I20260709 14:53:48.159133 21847 raft_consensus.cc:740] T 704fc9b8cabf440493517990cd2423cd P 56d9d531348e4c43a120fd56ee6b2c5e [term 0 FOLLOWER]: Becoming Follower/Learner. State: Replica: 56d9d531348e4c43a120fd56ee6b2c5e, State: Initialized, Role: FOLLOWER
I20260709 14:53:48.159961 21845 tablet_bootstrap.cc:492] T b1bf55d8ee694285b1866fc1bdc0c0ec P 57fa17434df74d1b8642a0cfe7bbf9b3: No bootstrap required, opened a new log
I20260709 14:53:48.159729 21847 consensus_queue.cc:260] T 704fc9b8cabf440493517990cd2423cd P 56d9d531348e4c43a120fd56ee6b2c5e [NON_LEADER]: Queue going to NON_LEADER mode. State: All replicated index: 0, Majority replicated index: 0, Committed index: 0, Last appended: 0.0, Last appended by leader: 0, Current term: 0, Majority size: -1, State: 0, Mode: NON_LEADER, active raft config: opid_index: -1 OBSOLETE_local: false peers { permanent_uuid: "56d9d531348e4c43a120fd56ee6b2c5e" member_type: VOTER last_known_addr { host: "127.20.15.1" port: 40367 } } peers { permanent_uuid: "f63858f8d397429fa748c1e43c48d12d" member_type: VOTER last_known_addr { host: "127.20.15.2" port: 43495 } } peers { permanent_uuid: "57fa17434df74d1b8642a0cfe7bbf9b3" member_type: VOTER last_known_addr { host: "127.20.15.3" port: 45695 } }
I20260709 14:53:48.160236 21844 tablet_bootstrap.cc:654] T 7f6947fb5dba4ebe8613f6ae9a7efdf8 P f63858f8d397429fa748c1e43c48d12d: Neither blocks nor log segments found. Creating new log.
I20260709 14:53:48.156601 21898 raft_consensus.cc:515] T 704fc9b8cabf440493517990cd2423cd P 57fa17434df74d1b8642a0cfe7bbf9b3 [term 1 FOLLOWER]: Starting leader election with config: opid_index: -1 OBSOLETE_local: false peers { permanent_uuid: "56d9d531348e4c43a120fd56ee6b2c5e" member_type: VOTER last_known_addr { host: "127.20.15.1" port: 40367 } } peers { permanent_uuid: "f63858f8d397429fa748c1e43c48d12d" member_type: VOTER last_known_addr { host: "127.20.15.2" port: 43495 } } peers { permanent_uuid: "57fa17434df74d1b8642a0cfe7bbf9b3" member_type: VOTER last_known_addr { host: "127.20.15.3" port: 45695 } }
I20260709 14:53:48.160279 21551 catalog_manager.cc:5697] T d02546ea609645099298f6d533194d2c P 57fa17434df74d1b8642a0cfe7bbf9b3 reported cstate change: term changed from 0 to 1, leader changed from <none> to 57fa17434df74d1b8642a0cfe7bbf9b3 (127.20.15.3). New cstate: current_term: 1 leader_uuid: "57fa17434df74d1b8642a0cfe7bbf9b3" committed_config { opid_index: -1 OBSOLETE_local: false peers { permanent_uuid: "56d9d531348e4c43a120fd56ee6b2c5e" member_type: VOTER last_known_addr { host: "127.20.15.1" port: 40367 } health_report { overall_health: UNKNOWN } } peers { permanent_uuid: "f63858f8d397429fa748c1e43c48d12d" member_type: VOTER last_known_addr { host: "127.20.15.2" port: 43495 } health_report { overall_health: UNKNOWN } } peers { permanent_uuid: "57fa17434df74d1b8642a0cfe7bbf9b3" member_type: VOTER last_known_addr { host: "127.20.15.3" port: 45695 } health_report { overall_health: HEALTHY } } }
I20260709 14:53:48.162954 21654 tablet_service.cc:1917] Received RequestConsensusVote() RPC: tablet_id: "704fc9b8cabf440493517990cd2423cd" candidate_uuid: "57fa17434df74d1b8642a0cfe7bbf9b3" candidate_term: 1 candidate_status { last_received { term: 0 index: 0 } } ignore_live_leader: false dest_uuid: "56d9d531348e4c43a120fd56ee6b2c5e"
I20260709 14:53:48.163684 21654 raft_consensus.cc:3060] T 704fc9b8cabf440493517990cd2423cd P 56d9d531348e4c43a120fd56ee6b2c5e [term 0 FOLLOWER]: Advancing to term 1
I20260709 14:53:48.169229 21847 ts_tablet_manager.cc:1434] T 704fc9b8cabf440493517990cd2423cd P 56d9d531348e4c43a120fd56ee6b2c5e: Time spent starting tablet: real 0.013s	user 0.006s	sys 0.000s
I20260709 14:53:48.169984 21867 raft_consensus.cc:493] T 54a4eb35db2341cf81c13f1d683100ff P 56d9d531348e4c43a120fd56ee6b2c5e [term 0 FOLLOWER]: Starting pre-election (no leader contacted us within the election timeout)
I20260709 14:53:48.170830 21847 tablet_bootstrap.cc:492] T a42a85daf9264516aee40e0f54439fd4 P 56d9d531348e4c43a120fd56ee6b2c5e: Bootstrap starting.
I20260709 14:53:48.170452 21867 raft_consensus.cc:515] T 54a4eb35db2341cf81c13f1d683100ff P 56d9d531348e4c43a120fd56ee6b2c5e [term 0 FOLLOWER]: Starting pre-election with config: opid_index: -1 OBSOLETE_local: false peers { permanent_uuid: "56d9d531348e4c43a120fd56ee6b2c5e" member_type: VOTER last_known_addr { host: "127.20.15.1" port: 40367 } } peers { permanent_uuid: "f63858f8d397429fa748c1e43c48d12d" member_type: VOTER last_known_addr { host: "127.20.15.2" port: 43495 } } peers { permanent_uuid: "57fa17434df74d1b8642a0cfe7bbf9b3" member_type: VOTER last_known_addr { host: "127.20.15.3" port: 45695 } }
I20260709 14:53:48.172076 21730 tablet_service.cc:1917] Received RequestConsensusVote() RPC: tablet_id: "704fc9b8cabf440493517990cd2423cd" candidate_uuid: "57fa17434df74d1b8642a0cfe7bbf9b3" candidate_term: 1 candidate_status { last_received { term: 0 index: 0 } } ignore_live_leader: false dest_uuid: "f63858f8d397429fa748c1e43c48d12d"
I20260709 14:53:48.172616 21730 raft_consensus.cc:3060] T 704fc9b8cabf440493517990cd2423cd P f63858f8d397429fa748c1e43c48d12d [term 0 FOLLOWER]: Advancing to term 1
I20260709 14:53:48.173796 21804 tablet_service.cc:1917] Received RequestConsensusVote() RPC: tablet_id: "54a4eb35db2341cf81c13f1d683100ff" candidate_uuid: "56d9d531348e4c43a120fd56ee6b2c5e" candidate_term: 1 candidate_status { last_received { term: 0 index: 0 } } ignore_live_leader: false dest_uuid: "57fa17434df74d1b8642a0cfe7bbf9b3" is_pre_election: true
I20260709 14:53:48.174541 21804 raft_consensus.cc:2393] T 54a4eb35db2341cf81c13f1d683100ff P 57fa17434df74d1b8642a0cfe7bbf9b3 [term 1 FOLLOWER]: Leader pre-election vote request: Denying vote to candidate 56d9d531348e4c43a120fd56ee6b2c5e in current term 1: Already voted for candidate f63858f8d397429fa748c1e43c48d12d in this term.
I20260709 14:53:48.176641 21729 tablet_service.cc:1917] Received RequestConsensusVote() RPC: tablet_id: "54a4eb35db2341cf81c13f1d683100ff" candidate_uuid: "56d9d531348e4c43a120fd56ee6b2c5e" candidate_term: 1 candidate_status { last_received { term: 0 index: 0 } } ignore_live_leader: false dest_uuid: "f63858f8d397429fa748c1e43c48d12d" is_pre_election: true
I20260709 14:53:48.177042 21847 tablet_bootstrap.cc:654] T a42a85daf9264516aee40e0f54439fd4 P 56d9d531348e4c43a120fd56ee6b2c5e: Neither blocks nor log segments found. Creating new log.
I20260709 14:53:48.172639 21867 leader_election.cc:290] T 54a4eb35db2341cf81c13f1d683100ff P 56d9d531348e4c43a120fd56ee6b2c5e [CANDIDATE]: Term 1 pre-election: Requested pre-vote from peers f63858f8d397429fa748c1e43c48d12d (127.20.15.2:43495), 57fa17434df74d1b8642a0cfe7bbf9b3 (127.20.15.3:45695)
I20260709 14:53:48.178455 21621 leader_election.cc:304] T 54a4eb35db2341cf81c13f1d683100ff P 56d9d531348e4c43a120fd56ee6b2c5e [CANDIDATE]: Term 1 pre-election: Election decided. Result: candidate lost. Election summary: received 3 responses out of 3 voters: 1 yes votes; 2 no votes. yes voters: 56d9d531348e4c43a120fd56ee6b2c5e; no voters: 57fa17434df74d1b8642a0cfe7bbf9b3, f63858f8d397429fa748c1e43c48d12d
I20260709 14:53:48.179301 21867 raft_consensus.cc:3060] T 54a4eb35db2341cf81c13f1d683100ff P 56d9d531348e4c43a120fd56ee6b2c5e [term 0 FOLLOWER]: Advancing to term 1
I20260709 14:53:48.179844 21730 raft_consensus.cc:2468] T 704fc9b8cabf440493517990cd2423cd P f63858f8d397429fa748c1e43c48d12d [term 1 FOLLOWER]: Leader election vote request: Granting yes vote for candidate 57fa17434df74d1b8642a0cfe7bbf9b3 in term 1.
I20260709 14:53:48.160418 21845 ts_tablet_manager.cc:1403] T b1bf55d8ee694285b1866fc1bdc0c0ec P 57fa17434df74d1b8642a0cfe7bbf9b3: Time spent bootstrapping tablet: real 0.035s	user 0.010s	sys 0.001s
I20260709 14:53:48.181326 21770 leader_election.cc:304] T 704fc9b8cabf440493517990cd2423cd P 57fa17434df74d1b8642a0cfe7bbf9b3 [CANDIDATE]: Term 1 election: Election decided. Result: candidate won. Election summary: received 2 responses out of 3 voters: 2 yes votes; 0 no votes. yes voters: 57fa17434df74d1b8642a0cfe7bbf9b3, f63858f8d397429fa748c1e43c48d12d; no voters: 
I20260709 14:53:48.182224 21900 raft_consensus.cc:2804] T 704fc9b8cabf440493517990cd2423cd P 57fa17434df74d1b8642a0cfe7bbf9b3 [term 1 FOLLOWER]: Leader election won for term 1
I20260709 14:53:48.184238 21898 leader_election.cc:290] T 704fc9b8cabf440493517990cd2423cd P 57fa17434df74d1b8642a0cfe7bbf9b3 [CANDIDATE]: Term 1 election: Requested vote from peers 56d9d531348e4c43a120fd56ee6b2c5e (127.20.15.1:40367), f63858f8d397429fa748c1e43c48d12d (127.20.15.2:43495)
I20260709 14:53:48.184748 21900 raft_consensus.cc:697] T 704fc9b8cabf440493517990cd2423cd P 57fa17434df74d1b8642a0cfe7bbf9b3 [term 1 LEADER]: Becoming Leader. State: Replica: 57fa17434df74d1b8642a0cfe7bbf9b3, State: Running, Role: LEADER
I20260709 14:53:48.185673 21654 raft_consensus.cc:2468] T 704fc9b8cabf440493517990cd2423cd P 56d9d531348e4c43a120fd56ee6b2c5e [term 1 FOLLOWER]: Leader election vote request: Granting yes vote for candidate 57fa17434df74d1b8642a0cfe7bbf9b3 in term 1.
I20260709 14:53:48.183398 21845 raft_consensus.cc:359] T b1bf55d8ee694285b1866fc1bdc0c0ec P 57fa17434df74d1b8642a0cfe7bbf9b3 [term 0 FOLLOWER]: Replica starting. Triggering 0 pending ops. Active config: opid_index: -1 OBSOLETE_local: false peers { permanent_uuid: "56d9d531348e4c43a120fd56ee6b2c5e" member_type: VOTER last_known_addr { host: "127.20.15.1" port: 40367 } } peers { permanent_uuid: "f63858f8d397429fa748c1e43c48d12d" member_type: VOTER last_known_addr { host: "127.20.15.2" port: 43495 } } peers { permanent_uuid: "57fa17434df74d1b8642a0cfe7bbf9b3" member_type: VOTER last_known_addr { host: "127.20.15.3" port: 45695 } }
I20260709 14:53:48.186221 21845 raft_consensus.cc:385] T b1bf55d8ee694285b1866fc1bdc0c0ec P 57fa17434df74d1b8642a0cfe7bbf9b3 [term 0 FOLLOWER]: Consensus starting up: Expiring failure detector timer to make a prompt election more likely
I20260709 14:53:48.186575 21845 raft_consensus.cc:740] T b1bf55d8ee694285b1866fc1bdc0c0ec P 57fa17434df74d1b8642a0cfe7bbf9b3 [term 0 FOLLOWER]: Becoming Follower/Learner. State: Replica: 57fa17434df74d1b8642a0cfe7bbf9b3, State: Initialized, Role: FOLLOWER
I20260709 14:53:48.187793 21845 consensus_queue.cc:260] T b1bf55d8ee694285b1866fc1bdc0c0ec P 57fa17434df74d1b8642a0cfe7bbf9b3 [NON_LEADER]: Queue going to NON_LEADER mode. State: All replicated index: 0, Majority replicated index: 0, Committed index: 0, Last appended: 0.0, Last appended by leader: 0, Current term: 0, Majority size: -1, State: 0, Mode: NON_LEADER, active raft config: opid_index: -1 OBSOLETE_local: false peers { permanent_uuid: "56d9d531348e4c43a120fd56ee6b2c5e" member_type: VOTER last_known_addr { host: "127.20.15.1" port: 40367 } } peers { permanent_uuid: "f63858f8d397429fa748c1e43c48d12d" member_type: VOTER last_known_addr { host: "127.20.15.2" port: 43495 } } peers { permanent_uuid: "57fa17434df74d1b8642a0cfe7bbf9b3" member_type: VOTER last_known_addr { host: "127.20.15.3" port: 45695 } }
I20260709 14:53:48.189810 21848 consensus_queue.cc:1048] T 54a4eb35db2341cf81c13f1d683100ff P f63858f8d397429fa748c1e43c48d12d [LEADER]: Connected to new peer: Peer: permanent_uuid: "57fa17434df74d1b8642a0cfe7bbf9b3" member_type: VOTER last_known_addr { host: "127.20.15.3" port: 45695 }, Status: LMP_MISMATCH, Last received: 0.0, Next index: 1, Last known committed idx: 0, Time since last communication: 0.000s
I20260709 14:53:48.185911 21900 consensus_queue.cc:237] T 704fc9b8cabf440493517990cd2423cd P 57fa17434df74d1b8642a0cfe7bbf9b3 [LEADER]: Queue going to LEADER mode. State: All replicated index: 0, Majority replicated index: 0, Committed index: 0, Last appended: 0.0, Last appended by leader: 0, Current term: 1, Majority size: 2, State: 0, Mode: LEADER, active raft config: opid_index: -1 OBSOLETE_local: false peers { permanent_uuid: "56d9d531348e4c43a120fd56ee6b2c5e" member_type: VOTER last_known_addr { host: "127.20.15.1" port: 40367 } } peers { permanent_uuid: "f63858f8d397429fa748c1e43c48d12d" member_type: VOTER last_known_addr { host: "127.20.15.2" port: 43495 } } peers { permanent_uuid: "57fa17434df74d1b8642a0cfe7bbf9b3" member_type: VOTER last_known_addr { host: "127.20.15.3" port: 45695 } }
I20260709 14:53:48.192250 21845 ts_tablet_manager.cc:1434] T b1bf55d8ee694285b1866fc1bdc0c0ec P 57fa17434df74d1b8642a0cfe7bbf9b3: Time spent starting tablet: real 0.011s	user 0.006s	sys 0.001s
I20260709 14:53:48.195140 21845 tablet_bootstrap.cc:492] T 07506a1b81db4b5fa6925a7fb657bf55 P 57fa17434df74d1b8642a0cfe7bbf9b3: Bootstrap starting.
I20260709 14:53:48.195853 21844 tablet_bootstrap.cc:492] T 7f6947fb5dba4ebe8613f6ae9a7efdf8 P f63858f8d397429fa748c1e43c48d12d: No bootstrap required, opened a new log
I20260709 14:53:48.196332 21844 ts_tablet_manager.cc:1403] T 7f6947fb5dba4ebe8613f6ae9a7efdf8 P f63858f8d397429fa748c1e43c48d12d: Time spent bootstrapping tablet: real 0.053s	user 0.004s	sys 0.018s
I20260709 14:53:48.200819 21845 tablet_bootstrap.cc:654] T 07506a1b81db4b5fa6925a7fb657bf55 P 57fa17434df74d1b8642a0cfe7bbf9b3: Neither blocks nor log segments found. Creating new log.
I20260709 14:53:48.208112 21867 raft_consensus.cc:2749] T 54a4eb35db2341cf81c13f1d683100ff P 56d9d531348e4c43a120fd56ee6b2c5e [term 1 FOLLOWER]: Leader pre-election lost for term 1. Reason: could not achieve majority
I20260709 14:53:48.211148 21551 catalog_manager.cc:5697] T 704fc9b8cabf440493517990cd2423cd P 57fa17434df74d1b8642a0cfe7bbf9b3 reported cstate change: term changed from 0 to 1, leader changed from <none> to 57fa17434df74d1b8642a0cfe7bbf9b3 (127.20.15.3). New cstate: current_term: 1 leader_uuid: "57fa17434df74d1b8642a0cfe7bbf9b3" committed_config { opid_index: -1 OBSOLETE_local: false peers { permanent_uuid: "56d9d531348e4c43a120fd56ee6b2c5e" member_type: VOTER last_known_addr { host: "127.20.15.1" port: 40367 } health_report { overall_health: UNKNOWN } } peers { permanent_uuid: "f63858f8d397429fa748c1e43c48d12d" member_type: VOTER last_known_addr { host: "127.20.15.2" port: 43495 } health_report { overall_health: UNKNOWN } } peers { permanent_uuid: "57fa17434df74d1b8642a0cfe7bbf9b3" member_type: VOTER last_known_addr { host: "127.20.15.3" port: 45695 } health_report { overall_health: HEALTHY } } }
I20260709 14:53:48.217741 21878 consensus_queue.cc:1048] T 54a4eb35db2341cf81c13f1d683100ff P f63858f8d397429fa748c1e43c48d12d [LEADER]: Connected to new peer: Peer: permanent_uuid: "56d9d531348e4c43a120fd56ee6b2c5e" member_type: VOTER last_known_addr { host: "127.20.15.1" port: 40367 }, Status: LMP_MISMATCH, Last received: 0.0, Next index: 1, Last known committed idx: 0, Time since last communication: 0.001s
I20260709 14:53:48.231952 21845 tablet_bootstrap.cc:492] T 07506a1b81db4b5fa6925a7fb657bf55 P 57fa17434df74d1b8642a0cfe7bbf9b3: No bootstrap required, opened a new log
I20260709 14:53:48.232511 21845 ts_tablet_manager.cc:1403] T 07506a1b81db4b5fa6925a7fb657bf55 P 57fa17434df74d1b8642a0cfe7bbf9b3: Time spent bootstrapping tablet: real 0.038s	user 0.014s	sys 0.022s
I20260709 14:53:48.234251 21900 raft_consensus.cc:493] T 127ce5b37571474188591754caab6295 P 57fa17434df74d1b8642a0cfe7bbf9b3 [term 0 FOLLOWER]: Starting pre-election (no leader contacted us within the election timeout)
I20260709 14:53:48.234745 21900 raft_consensus.cc:515] T 127ce5b37571474188591754caab6295 P 57fa17434df74d1b8642a0cfe7bbf9b3 [term 0 FOLLOWER]: Starting pre-election with config: opid_index: -1 OBSOLETE_local: false peers { permanent_uuid: "f63858f8d397429fa748c1e43c48d12d" member_type: VOTER last_known_addr { host: "127.20.15.2" port: 43495 } } peers { permanent_uuid: "57fa17434df74d1b8642a0cfe7bbf9b3" member_type: VOTER last_known_addr { host: "127.20.15.3" port: 45695 } } peers { permanent_uuid: "56d9d531348e4c43a120fd56ee6b2c5e" member_type: VOTER last_known_addr { host: "127.20.15.1" port: 40367 } }
I20260709 14:53:48.236514 21900 leader_election.cc:290] T 127ce5b37571474188591754caab6295 P 57fa17434df74d1b8642a0cfe7bbf9b3 [CANDIDATE]: Term 1 pre-election: Requested pre-vote from peers f63858f8d397429fa748c1e43c48d12d (127.20.15.2:43495), 56d9d531348e4c43a120fd56ee6b2c5e (127.20.15.1:40367)
I20260709 14:53:48.238139 21844 raft_consensus.cc:359] T 7f6947fb5dba4ebe8613f6ae9a7efdf8 P f63858f8d397429fa748c1e43c48d12d [term 0 FOLLOWER]: Replica starting. Triggering 0 pending ops. Active config: opid_index: -1 OBSOLETE_local: false peers { permanent_uuid: "56d9d531348e4c43a120fd56ee6b2c5e" member_type: VOTER last_known_addr { host: "127.20.15.1" port: 40367 } } peers { permanent_uuid: "f63858f8d397429fa748c1e43c48d12d" member_type: VOTER last_known_addr { host: "127.20.15.2" port: 43495 } } peers { permanent_uuid: "57fa17434df74d1b8642a0cfe7bbf9b3" member_type: VOTER last_known_addr { host: "127.20.15.3" port: 45695 } }
I20260709 14:53:48.238965 21844 raft_consensus.cc:385] T 7f6947fb5dba4ebe8613f6ae9a7efdf8 P f63858f8d397429fa748c1e43c48d12d [term 0 FOLLOWER]: Consensus starting up: Expiring failure detector timer to make a prompt election more likely
I20260709 14:53:48.239245 21844 raft_consensus.cc:740] T 7f6947fb5dba4ebe8613f6ae9a7efdf8 P f63858f8d397429fa748c1e43c48d12d [term 0 FOLLOWER]: Becoming Follower/Learner. State: Replica: f63858f8d397429fa748c1e43c48d12d, State: Initialized, Role: FOLLOWER
I20260709 14:53:48.239459 21730 tablet_service.cc:1917] Received RequestConsensusVote() RPC: tablet_id: "127ce5b37571474188591754caab6295" candidate_uuid: "57fa17434df74d1b8642a0cfe7bbf9b3" candidate_term: 1 candidate_status { last_received { term: 0 index: 0 } } ignore_live_leader: false dest_uuid: "f63858f8d397429fa748c1e43c48d12d" is_pre_election: true
I20260709 14:53:48.240082 21730 raft_consensus.cc:2468] T 127ce5b37571474188591754caab6295 P f63858f8d397429fa748c1e43c48d12d [term 0 FOLLOWER]: Leader pre-election vote request: Granting yes vote for candidate 57fa17434df74d1b8642a0cfe7bbf9b3 in term 0.
I20260709 14:53:48.240263 21654 tablet_service.cc:1917] Received RequestConsensusVote() RPC: tablet_id: "127ce5b37571474188591754caab6295" candidate_uuid: "57fa17434df74d1b8642a0cfe7bbf9b3" candidate_term: 1 candidate_status { last_received { term: 0 index: 0 } } ignore_live_leader: false dest_uuid: "56d9d531348e4c43a120fd56ee6b2c5e" is_pre_election: true
I20260709 14:53:48.240361 21845 raft_consensus.cc:359] T 07506a1b81db4b5fa6925a7fb657bf55 P 57fa17434df74d1b8642a0cfe7bbf9b3 [term 0 FOLLOWER]: Replica starting. Triggering 0 pending ops. Active config: opid_index: -1 OBSOLETE_local: false peers { permanent_uuid: "56d9d531348e4c43a120fd56ee6b2c5e" member_type: VOTER last_known_addr { host: "127.20.15.1" port: 40367 } } peers { permanent_uuid: "f63858f8d397429fa748c1e43c48d12d" member_type: VOTER last_known_addr { host: "127.20.15.2" port: 43495 } } peers { permanent_uuid: "57fa17434df74d1b8642a0cfe7bbf9b3" member_type: VOTER last_known_addr { host: "127.20.15.3" port: 45695 } }
I20260709 14:53:48.241444 21867 raft_consensus.cc:493] T 07506a1b81db4b5fa6925a7fb657bf55 P 56d9d531348e4c43a120fd56ee6b2c5e [term 0 FOLLOWER]: Starting pre-election (no leader contacted us within the election timeout)
I20260709 14:53:48.241000 21654 raft_consensus.cc:2468] T 127ce5b37571474188591754caab6295 P 56d9d531348e4c43a120fd56ee6b2c5e [term 0 FOLLOWER]: Leader pre-election vote request: Granting yes vote for candidate 57fa17434df74d1b8642a0cfe7bbf9b3 in term 0.
I20260709 14:53:48.242053 21867 raft_consensus.cc:515] T 07506a1b81db4b5fa6925a7fb657bf55 P 56d9d531348e4c43a120fd56ee6b2c5e [term 0 FOLLOWER]: Starting pre-election with config: opid_index: -1 OBSOLETE_local: false peers { permanent_uuid: "56d9d531348e4c43a120fd56ee6b2c5e" member_type: VOTER last_known_addr { host: "127.20.15.1" port: 40367 } } peers { permanent_uuid: "f63858f8d397429fa748c1e43c48d12d" member_type: VOTER last_known_addr { host: "127.20.15.2" port: 43495 } } peers { permanent_uuid: "57fa17434df74d1b8642a0cfe7bbf9b3" member_type: VOTER last_known_addr { host: "127.20.15.3" port: 45695 } }
I20260709 14:53:48.243479 21769 leader_election.cc:304] T 127ce5b37571474188591754caab6295 P 57fa17434df74d1b8642a0cfe7bbf9b3 [CANDIDATE]: Term 1 pre-election: Election decided. Result: candidate won. Election summary: received 2 responses out of 3 voters: 2 yes votes; 0 no votes. yes voters: 56d9d531348e4c43a120fd56ee6b2c5e, 57fa17434df74d1b8642a0cfe7bbf9b3; no voters: 
I20260709 14:53:48.244366 21900 raft_consensus.cc:2804] T 127ce5b37571474188591754caab6295 P 57fa17434df74d1b8642a0cfe7bbf9b3 [term 0 FOLLOWER]: Leader pre-election won for term 1
I20260709 14:53:48.244803 21900 raft_consensus.cc:493] T 127ce5b37571474188591754caab6295 P 57fa17434df74d1b8642a0cfe7bbf9b3 [term 0 FOLLOWER]: Starting leader election (no leader contacted us within the election timeout)
I20260709 14:53:48.244982 21729 tablet_service.cc:1917] Received RequestConsensusVote() RPC: tablet_id: "07506a1b81db4b5fa6925a7fb657bf55" candidate_uuid: "56d9d531348e4c43a120fd56ee6b2c5e" candidate_term: 1 candidate_status { last_received { term: 0 index: 0 } } ignore_live_leader: false dest_uuid: "f63858f8d397429fa748c1e43c48d12d" is_pre_election: true
I20260709 14:53:48.241469 21845 raft_consensus.cc:385] T 07506a1b81db4b5fa6925a7fb657bf55 P 57fa17434df74d1b8642a0cfe7bbf9b3 [term 0 FOLLOWER]: Consensus starting up: Expiring failure detector timer to make a prompt election more likely
I20260709 14:53:48.245695 21729 raft_consensus.cc:2468] T 07506a1b81db4b5fa6925a7fb657bf55 P f63858f8d397429fa748c1e43c48d12d [term 0 FOLLOWER]: Leader pre-election vote request: Granting yes vote for candidate 56d9d531348e4c43a120fd56ee6b2c5e in term 0.
I20260709 14:53:48.245982 21844 consensus_queue.cc:260] T 7f6947fb5dba4ebe8613f6ae9a7efdf8 P f63858f8d397429fa748c1e43c48d12d [NON_LEADER]: Queue going to NON_LEADER mode. State: All replicated index: 0, Majority replicated index: 0, Committed index: 0, Last appended: 0.0, Last appended by leader: 0, Current term: 0, Majority size: -1, State: 0, Mode: NON_LEADER, active raft config: opid_index: -1 OBSOLETE_local: false peers { permanent_uuid: "56d9d531348e4c43a120fd56ee6b2c5e" member_type: VOTER last_known_addr { host: "127.20.15.1" port: 40367 } } peers { permanent_uuid: "f63858f8d397429fa748c1e43c48d12d" member_type: VOTER last_known_addr { host: "127.20.15.2" port: 43495 } } peers { permanent_uuid: "57fa17434df74d1b8642a0cfe7bbf9b3" member_type: VOTER last_known_addr { host: "127.20.15.3" port: 45695 } }
I20260709 14:53:48.247994 21621 leader_election.cc:304] T 07506a1b81db4b5fa6925a7fb657bf55 P 56d9d531348e4c43a120fd56ee6b2c5e [CANDIDATE]: Term 1 pre-election: Election decided. Result: candidate won. Election summary: received 2 responses out of 3 voters: 2 yes votes; 0 no votes. yes voters: 56d9d531348e4c43a120fd56ee6b2c5e, f63858f8d397429fa748c1e43c48d12d; no voters: 
I20260709 14:53:48.248869 21844 ts_tablet_manager.cc:1434] T 7f6947fb5dba4ebe8613f6ae9a7efdf8 P f63858f8d397429fa748c1e43c48d12d: Time spent starting tablet: real 0.052s	user 0.008s	sys 0.000s
I20260709 14:53:48.248977 21854 raft_consensus.cc:2804] T 07506a1b81db4b5fa6925a7fb657bf55 P 56d9d531348e4c43a120fd56ee6b2c5e [term 0 FOLLOWER]: Leader pre-election won for term 1
I20260709 14:53:48.249763 21854 raft_consensus.cc:493] T 07506a1b81db4b5fa6925a7fb657bf55 P 56d9d531348e4c43a120fd56ee6b2c5e [term 0 FOLLOWER]: Starting leader election (no leader contacted us within the election timeout)
I20260709 14:53:48.245236 21900 raft_consensus.cc:3060] T 127ce5b37571474188591754caab6295 P 57fa17434df74d1b8642a0cfe7bbf9b3 [term 0 FOLLOWER]: Advancing to term 1
I20260709 14:53:48.250460 21844 tablet_bootstrap.cc:492] T eb3f06ef10a84354a087e1811fb79319 P f63858f8d397429fa748c1e43c48d12d: Bootstrap starting.
I20260709 14:53:48.249164 21845 raft_consensus.cc:740] T 07506a1b81db4b5fa6925a7fb657bf55 P 57fa17434df74d1b8642a0cfe7bbf9b3 [term 0 FOLLOWER]: Becoming Follower/Learner. State: Replica: 57fa17434df74d1b8642a0cfe7bbf9b3, State: Initialized, Role: FOLLOWER
I20260709 14:53:48.250159 21854 raft_consensus.cc:3060] T 07506a1b81db4b5fa6925a7fb657bf55 P 56d9d531348e4c43a120fd56ee6b2c5e [term 0 FOLLOWER]: Advancing to term 1
I20260709 14:53:48.256263 21845 consensus_queue.cc:260] T 07506a1b81db4b5fa6925a7fb657bf55 P 57fa17434df74d1b8642a0cfe7bbf9b3 [NON_LEADER]: Queue going to NON_LEADER mode. State: All replicated index: 0, Majority replicated index: 0, Committed index: 0, Last appended: 0.0, Last appended by leader: 0, Current term: 0, Majority size: -1, State: 0, Mode: NON_LEADER, active raft config: opid_index: -1 OBSOLETE_local: false peers { permanent_uuid: "56d9d531348e4c43a120fd56ee6b2c5e" member_type: VOTER last_known_addr { host: "127.20.15.1" port: 40367 } } peers { permanent_uuid: "f63858f8d397429fa748c1e43c48d12d" member_type: VOTER last_known_addr { host: "127.20.15.2" port: 43495 } } peers { permanent_uuid: "57fa17434df74d1b8642a0cfe7bbf9b3" member_type: VOTER last_known_addr { host: "127.20.15.3" port: 45695 } }
I20260709 14:53:48.257864 21867 leader_election.cc:290] T 07506a1b81db4b5fa6925a7fb657bf55 P 56d9d531348e4c43a120fd56ee6b2c5e [CANDIDATE]: Term 1 pre-election: Requested pre-vote from peers f63858f8d397429fa748c1e43c48d12d (127.20.15.2:43495), 57fa17434df74d1b8642a0cfe7bbf9b3 (127.20.15.3:45695)
I20260709 14:53:48.259040 21804 tablet_service.cc:1917] Received RequestConsensusVote() RPC: tablet_id: "07506a1b81db4b5fa6925a7fb657bf55" candidate_uuid: "56d9d531348e4c43a120fd56ee6b2c5e" candidate_term: 1 candidate_status { last_received { term: 0 index: 0 } } ignore_live_leader: false dest_uuid: "57fa17434df74d1b8642a0cfe7bbf9b3" is_pre_election: true
I20260709 14:53:48.259657 21804 raft_consensus.cc:2468] T 07506a1b81db4b5fa6925a7fb657bf55 P 57fa17434df74d1b8642a0cfe7bbf9b3 [term 0 FOLLOWER]: Leader pre-election vote request: Granting yes vote for candidate 56d9d531348e4c43a120fd56ee6b2c5e in term 0.
I20260709 14:53:48.263352 21845 ts_tablet_manager.cc:1434] T 07506a1b81db4b5fa6925a7fb657bf55 P 57fa17434df74d1b8642a0cfe7bbf9b3: Time spent starting tablet: real 0.030s	user 0.005s	sys 0.000s
I20260709 14:53:48.264278 21845 tablet_bootstrap.cc:492] T 80302322d9f14f1e94f247e537ca0cac P 57fa17434df74d1b8642a0cfe7bbf9b3: Bootstrap starting.
I20260709 14:53:48.267169 21844 tablet_bootstrap.cc:654] T eb3f06ef10a84354a087e1811fb79319 P f63858f8d397429fa748c1e43c48d12d: Neither blocks nor log segments found. Creating new log.
I20260709 14:53:48.267877 21854 raft_consensus.cc:515] T 07506a1b81db4b5fa6925a7fb657bf55 P 56d9d531348e4c43a120fd56ee6b2c5e [term 1 FOLLOWER]: Starting leader election with config: opid_index: -1 OBSOLETE_local: false peers { permanent_uuid: "56d9d531348e4c43a120fd56ee6b2c5e" member_type: VOTER last_known_addr { host: "127.20.15.1" port: 40367 } } peers { permanent_uuid: "f63858f8d397429fa748c1e43c48d12d" member_type: VOTER last_known_addr { host: "127.20.15.2" port: 43495 } } peers { permanent_uuid: "57fa17434df74d1b8642a0cfe7bbf9b3" member_type: VOTER last_known_addr { host: "127.20.15.3" port: 45695 } }
I20260709 14:53:48.269635 21845 tablet_bootstrap.cc:654] T 80302322d9f14f1e94f247e537ca0cac P 57fa17434df74d1b8642a0cfe7bbf9b3: Neither blocks nor log segments found. Creating new log.
I20260709 14:53:48.270357 21854 leader_election.cc:290] T 07506a1b81db4b5fa6925a7fb657bf55 P 56d9d531348e4c43a120fd56ee6b2c5e [CANDIDATE]: Term 1 election: Requested vote from peers f63858f8d397429fa748c1e43c48d12d (127.20.15.2:43495), 57fa17434df74d1b8642a0cfe7bbf9b3 (127.20.15.3:45695)
I20260709 14:53:48.270453 21730 tablet_service.cc:1917] Received RequestConsensusVote() RPC: tablet_id: "07506a1b81db4b5fa6925a7fb657bf55" candidate_uuid: "56d9d531348e4c43a120fd56ee6b2c5e" candidate_term: 1 candidate_status { last_received { term: 0 index: 0 } } ignore_live_leader: false dest_uuid: "f63858f8d397429fa748c1e43c48d12d"
I20260709 14:53:48.271106 21730 raft_consensus.cc:3060] T 07506a1b81db4b5fa6925a7fb657bf55 P f63858f8d397429fa748c1e43c48d12d [term 0 FOLLOWER]: Advancing to term 1
I20260709 14:53:48.271549 21804 tablet_service.cc:1917] Received RequestConsensusVote() RPC: tablet_id: "07506a1b81db4b5fa6925a7fb657bf55" candidate_uuid: "56d9d531348e4c43a120fd56ee6b2c5e" candidate_term: 1 candidate_status { last_received { term: 0 index: 0 } } ignore_live_leader: false dest_uuid: "57fa17434df74d1b8642a0cfe7bbf9b3"
I20260709 14:53:48.272092 21804 raft_consensus.cc:3060] T 07506a1b81db4b5fa6925a7fb657bf55 P 57fa17434df74d1b8642a0cfe7bbf9b3 [term 0 FOLLOWER]: Advancing to term 1
I20260709 14:53:48.273599 21847 tablet_bootstrap.cc:492] T a42a85daf9264516aee40e0f54439fd4 P 56d9d531348e4c43a120fd56ee6b2c5e: No bootstrap required, opened a new log
I20260709 14:53:48.273952 21847 ts_tablet_manager.cc:1403] T a42a85daf9264516aee40e0f54439fd4 P 56d9d531348e4c43a120fd56ee6b2c5e: Time spent bootstrapping tablet: real 0.103s	user 0.035s	sys 0.036s
I20260709 14:53:48.276149 21847 raft_consensus.cc:359] T a42a85daf9264516aee40e0f54439fd4 P 56d9d531348e4c43a120fd56ee6b2c5e [term 0 FOLLOWER]: Replica starting. Triggering 0 pending ops. Active config: opid_index: -1 OBSOLETE_local: false peers { permanent_uuid: "56d9d531348e4c43a120fd56ee6b2c5e" member_type: VOTER last_known_addr { host: "127.20.15.1" port: 40367 } } peers { permanent_uuid: "f63858f8d397429fa748c1e43c48d12d" member_type: VOTER last_known_addr { host: "127.20.15.2" port: 43495 } } peers { permanent_uuid: "57fa17434df74d1b8642a0cfe7bbf9b3" member_type: VOTER last_known_addr { host: "127.20.15.3" port: 45695 } }
I20260709 14:53:48.276690 21847 raft_consensus.cc:385] T a42a85daf9264516aee40e0f54439fd4 P 56d9d531348e4c43a120fd56ee6b2c5e [term 0 FOLLOWER]: Consensus starting up: Expiring failure detector timer to make a prompt election more likely
I20260709 14:53:48.276927 21847 raft_consensus.cc:740] T a42a85daf9264516aee40e0f54439fd4 P 56d9d531348e4c43a120fd56ee6b2c5e [term 0 FOLLOWER]: Becoming Follower/Learner. State: Replica: 56d9d531348e4c43a120fd56ee6b2c5e, State: Initialized, Role: FOLLOWER
I20260709 14:53:48.277486 21847 consensus_queue.cc:260] T a42a85daf9264516aee40e0f54439fd4 P 56d9d531348e4c43a120fd56ee6b2c5e [NON_LEADER]: Queue going to NON_LEADER mode. State: All replicated index: 0, Majority replicated index: 0, Committed index: 0, Last appended: 0.0, Last appended by leader: 0, Current term: 0, Majority size: -1, State: 0, Mode: NON_LEADER, active raft config: opid_index: -1 OBSOLETE_local: false peers { permanent_uuid: "56d9d531348e4c43a120fd56ee6b2c5e" member_type: VOTER last_known_addr { host: "127.20.15.1" port: 40367 } } peers { permanent_uuid: "f63858f8d397429fa748c1e43c48d12d" member_type: VOTER last_known_addr { host: "127.20.15.2" port: 43495 } } peers { permanent_uuid: "57fa17434df74d1b8642a0cfe7bbf9b3" member_type: VOTER last_known_addr { host: "127.20.15.3" port: 45695 } }
I20260709 14:53:48.278194 21730 raft_consensus.cc:2468] T 07506a1b81db4b5fa6925a7fb657bf55 P f63858f8d397429fa748c1e43c48d12d [term 1 FOLLOWER]: Leader election vote request: Granting yes vote for candidate 56d9d531348e4c43a120fd56ee6b2c5e in term 1.
I20260709 14:53:48.279229 21847 ts_tablet_manager.cc:1434] T a42a85daf9264516aee40e0f54439fd4 P 56d9d531348e4c43a120fd56ee6b2c5e: Time spent starting tablet: real 0.005s	user 0.005s	sys 0.000s
I20260709 14:53:48.279403 21621 leader_election.cc:304] T 07506a1b81db4b5fa6925a7fb657bf55 P 56d9d531348e4c43a120fd56ee6b2c5e [CANDIDATE]: Term 1 election: Election decided. Result: candidate won. Election summary: received 2 responses out of 3 voters: 2 yes votes; 0 no votes. yes voters: 56d9d531348e4c43a120fd56ee6b2c5e, f63858f8d397429fa748c1e43c48d12d; no voters: 
I20260709 14:53:48.279482 21900 raft_consensus.cc:515] T 127ce5b37571474188591754caab6295 P 57fa17434df74d1b8642a0cfe7bbf9b3 [term 1 FOLLOWER]: Starting leader election with config: opid_index: -1 OBSOLETE_local: false peers { permanent_uuid: "f63858f8d397429fa748c1e43c48d12d" member_type: VOTER last_known_addr { host: "127.20.15.2" port: 43495 } } peers { permanent_uuid: "57fa17434df74d1b8642a0cfe7bbf9b3" member_type: VOTER last_known_addr { host: "127.20.15.3" port: 45695 } } peers { permanent_uuid: "56d9d531348e4c43a120fd56ee6b2c5e" member_type: VOTER last_known_addr { host: "127.20.15.1" port: 40367 } }
I20260709 14:53:48.280314 21854 raft_consensus.cc:2804] T 07506a1b81db4b5fa6925a7fb657bf55 P 56d9d531348e4c43a120fd56ee6b2c5e [term 1 FOLLOWER]: Leader election won for term 1
I20260709 14:53:48.280680 21847 tablet_bootstrap.cc:492] T 80302322d9f14f1e94f247e537ca0cac P 56d9d531348e4c43a120fd56ee6b2c5e: Bootstrap starting.
I20260709 14:53:48.280763 21854 raft_consensus.cc:697] T 07506a1b81db4b5fa6925a7fb657bf55 P 56d9d531348e4c43a120fd56ee6b2c5e [term 1 LEADER]: Becoming Leader. State: Replica: 56d9d531348e4c43a120fd56ee6b2c5e, State: Running, Role: LEADER
I20260709 14:53:48.281638 21854 consensus_queue.cc:237] T 07506a1b81db4b5fa6925a7fb657bf55 P 56d9d531348e4c43a120fd56ee6b2c5e [LEADER]: Queue going to LEADER mode. State: All replicated index: 0, Majority replicated index: 0, Committed index: 0, Last appended: 0.0, Last appended by leader: 0, Current term: 1, Majority size: 2, State: 0, Mode: LEADER, active raft config: opid_index: -1 OBSOLETE_local: false peers { permanent_uuid: "56d9d531348e4c43a120fd56ee6b2c5e" member_type: VOTER last_known_addr { host: "127.20.15.1" port: 40367 } } peers { permanent_uuid: "f63858f8d397429fa748c1e43c48d12d" member_type: VOTER last_known_addr { host: "127.20.15.2" port: 43495 } } peers { permanent_uuid: "57fa17434df74d1b8642a0cfe7bbf9b3" member_type: VOTER last_known_addr { host: "127.20.15.3" port: 45695 } }
I20260709 14:53:48.282266 21804 raft_consensus.cc:2468] T 07506a1b81db4b5fa6925a7fb657bf55 P 57fa17434df74d1b8642a0cfe7bbf9b3 [term 1 FOLLOWER]: Leader election vote request: Granting yes vote for candidate 56d9d531348e4c43a120fd56ee6b2c5e in term 1.
I20260709 14:53:48.282817 21729 tablet_service.cc:1917] Received RequestConsensusVote() RPC: tablet_id: "127ce5b37571474188591754caab6295" candidate_uuid: "57fa17434df74d1b8642a0cfe7bbf9b3" candidate_term: 1 candidate_status { last_received { term: 0 index: 0 } } ignore_live_leader: false dest_uuid: "f63858f8d397429fa748c1e43c48d12d"
I20260709 14:53:48.283396 21729 raft_consensus.cc:3060] T 127ce5b37571474188591754caab6295 P f63858f8d397429fa748c1e43c48d12d [term 0 FOLLOWER]: Advancing to term 1
I20260709 14:53:48.281567 21900 leader_election.cc:290] T 127ce5b37571474188591754caab6295 P 57fa17434df74d1b8642a0cfe7bbf9b3 [CANDIDATE]: Term 1 election: Requested vote from peers f63858f8d397429fa748c1e43c48d12d (127.20.15.2:43495), 56d9d531348e4c43a120fd56ee6b2c5e (127.20.15.1:40367)
I20260709 14:53:48.287335 21847 tablet_bootstrap.cc:654] T 80302322d9f14f1e94f247e537ca0cac P 56d9d531348e4c43a120fd56ee6b2c5e: Neither blocks nor log segments found. Creating new log.
I20260709 14:53:48.287797 21654 tablet_service.cc:1917] Received RequestConsensusVote() RPC: tablet_id: "127ce5b37571474188591754caab6295" candidate_uuid: "57fa17434df74d1b8642a0cfe7bbf9b3" candidate_term: 1 candidate_status { last_received { term: 0 index: 0 } } ignore_live_leader: false dest_uuid: "56d9d531348e4c43a120fd56ee6b2c5e"
