I20260709 14:53:23.108050 18862 raft_consensus.cc:493] T cebbc556a3af4792a55ca81ce26408f7 P 9cf305bc95254cb898c05c5f9aec6119 [term 0 FOLLOWER]: Starting pre-election (no leader contacted us within the election timeout)
I20260709 14:53:23.108132 18864 raft_consensus.cc:3060] T 2db3a013856f43c292c83adbb41e544a P 9cf305bc95254cb898c05c5f9aec6119 [term 0 FOLLOWER]: Advancing to term 1
I20260709 14:53:23.108494 18862 raft_consensus.cc:515] T cebbc556a3af4792a55ca81ce26408f7 P 9cf305bc95254cb898c05c5f9aec6119 [term 0 FOLLOWER]: Starting pre-election with config: opid_index: -1 OBSOLETE_local: false peers { permanent_uuid: "c9e53ba0d14e4e16b9758a9a566f84ac" member_type: VOTER last_known_addr { host: "127.18.22.193" port: 45965 } } peers { permanent_uuid: "9cf305bc95254cb898c05c5f9aec6119" member_type: VOTER last_known_addr { host: "127.18.22.194" port: 35771 } } peers { permanent_uuid: "07d4cea4019f435ea5d14f5eb482aac9" member_type: VOTER last_known_addr { host: "127.18.22.195" port: 39217 } }
I20260709 14:53:23.119046 18862 leader_election.cc:290] T cebbc556a3af4792a55ca81ce26408f7 P 9cf305bc95254cb898c05c5f9aec6119 [CANDIDATE]: Term 1 pre-election: Requested pre-vote from peers c9e53ba0d14e4e16b9758a9a566f84ac (127.18.22.193:45965), 07d4cea4019f435ea5d14f5eb482aac9 (127.18.22.195:39217)
I20260709 14:53:23.120755 18658 tablet_service.cc:1917] Received RequestConsensusVote() RPC: tablet_id: "cebbc556a3af4792a55ca81ce26408f7" candidate_uuid: "9cf305bc95254cb898c05c5f9aec6119" candidate_term: 1 candidate_status { last_received { term: 0 index: 0 } } ignore_live_leader: false dest_uuid: "c9e53ba0d14e4e16b9758a9a566f84ac" is_pre_election: true
I20260709 14:53:23.120786 18807 tablet_service.cc:1917] Received RequestConsensusVote() RPC: tablet_id: "cebbc556a3af4792a55ca81ce26408f7" candidate_uuid: "9cf305bc95254cb898c05c5f9aec6119" candidate_term: 1 candidate_status { last_received { term: 0 index: 0 } } ignore_live_leader: false dest_uuid: "07d4cea4019f435ea5d14f5eb482aac9" is_pre_election: true
I20260709 14:53:23.122262 18807 raft_consensus.cc:2468] T cebbc556a3af4792a55ca81ce26408f7 P 07d4cea4019f435ea5d14f5eb482aac9 [term 0 FOLLOWER]: Leader pre-election vote request: Granting yes vote for candidate 9cf305bc95254cb898c05c5f9aec6119 in term 0.
W20260709 14:53:23.124217 18699 leader_election.cc:343] T cebbc556a3af4792a55ca81ce26408f7 P 9cf305bc95254cb898c05c5f9aec6119 [CANDIDATE]: Term 1 pre-election: Tablet error from VoteRequest() call to peer c9e53ba0d14e4e16b9758a9a566f84ac (127.18.22.193:45965): Illegal state: must be running to vote when last-logged opid is not known
I20260709 14:53:23.125313 18697 leader_election.cc:304] T cebbc556a3af4792a55ca81ce26408f7 P 9cf305bc95254cb898c05c5f9aec6119 [CANDIDATE]: Term 1 pre-election: Election decided. Result: candidate won. Election summary: received 3 responses out of 3 voters: 2 yes votes; 1 no votes. yes voters: 07d4cea4019f435ea5d14f5eb482aac9, 9cf305bc95254cb898c05c5f9aec6119; no voters: c9e53ba0d14e4e16b9758a9a566f84ac
I20260709 14:53:23.126328 18733 tablet_service.cc:1917] Received RequestConsensusVote() RPC: tablet_id: "2138407af3664af495ce1a5e68df77ed" candidate_uuid: "c9e53ba0d14e4e16b9758a9a566f84ac" candidate_term: 1 candidate_status { last_received { term: 0 index: 0 } } ignore_live_leader: false dest_uuid: "9cf305bc95254cb898c05c5f9aec6119" is_pre_election: true
I20260709 14:53:23.127208 18862 raft_consensus.cc:2804] T cebbc556a3af4792a55ca81ce26408f7 P 9cf305bc95254cb898c05c5f9aec6119 [term 0 FOLLOWER]: Leader pre-election won for term 1
I20260709 14:53:23.127544 18862 raft_consensus.cc:493] T cebbc556a3af4792a55ca81ce26408f7 P 9cf305bc95254cb898c05c5f9aec6119 [term 0 FOLLOWER]: Starting leader election (no leader contacted us within the election timeout)
I20260709 14:53:23.127836 18862 raft_consensus.cc:3060] T cebbc556a3af4792a55ca81ce26408f7 P 9cf305bc95254cb898c05c5f9aec6119 [term 0 FOLLOWER]: Advancing to term 1
W20260709 14:53:23.128260 18622 leader_election.cc:343] T 2138407af3664af495ce1a5e68df77ed P c9e53ba0d14e4e16b9758a9a566f84ac [CANDIDATE]: Term 1 pre-election: Tablet error from VoteRequest() call to peer 9cf305bc95254cb898c05c5f9aec6119 (127.18.22.194:35771): Illegal state: must be running to vote when last-logged opid is not known
I20260709 14:53:23.134655 18851 tablet_bootstrap.cc:492] T 2db3a013856f43c292c83adbb41e544a P 07d4cea4019f435ea5d14f5eb482aac9: No bootstrap required, opened a new log
I20260709 14:53:23.135113 18851 ts_tablet_manager.cc:1403] T 2db3a013856f43c292c83adbb41e544a P 07d4cea4019f435ea5d14f5eb482aac9: Time spent bootstrapping tablet: real 0.056s	user 0.006s	sys 0.005s
I20260709 14:53:23.135325 18862 raft_consensus.cc:515] T cebbc556a3af4792a55ca81ce26408f7 P 9cf305bc95254cb898c05c5f9aec6119 [term 1 FOLLOWER]: Starting leader election with config: opid_index: -1 OBSOLETE_local: false peers { permanent_uuid: "c9e53ba0d14e4e16b9758a9a566f84ac" member_type: VOTER last_known_addr { host: "127.18.22.193" port: 45965 } } peers { permanent_uuid: "9cf305bc95254cb898c05c5f9aec6119" member_type: VOTER last_known_addr { host: "127.18.22.194" port: 35771 } } peers { permanent_uuid: "07d4cea4019f435ea5d14f5eb482aac9" member_type: VOTER last_known_addr { host: "127.18.22.195" port: 39217 } }
I20260709 14:53:23.136978 18850 tablet_bootstrap.cc:492] T 8726f6a404f44fd29e216b2208c50a7f P c9e53ba0d14e4e16b9758a9a566f84ac: No bootstrap required, opened a new log
I20260709 14:53:23.137128 18852 tablet_bootstrap.cc:654] T 68515fb68374456fa3fd15beb87d2c3d P 9cf305bc95254cb898c05c5f9aec6119: Neither blocks nor log segments found. Creating new log.
I20260709 14:53:23.137481 18850 ts_tablet_manager.cc:1403] T 8726f6a404f44fd29e216b2208c50a7f P c9e53ba0d14e4e16b9758a9a566f84ac: Time spent bootstrapping tablet: real 0.078s	user 0.019s	sys 0.036s
I20260709 14:53:23.138532 18855 raft_consensus.cc:493] T 4b06f1cceaac4cb39312b9bf21d94fe3 P 07d4cea4019f435ea5d14f5eb482aac9 [term 0 FOLLOWER]: Starting pre-election (no leader contacted us within the election timeout)
I20260709 14:53:23.139884 18855 raft_consensus.cc:515] T 4b06f1cceaac4cb39312b9bf21d94fe3 P 07d4cea4019f435ea5d14f5eb482aac9 [term 0 FOLLOWER]: Starting pre-election with config: opid_index: -1 OBSOLETE_local: false peers { permanent_uuid: "c9e53ba0d14e4e16b9758a9a566f84ac" member_type: VOTER last_known_addr { host: "127.18.22.193" port: 45965 } } peers { permanent_uuid: "9cf305bc95254cb898c05c5f9aec6119" member_type: VOTER last_known_addr { host: "127.18.22.194" port: 35771 } } peers { permanent_uuid: "07d4cea4019f435ea5d14f5eb482aac9" member_type: VOTER last_known_addr { host: "127.18.22.195" port: 39217 } }
I20260709 14:53:23.139721 18864 raft_consensus.cc:515] T 2db3a013856f43c292c83adbb41e544a P 9cf305bc95254cb898c05c5f9aec6119 [term 1 FOLLOWER]: Starting leader election with config: opid_index: -1 OBSOLETE_local: false peers { permanent_uuid: "c9e53ba0d14e4e16b9758a9a566f84ac" member_type: VOTER last_known_addr { host: "127.18.22.193" port: 45965 } } peers { permanent_uuid: "9cf305bc95254cb898c05c5f9aec6119" member_type: VOTER last_known_addr { host: "127.18.22.194" port: 35771 } } peers { permanent_uuid: "07d4cea4019f435ea5d14f5eb482aac9" member_type: VOTER last_known_addr { host: "127.18.22.195" port: 39217 } }
I20260709 14:53:23.144624 18855 leader_election.cc:290] T 4b06f1cceaac4cb39312b9bf21d94fe3 P 07d4cea4019f435ea5d14f5eb482aac9 [CANDIDATE]: Term 1 pre-election: Requested pre-vote from peers c9e53ba0d14e4e16b9758a9a566f84ac (127.18.22.193:45965), 9cf305bc95254cb898c05c5f9aec6119 (127.18.22.194:35771)
I20260709 14:53:23.146291 18658 tablet_service.cc:1917] Received RequestConsensusVote() RPC: tablet_id: "cebbc556a3af4792a55ca81ce26408f7" candidate_uuid: "9cf305bc95254cb898c05c5f9aec6119" candidate_term: 1 candidate_status { last_received { term: 0 index: 0 } } ignore_live_leader: false dest_uuid: "c9e53ba0d14e4e16b9758a9a566f84ac"
I20260709 14:53:23.146489 18807 tablet_service.cc:1917] Received RequestConsensusVote() RPC: tablet_id: "2db3a013856f43c292c83adbb41e544a" candidate_uuid: "9cf305bc95254cb898c05c5f9aec6119" candidate_term: 1 candidate_status { last_received { term: 0 index: 0 } } ignore_live_leader: false dest_uuid: "07d4cea4019f435ea5d14f5eb482aac9"
I20260709 14:53:23.145833 18864 leader_election.cc:290] T 2db3a013856f43c292c83adbb41e544a P 9cf305bc95254cb898c05c5f9aec6119 [CANDIDATE]: Term 1 election: Requested vote from peers c9e53ba0d14e4e16b9758a9a566f84ac (127.18.22.193:45965), 07d4cea4019f435ea5d14f5eb482aac9 (127.18.22.195:39217)
I20260709 14:53:23.146611 18657 tablet_service.cc:1917] Received RequestConsensusVote() RPC: tablet_id: "2db3a013856f43c292c83adbb41e544a" candidate_uuid: "9cf305bc95254cb898c05c5f9aec6119" candidate_term: 1 candidate_status { last_received { term: 0 index: 0 } } ignore_live_leader: false dest_uuid: "c9e53ba0d14e4e16b9758a9a566f84ac"
I20260709 14:53:23.147886 18733 tablet_service.cc:1917] Received RequestConsensusVote() RPC: tablet_id: "4b06f1cceaac4cb39312b9bf21d94fe3" candidate_uuid: "07d4cea4019f435ea5d14f5eb482aac9" candidate_term: 1 candidate_status { last_received { term: 0 index: 0 } } ignore_live_leader: false dest_uuid: "9cf305bc95254cb898c05c5f9aec6119" is_pre_election: true
I20260709 14:53:23.147980 18657 raft_consensus.cc:3060] T 2db3a013856f43c292c83adbb41e544a P c9e53ba0d14e4e16b9758a9a566f84ac [term 0 FOLLOWER]: Advancing to term 1
I20260709 14:53:23.149932 18862 leader_election.cc:290] T cebbc556a3af4792a55ca81ce26408f7 P 9cf305bc95254cb898c05c5f9aec6119 [CANDIDATE]: Term 1 election: Requested vote from peers c9e53ba0d14e4e16b9758a9a566f84ac (127.18.22.193:45965), 07d4cea4019f435ea5d14f5eb482aac9 (127.18.22.195:39217)
I20260709 14:53:23.148459 18656 tablet_service.cc:1917] Received RequestConsensusVote() RPC: tablet_id: "4b06f1cceaac4cb39312b9bf21d94fe3" candidate_uuid: "07d4cea4019f435ea5d14f5eb482aac9" candidate_term: 1 candidate_status { last_received { term: 0 index: 0 } } ignore_live_leader: false dest_uuid: "c9e53ba0d14e4e16b9758a9a566f84ac" is_pre_election: true
W20260709 14:53:23.153512 18699 leader_election.cc:343] T cebbc556a3af4792a55ca81ce26408f7 P 9cf305bc95254cb898c05c5f9aec6119 [CANDIDATE]: Term 1 election: Tablet error from VoteRequest() call to peer c9e53ba0d14e4e16b9758a9a566f84ac (127.18.22.193:45965): Illegal state: must be running to vote when last-logged opid is not known
W20260709 14:53:23.154835 18697 leader_election.cc:343] T 2db3a013856f43c292c83adbb41e544a P 9cf305bc95254cb898c05c5f9aec6119 [CANDIDATE]: Term 1 election: Tablet error from VoteRequest() call to peer 07d4cea4019f435ea5d14f5eb482aac9 (127.18.22.195:39217): Illegal state: must be running to vote when last-logged opid is not known
W20260709 14:53:23.155931 18771 leader_election.cc:343] T 4b06f1cceaac4cb39312b9bf21d94fe3 P 07d4cea4019f435ea5d14f5eb482aac9 [CANDIDATE]: Term 1 pre-election: Tablet error from VoteRequest() call to peer 9cf305bc95254cb898c05c5f9aec6119 (127.18.22.194:35771): Illegal state: must be running to vote when last-logged opid is not known
I20260709 14:53:23.155886 18807 tablet_service.cc:1917] Received RequestConsensusVote() RPC: tablet_id: "2138407af3664af495ce1a5e68df77ed" candidate_uuid: "c9e53ba0d14e4e16b9758a9a566f84ac" candidate_term: 1 candidate_status { last_received { term: 0 index: 0 } } ignore_live_leader: false dest_uuid: "07d4cea4019f435ea5d14f5eb482aac9" is_pre_election: true
I20260709 14:53:23.155866 18850 raft_consensus.cc:359] T 8726f6a404f44fd29e216b2208c50a7f P c9e53ba0d14e4e16b9758a9a566f84ac [term 0 FOLLOWER]: Replica starting. Triggering 0 pending ops. Active config: opid_index: -1 OBSOLETE_local: false peers { permanent_uuid: "c9e53ba0d14e4e16b9758a9a566f84ac" member_type: VOTER last_known_addr { host: "127.18.22.193" port: 45965 } } peers { permanent_uuid: "9cf305bc95254cb898c05c5f9aec6119" member_type: VOTER last_known_addr { host: "127.18.22.194" port: 35771 } } peers { permanent_uuid: "07d4cea4019f435ea5d14f5eb482aac9" member_type: VOTER last_known_addr { host: "127.18.22.195" port: 39217 } }
I20260709 14:53:23.157606 18850 raft_consensus.cc:385] T 8726f6a404f44fd29e216b2208c50a7f P c9e53ba0d14e4e16b9758a9a566f84ac [term 0 FOLLOWER]: Consensus starting up: Expiring failure detector timer to make a prompt election more likely
I20260709 14:53:23.157891 18850 raft_consensus.cc:740] T 8726f6a404f44fd29e216b2208c50a7f P c9e53ba0d14e4e16b9758a9a566f84ac [term 0 FOLLOWER]: Becoming Follower/Learner. State: Replica: c9e53ba0d14e4e16b9758a9a566f84ac, State: Initialized, Role: FOLLOWER
W20260709 14:53:23.158299 18773 leader_election.cc:343] T 4b06f1cceaac4cb39312b9bf21d94fe3 P 07d4cea4019f435ea5d14f5eb482aac9 [CANDIDATE]: Term 1 pre-election: Tablet error from VoteRequest() call to peer c9e53ba0d14e4e16b9758a9a566f84ac (127.18.22.193:45965): Illegal state: must be running to vote when last-logged opid is not known
W20260709 14:53:23.158574 18622 leader_election.cc:343] T 2138407af3664af495ce1a5e68df77ed P c9e53ba0d14e4e16b9758a9a566f84ac [CANDIDATE]: Term 1 pre-election: Tablet error from VoteRequest() call to peer 07d4cea4019f435ea5d14f5eb482aac9 (127.18.22.195:39217): Illegal state: must be running to vote when last-logged opid is not known
I20260709 14:53:23.158578 18806 tablet_service.cc:1917] Received RequestConsensusVote() RPC: tablet_id: "cebbc556a3af4792a55ca81ce26408f7" candidate_uuid: "9cf305bc95254cb898c05c5f9aec6119" candidate_term: 1 candidate_status { last_received { term: 0 index: 0 } } ignore_live_leader: false dest_uuid: "07d4cea4019f435ea5d14f5eb482aac9"
I20260709 14:53:23.159073 18622 leader_election.cc:304] T 2138407af3664af495ce1a5e68df77ed P c9e53ba0d14e4e16b9758a9a566f84ac [CANDIDATE]: Term 1 pre-election: Election decided. Result: candidate lost. Election summary: received 3 responses out of 3 voters: 1 yes votes; 2 no votes. yes voters: c9e53ba0d14e4e16b9758a9a566f84ac; no voters: 07d4cea4019f435ea5d14f5eb482aac9, 9cf305bc95254cb898c05c5f9aec6119
I20260709 14:53:23.159683 18806 raft_consensus.cc:3060] T cebbc556a3af4792a55ca81ce26408f7 P 07d4cea4019f435ea5d14f5eb482aac9 [term 0 FOLLOWER]: Advancing to term 1
I20260709 14:53:23.160933 18858 raft_consensus.cc:2749] T 2138407af3664af495ce1a5e68df77ed P c9e53ba0d14e4e16b9758a9a566f84ac [term 0 FOLLOWER]: Leader pre-election lost for term 1. Reason: could not achieve majority
I20260709 14:53:23.161106 18855 raft_consensus.cc:493] T c828999b293144e8bb8688599ea99004 P 07d4cea4019f435ea5d14f5eb482aac9 [term 0 FOLLOWER]: Starting pre-election (no leader contacted us within the election timeout)
I20260709 14:53:23.160188 18850 consensus_queue.cc:260] T 8726f6a404f44fd29e216b2208c50a7f P c9e53ba0d14e4e16b9758a9a566f84ac [NON_LEADER]: Queue going to NON_LEADER mode. State: All replicated index: 0, Majority replicated index: 0, Committed index: 0, Last appended: 0.0, Last appended by leader: 0, Current term: 0, Majority size: -1, State: 0, Mode: NON_LEADER, active raft config: opid_index: -1 OBSOLETE_local: false peers { permanent_uuid: "c9e53ba0d14e4e16b9758a9a566f84ac" member_type: VOTER last_known_addr { host: "127.18.22.193" port: 45965 } } peers { permanent_uuid: "9cf305bc95254cb898c05c5f9aec6119" member_type: VOTER last_known_addr { host: "127.18.22.194" port: 35771 } } peers { permanent_uuid: "07d4cea4019f435ea5d14f5eb482aac9" member_type: VOTER last_known_addr { host: "127.18.22.195" port: 39217 } }
I20260709 14:53:23.161125 18851 raft_consensus.cc:359] T 2db3a013856f43c292c83adbb41e544a P 07d4cea4019f435ea5d14f5eb482aac9 [term 0 FOLLOWER]: Replica starting. Triggering 0 pending ops. Active config: opid_index: -1 OBSOLETE_local: false peers { permanent_uuid: "c9e53ba0d14e4e16b9758a9a566f84ac" member_type: VOTER last_known_addr { host: "127.18.22.193" port: 45965 } } peers { permanent_uuid: "9cf305bc95254cb898c05c5f9aec6119" member_type: VOTER last_known_addr { host: "127.18.22.194" port: 35771 } } peers { permanent_uuid: "07d4cea4019f435ea5d14f5eb482aac9" member_type: VOTER last_known_addr { host: "127.18.22.195" port: 39217 } }
I20260709 14:53:23.162514 18855 raft_consensus.cc:515] T c828999b293144e8bb8688599ea99004 P 07d4cea4019f435ea5d14f5eb482aac9 [term 0 FOLLOWER]: Starting pre-election with config: opid_index: -1 OBSOLETE_local: false peers { permanent_uuid: "c9e53ba0d14e4e16b9758a9a566f84ac" member_type: VOTER last_known_addr { host: "127.18.22.193" port: 45965 } } peers { permanent_uuid: "9cf305bc95254cb898c05c5f9aec6119" member_type: VOTER last_known_addr { host: "127.18.22.194" port: 35771 } } peers { permanent_uuid: "07d4cea4019f435ea5d14f5eb482aac9" member_type: VOTER last_known_addr { host: "127.18.22.195" port: 39217 } }
I20260709 14:53:23.163247 18851 raft_consensus.cc:385] T 2db3a013856f43c292c83adbb41e544a P 07d4cea4019f435ea5d14f5eb482aac9 [term 0 FOLLOWER]: Consensus starting up: Expiring failure detector timer to make a prompt election more likely
I20260709 14:53:23.164415 18851 raft_consensus.cc:740] T 2db3a013856f43c292c83adbb41e544a P 07d4cea4019f435ea5d14f5eb482aac9 [term 0 FOLLOWER]: Becoming Follower/Learner. State: Replica: 07d4cea4019f435ea5d14f5eb482aac9, State: Initialized, Role: FOLLOWER
I20260709 14:53:23.166249 18855 leader_election.cc:290] T c828999b293144e8bb8688599ea99004 P 07d4cea4019f435ea5d14f5eb482aac9 [CANDIDATE]: Term 1 pre-election: Requested pre-vote from peers c9e53ba0d14e4e16b9758a9a566f84ac (127.18.22.193:45965), 9cf305bc95254cb898c05c5f9aec6119 (127.18.22.194:35771)
I20260709 14:53:23.166692 18850 ts_tablet_manager.cc:1434] T 8726f6a404f44fd29e216b2208c50a7f P c9e53ba0d14e4e16b9758a9a566f84ac: Time spent starting tablet: real 0.029s	user 0.000s	sys 0.008s
I20260709 14:53:23.167091 18733 tablet_service.cc:1917] Received RequestConsensusVote() RPC: tablet_id: "c828999b293144e8bb8688599ea99004" candidate_uuid: "07d4cea4019f435ea5d14f5eb482aac9" candidate_term: 1 candidate_status { last_received { term: 0 index: 0 } } ignore_live_leader: false dest_uuid: "9cf305bc95254cb898c05c5f9aec6119" is_pre_election: true
I20260709 14:53:23.165335 18851 consensus_queue.cc:260] T 2db3a013856f43c292c83adbb41e544a P 07d4cea4019f435ea5d14f5eb482aac9 [NON_LEADER]: Queue going to NON_LEADER mode. State: All replicated index: 0, Majority replicated index: 0, Committed index: 0, Last appended: 0.0, Last appended by leader: 0, Current term: 0, Majority size: -1, State: 0, Mode: NON_LEADER, active raft config: opid_index: -1 OBSOLETE_local: false peers { permanent_uuid: "c9e53ba0d14e4e16b9758a9a566f84ac" member_type: VOTER last_known_addr { host: "127.18.22.193" port: 45965 } } peers { permanent_uuid: "9cf305bc95254cb898c05c5f9aec6119" member_type: VOTER last_known_addr { host: "127.18.22.194" port: 35771 } } peers { permanent_uuid: "07d4cea4019f435ea5d14f5eb482aac9" member_type: VOTER last_known_addr { host: "127.18.22.195" port: 39217 } }
I20260709 14:53:23.167766 18733 raft_consensus.cc:2468] T c828999b293144e8bb8688599ea99004 P 9cf305bc95254cb898c05c5f9aec6119 [term 0 FOLLOWER]: Leader pre-election vote request: Granting yes vote for candidate 07d4cea4019f435ea5d14f5eb482aac9 in term 0.
I20260709 14:53:23.168586 18850 tablet_bootstrap.cc:492] T c828999b293144e8bb8688599ea99004 P c9e53ba0d14e4e16b9758a9a566f84ac: Bootstrap starting.
I20260709 14:53:23.169603 18771 leader_election.cc:304] T c828999b293144e8bb8688599ea99004 P 07d4cea4019f435ea5d14f5eb482aac9 [CANDIDATE]: Term 1 pre-election: Election decided. Result: candidate won. Election summary: received 2 responses out of 3 voters: 2 yes votes; 0 no votes. yes voters: 07d4cea4019f435ea5d14f5eb482aac9, 9cf305bc95254cb898c05c5f9aec6119; no voters: 
I20260709 14:53:23.170578 18857 raft_consensus.cc:2804] T c828999b293144e8bb8688599ea99004 P 07d4cea4019f435ea5d14f5eb482aac9 [term 0 FOLLOWER]: Leader pre-election won for term 1
I20260709 14:53:23.170982 18657 raft_consensus.cc:2468] T 2db3a013856f43c292c83adbb41e544a P c9e53ba0d14e4e16b9758a9a566f84ac [term 1 FOLLOWER]: Leader election vote request: Granting yes vote for candidate 9cf305bc95254cb898c05c5f9aec6119 in term 1.
I20260709 14:53:23.171499 18857 raft_consensus.cc:493] T c828999b293144e8bb8688599ea99004 P 07d4cea4019f435ea5d14f5eb482aac9 [term 0 FOLLOWER]: Starting leader election (no leader contacted us within the election timeout)
I20260709 14:53:23.172283 18857 raft_consensus.cc:3060] T c828999b293144e8bb8688599ea99004 P 07d4cea4019f435ea5d14f5eb482aac9 [term 0 FOLLOWER]: Advancing to term 1
I20260709 14:53:23.172822 18851 ts_tablet_manager.cc:1434] T 2db3a013856f43c292c83adbb41e544a P 07d4cea4019f435ea5d14f5eb482aac9: Time spent starting tablet: real 0.037s	user 0.010s	sys 0.001s
I20260709 14:53:23.174019 18699 leader_election.cc:304] T 2db3a013856f43c292c83adbb41e544a P 9cf305bc95254cb898c05c5f9aec6119 [CANDIDATE]: Term 1 election: Election decided. Result: candidate won. Election summary: received 3 responses out of 3 voters: 2 yes votes; 1 no votes. yes voters: 9cf305bc95254cb898c05c5f9aec6119, c9e53ba0d14e4e16b9758a9a566f84ac; no voters: 07d4cea4019f435ea5d14f5eb482aac9
I20260709 14:53:23.175257 18851 tablet_bootstrap.cc:492] T 2138407af3664af495ce1a5e68df77ed P 07d4cea4019f435ea5d14f5eb482aac9: Bootstrap starting.
I20260709 14:53:23.174930 18806 raft_consensus.cc:2468] T cebbc556a3af4792a55ca81ce26408f7 P 07d4cea4019f435ea5d14f5eb482aac9 [term 1 FOLLOWER]: Leader election vote request: Granting yes vote for candidate 9cf305bc95254cb898c05c5f9aec6119 in term 1.
I20260709 14:53:23.175412 18852 tablet_bootstrap.cc:492] T 68515fb68374456fa3fd15beb87d2c3d P 9cf305bc95254cb898c05c5f9aec6119: No bootstrap required, opened a new log
I20260709 14:53:23.175917 18862 raft_consensus.cc:2804] T 2db3a013856f43c292c83adbb41e544a P 9cf305bc95254cb898c05c5f9aec6119 [term 1 FOLLOWER]: Leader election won for term 1
I20260709 14:53:23.176921 18862 raft_consensus.cc:697] T 2db3a013856f43c292c83adbb41e544a P 9cf305bc95254cb898c05c5f9aec6119 [term 1 LEADER]: Becoming Leader. State: Replica: 9cf305bc95254cb898c05c5f9aec6119, State: Running, Role: LEADER
I20260709 14:53:23.176966 18852 ts_tablet_manager.cc:1403] T 68515fb68374456fa3fd15beb87d2c3d P 9cf305bc95254cb898c05c5f9aec6119: Time spent bootstrapping tablet: real 0.104s	user 0.012s	sys 0.006s
I20260709 14:53:23.177911 18697 leader_election.cc:304] T cebbc556a3af4792a55ca81ce26408f7 P 9cf305bc95254cb898c05c5f9aec6119 [CANDIDATE]: Term 1 election: Election decided. Result: candidate won. Election summary: received 3 responses out of 3 voters: 2 yes votes; 1 no votes. yes voters: 07d4cea4019f435ea5d14f5eb482aac9, 9cf305bc95254cb898c05c5f9aec6119; no voters: c9e53ba0d14e4e16b9758a9a566f84ac
I20260709 14:53:23.177685 18862 consensus_queue.cc:237] T 2db3a013856f43c292c83adbb41e544a P 9cf305bc95254cb898c05c5f9aec6119 [LEADER]: Queue going to LEADER mode. State: All replicated index: 0, Majority replicated index: 0, Committed index: 0, Last appended: 0.0, Last appended by leader: 0, Current term: 1, Majority size: 2, State: 0, Mode: LEADER, active raft config: opid_index: -1 OBSOLETE_local: false peers { permanent_uuid: "c9e53ba0d14e4e16b9758a9a566f84ac" member_type: VOTER last_known_addr { host: "127.18.22.193" port: 45965 } } peers { permanent_uuid: "9cf305bc95254cb898c05c5f9aec6119" member_type: VOTER last_known_addr { host: "127.18.22.194" port: 35771 } } peers { permanent_uuid: "07d4cea4019f435ea5d14f5eb482aac9" member_type: VOTER last_known_addr { host: "127.18.22.195" port: 39217 } }
I20260709 14:53:23.179003 18864 raft_consensus.cc:2804] T cebbc556a3af4792a55ca81ce26408f7 P 9cf305bc95254cb898c05c5f9aec6119 [term 1 FOLLOWER]: Leader election won for term 1
I20260709 14:53:23.184652 18864 raft_consensus.cc:697] T cebbc556a3af4792a55ca81ce26408f7 P 9cf305bc95254cb898c05c5f9aec6119 [term 1 LEADER]: Becoming Leader. State: Replica: 9cf305bc95254cb898c05c5f9aec6119, State: Running, Role: LEADER
I20260709 14:53:23.185557 18864 consensus_queue.cc:237] T cebbc556a3af4792a55ca81ce26408f7 P 9cf305bc95254cb898c05c5f9aec6119 [LEADER]: Queue going to LEADER mode. State: All replicated index: 0, Majority replicated index: 0, Committed index: 0, Last appended: 0.0, Last appended by leader: 0, Current term: 1, Majority size: 2, State: 0, Mode: LEADER, active raft config: opid_index: -1 OBSOLETE_local: false peers { permanent_uuid: "c9e53ba0d14e4e16b9758a9a566f84ac" member_type: VOTER last_known_addr { host: "127.18.22.193" port: 45965 } } peers { permanent_uuid: "9cf305bc95254cb898c05c5f9aec6119" member_type: VOTER last_known_addr { host: "127.18.22.194" port: 35771 } } peers { permanent_uuid: "07d4cea4019f435ea5d14f5eb482aac9" member_type: VOTER last_known_addr { host: "127.18.22.195" port: 39217 } }
I20260709 14:53:23.187976 18851 tablet_bootstrap.cc:654] T 2138407af3664af495ce1a5e68df77ed P 07d4cea4019f435ea5d14f5eb482aac9: Neither blocks nor log segments found. Creating new log.
I20260709 14:53:23.189808 18857 raft_consensus.cc:515] T c828999b293144e8bb8688599ea99004 P 07d4cea4019f435ea5d14f5eb482aac9 [term 1 FOLLOWER]: Starting leader election with config: opid_index: -1 OBSOLETE_local: false peers { permanent_uuid: "c9e53ba0d14e4e16b9758a9a566f84ac" member_type: VOTER last_known_addr { host: "127.18.22.193" port: 45965 } } peers { permanent_uuid: "9cf305bc95254cb898c05c5f9aec6119" member_type: VOTER last_known_addr { host: "127.18.22.194" port: 35771 } } peers { permanent_uuid: "07d4cea4019f435ea5d14f5eb482aac9" member_type: VOTER last_known_addr { host: "127.18.22.195" port: 39217 } }
I20260709 14:53:23.193989 18852 raft_consensus.cc:359] T 68515fb68374456fa3fd15beb87d2c3d P 9cf305bc95254cb898c05c5f9aec6119 [term 0 FOLLOWER]: Replica starting. Triggering 0 pending ops. Active config: opid_index: -1 OBSOLETE_local: false peers { permanent_uuid: "9cf305bc95254cb898c05c5f9aec6119" member_type: VOTER last_known_addr { host: "127.18.22.194" port: 35771 } } peers { permanent_uuid: "07d4cea4019f435ea5d14f5eb482aac9" member_type: VOTER last_known_addr { host: "127.18.22.195" port: 39217 } } peers { permanent_uuid: "c9e53ba0d14e4e16b9758a9a566f84ac" member_type: VOTER last_known_addr { host: "127.18.22.193" port: 45965 } }
I20260709 14:53:23.194646 18852 raft_consensus.cc:385] T 68515fb68374456fa3fd15beb87d2c3d P 9cf305bc95254cb898c05c5f9aec6119 [term 0 FOLLOWER]: Consensus starting up: Expiring failure detector timer to make a prompt election more likely
I20260709 14:53:23.194944 18852 raft_consensus.cc:740] T 68515fb68374456fa3fd15beb87d2c3d P 9cf305bc95254cb898c05c5f9aec6119 [term 0 FOLLOWER]: Becoming Follower/Learner. State: Replica: 9cf305bc95254cb898c05c5f9aec6119, State: Initialized, Role: FOLLOWER
I20260709 14:53:23.195233 18733 tablet_service.cc:1917] Received RequestConsensusVote() RPC: tablet_id: "c828999b293144e8bb8688599ea99004" candidate_uuid: "07d4cea4019f435ea5d14f5eb482aac9" candidate_term: 1 candidate_status { last_received { term: 0 index: 0 } } ignore_live_leader: false dest_uuid: "9cf305bc95254cb898c05c5f9aec6119"
I20260709 14:53:23.195765 18733 raft_consensus.cc:3060] T c828999b293144e8bb8688599ea99004 P 9cf305bc95254cb898c05c5f9aec6119 [term 0 FOLLOWER]: Advancing to term 1
I20260709 14:53:23.195580 18852 consensus_queue.cc:260] T 68515fb68374456fa3fd15beb87d2c3d P 9cf305bc95254cb898c05c5f9aec6119 [NON_LEADER]: Queue going to NON_LEADER mode. State: All replicated index: 0, Majority replicated index: 0, Committed index: 0, Last appended: 0.0, Last appended by leader: 0, Current term: 0, Majority size: -1, State: 0, Mode: NON_LEADER, active raft config: opid_index: -1 OBSOLETE_local: false peers { permanent_uuid: "9cf305bc95254cb898c05c5f9aec6119" member_type: VOTER last_known_addr { host: "127.18.22.194" port: 35771 } } peers { permanent_uuid: "07d4cea4019f435ea5d14f5eb482aac9" member_type: VOTER last_known_addr { host: "127.18.22.195" port: 39217 } } peers { permanent_uuid: "c9e53ba0d14e4e16b9758a9a566f84ac" member_type: VOTER last_known_addr { host: "127.18.22.193" port: 45965 } }
I20260709 14:53:23.197099 18857 leader_election.cc:290] T c828999b293144e8bb8688599ea99004 P 07d4cea4019f435ea5d14f5eb482aac9 [CANDIDATE]: Term 1 election: Requested vote from peers c9e53ba0d14e4e16b9758a9a566f84ac (127.18.22.193:45965), 9cf305bc95254cb898c05c5f9aec6119 (127.18.22.194:35771)
I20260709 14:53:23.200254 18850 tablet_bootstrap.cc:654] T c828999b293144e8bb8688599ea99004 P c9e53ba0d14e4e16b9758a9a566f84ac: Neither blocks nor log segments found. Creating new log.
I20260709 14:53:23.204042 18773 leader_election.cc:304] T 4b06f1cceaac4cb39312b9bf21d94fe3 P 07d4cea4019f435ea5d14f5eb482aac9 [CANDIDATE]: Term 1 pre-election: Election decided. Result: candidate lost. Election summary: received 3 responses out of 3 voters: 1 yes votes; 2 no votes. yes voters: 07d4cea4019f435ea5d14f5eb482aac9; no voters: 9cf305bc95254cb898c05c5f9aec6119, c9e53ba0d14e4e16b9758a9a566f84ac
I20260709 14:53:23.205530 18857 raft_consensus.cc:2749] T 4b06f1cceaac4cb39312b9bf21d94fe3 P 07d4cea4019f435ea5d14f5eb482aac9 [term 0 FOLLOWER]: Leader pre-election lost for term 1. Reason: could not achieve majority
W20260709 14:53:23.205914 18773 outbound_call.cc:321] RPC callback for RPC call kudu.consensus.ConsensusService.RequestConsensusVote -> {remote=127.18.22.193:45965, user_credentials={real_user=slave}} blocked reactor thread for 50216.5us
I20260709 14:53:23.206472 18852 ts_tablet_manager.cc:1434] T 68515fb68374456fa3fd15beb87d2c3d P 9cf305bc95254cb898c05c5f9aec6119: Time spent starting tablet: real 0.028s	user 0.007s	sys 0.000s
I20260709 14:53:23.206067 18553 catalog_manager.cc:5697] T 2db3a013856f43c292c83adbb41e544a P 9cf305bc95254cb898c05c5f9aec6119 reported cstate change: term changed from 0 to 1, leader changed from <none> to 9cf305bc95254cb898c05c5f9aec6119 (127.18.22.194). New cstate: current_term: 1 leader_uuid: "9cf305bc95254cb898c05c5f9aec6119" committed_config { opid_index: -1 OBSOLETE_local: false peers { permanent_uuid: "c9e53ba0d14e4e16b9758a9a566f84ac" member_type: VOTER last_known_addr { host: "127.18.22.193" port: 45965 } health_report { overall_health: UNKNOWN } } peers { permanent_uuid: "9cf305bc95254cb898c05c5f9aec6119" member_type: VOTER last_known_addr { host: "127.18.22.194" port: 35771 } health_report { overall_health: HEALTHY } } peers { permanent_uuid: "07d4cea4019f435ea5d14f5eb482aac9" member_type: VOTER last_known_addr { host: "127.18.22.195" port: 39217 } health_report { overall_health: UNKNOWN } } }
I20260709 14:53:23.207357 18852 tablet_bootstrap.cc:492] T 2138407af3664af495ce1a5e68df77ed P 9cf305bc95254cb898c05c5f9aec6119: Bootstrap starting.
I20260709 14:53:23.207336 18657 tablet_service.cc:1917] Received RequestConsensusVote() RPC: tablet_id: "c828999b293144e8bb8688599ea99004" candidate_uuid: "07d4cea4019f435ea5d14f5eb482aac9" candidate_term: 1 candidate_status { last_received { term: 0 index: 0 } } ignore_live_leader: false dest_uuid: "c9e53ba0d14e4e16b9758a9a566f84ac" is_pre_election: true
I20260709 14:53:23.211555 18733 raft_consensus.cc:2468] T c828999b293144e8bb8688599ea99004 P 9cf305bc95254cb898c05c5f9aec6119 [term 1 FOLLOWER]: Leader election vote request: Granting yes vote for candidate 07d4cea4019f435ea5d14f5eb482aac9 in term 1.
W20260709 14:53:23.212936 18773 leader_election.cc:343] T c828999b293144e8bb8688599ea99004 P 07d4cea4019f435ea5d14f5eb482aac9 [CANDIDATE]: Term 1 pre-election: Tablet error from VoteRequest() call to peer c9e53ba0d14e4e16b9758a9a566f84ac (127.18.22.193:45965): Illegal state: must be running to vote when last-logged opid is not known
I20260709 14:53:23.212942 18771 leader_election.cc:304] T c828999b293144e8bb8688599ea99004 P 07d4cea4019f435ea5d14f5eb482aac9 [CANDIDATE]: Term 1 election: Election decided. Result: candidate won. Election summary: received 2 responses out of 3 voters: 2 yes votes; 0 no votes. yes voters: 07d4cea4019f435ea5d14f5eb482aac9, 9cf305bc95254cb898c05c5f9aec6119; no voters: 
I20260709 14:53:23.213961 18857 raft_consensus.cc:2804] T c828999b293144e8bb8688599ea99004 P 07d4cea4019f435ea5d14f5eb482aac9 [term 1 FOLLOWER]: Leader election won for term 1
I20260709 14:53:23.214392 18857 raft_consensus.cc:697] T c828999b293144e8bb8688599ea99004 P 07d4cea4019f435ea5d14f5eb482aac9 [term 1 LEADER]: Becoming Leader. State: Replica: 07d4cea4019f435ea5d14f5eb482aac9, State: Running, Role: LEADER
I20260709 14:53:23.214578 18657 tablet_service.cc:1917] Received RequestConsensusVote() RPC: tablet_id: "c828999b293144e8bb8688599ea99004" candidate_uuid: "07d4cea4019f435ea5d14f5eb482aac9" candidate_term: 1 candidate_status { last_received { term: 0 index: 0 } } ignore_live_leader: false dest_uuid: "c9e53ba0d14e4e16b9758a9a566f84ac"
I20260709 14:53:23.215202 18857 consensus_queue.cc:237] T c828999b293144e8bb8688599ea99004 P 07d4cea4019f435ea5d14f5eb482aac9 [LEADER]: Queue going to LEADER mode. State: All replicated index: 0, Majority replicated index: 0, Committed index: 0, Last appended: 0.0, Last appended by leader: 0, Current term: 1, Majority size: 2, State: 0, Mode: LEADER, active raft config: opid_index: -1 OBSOLETE_local: false peers { permanent_uuid: "c9e53ba0d14e4e16b9758a9a566f84ac" member_type: VOTER last_known_addr { host: "127.18.22.193" port: 45965 } } peers { permanent_uuid: "9cf305bc95254cb898c05c5f9aec6119" member_type: VOTER last_known_addr { host: "127.18.22.194" port: 35771 } } peers { permanent_uuid: "07d4cea4019f435ea5d14f5eb482aac9" member_type: VOTER last_known_addr { host: "127.18.22.195" port: 39217 } }
I20260709 14:53:23.216776 18852 tablet_bootstrap.cc:654] T 2138407af3664af495ce1a5e68df77ed P 9cf305bc95254cb898c05c5f9aec6119: Neither blocks nor log segments found. Creating new log.
W20260709 14:53:23.220875 18773 leader_election.cc:343] T c828999b293144e8bb8688599ea99004 P 07d4cea4019f435ea5d14f5eb482aac9 [CANDIDATE]: Term 1 election: Tablet error from VoteRequest() call to peer c9e53ba0d14e4e16b9758a9a566f84ac (127.18.22.193:45965): Illegal state: must be running to vote when last-logged opid is not known
I20260709 14:53:23.227928 18851 tablet_bootstrap.cc:492] T 2138407af3664af495ce1a5e68df77ed P 07d4cea4019f435ea5d14f5eb482aac9: No bootstrap required, opened a new log
I20260709 14:53:23.229027 18851 ts_tablet_manager.cc:1403] T 2138407af3664af495ce1a5e68df77ed P 07d4cea4019f435ea5d14f5eb482aac9: Time spent bootstrapping tablet: real 0.055s	user 0.009s	sys 0.014s
I20260709 14:53:23.226609 18554 catalog_manager.cc:5697] T cebbc556a3af4792a55ca81ce26408f7 P 9cf305bc95254cb898c05c5f9aec6119 reported cstate change: term changed from 0 to 1, leader changed from <none> to 9cf305bc95254cb898c05c5f9aec6119 (127.18.22.194). New cstate: current_term: 1 leader_uuid: "9cf305bc95254cb898c05c5f9aec6119" committed_config { opid_index: -1 OBSOLETE_local: false peers { permanent_uuid: "c9e53ba0d14e4e16b9758a9a566f84ac" member_type: VOTER last_known_addr { host: "127.18.22.193" port: 45965 } health_report { overall_health: UNKNOWN } } peers { permanent_uuid: "9cf305bc95254cb898c05c5f9aec6119" member_type: VOTER last_known_addr { host: "127.18.22.194" port: 35771 } health_report { overall_health: HEALTHY } } peers { permanent_uuid: "07d4cea4019f435ea5d14f5eb482aac9" member_type: VOTER last_known_addr { host: "127.18.22.195" port: 39217 } health_report { overall_health: UNKNOWN } } }
I20260709 14:53:23.236454 18864 raft_consensus.cc:493] T 68515fb68374456fa3fd15beb87d2c3d P 9cf305bc95254cb898c05c5f9aec6119 [term 0 FOLLOWER]: Starting pre-election (no leader contacted us within the election timeout)
I20260709 14:53:23.251013 18857 raft_consensus.cc:493] T 8726f6a404f44fd29e216b2208c50a7f P 07d4cea4019f435ea5d14f5eb482aac9 [term 0 FOLLOWER]: Starting pre-election (no leader contacted us within the election timeout)
I20260709 14:53:23.243235 18851 raft_consensus.cc:359] T 2138407af3664af495ce1a5e68df77ed P 07d4cea4019f435ea5d14f5eb482aac9 [term 0 FOLLOWER]: Replica starting. Triggering 0 pending ops. Active config: opid_index: -1 OBSOLETE_local: false peers { permanent_uuid: "c9e53ba0d14e4e16b9758a9a566f84ac" member_type: VOTER last_known_addr { host: "127.18.22.193" port: 45965 } } peers { permanent_uuid: "9cf305bc95254cb898c05c5f9aec6119" member_type: VOTER last_known_addr { host: "127.18.22.194" port: 35771 } } peers { permanent_uuid: "07d4cea4019f435ea5d14f5eb482aac9" member_type: VOTER last_known_addr { host: "127.18.22.195" port: 39217 } }
I20260709 14:53:23.251948 18851 raft_consensus.cc:385] T 2138407af3664af495ce1a5e68df77ed P 07d4cea4019f435ea5d14f5eb482aac9 [term 0 FOLLOWER]: Consensus starting up: Expiring failure detector timer to make a prompt election more likely
I20260709 14:53:23.251619 18857 raft_consensus.cc:515] T 8726f6a404f44fd29e216b2208c50a7f P 07d4cea4019f435ea5d14f5eb482aac9 [term 0 FOLLOWER]: Starting pre-election with config: opid_index: -1 OBSOLETE_local: false peers { permanent_uuid: "c9e53ba0d14e4e16b9758a9a566f84ac" member_type: VOTER last_known_addr { host: "127.18.22.193" port: 45965 } } peers { permanent_uuid: "9cf305bc95254cb898c05c5f9aec6119" member_type: VOTER last_known_addr { host: "127.18.22.194" port: 35771 } } peers { permanent_uuid: "07d4cea4019f435ea5d14f5eb482aac9" member_type: VOTER last_known_addr { host: "127.18.22.195" port: 39217 } }
I20260709 14:53:23.252219 18851 raft_consensus.cc:740] T 2138407af3664af495ce1a5e68df77ed P 07d4cea4019f435ea5d14f5eb482aac9 [term 0 FOLLOWER]: Becoming Follower/Learner. State: Replica: 07d4cea4019f435ea5d14f5eb482aac9, State: Initialized, Role: FOLLOWER
I20260709 14:53:23.252997 18851 consensus_queue.cc:260] T 2138407af3664af495ce1a5e68df77ed P 07d4cea4019f435ea5d14f5eb482aac9 [NON_LEADER]: Queue going to NON_LEADER mode. State: All replicated index: 0, Majority replicated index: 0, Committed index: 0, Last appended: 0.0, Last appended by leader: 0, Current term: 0, Majority size: -1, State: 0, Mode: NON_LEADER, active raft config: opid_index: -1 OBSOLETE_local: false peers { permanent_uuid: "c9e53ba0d14e4e16b9758a9a566f84ac" member_type: VOTER last_known_addr { host: "127.18.22.193" port: 45965 } } peers { permanent_uuid: "9cf305bc95254cb898c05c5f9aec6119" member_type: VOTER last_known_addr { host: "127.18.22.194" port: 35771 } } peers { permanent_uuid: "07d4cea4019f435ea5d14f5eb482aac9" member_type: VOTER last_known_addr { host: "127.18.22.195" port: 39217 } }
I20260709 14:53:23.253979 18857 leader_election.cc:290] T 8726f6a404f44fd29e216b2208c50a7f P 07d4cea4019f435ea5d14f5eb482aac9 [CANDIDATE]: Term 1 pre-election: Requested pre-vote from peers c9e53ba0d14e4e16b9758a9a566f84ac (127.18.22.193:45965), 9cf305bc95254cb898c05c5f9aec6119 (127.18.22.194:35771)
I20260709 14:53:23.254478 18850 tablet_bootstrap.cc:492] T c828999b293144e8bb8688599ea99004 P c9e53ba0d14e4e16b9758a9a566f84ac: No bootstrap required, opened a new log
I20260709 14:53:23.254801 18851 ts_tablet_manager.cc:1434] T 2138407af3664af495ce1a5e68df77ed P 07d4cea4019f435ea5d14f5eb482aac9: Time spent starting tablet: real 0.025s	user 0.005s	sys 0.002s
I20260709 14:53:23.255141 18850 ts_tablet_manager.cc:1403] T c828999b293144e8bb8688599ea99004 P c9e53ba0d14e4e16b9758a9a566f84ac: Time spent bootstrapping tablet: real 0.087s	user 0.030s	sys 0.015s
I20260709 14:53:23.255614 18851 tablet_bootstrap.cc:492] T bcfe07c43b684b9b8c5243714611815c P 07d4cea4019f435ea5d14f5eb482aac9: Bootstrap starting.
I20260709 14:53:23.255550 18657 tablet_service.cc:1917] Received RequestConsensusVote() RPC: tablet_id: "8726f6a404f44fd29e216b2208c50a7f" candidate_uuid: "07d4cea4019f435ea5d14f5eb482aac9" candidate_term: 1 candidate_status { last_received { term: 0 index: 0 } } ignore_live_leader: false dest_uuid: "c9e53ba0d14e4e16b9758a9a566f84ac" is_pre_election: true
I20260709 14:53:23.256258 18657 raft_consensus.cc:2468] T 8726f6a404f44fd29e216b2208c50a7f P c9e53ba0d14e4e16b9758a9a566f84ac [term 0 FOLLOWER]: Leader pre-election vote request: Granting yes vote for candidate 07d4cea4019f435ea5d14f5eb482aac9 in term 0.
I20260709 14:53:23.243067 18552 catalog_manager.cc:5697] T c828999b293144e8bb8688599ea99004 P 07d4cea4019f435ea5d14f5eb482aac9 reported cstate change: term changed from 0 to 1, leader changed from <none> to 07d4cea4019f435ea5d14f5eb482aac9 (127.18.22.195). New cstate: current_term: 1 leader_uuid: "07d4cea4019f435ea5d14f5eb482aac9" committed_config { opid_index: -1 OBSOLETE_local: false peers { permanent_uuid: "c9e53ba0d14e4e16b9758a9a566f84ac" member_type: VOTER last_known_addr { host: "127.18.22.193" port: 45965 } health_report { overall_health: UNKNOWN } } peers { permanent_uuid: "9cf305bc95254cb898c05c5f9aec6119" member_type: VOTER last_known_addr { host: "127.18.22.194" port: 35771 } health_report { overall_health: UNKNOWN } } peers { permanent_uuid: "07d4cea4019f435ea5d14f5eb482aac9" member_type: VOTER last_known_addr { host: "127.18.22.195" port: 39217 } health_report { overall_health: HEALTHY } } }
I20260709 14:53:23.258306 18733 tablet_service.cc:1917] Received RequestConsensusVote() RPC: tablet_id: "8726f6a404f44fd29e216b2208c50a7f" candidate_uuid: "07d4cea4019f435ea5d14f5eb482aac9" candidate_term: 1 candidate_status { last_received { term: 0 index: 0 } } ignore_live_leader: false dest_uuid: "9cf305bc95254cb898c05c5f9aec6119" is_pre_election: true
I20260709 14:53:23.258708 18850 raft_consensus.cc:359] T c828999b293144e8bb8688599ea99004 P c9e53ba0d14e4e16b9758a9a566f84ac [term 0 FOLLOWER]: Replica starting. Triggering 0 pending ops. Active config: opid_index: -1 OBSOLETE_local: false peers { permanent_uuid: "c9e53ba0d14e4e16b9758a9a566f84ac" member_type: VOTER last_known_addr { host: "127.18.22.193" port: 45965 } } peers { permanent_uuid: "9cf305bc95254cb898c05c5f9aec6119" member_type: VOTER last_known_addr { host: "127.18.22.194" port: 35771 } } peers { permanent_uuid: "07d4cea4019f435ea5d14f5eb482aac9" member_type: VOTER last_known_addr { host: "127.18.22.195" port: 39217 } }
I20260709 14:53:23.259397 18850 raft_consensus.cc:385] T c828999b293144e8bb8688599ea99004 P c9e53ba0d14e4e16b9758a9a566f84ac [term 0 FOLLOWER]: Consensus starting up: Expiring failure detector timer to make a prompt election more likely
I20260709 14:53:23.259678 18850 raft_consensus.cc:740] T c828999b293144e8bb8688599ea99004 P c9e53ba0d14e4e16b9758a9a566f84ac [term 0 FOLLOWER]: Becoming Follower/Learner. State: Replica: c9e53ba0d14e4e16b9758a9a566f84ac, State: Initialized, Role: FOLLOWER
I20260709 14:53:23.259864 18773 leader_election.cc:304] T 8726f6a404f44fd29e216b2208c50a7f P 07d4cea4019f435ea5d14f5eb482aac9 [CANDIDATE]: Term 1 pre-election: Election decided. Result: candidate won. Election summary: received 2 responses out of 3 voters: 2 yes votes; 0 no votes. yes voters: 07d4cea4019f435ea5d14f5eb482aac9, c9e53ba0d14e4e16b9758a9a566f84ac; no voters: 
I20260709 14:53:23.258958 18733 raft_consensus.cc:2468] T 8726f6a404f44fd29e216b2208c50a7f P 9cf305bc95254cb898c05c5f9aec6119 [term 0 FOLLOWER]: Leader pre-election vote request: Granting yes vote for candidate 07d4cea4019f435ea5d14f5eb482aac9 in term 0.
I20260709 14:53:23.261128 18850 consensus_queue.cc:260] T c828999b293144e8bb8688599ea99004 P c9e53ba0d14e4e16b9758a9a566f84ac [NON_LEADER]: Queue going to NON_LEADER mode. State: All replicated index: 0, Majority replicated index: 0, Committed index: 0, Last appended: 0.0, Last appended by leader: 0, Current term: 0, Majority size: -1, State: 0, Mode: NON_LEADER, active raft config: opid_index: -1 OBSOLETE_local: false peers { permanent_uuid: "c9e53ba0d14e4e16b9758a9a566f84ac" member_type: VOTER last_known_addr { host: "127.18.22.193" port: 45965 } } peers { permanent_uuid: "9cf305bc95254cb898c05c5f9aec6119" member_type: VOTER last_known_addr { host: "127.18.22.194" port: 35771 } } peers { permanent_uuid: "07d4cea4019f435ea5d14f5eb482aac9" member_type: VOTER last_known_addr { host: "127.18.22.195" port: 39217 } }
I20260709 14:53:23.263406 18850 ts_tablet_manager.cc:1434] T c828999b293144e8bb8688599ea99004 P c9e53ba0d14e4e16b9758a9a566f84ac: Time spent starting tablet: real 0.008s	user 0.003s	sys 0.002s
I20260709 14:53:23.264253 18850 tablet_bootstrap.cc:492] T 4b06f1cceaac4cb39312b9bf21d94fe3 P c9e53ba0d14e4e16b9758a9a566f84ac: Bootstrap starting.
I20260709 14:53:23.261876 18857 raft_consensus.cc:2804] T 8726f6a404f44fd29e216b2208c50a7f P 07d4cea4019f435ea5d14f5eb482aac9 [term 0 FOLLOWER]: Leader pre-election won for term 1
I20260709 14:53:23.264833 18857 raft_consensus.cc:493] T 8726f6a404f44fd29e216b2208c50a7f P 07d4cea4019f435ea5d14f5eb482aac9 [term 0 FOLLOWER]: Starting leader election (no leader contacted us within the election timeout)
I20260709 14:53:23.265184 18857 raft_consensus.cc:3060] T 8726f6a404f44fd29e216b2208c50a7f P 07d4cea4019f435ea5d14f5eb482aac9 [term 0 FOLLOWER]: Advancing to term 1
I20260709 14:53:23.270002 18850 tablet_bootstrap.cc:654] T 4b06f1cceaac4cb39312b9bf21d94fe3 P c9e53ba0d14e4e16b9758a9a566f84ac: Neither blocks nor log segments found. Creating new log.
I20260709 14:53:23.274746 18851 tablet_bootstrap.cc:654] T bcfe07c43b684b9b8c5243714611815c P 07d4cea4019f435ea5d14f5eb482aac9: Neither blocks nor log segments found. Creating new log.
I20260709 14:53:23.277235 18864 raft_consensus.cc:515] T 68515fb68374456fa3fd15beb87d2c3d P 9cf305bc95254cb898c05c5f9aec6119 [term 0 FOLLOWER]: Starting pre-election with config: opid_index: -1 OBSOLETE_local: false peers { permanent_uuid: "9cf305bc95254cb898c05c5f9aec6119" member_type: VOTER last_known_addr { host: "127.18.22.194" port: 35771 } } peers { permanent_uuid: "07d4cea4019f435ea5d14f5eb482aac9" member_type: VOTER last_known_addr { host: "127.18.22.195" port: 39217 } } peers { permanent_uuid: "c9e53ba0d14e4e16b9758a9a566f84ac" member_type: VOTER last_known_addr { host: "127.18.22.193" port: 45965 } }
I20260709 14:53:23.280824 18850 tablet_bootstrap.cc:492] T 4b06f1cceaac4cb39312b9bf21d94fe3 P c9e53ba0d14e4e16b9758a9a566f84ac: No bootstrap required, opened a new log
I20260709 14:53:23.286475 18806 tablet_service.cc:1917] Received RequestConsensusVote() RPC: tablet_id: "68515fb68374456fa3fd15beb87d2c3d" candidate_uuid: "9cf305bc95254cb898c05c5f9aec6119" candidate_term: 1 candidate_status { last_received { term: 0 index: 0 } } ignore_live_leader: false dest_uuid: "07d4cea4019f435ea5d14f5eb482aac9" is_pre_election: true
I20260709 14:53:23.287057 18850 ts_tablet_manager.cc:1403] T 4b06f1cceaac4cb39312b9bf21d94fe3 P c9e53ba0d14e4e16b9758a9a566f84ac: Time spent bootstrapping tablet: real 0.023s	user 0.005s	sys 0.011s
I20260709 14:53:23.287228 18657 tablet_service.cc:1917] Received RequestConsensusVote() RPC: tablet_id: "68515fb68374456fa3fd15beb87d2c3d" candidate_uuid: "9cf305bc95254cb898c05c5f9aec6119" candidate_term: 1 candidate_status { last_received { term: 0 index: 0 } } ignore_live_leader: false dest_uuid: "c9e53ba0d14e4e16b9758a9a566f84ac" is_pre_election: true
I20260709 14:53:23.288009 18657 raft_consensus.cc:2393] T 68515fb68374456fa3fd15beb87d2c3d P c9e53ba0d14e4e16b9758a9a566f84ac [term 1 FOLLOWER]: Leader pre-election vote request: Denying vote to candidate 9cf305bc95254cb898c05c5f9aec6119 in current term 1: Already voted for candidate 07d4cea4019f435ea5d14f5eb482aac9 in this term.
I20260709 14:53:23.283370 18852 tablet_bootstrap.cc:492] T 2138407af3664af495ce1a5e68df77ed P 9cf305bc95254cb898c05c5f9aec6119: No bootstrap required, opened a new log
I20260709 14:53:23.288504 18852 ts_tablet_manager.cc:1403] T 2138407af3664af495ce1a5e68df77ed P 9cf305bc95254cb898c05c5f9aec6119: Time spent bootstrapping tablet: real 0.081s	user 0.022s	sys 0.027s
I20260709 14:53:23.289222 18699 leader_election.cc:304] T 68515fb68374456fa3fd15beb87d2c3d P 9cf305bc95254cb898c05c5f9aec6119 [CANDIDATE]: Term 1 pre-election: Election decided. Result: candidate lost. Election summary: received 3 responses out of 3 voters: 1 yes votes; 2 no votes. yes voters: 9cf305bc95254cb898c05c5f9aec6119; no voters: 07d4cea4019f435ea5d14f5eb482aac9, c9e53ba0d14e4e16b9758a9a566f84ac
I20260709 14:53:23.290094 18862 raft_consensus.cc:3060] T 68515fb68374456fa3fd15beb87d2c3d P 9cf305bc95254cb898c05c5f9aec6119 [term 0 FOLLOWER]: Advancing to term 1
I20260709 14:53:23.291190 18852 raft_consensus.cc:359] T 2138407af3664af495ce1a5e68df77ed P 9cf305bc95254cb898c05c5f9aec6119 [term 0 FOLLOWER]: Replica starting. Triggering 0 pending ops. Active config: opid_index: -1 OBSOLETE_local: false peers { permanent_uuid: "c9e53ba0d14e4e16b9758a9a566f84ac" member_type: VOTER last_known_addr { host: "127.18.22.193" port: 45965 } } peers { permanent_uuid: "9cf305bc95254cb898c05c5f9aec6119" member_type: VOTER last_known_addr { host: "127.18.22.194" port: 35771 } } peers { permanent_uuid: "07d4cea4019f435ea5d14f5eb482aac9" member_type: VOTER last_known_addr { host: "127.18.22.195" port: 39217 } }
I20260709 14:53:23.291858 18852 raft_consensus.cc:385] T 2138407af3664af495ce1a5e68df77ed P 9cf305bc95254cb898c05c5f9aec6119 [term 0 FOLLOWER]: Consensus starting up: Expiring failure detector timer to make a prompt election more likely
I20260709 14:53:23.292132 18852 raft_consensus.cc:740] T 2138407af3664af495ce1a5e68df77ed P 9cf305bc95254cb898c05c5f9aec6119 [term 0 FOLLOWER]: Becoming Follower/Learner. State: Replica: 9cf305bc95254cb898c05c5f9aec6119, State: Initialized, Role: FOLLOWER
I20260709 14:53:23.284003 18857 raft_consensus.cc:515] T 8726f6a404f44fd29e216b2208c50a7f P 07d4cea4019f435ea5d14f5eb482aac9 [term 1 FOLLOWER]: Starting leader election with config: opid_index: -1 OBSOLETE_local: false peers { permanent_uuid: "c9e53ba0d14e4e16b9758a9a566f84ac" member_type: VOTER last_known_addr { host: "127.18.22.193" port: 45965 } } peers { permanent_uuid: "9cf305bc95254cb898c05c5f9aec6119" member_type: VOTER last_known_addr { host: "127.18.22.194" port: 35771 } } peers { permanent_uuid: "07d4cea4019f435ea5d14f5eb482aac9" member_type: VOTER last_known_addr { host: "127.18.22.195" port: 39217 } }
