[==========] Running 8 tests from 2 test suites.
[----------] Global test environment set-up.
[----------] 6 tests from LeaderRebalancerTest
[ RUN      ] LeaderRebalancerTest.FunctionalTestForDivided
WARNING: Logging before InitGoogleLogging() is written to STDERR
I20260709 14:45:41.145159   432 internal_mini_cluster.cc:156] Creating distributed mini masters. Addrs: 127.0.108.62:38623
I20260709 14:45:41.146965   432 env_posix.cc:2285] Not raising this process' open files per process limit of 1048576; it is already as high as it can go
I20260709 14:45:41.148066   432 file_cache.cc:504] Constructed file cache file cache with capacity 419430
W20260709 14:45:41.167240   438 instance_detector.cc:116] could not retrieve AWS instance metadata: Network error: curl error: HTTP response code said error: The requested URL returned error: 404
W20260709 14:45:41.170042   441 instance_detector.cc:116] could not retrieve OpenStack instance metadata: Network error: curl error: HTTP response code said error: The requested URL returned error: 404
W20260709 14:45:41.167440   439 instance_detector.cc:116] could not retrieve Azure instance metadata: Network error: curl error: HTTP response code said error: The requested URL returned error: 404
W20260709 14:45:42.473637   440 instance_detector.cc:116] could not retrieve GCE instance metadata: Timed out: curl timeout: Timeout was reached: Resolving timed out after 1305 milliseconds
I20260709 14:45:42.473779   432 server_base.cc:1056] Not found: could not retrieve instance metadata: unable to detect cloud type of this node, probably running in non-cloud environment
I20260709 14:45:42.475361   432 hybrid_clock.cc:584] initializing the hybrid clock with 'system_unsync' time source
W20260709 14:45:42.475677   432 system_unsync_time.cc:38] NTP support is disabled. Clock error bounds will not be accurate. This configuration is not suitable for distributed clusters.
I20260709 14:45:42.475901   432 hybrid_clock.cc:648] HybridClock initialized: now 1783608342475877 us; error 0 us; skew 500 ppm
I20260709 14:45:42.476802   432 server_base.cc:861] Flag tcmalloc_max_total_thread_cache_bytes is not working since tcmalloc is not enabled.
I20260709 14:45:42.484473   432 webserver.cc:533] Webserver started at http://127.0.108.62:45089/ using document root <none> and password file <none>
I20260709 14:45:42.485570   432 fs_manager.cc:362] Metadata directory not provided
I20260709 14:45:42.485867   432 fs_manager.cc:368] Using write-ahead log directory (fs_wal_dir) as metadata directory
I20260709 14:45:42.486390   432 server_base.cc:909] This appears to be a new deployment of Kudu; creating new FS layout
I20260709 14:45:42.492588   432 fs_manager.cc:1068] Generated new instance metadata in path /tmp/dist-test-tasksI6BOx/test-tmp/auto_leader_rebalancer-test.0.LeaderRebalancerTest.FunctionalTestForDivided.1783608340963211-432-0/minicluster-data/master-0-root/instance:
uuid: "692821508f7f4786b18d961486db903f"
format_stamp: "Formatted at 2026-07-09 14:45:42 on dist-test-slave-5tjq"
I20260709 14:45:42.501804   432 fs_manager.cc:696] Time spent creating directory manager: real 0.008s	user 0.010s	sys 0.000s
I20260709 14:45:42.507619   447 log_block_manager.cc:4127] Time spent loading block containers with low live blocks: real 0.000s	user 0.000s	sys 0.000s
I20260709 14:45:42.508850   432 fs_manager.cc:730] Time spent opening block manager: real 0.004s	user 0.005s	sys 0.000s
I20260709 14:45:42.509292   432 fs_manager.cc:647] Opened local filesystem: /tmp/dist-test-tasksI6BOx/test-tmp/auto_leader_rebalancer-test.0.LeaderRebalancerTest.FunctionalTestForDivided.1783608340963211-432-0/minicluster-data/master-0-root
uuid: "692821508f7f4786b18d961486db903f"
format_stamp: "Formatted at 2026-07-09 14:45:42 on dist-test-slave-5tjq"
I20260709 14:45:42.509681   432 fs_report.cc:389] FS layout report
--------------------
wal directory: /tmp/dist-test-tasksI6BOx/test-tmp/auto_leader_rebalancer-test.0.LeaderRebalancerTest.FunctionalTestForDivided.1783608340963211-432-0/minicluster-data/master-0-root
metadata directory: /tmp/dist-test-tasksI6BOx/test-tmp/auto_leader_rebalancer-test.0.LeaderRebalancerTest.FunctionalTestForDivided.1783608340963211-432-0/minicluster-data/master-0-root
1 data directories: /tmp/dist-test-tasksI6BOx/test-tmp/auto_leader_rebalancer-test.0.LeaderRebalancerTest.FunctionalTestForDivided.1783608340963211-432-0/minicluster-data/master-0-root/data
Total live blocks: 0
Total live bytes: 0
Total live bytes (after alignment): 0
Total number of LBM containers: 0 (0 full)
Did not check for missing blocks
Did not check for orphaned blocks
Total full LBM containers with extra space: 0 (0 repaired)
Total full LBM container extra space in bytes: 0 (0 repaired)
Total incomplete LBM containers: 0 (0 repaired)
Total LBM partial records: 0 (0 repaired)
Total corrupted LBM metadata records in RocksDB: 0 (0 repaired)
I20260709 14:45:42.575102   432 rpc_server.cc:225] running with OpenSSL 1.1.1  11 Sep 2018
I20260709 14:45:42.576812   432 env_posix.cc:2285] Not raising this process' running threads per effective uid limit of 18446744073709551615; it is already as high as it can go
I20260709 14:45:42.577378   432 kserver.cc:163] Server-wide thread pool size limit: 3276
I20260709 14:45:42.670486   432 rpc_server.cc:307] RPC server started. Bound to: 127.0.108.62:38623
I20260709 14:45:42.670621   498 acceptor_pool.cc:272] collecting diagnostics on the listening RPC socket 127.0.108.62:38623 every 8 connection(s)
I20260709 14:45:42.680024   499 data_dirs.cc:400] Could only allocate 1 dirs of requested 3 for tablet 00000000000000000000000000000000. 1 dirs total, 0 dirs full, 0 dirs failed
I20260709 14:45:42.704617   499 tablet_bootstrap.cc:492] T 00000000000000000000000000000000 P 692821508f7f4786b18d961486db903f: Bootstrap starting.
I20260709 14:45:42.711282   499 tablet_bootstrap.cc:654] T 00000000000000000000000000000000 P 692821508f7f4786b18d961486db903f: Neither blocks nor log segments found. Creating new log.
I20260709 14:45:42.713363   499 log.cc:826] T 00000000000000000000000000000000 P 692821508f7f4786b18d961486db903f: Log is configured to *not* fsync() on all Append() calls
I20260709 14:45:42.719005   499 tablet_bootstrap.cc:492] T 00000000000000000000000000000000 P 692821508f7f4786b18d961486db903f: No bootstrap required, opened a new log
I20260709 14:45:42.741506   499 raft_consensus.cc:359] T 00000000000000000000000000000000 P 692821508f7f4786b18d961486db903f [term 0 FOLLOWER]: Replica starting. Triggering 0 pending ops. Active config: opid_index: -1 OBSOLETE_local: true peers { permanent_uuid: "692821508f7f4786b18d961486db903f" member_type: VOTER }
I20260709 14:45:42.742122   499 raft_consensus.cc:385] T 00000000000000000000000000000000 P 692821508f7f4786b18d961486db903f [term 0 FOLLOWER]: Consensus starting up: Expiring failure detector timer to make a prompt election more likely
I20260709 14:45:42.742444   499 raft_consensus.cc:740] T 00000000000000000000000000000000 P 692821508f7f4786b18d961486db903f [term 0 FOLLOWER]: Becoming Follower/Learner. State: Replica: 692821508f7f4786b18d961486db903f, State: Initialized, Role: FOLLOWER
I20260709 14:45:42.743448   499 consensus_queue.cc:260] T 00000000000000000000000000000000 P 692821508f7f4786b18d961486db903f [NON_LEADER]: Queue going to NON_LEADER mode. State: All replicated index: 0, Majority replicated index: 0, Committed index: 0, Last appended: 0.0, Last appended by leader: 0, Current term: 0, Majority size: -1, State: 0, Mode: NON_LEADER, active raft config: opid_index: -1 OBSOLETE_local: true peers { permanent_uuid: "692821508f7f4786b18d961486db903f" member_type: VOTER }
I20260709 14:45:42.744004   499 raft_consensus.cc:399] T 00000000000000000000000000000000 P 692821508f7f4786b18d961486db903f [term 0 FOLLOWER]: Only one voter in the Raft config. Triggering election immediately
I20260709 14:45:42.744318   499 raft_consensus.cc:493] T 00000000000000000000000000000000 P 692821508f7f4786b18d961486db903f [term 0 FOLLOWER]: Starting leader election (initial election of a single-replica configuration)
I20260709 14:45:42.744705   499 raft_consensus.cc:3060] T 00000000000000000000000000000000 P 692821508f7f4786b18d961486db903f [term 0 FOLLOWER]: Advancing to term 1
I20260709 14:45:42.749648   499 raft_consensus.cc:515] T 00000000000000000000000000000000 P 692821508f7f4786b18d961486db903f [term 1 FOLLOWER]: Starting leader election with config: opid_index: -1 OBSOLETE_local: true peers { permanent_uuid: "692821508f7f4786b18d961486db903f" member_type: VOTER }
I20260709 14:45:42.750559   499 leader_election.cc:304] T 00000000000000000000000000000000 P 692821508f7f4786b18d961486db903f [CANDIDATE]: Term 1 election: Election decided. Result: candidate won. Election summary: received 1 responses out of 1 voters: 1 yes votes; 0 no votes. yes voters: 692821508f7f4786b18d961486db903f; no voters: 
I20260709 14:45:42.752359   499 leader_election.cc:290] T 00000000000000000000000000000000 P 692821508f7f4786b18d961486db903f [CANDIDATE]: Term 1 election: Requested vote from peers 
I20260709 14:45:42.752790   502 raft_consensus.cc:2804] T 00000000000000000000000000000000 P 692821508f7f4786b18d961486db903f [term 1 FOLLOWER]: Leader election won for term 1
I20260709 14:45:42.756835   502 raft_consensus.cc:697] T 00000000000000000000000000000000 P 692821508f7f4786b18d961486db903f [term 1 LEADER]: Becoming Leader. State: Replica: 692821508f7f4786b18d961486db903f, State: Running, Role: LEADER
I20260709 14:45:42.758050   502 consensus_queue.cc:237] T 00000000000000000000000000000000 P 692821508f7f4786b18d961486db903f [LEADER]: Queue going to LEADER mode. State: All replicated index: 0, Majority replicated index: 0, Committed index: 0, Last appended: 0.0, Last appended by leader: 0, Current term: 1, Majority size: 1, State: 0, Mode: LEADER, active raft config: opid_index: -1 OBSOLETE_local: true peers { permanent_uuid: "692821508f7f4786b18d961486db903f" member_type: VOTER }
I20260709 14:45:42.759426   499 sys_catalog.cc:565] T 00000000000000000000000000000000 P 692821508f7f4786b18d961486db903f [sys.catalog]: configured and running, proceeding with master startup.
I20260709 14:45:42.771925   503 sys_catalog.cc:455] T 00000000000000000000000000000000 P 692821508f7f4786b18d961486db903f [sys.catalog]: SysCatalogTable state changed. Reason: RaftConsensus started. Latest consensus state: current_term: 1 leader_uuid: "692821508f7f4786b18d961486db903f" committed_config { opid_index: -1 OBSOLETE_local: true peers { permanent_uuid: "692821508f7f4786b18d961486db903f" member_type: VOTER } }
I20260709 14:45:42.772614   504 sys_catalog.cc:455] T 00000000000000000000000000000000 P 692821508f7f4786b18d961486db903f [sys.catalog]: SysCatalogTable state changed. Reason: New leader 692821508f7f4786b18d961486db903f. Latest consensus state: current_term: 1 leader_uuid: "692821508f7f4786b18d961486db903f" committed_config { opid_index: -1 OBSOLETE_local: true peers { permanent_uuid: "692821508f7f4786b18d961486db903f" member_type: VOTER } }
I20260709 14:45:42.773540   503 sys_catalog.cc:458] T 00000000000000000000000000000000 P 692821508f7f4786b18d961486db903f [sys.catalog]: This master's current role is: LEADER
I20260709 14:45:42.773630   504 sys_catalog.cc:458] T 00000000000000000000000000000000 P 692821508f7f4786b18d961486db903f [sys.catalog]: This master's current role is: LEADER
I20260709 14:45:42.777751   512 catalog_manager.cc:1511] Loading table and tablet metadata into memory...
I20260709 14:45:42.793200   512 catalog_manager.cc:1520] Initializing Kudu cluster ID...
I20260709 14:45:42.795970   432 internal_mini_cluster.cc:184] Waiting to initialize catalog manager on master 0
I20260709 14:45:42.814173   512 catalog_manager.cc:1383] Generated new cluster ID: 359a6405579d4564bde06affb21b9845
I20260709 14:45:42.814563   512 catalog_manager.cc:1531] Initializing Kudu internal certificate authority...
I20260709 14:45:42.834843   512 catalog_manager.cc:1406] Generated new certificate authority record
I20260709 14:45:42.836673   512 catalog_manager.cc:1540] Loading token signing keys...
I20260709 14:45:42.852246   512 catalog_manager.cc:6070] T 00000000000000000000000000000000 P 692821508f7f4786b18d961486db903f: Generated new TSK 0
I20260709 14:45:42.853399   512 catalog_manager.cc:1550] Initializing in-progress tserver states...
I20260709 14:45:42.863152   432 file_cache.cc:504] Constructed file cache file cache with capacity 419430
W20260709 14:45:42.872970   521 instance_detector.cc:116] could not retrieve AWS instance metadata: Network error: curl error: HTTP response code said error: The requested URL returned error: 404
W20260709 14:45:42.874612   522 instance_detector.cc:116] could not retrieve Azure instance metadata: Network error: curl error: HTTP response code said error: The requested URL returned error: 404
W20260709 14:45:42.879062   524 instance_detector.cc:116] could not retrieve OpenStack instance metadata: Network error: curl error: HTTP response code said error: The requested URL returned error: 404
I20260709 14:45:42.879659   432 server_base.cc:1061] running on GCE node
I20260709 14:45:42.880458   432 hybrid_clock.cc:584] initializing the hybrid clock with 'system_unsync' time source
W20260709 14:45:42.880695   432 system_unsync_time.cc:38] NTP support is disabled. Clock error bounds will not be accurate. This configuration is not suitable for distributed clusters.
I20260709 14:45:42.880877   432 hybrid_clock.cc:648] HybridClock initialized: now 1783608342880841 us; error 0 us; skew 500 ppm
I20260709 14:45:42.881503   432 server_base.cc:861] Flag tcmalloc_max_total_thread_cache_bytes is not working since tcmalloc is not enabled.
I20260709 14:45:42.886656   432 webserver.cc:533] Webserver started at http://127.0.108.1:46131/ using document root <none> and password file <none>
I20260709 14:45:42.887308   432 fs_manager.cc:362] Metadata directory not provided
I20260709 14:45:42.887560   432 fs_manager.cc:368] Using write-ahead log directory (fs_wal_dir) as metadata directory
I20260709 14:45:42.887899   432 server_base.cc:909] This appears to be a new deployment of Kudu; creating new FS layout
I20260709 14:45:42.889178   432 fs_manager.cc:1068] Generated new instance metadata in path /tmp/dist-test-tasksI6BOx/test-tmp/auto_leader_rebalancer-test.0.LeaderRebalancerTest.FunctionalTestForDivided.1783608340963211-432-0/minicluster-data/ts-0-root/instance:
uuid: "73ec213d406348bd89561de3854f9a09"
format_stamp: "Formatted at 2026-07-09 14:45:42 on dist-test-slave-5tjq"
I20260709 14:45:42.896260   432 fs_manager.cc:696] Time spent creating directory manager: real 0.006s	user 0.005s	sys 0.001s
I20260709 14:45:42.902311   529 log_block_manager.cc:4127] Time spent loading block containers with low live blocks: real 0.000s	user 0.000s	sys 0.000s
I20260709 14:45:42.903807   432 fs_manager.cc:730] Time spent opening block manager: real 0.005s	user 0.001s	sys 0.003s
I20260709 14:45:42.904181   432 fs_manager.cc:647] Opened local filesystem: /tmp/dist-test-tasksI6BOx/test-tmp/auto_leader_rebalancer-test.0.LeaderRebalancerTest.FunctionalTestForDivided.1783608340963211-432-0/minicluster-data/ts-0-root
uuid: "73ec213d406348bd89561de3854f9a09"
format_stamp: "Formatted at 2026-07-09 14:45:42 on dist-test-slave-5tjq"
I20260709 14:45:42.904520   432 fs_report.cc:389] FS layout report
--------------------
wal directory: /tmp/dist-test-tasksI6BOx/test-tmp/auto_leader_rebalancer-test.0.LeaderRebalancerTest.FunctionalTestForDivided.1783608340963211-432-0/minicluster-data/ts-0-root
metadata directory: /tmp/dist-test-tasksI6BOx/test-tmp/auto_leader_rebalancer-test.0.LeaderRebalancerTest.FunctionalTestForDivided.1783608340963211-432-0/minicluster-data/ts-0-root
1 data directories: /tmp/dist-test-tasksI6BOx/test-tmp/auto_leader_rebalancer-test.0.LeaderRebalancerTest.FunctionalTestForDivided.1783608340963211-432-0/minicluster-data/ts-0-root/data
Total live blocks: 0
Total live bytes: 0
Total live bytes (after alignment): 0
Total number of LBM containers: 0 (0 full)
Did not check for missing blocks
Did not check for orphaned blocks
Total full LBM containers with extra space: 0 (0 repaired)
Total full LBM container extra space in bytes: 0 (0 repaired)
Total incomplete LBM containers: 0 (0 repaired)
Total LBM partial records: 0 (0 repaired)
Total corrupted LBM metadata records in RocksDB: 0 (0 repaired)
I20260709 14:45:42.934291   432 rpc_server.cc:225] running with OpenSSL 1.1.1  11 Sep 2018
I20260709 14:45:42.935748   432 kserver.cc:163] Server-wide thread pool size limit: 3276
I20260709 14:45:42.938825   432 txn_system_client.cc:432] TxnSystemClient initialization is disabled...
I20260709 14:45:42.943351   432 ts_tablet_manager.cc:585] Loaded tablet metadata (0 total tablets, 0 live tablets)
I20260709 14:45:42.943604   432 ts_tablet_manager.cc:531] Time spent load tablet metadata: real 0.000s	user 0.000s	sys 0.000s
I20260709 14:45:42.943972   432 ts_tablet_manager.cc:616] Registered 0 tablets
I20260709 14:45:42.944162   432 ts_tablet_manager.cc:595] Time spent register tablets: real 0.000s	user 0.000s	sys 0.000s
I20260709 14:45:43.076267   432 rpc_server.cc:307] RPC server started. Bound to: 127.0.108.1:42453
I20260709 14:45:43.076433   591 acceptor_pool.cc:272] collecting diagnostics on the listening RPC socket 127.0.108.1:42453 every 8 connection(s)
I20260709 14:45:43.085778   432 file_cache.cc:504] Constructed file cache file cache with capacity 419430
W20260709 14:45:43.099527   596 instance_detector.cc:116] could not retrieve AWS instance metadata: Network error: curl error: HTTP response code said error: The requested URL returned error: 404
W20260709 14:45:43.103135   597 instance_detector.cc:116] could not retrieve Azure instance metadata: Network error: curl error: HTTP response code said error: The requested URL returned error: 404
W20260709 14:45:43.116114   599 instance_detector.cc:116] could not retrieve OpenStack instance metadata: Network error: curl error: HTTP response code said error: The requested URL returned error: 404
I20260709 14:45:43.117213   432 server_base.cc:1061] running on GCE node
I20260709 14:45:43.118534   432 hybrid_clock.cc:584] initializing the hybrid clock with 'system_unsync' time source
W20260709 14:45:43.118860   432 system_unsync_time.cc:38] NTP support is disabled. Clock error bounds will not be accurate. This configuration is not suitable for distributed clusters.
I20260709 14:45:43.119099   432 hybrid_clock.cc:648] HybridClock initialized: now 1783608343119075 us; error 0 us; skew 500 ppm
I20260709 14:45:43.120002   432 server_base.cc:861] Flag tcmalloc_max_total_thread_cache_bytes is not working since tcmalloc is not enabled.
I20260709 14:45:43.125242   592 heartbeater.cc:344] Connected to a master server at 127.0.108.62:38623
I20260709 14:45:43.125770   592 heartbeater.cc:461] Registering TS with master...
I20260709 14:45:43.125979   432 webserver.cc:533] Webserver started at http://127.0.108.2:42701/ using document root <none> and password file <none>
I20260709 14:45:43.126682   432 fs_manager.cc:362] Metadata directory not provided
I20260709 14:45:43.126753   592 heartbeater.cc:507] Master 127.0.108.62:38623 requested a full tablet report, sending...
I20260709 14:45:43.126979   432 fs_manager.cc:368] Using write-ahead log directory (fs_wal_dir) as metadata directory
I20260709 14:45:43.127468   432 server_base.cc:909] This appears to be a new deployment of Kudu; creating new FS layout
I20260709 14:45:43.129135   432 fs_manager.cc:1068] Generated new instance metadata in path /tmp/dist-test-tasksI6BOx/test-tmp/auto_leader_rebalancer-test.0.LeaderRebalancerTest.FunctionalTestForDivided.1783608340963211-432-0/minicluster-data/ts-1-root/instance:
uuid: "7120d57c51d54f31808c68ca43437fd3"
format_stamp: "Formatted at 2026-07-09 14:45:43 on dist-test-slave-5tjq"
I20260709 14:45:43.129951   464 ts_manager.cc:194] Registered new tserver with Master: 73ec213d406348bd89561de3854f9a09 (127.0.108.1:42453)
I20260709 14:45:43.132229   464 master_service.cc:502] Signed X509 certificate for tserver {username='slave'} at 127.0.0.1:59496
I20260709 14:45:43.137686   432 fs_manager.cc:696] Time spent creating directory manager: real 0.008s	user 0.006s	sys 0.000s
I20260709 14:45:43.144609   604 log_block_manager.cc:4127] Time spent loading block containers with low live blocks: real 0.000s	user 0.000s	sys 0.000s
I20260709 14:45:43.145771   432 fs_manager.cc:730] Time spent opening block manager: real 0.004s	user 0.005s	sys 0.001s
I20260709 14:45:43.146232   432 fs_manager.cc:647] Opened local filesystem: /tmp/dist-test-tasksI6BOx/test-tmp/auto_leader_rebalancer-test.0.LeaderRebalancerTest.FunctionalTestForDivided.1783608340963211-432-0/minicluster-data/ts-1-root
uuid: "7120d57c51d54f31808c68ca43437fd3"
format_stamp: "Formatted at 2026-07-09 14:45:43 on dist-test-slave-5tjq"
I20260709 14:45:43.146703   432 fs_report.cc:389] FS layout report
--------------------
wal directory: /tmp/dist-test-tasksI6BOx/test-tmp/auto_leader_rebalancer-test.0.LeaderRebalancerTest.FunctionalTestForDivided.1783608340963211-432-0/minicluster-data/ts-1-root
metadata directory: /tmp/dist-test-tasksI6BOx/test-tmp/auto_leader_rebalancer-test.0.LeaderRebalancerTest.FunctionalTestForDivided.1783608340963211-432-0/minicluster-data/ts-1-root
1 data directories: /tmp/dist-test-tasksI6BOx/test-tmp/auto_leader_rebalancer-test.0.LeaderRebalancerTest.FunctionalTestForDivided.1783608340963211-432-0/minicluster-data/ts-1-root/data
Total live blocks: 0
Total live bytes: 0
Total live bytes (after alignment): 0
Total number of LBM containers: 0 (0 full)
Did not check for missing blocks
Did not check for orphaned blocks
Total full LBM containers with extra space: 0 (0 repaired)
Total full LBM container extra space in bytes: 0 (0 repaired)
Total incomplete LBM containers: 0 (0 repaired)
Total LBM partial records: 0 (0 repaired)
Total corrupted LBM metadata records in RocksDB: 0 (0 repaired)
I20260709 14:45:43.181348   432 rpc_server.cc:225] running with OpenSSL 1.1.1  11 Sep 2018
I20260709 14:45:43.183108   432 kserver.cc:163] Server-wide thread pool size limit: 3276
I20260709 14:45:43.186499   432 txn_system_client.cc:432] TxnSystemClient initialization is disabled...
I20260709 14:45:43.190438   432 ts_tablet_manager.cc:585] Loaded tablet metadata (0 total tablets, 0 live tablets)
I20260709 14:45:43.190737   432 ts_tablet_manager.cc:531] Time spent load tablet metadata: real 0.000s	user 0.000s	sys 0.000s
I20260709 14:45:43.191035   432 ts_tablet_manager.cc:616] Registered 0 tablets
I20260709 14:45:43.191258   432 ts_tablet_manager.cc:595] Time spent register tablets: real 0.000s	user 0.000s	sys 0.000s
I20260709 14:45:43.298494   432 rpc_server.cc:307] RPC server started. Bound to: 127.0.108.2:33605
I20260709 14:45:43.298659   666 acceptor_pool.cc:272] collecting diagnostics on the listening RPC socket 127.0.108.2:33605 every 8 connection(s)
I20260709 14:45:43.305692   432 file_cache.cc:504] Constructed file cache file cache with capacity 419430
W20260709 14:45:43.318220   670 instance_detector.cc:116] could not retrieve AWS instance metadata: Network error: curl error: HTTP response code said error: The requested URL returned error: 404
W20260709 14:45:43.324611   671 instance_detector.cc:116] could not retrieve Azure instance metadata: Network error: curl error: HTTP response code said error: The requested URL returned error: 404
I20260709 14:45:43.326061   667 heartbeater.cc:344] Connected to a master server at 127.0.108.62:38623
I20260709 14:45:43.326555   667 heartbeater.cc:461] Registering TS with master...
I20260709 14:45:43.328047   667 heartbeater.cc:507] Master 127.0.108.62:38623 requested a full tablet report, sending...
I20260709 14:45:43.331380   432 server_base.cc:1061] running on GCE node
I20260709 14:45:43.331437   464 ts_manager.cc:194] Registered new tserver with Master: 7120d57c51d54f31808c68ca43437fd3 (127.0.108.2:33605)
W20260709 14:45:43.333431   673 instance_detector.cc:116] could not retrieve OpenStack instance metadata: Network error: curl error: HTTP response code said error: The requested URL returned error: 404
I20260709 14:45:43.333808   464 master_service.cc:502] Signed X509 certificate for tserver {username='slave'} at 127.0.0.1:59508
I20260709 14:45:43.334813   432 hybrid_clock.cc:584] initializing the hybrid clock with 'system_unsync' time source
W20260709 14:45:43.335182   432 system_unsync_time.cc:38] NTP support is disabled. Clock error bounds will not be accurate. This configuration is not suitable for distributed clusters.
I20260709 14:45:43.335404   432 hybrid_clock.cc:648] HybridClock initialized: now 1783608343335382 us; error 0 us; skew 500 ppm
I20260709 14:45:43.336134   432 server_base.cc:861] Flag tcmalloc_max_total_thread_cache_bytes is not working since tcmalloc is not enabled.
I20260709 14:45:43.339114   432 webserver.cc:533] Webserver started at http://127.0.108.3:45003/ using document root <none> and password file <none>
I20260709 14:45:43.339984   432 fs_manager.cc:362] Metadata directory not provided
I20260709 14:45:43.340308   432 fs_manager.cc:368] Using write-ahead log directory (fs_wal_dir) as metadata directory
I20260709 14:45:43.340641   432 server_base.cc:909] This appears to be a new deployment of Kudu; creating new FS layout
I20260709 14:45:43.341953   432 fs_manager.cc:1068] Generated new instance metadata in path /tmp/dist-test-tasksI6BOx/test-tmp/auto_leader_rebalancer-test.0.LeaderRebalancerTest.FunctionalTestForDivided.1783608340963211-432-0/minicluster-data/ts-2-root/instance:
uuid: "d8757e3e28b04b7ba1ca3482af0be079"
format_stamp: "Formatted at 2026-07-09 14:45:43 on dist-test-slave-5tjq"
I20260709 14:45:43.347470   432 fs_manager.cc:696] Time spent creating directory manager: real 0.005s	user 0.000s	sys 0.004s
I20260709 14:45:43.351423   678 log_block_manager.cc:4127] Time spent loading block containers with low live blocks: real 0.000s	user 0.000s	sys 0.000s
I20260709 14:45:43.352514   432 fs_manager.cc:730] Time spent opening block manager: real 0.003s	user 0.004s	sys 0.000s
I20260709 14:45:43.352965   432 fs_manager.cc:647] Opened local filesystem: /tmp/dist-test-tasksI6BOx/test-tmp/auto_leader_rebalancer-test.0.LeaderRebalancerTest.FunctionalTestForDivided.1783608340963211-432-0/minicluster-data/ts-2-root
uuid: "d8757e3e28b04b7ba1ca3482af0be079"
format_stamp: "Formatted at 2026-07-09 14:45:43 on dist-test-slave-5tjq"
I20260709 14:45:43.353341   432 fs_report.cc:389] FS layout report
--------------------
wal directory: /tmp/dist-test-tasksI6BOx/test-tmp/auto_leader_rebalancer-test.0.LeaderRebalancerTest.FunctionalTestForDivided.1783608340963211-432-0/minicluster-data/ts-2-root
metadata directory: /tmp/dist-test-tasksI6BOx/test-tmp/auto_leader_rebalancer-test.0.LeaderRebalancerTest.FunctionalTestForDivided.1783608340963211-432-0/minicluster-data/ts-2-root
1 data directories: /tmp/dist-test-tasksI6BOx/test-tmp/auto_leader_rebalancer-test.0.LeaderRebalancerTest.FunctionalTestForDivided.1783608340963211-432-0/minicluster-data/ts-2-root/data
Total live blocks: 0
Total live bytes: 0
Total live bytes (after alignment): 0
Total number of LBM containers: 0 (0 full)
Did not check for missing blocks
Did not check for orphaned blocks
Total full LBM containers with extra space: 0 (0 repaired)
Total full LBM container extra space in bytes: 0 (0 repaired)
Total incomplete LBM containers: 0 (0 repaired)
Total LBM partial records: 0 (0 repaired)
Total corrupted LBM metadata records in RocksDB: 0 (0 repaired)
I20260709 14:45:43.367264   432 rpc_server.cc:225] running with OpenSSL 1.1.1  11 Sep 2018
I20260709 14:45:43.369396   432 kserver.cc:163] Server-wide thread pool size limit: 3276
I20260709 14:45:43.371250   432 txn_system_client.cc:432] TxnSystemClient initialization is disabled...
I20260709 14:45:43.374558   432 ts_tablet_manager.cc:585] Loaded tablet metadata (0 total tablets, 0 live tablets)
I20260709 14:45:43.374861   432 ts_tablet_manager.cc:531] Time spent load tablet metadata: real 0.000s	user 0.000s	sys 0.000s
I20260709 14:45:43.375151   432 ts_tablet_manager.cc:616] Registered 0 tablets
I20260709 14:45:43.375360   432 ts_tablet_manager.cc:595] Time spent register tablets: real 0.000s	user 0.000s	sys 0.000s
I20260709 14:45:43.491976   432 rpc_server.cc:307] RPC server started. Bound to: 127.0.108.3:37535
I20260709 14:45:43.492070   740 acceptor_pool.cc:272] collecting diagnostics on the listening RPC socket 127.0.108.3:37535 every 8 connection(s)
I20260709 14:45:43.515440   741 heartbeater.cc:344] Connected to a master server at 127.0.108.62:38623
I20260709 14:45:43.515915   741 heartbeater.cc:461] Registering TS with master...
I20260709 14:45:43.516762   741 heartbeater.cc:507] Master 127.0.108.62:38623 requested a full tablet report, sending...
I20260709 14:45:43.519245   464 ts_manager.cc:194] Registered new tserver with Master: d8757e3e28b04b7ba1ca3482af0be079 (127.0.108.3:37535)
I20260709 14:45:43.519452   432 internal_mini_cluster.cc:371] 3 TS(s) registered with all masters after 0.020791723s
I20260709 14:45:43.521428   464 master_service.cc:502] Signed X509 certificate for tserver {username='slave'} at 127.0.0.1:59512
I20260709 14:45:43.576496   464 catalog_manager.cc:2283] Servicing CreateTable request from {username='slave'} at 127.0.0.1:59522:
name: "test-workload"
schema {
  columns {
    name: "key"
    type: INT32
    is_key: true
    is_nullable: false
    encoding: AUTO_ENCODING
    compression: DEFAULT_COMPRESSION
    cfile_block_size: 0
    immutable: false
  }
  columns {
    name: "int_val"
    type: INT32
    is_key: false
    is_nullable: false
    encoding: AUTO_ENCODING
    compression: DEFAULT_COMPRESSION
    cfile_block_size: 0
    immutable: false
  }
  columns {
    name: "string_val"
    type: STRING
    is_key: false
    is_nullable: true
    encoding: AUTO_ENCODING
    compression: DEFAULT_COMPRESSION
    cfile_block_size: 0
    immutable: false
  }
}
num_replicas: 3
split_rows_range_bounds {
  rows: "\004\001\000\216\3438\016\004\001\000\034\307q\034\004\001\000\252\252\252*\004\001\0008\216\3438\004\001\000\306q\034G\004\001\000TUUU\004\001\000\3428\216c\004\001\000p\034\307q""\004\001\000\216\3438\016\004\001\000\034\307q\034\004\001\000\252\252\252*\004\001\0008\216\3438\004\001\000\306q\034G\004\001\000TUUU\004\001\000\3428\216c\004\001\000p\034\307q"
  indirect_data: """"
}
partition_schema {
  range_schema {
    columns {
      name: "key"
    }
  }
}
W20260709 14:45:43.580461   464 catalog_manager.cc:7077] The number of live tablet servers is not enough to re-replicate a tablet replica of the newly created table test-workload in case of a server failure: 4 tablet servers would be needed, 3 are available. Consider bringing up more tablet servers.
I20260709 14:45:43.718946   704 tablet_service.cc:1511] Processing CreateTablet for tablet 19c112b7b89942d29f83a88080399ffd (DEFAULT_TABLE table=test-workload [id=751bd9965c2643389f0e6dbfbfd82367]), partition=RANGE (key) PARTITION 477218588 <= VALUES < 715827882
I20260709 14:45:43.714895   706 tablet_service.cc:1511] Processing CreateTablet for tablet 59e1fecec67a4996a0e8468492d1ca2f (DEFAULT_TABLE table=test-workload [id=751bd9965c2643389f0e6dbfbfd82367]), partition=RANGE (key) PARTITION VALUES < 238609294
I20260709 14:45:43.719002   705 tablet_service.cc:1511] Processing CreateTablet for tablet b5812070fecb4a0bb1dfd39166da8c38 (DEFAULT_TABLE table=test-workload [id=751bd9965c2643389f0e6dbfbfd82367]), partition=RANGE (key) PARTITION 238609294 <= VALUES < 477218588
I20260709 14:45:43.731438   704 data_dirs.cc:400] Could only allocate 1 dirs of requested 3 for tablet 19c112b7b89942d29f83a88080399ffd. 1 dirs total, 0 dirs full, 0 dirs failed
I20260709 14:45:43.723495   703 tablet_service.cc:1511] Processing CreateTablet for tablet 8338d2f2fc4e4d3491461543ed2efabf (DEFAULT_TABLE table=test-workload [id=751bd9965c2643389f0e6dbfbfd82367]), partition=RANGE (key) PARTITION 715827882 <= VALUES < 954437176
I20260709 14:45:43.733966   701 tablet_service.cc:1511] Processing CreateTablet for tablet d5248f17f31f410b879afb1dbbf82d42 (DEFAULT_TABLE table=test-workload [id=751bd9965c2643389f0e6dbfbfd82367]), partition=RANGE (key) PARTITION 1193046470 <= VALUES < 1431655764
I20260709 14:45:43.740540   702 tablet_service.cc:1511] Processing CreateTablet for tablet c7f010d341ba4f7e82b1bd2c96f1e784 (DEFAULT_TABLE table=test-workload [id=751bd9965c2643389f0e6dbfbfd82367]), partition=RANGE (key) PARTITION 954437176 <= VALUES < 1193046470
I20260709 14:45:43.743980   705 data_dirs.cc:400] Could only allocate 1 dirs of requested 3 for tablet b5812070fecb4a0bb1dfd39166da8c38. 1 dirs total, 0 dirs full, 0 dirs failed
I20260709 14:45:43.745481   554 tablet_service.cc:1511] Processing CreateTablet for tablet 8338d2f2fc4e4d3491461543ed2efabf (DEFAULT_TABLE table=test-workload [id=751bd9965c2643389f0e6dbfbfd82367]), partition=RANGE (key) PARTITION 715827882 <= VALUES < 954437176
I20260709 14:45:43.746193   556 tablet_service.cc:1511] Processing CreateTablet for tablet b5812070fecb4a0bb1dfd39166da8c38 (DEFAULT_TABLE table=test-workload [id=751bd9965c2643389f0e6dbfbfd82367]), partition=RANGE (key) PARTITION 238609294 <= VALUES < 477218588
I20260709 14:45:43.747223   700 tablet_service.cc:1511] Processing CreateTablet for tablet 7667d5bc354b4dd19b4af9f33e16a77d (DEFAULT_TABLE table=test-workload [id=751bd9965c2643389f0e6dbfbfd82367]), partition=RANGE (key) PARTITION 1431655764 <= VALUES < 1670265058
I20260709 14:45:43.747844   555 tablet_service.cc:1511] Processing CreateTablet for tablet 19c112b7b89942d29f83a88080399ffd (DEFAULT_TABLE table=test-workload [id=751bd9965c2643389f0e6dbfbfd82367]), partition=RANGE (key) PARTITION 477218588 <= VALUES < 715827882
I20260709 14:45:43.747953   699 tablet_service.cc:1511] Processing CreateTablet for tablet 1d1dbd5e6e324a20a83c02903af80b71 (DEFAULT_TABLE table=test-workload [id=751bd9965c2643389f0e6dbfbfd82367]), partition=RANGE (key) PARTITION 1670265058 <= VALUES < 1908874352
I20260709 14:45:43.752787   557 tablet_service.cc:1511] Processing CreateTablet for tablet 59e1fecec67a4996a0e8468492d1ca2f (DEFAULT_TABLE table=test-workload [id=751bd9965c2643389f0e6dbfbfd82367]), partition=RANGE (key) PARTITION VALUES < 238609294
I20260709 14:45:43.758489   701 data_dirs.cc:400] Could only allocate 1 dirs of requested 3 for tablet d5248f17f31f410b879afb1dbbf82d42. 1 dirs total, 0 dirs full, 0 dirs failed
I20260709 14:45:43.763202   556 data_dirs.cc:400] Could only allocate 1 dirs of requested 3 for tablet b5812070fecb4a0bb1dfd39166da8c38. 1 dirs total, 0 dirs full, 0 dirs failed
I20260709 14:45:43.763069   632 tablet_service.cc:1511] Processing CreateTablet for tablet 59e1fecec67a4996a0e8468492d1ca2f (DEFAULT_TABLE table=test-workload [id=751bd9965c2643389f0e6dbfbfd82367]), partition=RANGE (key) PARTITION VALUES < 238609294
I20260709 14:45:43.769750   698 tablet_service.cc:1511] Processing CreateTablet for tablet c971362f9367421aa9d45e3638a20157 (DEFAULT_TABLE table=test-workload [id=751bd9965c2643389f0e6dbfbfd82367]), partition=RANGE (key) PARTITION 1908874352 <= VALUES
I20260709 14:45:43.775372   631 tablet_service.cc:1511] Processing CreateTablet for tablet b5812070fecb4a0bb1dfd39166da8c38 (DEFAULT_TABLE table=test-workload [id=751bd9965c2643389f0e6dbfbfd82367]), partition=RANGE (key) PARTITION 238609294 <= VALUES < 477218588
I20260709 14:45:43.776463   552 tablet_service.cc:1511] Processing CreateTablet for tablet d5248f17f31f410b879afb1dbbf82d42 (DEFAULT_TABLE table=test-workload [id=751bd9965c2643389f0e6dbfbfd82367]), partition=RANGE (key) PARTITION 1193046470 <= VALUES < 1431655764
I20260709 14:45:43.773587   554 data_dirs.cc:400] Could only allocate 1 dirs of requested 3 for tablet 8338d2f2fc4e4d3491461543ed2efabf. 1 dirs total, 0 dirs full, 0 dirs failed
I20260709 14:45:43.773916   549 tablet_service.cc:1511] Processing CreateTablet for tablet c971362f9367421aa9d45e3638a20157 (DEFAULT_TABLE table=test-workload [id=751bd9965c2643389f0e6dbfbfd82367]), partition=RANGE (key) PARTITION 1908874352 <= VALUES
I20260709 14:45:43.775462   550 tablet_service.cc:1511] Processing CreateTablet for tablet 1d1dbd5e6e324a20a83c02903af80b71 (DEFAULT_TABLE table=test-workload [id=751bd9965c2643389f0e6dbfbfd82367]), partition=RANGE (key) PARTITION 1670265058 <= VALUES < 1908874352
I20260709 14:45:43.780913   553 tablet_service.cc:1511] Processing CreateTablet for tablet c7f010d341ba4f7e82b1bd2c96f1e784 (DEFAULT_TABLE table=test-workload [id=751bd9965c2643389f0e6dbfbfd82367]), partition=RANGE (key) PARTITION 954437176 <= VALUES < 1193046470
I20260709 14:45:43.783758   706 data_dirs.cc:400] Could only allocate 1 dirs of requested 3 for tablet 59e1fecec67a4996a0e8468492d1ca2f. 1 dirs total, 0 dirs full, 0 dirs failed
I20260709 14:45:43.786366   628 tablet_service.cc:1511] Processing CreateTablet for tablet c7f010d341ba4f7e82b1bd2c96f1e784 (DEFAULT_TABLE table=test-workload [id=751bd9965c2643389f0e6dbfbfd82367]), partition=RANGE (key) PARTITION 954437176 <= VALUES < 1193046470
W20260709 14:45:43.790445   511 auto_rebalancer.cc:288] Could not retrieve cluster info: Service unavailable: Tablet not running
I20260709 14:45:43.791060   552 data_dirs.cc:400] Could only allocate 1 dirs of requested 3 for tablet d5248f17f31f410b879afb1dbbf82d42. 1 dirs total, 0 dirs full, 0 dirs failed
I20260709 14:45:43.791250   631 data_dirs.cc:400] Could only allocate 1 dirs of requested 3 for tablet b5812070fecb4a0bb1dfd39166da8c38. 1 dirs total, 0 dirs full, 0 dirs failed
I20260709 14:45:43.783986   551 tablet_service.cc:1511] Processing CreateTablet for tablet 7667d5bc354b4dd19b4af9f33e16a77d (DEFAULT_TABLE table=test-workload [id=751bd9965c2643389f0e6dbfbfd82367]), partition=RANGE (key) PARTITION 1431655764 <= VALUES < 1670265058
I20260709 14:45:43.784667   630 tablet_service.cc:1511] Processing CreateTablet for tablet 19c112b7b89942d29f83a88080399ffd (DEFAULT_TABLE table=test-workload [id=751bd9965c2643389f0e6dbfbfd82367]), partition=RANGE (key) PARTITION 477218588 <= VALUES < 715827882
I20260709 14:45:43.784593   629 tablet_service.cc:1511] Processing CreateTablet for tablet 8338d2f2fc4e4d3491461543ed2efabf (DEFAULT_TABLE table=test-workload [id=751bd9965c2643389f0e6dbfbfd82367]), partition=RANGE (key) PARTITION 715827882 <= VALUES < 954437176
I20260709 14:45:43.804387   702 data_dirs.cc:400] Could only allocate 1 dirs of requested 3 for tablet c7f010d341ba4f7e82b1bd2c96f1e784. 1 dirs total, 0 dirs full, 0 dirs failed
I20260709 14:45:43.808660   627 tablet_service.cc:1511] Processing CreateTablet for tablet d5248f17f31f410b879afb1dbbf82d42 (DEFAULT_TABLE table=test-workload [id=751bd9965c2643389f0e6dbfbfd82367]), partition=RANGE (key) PARTITION 1193046470 <= VALUES < 1431655764
I20260709 14:45:43.802663   625 tablet_service.cc:1511] Processing CreateTablet for tablet 1d1dbd5e6e324a20a83c02903af80b71 (DEFAULT_TABLE table=test-workload [id=751bd9965c2643389f0e6dbfbfd82367]), partition=RANGE (key) PARTITION 1670265058 <= VALUES < 1908874352
I20260709 14:45:43.811180   624 tablet_service.cc:1511] Processing CreateTablet for tablet c971362f9367421aa9d45e3638a20157 (DEFAULT_TABLE table=test-workload [id=751bd9965c2643389f0e6dbfbfd82367]), partition=RANGE (key) PARTITION 1908874352 <= VALUES
I20260709 14:45:43.798094   626 tablet_service.cc:1511] Processing CreateTablet for tablet 7667d5bc354b4dd19b4af9f33e16a77d (DEFAULT_TABLE table=test-workload [id=751bd9965c2643389f0e6dbfbfd82367]), partition=RANGE (key) PARTITION 1431655764 <= VALUES < 1670265058
I20260709 14:45:43.815498   555 data_dirs.cc:400] Could only allocate 1 dirs of requested 3 for tablet 19c112b7b89942d29f83a88080399ffd. 1 dirs total, 0 dirs full, 0 dirs failed
I20260709 14:45:43.815470   632 data_dirs.cc:400] Could only allocate 1 dirs of requested 3 for tablet 59e1fecec67a4996a0e8468492d1ca2f. 1 dirs total, 0 dirs full, 0 dirs failed
I20260709 14:45:43.819279   625 data_dirs.cc:400] Could only allocate 1 dirs of requested 3 for tablet 1d1dbd5e6e324a20a83c02903af80b71. 1 dirs total, 0 dirs full, 0 dirs failed
I20260709 14:45:43.824251   628 data_dirs.cc:400] Could only allocate 1 dirs of requested 3 for tablet c7f010d341ba4f7e82b1bd2c96f1e784. 1 dirs total, 0 dirs full, 0 dirs failed
I20260709 14:45:43.821318   699 data_dirs.cc:400] Could only allocate 1 dirs of requested 3 for tablet 1d1dbd5e6e324a20a83c02903af80b71. 1 dirs total, 0 dirs full, 0 dirs failed
I20260709 14:45:43.827360   630 data_dirs.cc:400] Could only allocate 1 dirs of requested 3 for tablet 19c112b7b89942d29f83a88080399ffd. 1 dirs total, 0 dirs full, 0 dirs failed
I20260709 14:45:43.833658   627 data_dirs.cc:400] Could only allocate 1 dirs of requested 3 for tablet d5248f17f31f410b879afb1dbbf82d42. 1 dirs total, 0 dirs full, 0 dirs failed
I20260709 14:45:43.843586   626 data_dirs.cc:400] Could only allocate 1 dirs of requested 3 for tablet 7667d5bc354b4dd19b4af9f33e16a77d. 1 dirs total, 0 dirs full, 0 dirs failed
I20260709 14:45:43.846355   549 data_dirs.cc:400] Could only allocate 1 dirs of requested 3 for tablet c971362f9367421aa9d45e3638a20157. 1 dirs total, 0 dirs full, 0 dirs failed
I20260709 14:45:43.851118   551 data_dirs.cc:400] Could only allocate 1 dirs of requested 3 for tablet 7667d5bc354b4dd19b4af9f33e16a77d. 1 dirs total, 0 dirs full, 0 dirs failed
I20260709 14:45:43.855499   553 data_dirs.cc:400] Could only allocate 1 dirs of requested 3 for tablet c7f010d341ba4f7e82b1bd2c96f1e784. 1 dirs total, 0 dirs full, 0 dirs failed
I20260709 14:45:43.854097   698 data_dirs.cc:400] Could only allocate 1 dirs of requested 3 for tablet c971362f9367421aa9d45e3638a20157. 1 dirs total, 0 dirs full, 0 dirs failed
I20260709 14:45:43.859349   624 data_dirs.cc:400] Could only allocate 1 dirs of requested 3 for tablet c971362f9367421aa9d45e3638a20157. 1 dirs total, 0 dirs full, 0 dirs failed
I20260709 14:45:43.859952   557 data_dirs.cc:400] Could only allocate 1 dirs of requested 3 for tablet 59e1fecec67a4996a0e8468492d1ca2f. 1 dirs total, 0 dirs full, 0 dirs failed
I20260709 14:45:43.861277   629 data_dirs.cc:400] Could only allocate 1 dirs of requested 3 for tablet 8338d2f2fc4e4d3491461543ed2efabf. 1 dirs total, 0 dirs full, 0 dirs failed
I20260709 14:45:43.876618   550 data_dirs.cc:400] Could only allocate 1 dirs of requested 3 for tablet 1d1dbd5e6e324a20a83c02903af80b71. 1 dirs total, 0 dirs full, 0 dirs failed
I20260709 14:45:43.881652   700 data_dirs.cc:400] Could only allocate 1 dirs of requested 3 for tablet 7667d5bc354b4dd19b4af9f33e16a77d. 1 dirs total, 0 dirs full, 0 dirs failed
I20260709 14:45:43.916397   703 data_dirs.cc:400] Could only allocate 1 dirs of requested 3 for tablet 8338d2f2fc4e4d3491461543ed2efabf. 1 dirs total, 0 dirs full, 0 dirs failed
I20260709 14:45:44.010978   758 tablet_bootstrap.cc:492] T 59e1fecec67a4996a0e8468492d1ca2f P 7120d57c51d54f31808c68ca43437fd3: Bootstrap starting.
I20260709 14:45:44.131449   760 tablet_bootstrap.cc:492] T 1d1dbd5e6e324a20a83c02903af80b71 P d8757e3e28b04b7ba1ca3482af0be079: Bootstrap starting.
I20260709 14:45:44.136667   592 heartbeater.cc:499] Master 127.0.108.62:38623 was elected leader, sending a full tablet report...
I20260709 14:45:44.146857   759 tablet_bootstrap.cc:492] T d5248f17f31f410b879afb1dbbf82d42 P 73ec213d406348bd89561de3854f9a09: Bootstrap starting.
I20260709 14:45:44.174232   759 tablet_bootstrap.cc:654] T d5248f17f31f410b879afb1dbbf82d42 P 73ec213d406348bd89561de3854f9a09: Neither blocks nor log segments found. Creating new log.
I20260709 14:45:44.187106   758 tablet_bootstrap.cc:654] T 59e1fecec67a4996a0e8468492d1ca2f P 7120d57c51d54f31808c68ca43437fd3: Neither blocks nor log segments found. Creating new log.
I20260709 14:45:44.191850   760 tablet_bootstrap.cc:654] T 1d1dbd5e6e324a20a83c02903af80b71 P d8757e3e28b04b7ba1ca3482af0be079: Neither blocks nor log segments found. Creating new log.
I20260709 14:45:44.209633   760 tablet_bootstrap.cc:492] T 1d1dbd5e6e324a20a83c02903af80b71 P d8757e3e28b04b7ba1ca3482af0be079: No bootstrap required, opened a new log
I20260709 14:45:44.210408   760 ts_tablet_manager.cc:1403] T 1d1dbd5e6e324a20a83c02903af80b71 P d8757e3e28b04b7ba1ca3482af0be079: Time spent bootstrapping tablet: real 0.080s	user 0.008s	sys 0.012s
I20260709 14:45:44.216910   760 raft_consensus.cc:359] T 1d1dbd5e6e324a20a83c02903af80b71 P d8757e3e28b04b7ba1ca3482af0be079 [term 0 FOLLOWER]: Replica starting. Triggering 0 pending ops. Active config: opid_index: -1 OBSOLETE_local: false peers { permanent_uuid: "73ec213d406348bd89561de3854f9a09" member_type: VOTER last_known_addr { host: "127.0.108.1" port: 42453 } } peers { permanent_uuid: "7120d57c51d54f31808c68ca43437fd3" member_type: VOTER last_known_addr { host: "127.0.108.2" port: 33605 } } peers { permanent_uuid: "d8757e3e28b04b7ba1ca3482af0be079" member_type: VOTER last_known_addr { host: "127.0.108.3" port: 37535 } }
I20260709 14:45:44.220108   760 raft_consensus.cc:385] T 1d1dbd5e6e324a20a83c02903af80b71 P d8757e3e28b04b7ba1ca3482af0be079 [term 0 FOLLOWER]: Consensus starting up: Expiring failure detector timer to make a prompt election more likely
I20260709 14:45:44.220732   760 raft_consensus.cc:740] T 1d1dbd5e6e324a20a83c02903af80b71 P d8757e3e28b04b7ba1ca3482af0be079 [term 0 FOLLOWER]: Becoming Follower/Learner. State: Replica: d8757e3e28b04b7ba1ca3482af0be079, State: Initialized, Role: FOLLOWER
I20260709 14:45:44.221117   759 tablet_bootstrap.cc:492] T d5248f17f31f410b879afb1dbbf82d42 P 73ec213d406348bd89561de3854f9a09: No bootstrap required, opened a new log
I20260709 14:45:44.221683   759 ts_tablet_manager.cc:1403] T d5248f17f31f410b879afb1dbbf82d42 P 73ec213d406348bd89561de3854f9a09: Time spent bootstrapping tablet: real 0.076s	user 0.013s	sys 0.020s
I20260709 14:45:44.221801   760 consensus_queue.cc:260] T 1d1dbd5e6e324a20a83c02903af80b71 P d8757e3e28b04b7ba1ca3482af0be079 [NON_LEADER]: Queue going to NON_LEADER mode. State: All replicated index: 0, Majority replicated index: 0, Committed index: 0, Last appended: 0.0, Last appended by leader: 0, Current term: 0, Majority size: -1, State: 0, Mode: NON_LEADER, active raft config: opid_index: -1 OBSOLETE_local: false peers { permanent_uuid: "73ec213d406348bd89561de3854f9a09" member_type: VOTER last_known_addr { host: "127.0.108.1" port: 42453 } } peers { permanent_uuid: "7120d57c51d54f31808c68ca43437fd3" member_type: VOTER last_known_addr { host: "127.0.108.2" port: 33605 } } peers { permanent_uuid: "d8757e3e28b04b7ba1ca3482af0be079" member_type: VOTER last_known_addr { host: "127.0.108.3" port: 37535 } }
I20260709 14:45:44.225641   758 tablet_bootstrap.cc:492] T 59e1fecec67a4996a0e8468492d1ca2f P 7120d57c51d54f31808c68ca43437fd3: No bootstrap required, opened a new log
I20260709 14:45:44.226552   758 ts_tablet_manager.cc:1403] T 59e1fecec67a4996a0e8468492d1ca2f P 7120d57c51d54f31808c68ca43437fd3: Time spent bootstrapping tablet: real 0.228s	user 0.019s	sys 0.022s
I20260709 14:45:44.226225   759 raft_consensus.cc:359] T d5248f17f31f410b879afb1dbbf82d42 P 73ec213d406348bd89561de3854f9a09 [term 0 FOLLOWER]: Replica starting. Triggering 0 pending ops. Active config: opid_index: -1 OBSOLETE_local: false peers { permanent_uuid: "73ec213d406348bd89561de3854f9a09" member_type: VOTER last_known_addr { host: "127.0.108.1" port: 42453 } } peers { permanent_uuid: "7120d57c51d54f31808c68ca43437fd3" member_type: VOTER last_known_addr { host: "127.0.108.2" port: 33605 } } peers { permanent_uuid: "d8757e3e28b04b7ba1ca3482af0be079" member_type: VOTER last_known_addr { host: "127.0.108.3" port: 37535 } }
I20260709 14:45:44.227205   759 raft_consensus.cc:385] T d5248f17f31f410b879afb1dbbf82d42 P 73ec213d406348bd89561de3854f9a09 [term 0 FOLLOWER]: Consensus starting up: Expiring failure detector timer to make a prompt election more likely
I20260709 14:45:44.227541   759 raft_consensus.cc:740] T d5248f17f31f410b879afb1dbbf82d42 P 73ec213d406348bd89561de3854f9a09 [term 0 FOLLOWER]: Becoming Follower/Learner. State: Replica: 73ec213d406348bd89561de3854f9a09, State: Initialized, Role: FOLLOWER
I20260709 14:45:44.228461   759 consensus_queue.cc:260] T d5248f17f31f410b879afb1dbbf82d42 P 73ec213d406348bd89561de3854f9a09 [NON_LEADER]: Queue going to NON_LEADER mode. State: All replicated index: 0, Majority replicated index: 0, Committed index: 0, Last appended: 0.0, Last appended by leader: 0, Current term: 0, Majority size: -1, State: 0, Mode: NON_LEADER, active raft config: opid_index: -1 OBSOLETE_local: false peers { permanent_uuid: "73ec213d406348bd89561de3854f9a09" member_type: VOTER last_known_addr { host: "127.0.108.1" port: 42453 } } peers { permanent_uuid: "7120d57c51d54f31808c68ca43437fd3" member_type: VOTER last_known_addr { host: "127.0.108.2" port: 33605 } } peers { permanent_uuid: "d8757e3e28b04b7ba1ca3482af0be079" member_type: VOTER last_known_addr { host: "127.0.108.3" port: 37535 } }
I20260709 14:45:44.232724   758 raft_consensus.cc:359] T 59e1fecec67a4996a0e8468492d1ca2f P 7120d57c51d54f31808c68ca43437fd3 [term 0 FOLLOWER]: Replica starting. Triggering 0 pending ops. Active config: opid_index: -1 OBSOLETE_local: false peers { permanent_uuid: "d8757e3e28b04b7ba1ca3482af0be079" member_type: VOTER last_known_addr { host: "127.0.108.3" port: 37535 } } peers { permanent_uuid: "7120d57c51d54f31808c68ca43437fd3" member_type: VOTER last_known_addr { host: "127.0.108.2" port: 33605 } } peers { permanent_uuid: "73ec213d406348bd89561de3854f9a09" member_type: VOTER last_known_addr { host: "127.0.108.1" port: 42453 } }
I20260709 14:45:44.233945   758 raft_consensus.cc:385] T 59e1fecec67a4996a0e8468492d1ca2f P 7120d57c51d54f31808c68ca43437fd3 [term 0 FOLLOWER]: Consensus starting up: Expiring failure detector timer to make a prompt election more likely
