I20260709 14:46:05.084035   432 hybrid_clock.cc:648] HybridClock initialized: now 1783608365084019 us; error 0 us; skew 500 ppm
I20260709 14:46:05.084616   432 server_base.cc:861] Flag tcmalloc_max_total_thread_cache_bytes is not working since tcmalloc is not enabled.
I20260709 14:46:05.087481   432 webserver.cc:533] Webserver started at http://127.0.108.62:38695/ using document root <none> and password file <none>
I20260709 14:46:05.088030   432 fs_manager.cc:362] Metadata directory not provided
I20260709 14:46:05.088243   432 fs_manager.cc:368] Using write-ahead log directory (fs_wal_dir) as metadata directory
I20260709 14:46:05.088555   432 server_base.cc:909] This appears to be a new deployment of Kudu; creating new FS layout
I20260709 14:46:05.089764   432 fs_manager.cc:1068] Generated new instance metadata in path /tmp/dist-test-tasksI6BOx/test-tmp/auto_leader_rebalancer-test.0.LeaderRebalancerTest.AddTserver.1783608340963211-432-0/minicluster-data/master-0-root/instance:
uuid: "2f849f0cb6d442d4b60f556f7af205fb"
format_stamp: "Formatted at 2026-07-09 14:46:05 on dist-test-slave-5tjq"
I20260709 14:46:05.095114   432 fs_manager.cc:696] Time spent creating directory manager: real 0.005s	user 0.000s	sys 0.004s
I20260709 14:46:05.099001  1424 log_block_manager.cc:4127] Time spent loading block containers with low live blocks: real 0.000s	user 0.000s	sys 0.000s
I20260709 14:46:05.099936   432 fs_manager.cc:730] Time spent opening block manager: real 0.003s	user 0.004s	sys 0.000s
I20260709 14:46:05.100203   432 fs_manager.cc:647] Opened local filesystem: /tmp/dist-test-tasksI6BOx/test-tmp/auto_leader_rebalancer-test.0.LeaderRebalancerTest.AddTserver.1783608340963211-432-0/minicluster-data/master-0-root
uuid: "2f849f0cb6d442d4b60f556f7af205fb"
format_stamp: "Formatted at 2026-07-09 14:46:05 on dist-test-slave-5tjq"
I20260709 14:46:05.100472   432 fs_report.cc:389] FS layout report
--------------------
wal directory: /tmp/dist-test-tasksI6BOx/test-tmp/auto_leader_rebalancer-test.0.LeaderRebalancerTest.AddTserver.1783608340963211-432-0/minicluster-data/master-0-root
metadata directory: /tmp/dist-test-tasksI6BOx/test-tmp/auto_leader_rebalancer-test.0.LeaderRebalancerTest.AddTserver.1783608340963211-432-0/minicluster-data/master-0-root
1 data directories: /tmp/dist-test-tasksI6BOx/test-tmp/auto_leader_rebalancer-test.0.LeaderRebalancerTest.AddTserver.1783608340963211-432-0/minicluster-data/master-0-root/data
Total live blocks: 0
Total live bytes: 0
Total live bytes (after alignment): 0
Total number of LBM containers: 0 (0 full)
Did not check for missing blocks
Did not check for orphaned blocks
Total full LBM containers with extra space: 0 (0 repaired)
Total full LBM container extra space in bytes: 0 (0 repaired)
Total incomplete LBM containers: 0 (0 repaired)
Total LBM partial records: 0 (0 repaired)
Total corrupted LBM metadata records in RocksDB: 0 (0 repaired)
I20260709 14:46:05.126704   432 rpc_server.cc:225] running with OpenSSL 1.1.1  11 Sep 2018
I20260709 14:46:05.127934   432 kserver.cc:163] Server-wide thread pool size limit: 3276
I20260709 14:46:05.170552   432 rpc_server.cc:307] RPC server started. Bound to: 127.0.108.62:35909
I20260709 14:46:05.170647  1475 acceptor_pool.cc:272] collecting diagnostics on the listening RPC socket 127.0.108.62:35909 every 8 connection(s)
I20260709 14:46:05.174826  1476 data_dirs.cc:400] Could only allocate 1 dirs of requested 3 for tablet 00000000000000000000000000000000. 1 dirs total, 0 dirs full, 0 dirs failed
I20260709 14:46:05.185350  1476 tablet_bootstrap.cc:492] T 00000000000000000000000000000000 P 2f849f0cb6d442d4b60f556f7af205fb: Bootstrap starting.
I20260709 14:46:05.190060  1476 tablet_bootstrap.cc:654] T 00000000000000000000000000000000 P 2f849f0cb6d442d4b60f556f7af205fb: Neither blocks nor log segments found. Creating new log.
I20260709 14:46:05.194391  1476 tablet_bootstrap.cc:492] T 00000000000000000000000000000000 P 2f849f0cb6d442d4b60f556f7af205fb: No bootstrap required, opened a new log
I20260709 14:46:05.196477  1476 raft_consensus.cc:359] T 00000000000000000000000000000000 P 2f849f0cb6d442d4b60f556f7af205fb [term 0 FOLLOWER]: Replica starting. Triggering 0 pending ops. Active config: opid_index: -1 OBSOLETE_local: true peers { permanent_uuid: "2f849f0cb6d442d4b60f556f7af205fb" member_type: VOTER }
I20260709 14:46:05.196890  1476 raft_consensus.cc:385] T 00000000000000000000000000000000 P 2f849f0cb6d442d4b60f556f7af205fb [term 0 FOLLOWER]: Consensus starting up: Expiring failure detector timer to make a prompt election more likely
I20260709 14:46:05.197068  1476 raft_consensus.cc:740] T 00000000000000000000000000000000 P 2f849f0cb6d442d4b60f556f7af205fb [term 0 FOLLOWER]: Becoming Follower/Learner. State: Replica: 2f849f0cb6d442d4b60f556f7af205fb, State: Initialized, Role: FOLLOWER
I20260709 14:46:05.197649  1476 consensus_queue.cc:260] T 00000000000000000000000000000000 P 2f849f0cb6d442d4b60f556f7af205fb [NON_LEADER]: Queue going to NON_LEADER mode. State: All replicated index: 0, Majority replicated index: 0, Committed index: 0, Last appended: 0.0, Last appended by leader: 0, Current term: 0, Majority size: -1, State: 0, Mode: NON_LEADER, active raft config: opid_index: -1 OBSOLETE_local: true peers { permanent_uuid: "2f849f0cb6d442d4b60f556f7af205fb" member_type: VOTER }
I20260709 14:46:05.198133  1476 raft_consensus.cc:399] T 00000000000000000000000000000000 P 2f849f0cb6d442d4b60f556f7af205fb [term 0 FOLLOWER]: Only one voter in the Raft config. Triggering election immediately
I20260709 14:46:05.198323  1476 raft_consensus.cc:493] T 00000000000000000000000000000000 P 2f849f0cb6d442d4b60f556f7af205fb [term 0 FOLLOWER]: Starting leader election (initial election of a single-replica configuration)
I20260709 14:46:05.198531  1476 raft_consensus.cc:3060] T 00000000000000000000000000000000 P 2f849f0cb6d442d4b60f556f7af205fb [term 0 FOLLOWER]: Advancing to term 1
I20260709 14:46:05.202948  1476 raft_consensus.cc:515] T 00000000000000000000000000000000 P 2f849f0cb6d442d4b60f556f7af205fb [term 1 FOLLOWER]: Starting leader election with config: opid_index: -1 OBSOLETE_local: true peers { permanent_uuid: "2f849f0cb6d442d4b60f556f7af205fb" member_type: VOTER }
I20260709 14:46:05.203508  1476 leader_election.cc:304] T 00000000000000000000000000000000 P 2f849f0cb6d442d4b60f556f7af205fb [CANDIDATE]: Term 1 election: Election decided. Result: candidate won. Election summary: received 1 responses out of 1 voters: 1 yes votes; 0 no votes. yes voters: 2f849f0cb6d442d4b60f556f7af205fb; no voters: 
I20260709 14:46:05.204723  1476 leader_election.cc:290] T 00000000000000000000000000000000 P 2f849f0cb6d442d4b60f556f7af205fb [CANDIDATE]: Term 1 election: Requested vote from peers 
I20260709 14:46:05.205111  1479 raft_consensus.cc:2804] T 00000000000000000000000000000000 P 2f849f0cb6d442d4b60f556f7af205fb [term 1 FOLLOWER]: Leader election won for term 1
I20260709 14:46:05.206553  1479 raft_consensus.cc:697] T 00000000000000000000000000000000 P 2f849f0cb6d442d4b60f556f7af205fb [term 1 LEADER]: Becoming Leader. State: Replica: 2f849f0cb6d442d4b60f556f7af205fb, State: Running, Role: LEADER
I20260709 14:46:05.207307  1479 consensus_queue.cc:237] T 00000000000000000000000000000000 P 2f849f0cb6d442d4b60f556f7af205fb [LEADER]: Queue going to LEADER mode. State: All replicated index: 0, Majority replicated index: 0, Committed index: 0, Last appended: 0.0, Last appended by leader: 0, Current term: 1, Majority size: 1, State: 0, Mode: LEADER, active raft config: opid_index: -1 OBSOLETE_local: true peers { permanent_uuid: "2f849f0cb6d442d4b60f556f7af205fb" member_type: VOTER }
I20260709 14:46:05.207749  1476 sys_catalog.cc:565] T 00000000000000000000000000000000 P 2f849f0cb6d442d4b60f556f7af205fb [sys.catalog]: configured and running, proceeding with master startup.
I20260709 14:46:05.212122  1480 sys_catalog.cc:455] T 00000000000000000000000000000000 P 2f849f0cb6d442d4b60f556f7af205fb [sys.catalog]: SysCatalogTable state changed. Reason: RaftConsensus started. Latest consensus state: current_term: 1 leader_uuid: "2f849f0cb6d442d4b60f556f7af205fb" committed_config { opid_index: -1 OBSOLETE_local: true peers { permanent_uuid: "2f849f0cb6d442d4b60f556f7af205fb" member_type: VOTER } }
I20260709 14:46:05.213102  1480 sys_catalog.cc:458] T 00000000000000000000000000000000 P 2f849f0cb6d442d4b60f556f7af205fb [sys.catalog]: This master's current role is: LEADER
I20260709 14:46:05.212318  1481 sys_catalog.cc:455] T 00000000000000000000000000000000 P 2f849f0cb6d442d4b60f556f7af205fb [sys.catalog]: SysCatalogTable state changed. Reason: New leader 2f849f0cb6d442d4b60f556f7af205fb. Latest consensus state: current_term: 1 leader_uuid: "2f849f0cb6d442d4b60f556f7af205fb" committed_config { opid_index: -1 OBSOLETE_local: true peers { permanent_uuid: "2f849f0cb6d442d4b60f556f7af205fb" member_type: VOTER } }
I20260709 14:46:05.214493  1481 sys_catalog.cc:458] T 00000000000000000000000000000000 P 2f849f0cb6d442d4b60f556f7af205fb [sys.catalog]: This master's current role is: LEADER
I20260709 14:46:05.215380  1486 catalog_manager.cc:1511] Loading table and tablet metadata into memory...
I20260709 14:46:05.220285  1486 catalog_manager.cc:1520] Initializing Kudu cluster ID...
I20260709 14:46:05.225162   432 internal_mini_cluster.cc:184] Waiting to initialize catalog manager on master 0
I20260709 14:46:05.229231  1486 catalog_manager.cc:1383] Generated new cluster ID: fd0441cbd35a45f8b4b1c7a7342f8600
I20260709 14:46:05.229550  1486 catalog_manager.cc:1531] Initializing Kudu internal certificate authority...
I20260709 14:46:05.262260  1486 catalog_manager.cc:1406] Generated new certificate authority record
I20260709 14:46:05.263581  1486 catalog_manager.cc:1540] Loading token signing keys...
I20260709 14:46:05.275462  1486 catalog_manager.cc:6070] T 00000000000000000000000000000000 P 2f849f0cb6d442d4b60f556f7af205fb: Generated new TSK 0
I20260709 14:46:05.276178  1486 catalog_manager.cc:1550] Initializing in-progress tserver states...
I20260709 14:46:05.293238   432 file_cache.cc:504] Constructed file cache file cache with capacity 419430
W20260709 14:46:05.301371  1497 instance_detector.cc:116] could not retrieve AWS instance metadata: Network error: curl error: HTTP response code said error: The requested URL returned error: 404
W20260709 14:46:05.301515  1498 instance_detector.cc:116] could not retrieve Azure instance metadata: Network error: curl error: HTTP response code said error: The requested URL returned error: 404
W20260709 14:46:05.303738  1500 instance_detector.cc:116] could not retrieve OpenStack instance metadata: Network error: curl error: HTTP response code said error: The requested URL returned error: 404
I20260709 14:46:05.304095   432 server_base.cc:1061] running on GCE node
I20260709 14:46:05.304966   432 hybrid_clock.cc:584] initializing the hybrid clock with 'system_unsync' time source
W20260709 14:46:05.305209   432 system_unsync_time.cc:38] NTP support is disabled. Clock error bounds will not be accurate. This configuration is not suitable for distributed clusters.
I20260709 14:46:05.305393   432 hybrid_clock.cc:648] HybridClock initialized: now 1783608365305369 us; error 0 us; skew 500 ppm
I20260709 14:46:05.306016   432 server_base.cc:861] Flag tcmalloc_max_total_thread_cache_bytes is not working since tcmalloc is not enabled.
I20260709 14:46:05.309456   432 webserver.cc:533] Webserver started at http://127.0.108.1:39795/ using document root <none> and password file <none>
I20260709 14:46:05.310382   432 fs_manager.cc:362] Metadata directory not provided
I20260709 14:46:05.310643   432 fs_manager.cc:368] Using write-ahead log directory (fs_wal_dir) as metadata directory
I20260709 14:46:05.311062   432 server_base.cc:909] This appears to be a new deployment of Kudu; creating new FS layout
I20260709 14:46:05.312243   432 fs_manager.cc:1068] Generated new instance metadata in path /tmp/dist-test-tasksI6BOx/test-tmp/auto_leader_rebalancer-test.0.LeaderRebalancerTest.AddTserver.1783608340963211-432-0/minicluster-data/ts-0-root/instance:
uuid: "5aefa900ba3d4730b78ea685bc5b84c1"
format_stamp: "Formatted at 2026-07-09 14:46:05 on dist-test-slave-5tjq"
I20260709 14:46:05.317169   432 fs_manager.cc:696] Time spent creating directory manager: real 0.004s	user 0.006s	sys 0.000s
I20260709 14:46:05.321305  1505 log_block_manager.cc:4127] Time spent loading block containers with low live blocks: real 0.000s	user 0.000s	sys 0.000s
I20260709 14:46:05.322535   432 fs_manager.cc:730] Time spent opening block manager: real 0.003s	user 0.003s	sys 0.000s
I20260709 14:46:05.322980   432 fs_manager.cc:647] Opened local filesystem: /tmp/dist-test-tasksI6BOx/test-tmp/auto_leader_rebalancer-test.0.LeaderRebalancerTest.AddTserver.1783608340963211-432-0/minicluster-data/ts-0-root
uuid: "5aefa900ba3d4730b78ea685bc5b84c1"
format_stamp: "Formatted at 2026-07-09 14:46:05 on dist-test-slave-5tjq"
I20260709 14:46:05.323258   432 fs_report.cc:389] FS layout report
--------------------
wal directory: /tmp/dist-test-tasksI6BOx/test-tmp/auto_leader_rebalancer-test.0.LeaderRebalancerTest.AddTserver.1783608340963211-432-0/minicluster-data/ts-0-root
metadata directory: /tmp/dist-test-tasksI6BOx/test-tmp/auto_leader_rebalancer-test.0.LeaderRebalancerTest.AddTserver.1783608340963211-432-0/minicluster-data/ts-0-root
1 data directories: /tmp/dist-test-tasksI6BOx/test-tmp/auto_leader_rebalancer-test.0.LeaderRebalancerTest.AddTserver.1783608340963211-432-0/minicluster-data/ts-0-root/data
Total live blocks: 0
Total live bytes: 0
Total live bytes (after alignment): 0
Total number of LBM containers: 0 (0 full)
Did not check for missing blocks
Did not check for orphaned blocks
Total full LBM containers with extra space: 0 (0 repaired)
Total full LBM container extra space in bytes: 0 (0 repaired)
Total incomplete LBM containers: 0 (0 repaired)
Total LBM partial records: 0 (0 repaired)
Total corrupted LBM metadata records in RocksDB: 0 (0 repaired)
I20260709 14:46:05.346155   432 rpc_server.cc:225] running with OpenSSL 1.1.1  11 Sep 2018
I20260709 14:46:05.347453   432 kserver.cc:163] Server-wide thread pool size limit: 3276
I20260709 14:46:05.348914   432 txn_system_client.cc:432] TxnSystemClient initialization is disabled...
I20260709 14:46:05.351362   432 ts_tablet_manager.cc:585] Loaded tablet metadata (0 total tablets, 0 live tablets)
I20260709 14:46:05.351555   432 ts_tablet_manager.cc:531] Time spent load tablet metadata: real 0.000s	user 0.000s	sys 0.000s
I20260709 14:46:05.351881   432 ts_tablet_manager.cc:616] Registered 0 tablets
I20260709 14:46:05.352059   432 ts_tablet_manager.cc:595] Time spent register tablets: real 0.000s	user 0.000s	sys 0.000s
I20260709 14:46:05.396347   432 rpc_server.cc:307] RPC server started. Bound to: 127.0.108.1:42505
I20260709 14:46:05.396433  1567 acceptor_pool.cc:272] collecting diagnostics on the listening RPC socket 127.0.108.1:42505 every 8 connection(s)
I20260709 14:46:05.401480   432 file_cache.cc:504] Constructed file cache file cache with capacity 419430
W20260709 14:46:05.408107  1572 instance_detector.cc:116] could not retrieve AWS instance metadata: Network error: curl error: HTTP response code said error: The requested URL returned error: 404
W20260709 14:46:05.409986  1573 instance_detector.cc:116] could not retrieve Azure instance metadata: Network error: curl error: HTTP response code said error: The requested URL returned error: 404
I20260709 14:46:05.414060   432 server_base.cc:1061] running on GCE node
W20260709 14:46:05.414196  1575 instance_detector.cc:116] could not retrieve OpenStack instance metadata: Network error: curl error: HTTP response code said error: The requested URL returned error: 404
I20260709 14:46:05.415531   432 hybrid_clock.cc:584] initializing the hybrid clock with 'system_unsync' time source
W20260709 14:46:05.415817   432 system_unsync_time.cc:38] NTP support is disabled. Clock error bounds will not be accurate. This configuration is not suitable for distributed clusters.
I20260709 14:46:05.416013   432 hybrid_clock.cc:648] HybridClock initialized: now 1783608365415997 us; error 0 us; skew 500 ppm
I20260709 14:46:05.416683   432 server_base.cc:861] Flag tcmalloc_max_total_thread_cache_bytes is not working since tcmalloc is not enabled.
I20260709 14:46:05.418160  1568 heartbeater.cc:344] Connected to a master server at 127.0.108.62:35909
I20260709 14:46:05.418541  1568 heartbeater.cc:461] Registering TS with master...
I20260709 14:46:05.419555  1568 heartbeater.cc:507] Master 127.0.108.62:35909 requested a full tablet report, sending...
I20260709 14:46:05.419754   432 webserver.cc:533] Webserver started at http://127.0.108.2:44305/ using document root <none> and password file <none>
I20260709 14:46:05.420403   432 fs_manager.cc:362] Metadata directory not provided
I20260709 14:46:05.420645   432 fs_manager.cc:368] Using write-ahead log directory (fs_wal_dir) as metadata directory
I20260709 14:46:05.420989   432 server_base.cc:909] This appears to be a new deployment of Kudu; creating new FS layout
I20260709 14:46:05.422132  1441 ts_manager.cc:194] Registered new tserver with Master: 5aefa900ba3d4730b78ea685bc5b84c1 (127.0.108.1:42505)
I20260709 14:46:05.422343   432 fs_manager.cc:1068] Generated new instance metadata in path /tmp/dist-test-tasksI6BOx/test-tmp/auto_leader_rebalancer-test.0.LeaderRebalancerTest.AddTserver.1783608340963211-432-0/minicluster-data/ts-1-root/instance:
uuid: "5c60c3a4fba84366adca6082c75ad03d"
format_stamp: "Formatted at 2026-07-09 14:46:05 on dist-test-slave-5tjq"
I20260709 14:46:05.423959  1441 master_service.cc:502] Signed X509 certificate for tserver {username='slave'} at 127.0.0.1:34804
I20260709 14:46:05.428083   432 fs_manager.cc:696] Time spent creating directory manager: real 0.005s	user 0.005s	sys 0.000s
I20260709 14:46:05.431770  1580 log_block_manager.cc:4127] Time spent loading block containers with low live blocks: real 0.000s	user 0.000s	sys 0.000s
I20260709 14:46:05.432624   432 fs_manager.cc:730] Time spent opening block manager: real 0.002s	user 0.001s	sys 0.000s
I20260709 14:46:05.432947   432 fs_manager.cc:647] Opened local filesystem: /tmp/dist-test-tasksI6BOx/test-tmp/auto_leader_rebalancer-test.0.LeaderRebalancerTest.AddTserver.1783608340963211-432-0/minicluster-data/ts-1-root
uuid: "5c60c3a4fba84366adca6082c75ad03d"
format_stamp: "Formatted at 2026-07-09 14:46:05 on dist-test-slave-5tjq"
I20260709 14:46:05.433266   432 fs_report.cc:389] FS layout report
--------------------
wal directory: /tmp/dist-test-tasksI6BOx/test-tmp/auto_leader_rebalancer-test.0.LeaderRebalancerTest.AddTserver.1783608340963211-432-0/minicluster-data/ts-1-root
metadata directory: /tmp/dist-test-tasksI6BOx/test-tmp/auto_leader_rebalancer-test.0.LeaderRebalancerTest.AddTserver.1783608340963211-432-0/minicluster-data/ts-1-root
1 data directories: /tmp/dist-test-tasksI6BOx/test-tmp/auto_leader_rebalancer-test.0.LeaderRebalancerTest.AddTserver.1783608340963211-432-0/minicluster-data/ts-1-root/data
Total live blocks: 0
Total live bytes: 0
Total live bytes (after alignment): 0
Total number of LBM containers: 0 (0 full)
Did not check for missing blocks
Did not check for orphaned blocks
Total full LBM containers with extra space: 0 (0 repaired)
Total full LBM container extra space in bytes: 0 (0 repaired)
Total incomplete LBM containers: 0 (0 repaired)
Total LBM partial records: 0 (0 repaired)
Total corrupted LBM metadata records in RocksDB: 0 (0 repaired)
I20260709 14:46:05.458086   432 rpc_server.cc:225] running with OpenSSL 1.1.1  11 Sep 2018
I20260709 14:46:05.459735   432 kserver.cc:163] Server-wide thread pool size limit: 3276
I20260709 14:46:05.461558   432 txn_system_client.cc:432] TxnSystemClient initialization is disabled...
I20260709 14:46:05.464435   432 ts_tablet_manager.cc:585] Loaded tablet metadata (0 total tablets, 0 live tablets)
I20260709 14:46:05.464726   432 ts_tablet_manager.cc:531] Time spent load tablet metadata: real 0.000s	user 0.000s	sys 0.000s
I20260709 14:46:05.464986   432 ts_tablet_manager.cc:616] Registered 0 tablets
I20260709 14:46:05.465174   432 ts_tablet_manager.cc:595] Time spent register tablets: real 0.000s	user 0.000s	sys 0.000s
I20260709 14:46:05.508462   432 rpc_server.cc:307] RPC server started. Bound to: 127.0.108.2:33187
I20260709 14:46:05.508582  1642 acceptor_pool.cc:272] collecting diagnostics on the listening RPC socket 127.0.108.2:33187 every 8 connection(s)
I20260709 14:46:05.513543   432 file_cache.cc:504] Constructed file cache file cache with capacity 419430
W20260709 14:46:05.519923  1646 instance_detector.cc:116] could not retrieve AWS instance metadata: Network error: curl error: HTTP response code said error: The requested URL returned error: 404
W20260709 14:46:05.523528  1647 instance_detector.cc:116] could not retrieve Azure instance metadata: Network error: curl error: HTTP response code said error: The requested URL returned error: 404
W20260709 14:46:05.524387  1649 instance_detector.cc:116] could not retrieve OpenStack instance metadata: Network error: curl error: HTTP response code said error: The requested URL returned error: 404
I20260709 14:46:05.525141  1643 heartbeater.cc:344] Connected to a master server at 127.0.108.62:35909
I20260709 14:46:05.525964  1643 heartbeater.cc:461] Registering TS with master...
I20260709 14:46:05.527048  1643 heartbeater.cc:507] Master 127.0.108.62:35909 requested a full tablet report, sending...
I20260709 14:46:05.528390   432 server_base.cc:1061] running on GCE node
I20260709 14:46:05.529434   432 hybrid_clock.cc:584] initializing the hybrid clock with 'system_unsync' time source
W20260709 14:46:05.529626   432 system_unsync_time.cc:38] NTP support is disabled. Clock error bounds will not be accurate. This configuration is not suitable for distributed clusters.
I20260709 14:46:05.529632  1441 ts_manager.cc:194] Registered new tserver with Master: 5c60c3a4fba84366adca6082c75ad03d (127.0.108.2:33187)
I20260709 14:46:05.529985   432 hybrid_clock.cc:648] HybridClock initialized: now 1783608365529963 us; error 0 us; skew 500 ppm
I20260709 14:46:05.530679   432 server_base.cc:861] Flag tcmalloc_max_total_thread_cache_bytes is not working since tcmalloc is not enabled.
I20260709 14:46:05.531495  1441 master_service.cc:502] Signed X509 certificate for tserver {username='slave'} at 127.0.0.1:34818
I20260709 14:46:05.533630   432 webserver.cc:533] Webserver started at http://127.0.108.3:39895/ using document root <none> and password file <none>
I20260709 14:46:05.534233   432 fs_manager.cc:362] Metadata directory not provided
I20260709 14:46:05.534458   432 fs_manager.cc:368] Using write-ahead log directory (fs_wal_dir) as metadata directory
I20260709 14:46:05.534747   432 server_base.cc:909] This appears to be a new deployment of Kudu; creating new FS layout
I20260709 14:46:05.535921   432 fs_manager.cc:1068] Generated new instance metadata in path /tmp/dist-test-tasksI6BOx/test-tmp/auto_leader_rebalancer-test.0.LeaderRebalancerTest.AddTserver.1783608340963211-432-0/minicluster-data/ts-2-root/instance:
uuid: "02c55f09c1df49fb879a4ed3dbc05f36"
format_stamp: "Formatted at 2026-07-09 14:46:05 on dist-test-slave-5tjq"
I20260709 14:46:05.540627   432 fs_manager.cc:696] Time spent creating directory manager: real 0.004s	user 0.006s	sys 0.000s
I20260709 14:46:05.544711  1654 log_block_manager.cc:4127] Time spent loading block containers with low live blocks: real 0.000s	user 0.000s	sys 0.000s
I20260709 14:46:05.545678   432 fs_manager.cc:730] Time spent opening block manager: real 0.003s	user 0.002s	sys 0.000s
I20260709 14:46:05.546172   432 fs_manager.cc:647] Opened local filesystem: /tmp/dist-test-tasksI6BOx/test-tmp/auto_leader_rebalancer-test.0.LeaderRebalancerTest.AddTserver.1783608340963211-432-0/minicluster-data/ts-2-root
uuid: "02c55f09c1df49fb879a4ed3dbc05f36"
format_stamp: "Formatted at 2026-07-09 14:46:05 on dist-test-slave-5tjq"
I20260709 14:46:05.546525   432 fs_report.cc:389] FS layout report
--------------------
wal directory: /tmp/dist-test-tasksI6BOx/test-tmp/auto_leader_rebalancer-test.0.LeaderRebalancerTest.AddTserver.1783608340963211-432-0/minicluster-data/ts-2-root
metadata directory: /tmp/dist-test-tasksI6BOx/test-tmp/auto_leader_rebalancer-test.0.LeaderRebalancerTest.AddTserver.1783608340963211-432-0/minicluster-data/ts-2-root
1 data directories: /tmp/dist-test-tasksI6BOx/test-tmp/auto_leader_rebalancer-test.0.LeaderRebalancerTest.AddTserver.1783608340963211-432-0/minicluster-data/ts-2-root/data
Total live blocks: 0
Total live bytes: 0
Total live bytes (after alignment): 0
Total number of LBM containers: 0 (0 full)
Did not check for missing blocks
Did not check for orphaned blocks
Total full LBM containers with extra space: 0 (0 repaired)
Total full LBM container extra space in bytes: 0 (0 repaired)
Total incomplete LBM containers: 0 (0 repaired)
Total LBM partial records: 0 (0 repaired)
Total corrupted LBM metadata records in RocksDB: 0 (0 repaired)
I20260709 14:46:05.561669   432 rpc_server.cc:225] running with OpenSSL 1.1.1  11 Sep 2018
I20260709 14:46:05.563263   432 kserver.cc:163] Server-wide thread pool size limit: 3276
I20260709 14:46:05.564918   432 txn_system_client.cc:432] TxnSystemClient initialization is disabled...
I20260709 14:46:05.567616   432 ts_tablet_manager.cc:585] Loaded tablet metadata (0 total tablets, 0 live tablets)
I20260709 14:46:05.567953   432 ts_tablet_manager.cc:531] Time spent load tablet metadata: real 0.000s	user 0.000s	sys 0.000s
I20260709 14:46:05.568252   432 ts_tablet_manager.cc:616] Registered 0 tablets
I20260709 14:46:05.568457   432 ts_tablet_manager.cc:595] Time spent register tablets: real 0.000s	user 0.000s	sys 0.000s
I20260709 14:46:05.615438   432 rpc_server.cc:307] RPC server started. Bound to: 127.0.108.3:33587
I20260709 14:46:05.615533  1716 acceptor_pool.cc:272] collecting diagnostics on the listening RPC socket 127.0.108.3:33587 every 8 connection(s)
I20260709 14:46:05.630443  1717 heartbeater.cc:344] Connected to a master server at 127.0.108.62:35909
I20260709 14:46:05.630853  1717 heartbeater.cc:461] Registering TS with master...
I20260709 14:46:05.631896  1717 heartbeater.cc:507] Master 127.0.108.62:35909 requested a full tablet report, sending...
I20260709 14:46:05.635331  1441 ts_manager.cc:194] Registered new tserver with Master: 02c55f09c1df49fb879a4ed3dbc05f36 (127.0.108.3:33587)
I20260709 14:46:05.636170   432 internal_mini_cluster.cc:371] 3 TS(s) registered with all masters after 0.017437973s
I20260709 14:46:05.637192  1441 master_service.cc:502] Signed X509 certificate for tserver {username='slave'} at 127.0.0.1:34832
I20260709 14:46:05.667408  1441 catalog_manager.cc:2283] Servicing CreateTable request from {username='slave'} at 127.0.0.1:34844:
name: "test-workload"
schema {
  columns {
    name: "key"
    type: INT32
    is_key: true
    is_nullable: false
    encoding: AUTO_ENCODING
    compression: DEFAULT_COMPRESSION
    cfile_block_size: 0
    immutable: false
  }
  columns {
    name: "int_val"
    type: INT32
    is_key: false
    is_nullable: false
    encoding: AUTO_ENCODING
    compression: DEFAULT_COMPRESSION
    cfile_block_size: 0
    immutable: false
  }
  columns {
    name: "string_val"
    type: STRING
    is_key: false
    is_nullable: true
    encoding: AUTO_ENCODING
    compression: DEFAULT_COMPRESSION
    cfile_block_size: 0
    immutable: false
  }
}
num_replicas: 3
split_rows_range_bounds {
  rows: "\004\001\000\313c+\002\004\001\000\226\307V\004\004\001\000a+\202\006\004\001\000,\217\255\010\004\001\000\367\362\330\n\004\001\000\302V\004\r\004\001\000\215\272/\017\004\001\000X\036[\021\004\001\000#\202\206\023\004\001\000\356\345\261\025\004\001\000\271I\335\027\004\001\000\204\255\010\032\004\001\000O\0214\034\004\001\000\032u_\036\004\001\000\345\330\212 \004\001\000\260<\266\"\004\001\000{\240\341$\004\001\000F\004\r\'\004\001\000\021h8)\004\001\000\334\313c+\004\001\000\247/\217-\004\001\000r\223\272/\004\001\000=\367\3451\004\001\000\010[\0214\004\001\000\323\276<6\004\001\000\236\"h8\004\001\000i\206\223:\004\001\0004\352\276<\004\001\000\377M\352>\004\001\000\312\261\025A\004\001\000\225\025AC\004\001\000`ylE\004\001\000+\335\227G\004\001\000\366@\303I\004\001\000\301\244\356K\004\001\000\214\010\032N\004\001\000WlEP\004\001\000\"\320pR\004\001\000\3553\234T\004\001\000\270\227\307V\004\001\000\203\373\362X\004\001\000N_\036[\004\001\000\031\303I]\004\001\000\344&u_\004\001\000\257\212\240a\004\001\000z\356\313c\004\001\000ER\367e\004\001\000\020\266\"h\004\001\000\333\031Nj\004\001\000\246}yl\004\001\000q\341\244n\004\001\000<E\320p\004\001\000\007\251\373r\004\001\000\322\014\'u\004\001\000\235pRw\004\001\000h\324}y\004\001\00038\251{\004\001\000\376\233\324}""\004\001\000\313c+\002\004\001\000\226\307V\004\004\001\000a+\202\006\004\001\000,\217\255\010\004\001\000\367\362\330\n\004\001\000\302V\004\r\004\001\000\215\272/\017\004\001\000X\036[\021\004\001\000#\202\206\023\004\001\000\356\345\261\025\004\001\000\271I\335\027\004\001\000\204\255\010\032\004\001\000O\0214\034\004\001\000\032u_\036\004\001\000\345\330\212 \004\001\000\260<\266\"\004\001\000{\240\341$\004\001\000F\004\r\'\004\001\000\021h8)\004\001\000\334\313c+\004\001\000\247/\217-\004\001\000r\223\272/\004\001\000=\367\3451\004\001\000\010[\0214\004\001\000\323\276<6\004\001\000\236\"h8\004\001\000i\206\223:\004\001\0004\352\276<\004\001\000\377M\352>\004\001\000\312\261\025A\004\001\000\225\025AC\004\001\000`ylE\004\001\000+\335\227G\004\001\000\366@\303I\004\001\000\301\244\356K\004\001\000\214\010\032N\004\001\000WlEP\004\001\000\"\320pR\004\001\000\3553\234T\004\001\000\270\227\307V\004\001\000\203\373\362X\004\001\000N_\036[\004\001\000\031\303I]\004\001\000\344&u_\004\001\000\257\212\240a\004\001\000z\356\313c\004\001\000ER\367e\004\001\000\020\266\"h\004\001\000\333\031Nj\004\001\000\246}yl\004\001\000q\341\244n\004\001\000<E\320p\004\001\000\007\251\373r\004\001\000\322\014\'u\004\001\000\235pRw\004\001\000h\324}y\004\001\00038\251{\004\001\000\376\233\324}"
  indirect_data: """"
}
partition_schema {
  range_schema {
    columns {
      name: "key"
    }
  }
}
W20260709 14:46:05.673480  1441 catalog_manager.cc:7077] The number of live tablet servers is not enough to re-replicate a tablet replica of the newly created table test-workload in case of a server failure: 4 tablet servers would be needed, 3 are available. Consider bringing up more tablet servers.
I20260709 14:46:05.881762  1531 tablet_service.cc:1511] Processing CreateTablet for tablet 7cdaab5f87ee4c94b9a595ce3e9c7e3a (DEFAULT_TABLE table=test-workload [id=aeefb0dbb27045fcb89cef9c27d50471]), partition=RANGE (key) PARTITION 72796054 <= VALUES < 109194081
I20260709 14:46:05.882881  1608 tablet_service.cc:1511] Processing CreateTablet for tablet 4773193cfda445e2b4a6c8871cccb807 (DEFAULT_TABLE table=test-workload [id=aeefb0dbb27045fcb89cef9c27d50471]), partition=RANGE (key) PARTITION VALUES < 36398027
I20260709 14:46:05.883433  1531 data_dirs.cc:400] Could only allocate 1 dirs of requested 3 for tablet 7cdaab5f87ee4c94b9a595ce3e9c7e3a. 1 dirs total, 0 dirs full, 0 dirs failed
I20260709 14:46:05.883764  1532 tablet_service.cc:1511] Processing CreateTablet for tablet d3442a13875f4db9960b6a496889c9f6 (DEFAULT_TABLE table=test-workload [id=aeefb0dbb27045fcb89cef9c27d50471]), partition=RANGE (key) PARTITION 36398027 <= VALUES < 72796054
I20260709 14:46:05.884368  1608 data_dirs.cc:400] Could only allocate 1 dirs of requested 3 for tablet 4773193cfda445e2b4a6c8871cccb807. 1 dirs total, 0 dirs full, 0 dirs failed
I20260709 14:46:05.885039  1532 data_dirs.cc:400] Could only allocate 1 dirs of requested 3 for tablet d3442a13875f4db9960b6a496889c9f6. 1 dirs total, 0 dirs full, 0 dirs failed
I20260709 14:46:05.889065  1530 tablet_service.cc:1511] Processing CreateTablet for tablet 85a7886f8d3643c7847af9e57def748f (DEFAULT_TABLE table=test-workload [id=aeefb0dbb27045fcb89cef9c27d50471]), partition=RANGE (key) PARTITION 109194081 <= VALUES < 145592108
I20260709 14:46:05.890973  1529 tablet_service.cc:1511] Processing CreateTablet for tablet fdae59cd03944cc481c362887c36079e (DEFAULT_TABLE table=test-workload [id=aeefb0dbb27045fcb89cef9c27d50471]), partition=RANGE (key) PARTITION 145592108 <= VALUES < 181990135
I20260709 14:46:05.892465  1529 data_dirs.cc:400] Could only allocate 1 dirs of requested 3 for tablet fdae59cd03944cc481c362887c36079e. 1 dirs total, 0 dirs full, 0 dirs failed
I20260709 14:46:05.895692  1528 tablet_service.cc:1511] Processing CreateTablet for tablet 08c16439ff0a487ea6fd3f1677b07dc2 (DEFAULT_TABLE table=test-workload [id=aeefb0dbb27045fcb89cef9c27d50471]), partition=RANGE (key) PARTITION 181990135 <= VALUES < 218388162
I20260709 14:46:05.897241  1528 data_dirs.cc:400] Could only allocate 1 dirs of requested 3 for tablet 08c16439ff0a487ea6fd3f1677b07dc2. 1 dirs total, 0 dirs full, 0 dirs failed
I20260709 14:46:05.897707  1606 tablet_service.cc:1511] Processing CreateTablet for tablet 7cdaab5f87ee4c94b9a595ce3e9c7e3a (DEFAULT_TABLE table=test-workload [id=aeefb0dbb27045fcb89cef9c27d50471]), partition=RANGE (key) PARTITION 72796054 <= VALUES < 109194081
I20260709 14:46:05.898029  1533 tablet_service.cc:1511] Processing CreateTablet for tablet 4773193cfda445e2b4a6c8871cccb807 (DEFAULT_TABLE table=test-workload [id=aeefb0dbb27045fcb89cef9c27d50471]), partition=RANGE (key) PARTITION VALUES < 36398027
I20260709 14:46:05.899407  1533 data_dirs.cc:400] Could only allocate 1 dirs of requested 3 for tablet 4773193cfda445e2b4a6c8871cccb807. 1 dirs total, 0 dirs full, 0 dirs failed
I20260709 14:46:05.900178  1605 tablet_service.cc:1511] Processing CreateTablet for tablet 85a7886f8d3643c7847af9e57def748f (DEFAULT_TABLE table=test-workload [id=aeefb0dbb27045fcb89cef9c27d50471]), partition=RANGE (key) PARTITION 109194081 <= VALUES < 145592108
I20260709 14:46:05.895756  1607 tablet_service.cc:1511] Processing CreateTablet for tablet d3442a13875f4db9960b6a496889c9f6 (DEFAULT_TABLE table=test-workload [id=aeefb0dbb27045fcb89cef9c27d50471]), partition=RANGE (key) PARTITION 36398027 <= VALUES < 72796054
I20260709 14:46:05.903079  1604 tablet_service.cc:1511] Processing CreateTablet for tablet fdae59cd03944cc481c362887c36079e (DEFAULT_TABLE table=test-workload [id=aeefb0dbb27045fcb89cef9c27d50471]), partition=RANGE (key) PARTITION 145592108 <= VALUES < 181990135
I20260709 14:46:05.903612  1530 data_dirs.cc:400] Could only allocate 1 dirs of requested 3 for tablet 85a7886f8d3643c7847af9e57def748f. 1 dirs total, 0 dirs full, 0 dirs failed
I20260709 14:46:05.905445  1682 tablet_service.cc:1511] Processing CreateTablet for tablet 4773193cfda445e2b4a6c8871cccb807 (DEFAULT_TABLE table=test-workload [id=aeefb0dbb27045fcb89cef9c27d50471]), partition=RANGE (key) PARTITION VALUES < 36398027
I20260709 14:46:05.906852  1682 data_dirs.cc:400] Could only allocate 1 dirs of requested 3 for tablet 4773193cfda445e2b4a6c8871cccb807. 1 dirs total, 0 dirs full, 0 dirs failed
I20260709 14:46:05.910719  1678 tablet_service.cc:1511] Processing CreateTablet for tablet fdae59cd03944cc481c362887c36079e (DEFAULT_TABLE table=test-workload [id=aeefb0dbb27045fcb89cef9c27d50471]), partition=RANGE (key) PARTITION 145592108 <= VALUES < 181990135
I20260709 14:46:05.912353  1678 data_dirs.cc:400] Could only allocate 1 dirs of requested 3 for tablet fdae59cd03944cc481c362887c36079e. 1 dirs total, 0 dirs full, 0 dirs failed
I20260709 14:46:05.915141  1679 tablet_service.cc:1511] Processing CreateTablet for tablet 85a7886f8d3643c7847af9e57def748f (DEFAULT_TABLE table=test-workload [id=aeefb0dbb27045fcb89cef9c27d50471]), partition=RANGE (key) PARTITION 109194081 <= VALUES < 145592108
I20260709 14:46:05.916600  1679 data_dirs.cc:400] Could only allocate 1 dirs of requested 3 for tablet 85a7886f8d3643c7847af9e57def748f. 1 dirs total, 0 dirs full, 0 dirs failed
I20260709 14:46:05.919065  1680 tablet_service.cc:1511] Processing CreateTablet for tablet 7cdaab5f87ee4c94b9a595ce3e9c7e3a (DEFAULT_TABLE table=test-workload [id=aeefb0dbb27045fcb89cef9c27d50471]), partition=RANGE (key) PARTITION 72796054 <= VALUES < 109194081
I20260709 14:46:05.920504  1680 data_dirs.cc:400] Could only allocate 1 dirs of requested 3 for tablet 7cdaab5f87ee4c94b9a595ce3e9c7e3a. 1 dirs total, 0 dirs full, 0 dirs failed
I20260709 14:46:05.923593  1681 tablet_service.cc:1511] Processing CreateTablet for tablet d3442a13875f4db9960b6a496889c9f6 (DEFAULT_TABLE table=test-workload [id=aeefb0dbb27045fcb89cef9c27d50471]), partition=RANGE (key) PARTITION 36398027 <= VALUES < 72796054
I20260709 14:46:05.925112  1681 data_dirs.cc:400] Could only allocate 1 dirs of requested 3 for tablet d3442a13875f4db9960b6a496889c9f6. 1 dirs total, 0 dirs full, 0 dirs failed
I20260709 14:46:05.901770  1605 data_dirs.cc:400] Could only allocate 1 dirs of requested 3 for tablet 85a7886f8d3643c7847af9e57def748f. 1 dirs total, 0 dirs full, 0 dirs failed
I20260709 14:46:05.934945  1603 tablet_service.cc:1511] Processing CreateTablet for tablet 08c16439ff0a487ea6fd3f1677b07dc2 (DEFAULT_TABLE table=test-workload [id=aeefb0dbb27045fcb89cef9c27d50471]), partition=RANGE (key) PARTITION 181990135 <= VALUES < 218388162
I20260709 14:46:05.942198  1677 tablet_service.cc:1511] Processing CreateTablet for tablet 08c16439ff0a487ea6fd3f1677b07dc2 (DEFAULT_TABLE table=test-workload [id=aeefb0dbb27045fcb89cef9c27d50471]), partition=RANGE (key) PARTITION 181990135 <= VALUES < 218388162
I20260709 14:46:05.943868  1677 data_dirs.cc:400] Could only allocate 1 dirs of requested 3 for tablet 08c16439ff0a487ea6fd3f1677b07dc2. 1 dirs total, 0 dirs full, 0 dirs failed
I20260709 14:46:05.946026  1607 data_dirs.cc:400] Could only allocate 1 dirs of requested 3 for tablet d3442a13875f4db9960b6a496889c9f6. 1 dirs total, 0 dirs full, 0 dirs failed
I20260709 14:46:05.946784  1604 data_dirs.cc:400] Could only allocate 1 dirs of requested 3 for tablet fdae59cd03944cc481c362887c36079e. 1 dirs total, 0 dirs full, 0 dirs failed
I20260709 14:46:05.949236  1603 data_dirs.cc:400] Could only allocate 1 dirs of requested 3 for tablet 08c16439ff0a487ea6fd3f1677b07dc2. 1 dirs total, 0 dirs full, 0 dirs failed
I20260709 14:46:05.958257  1606 data_dirs.cc:400] Could only allocate 1 dirs of requested 3 for tablet 7cdaab5f87ee4c94b9a595ce3e9c7e3a. 1 dirs total, 0 dirs full, 0 dirs failed
I20260709 14:46:05.996702  1734 tablet_bootstrap.cc:492] T 4773193cfda445e2b4a6c8871cccb807 P 02c55f09c1df49fb879a4ed3dbc05f36: Bootstrap starting.
I20260709 14:46:05.997725  1527 tablet_service.cc:1511] Processing CreateTablet for tablet e91e5141710f4f4e86c87998d83b8409 (DEFAULT_TABLE table=test-workload [id=aeefb0dbb27045fcb89cef9c27d50471]), partition=RANGE (key) PARTITION 218388162 <= VALUES < 254786189
I20260709 14:46:05.999776  1527 data_dirs.cc:400] Could only allocate 1 dirs of requested 3 for tablet e91e5141710f4f4e86c87998d83b8409. 1 dirs total, 0 dirs full, 0 dirs failed
I20260709 14:46:06.005762  1602 tablet_service.cc:1511] Processing CreateTablet for tablet e91e5141710f4f4e86c87998d83b8409 (DEFAULT_TABLE table=test-workload [id=aeefb0dbb27045fcb89cef9c27d50471]), partition=RANGE (key) PARTITION 218388162 <= VALUES < 254786189
I20260709 14:46:06.007370  1602 data_dirs.cc:400] Could only allocate 1 dirs of requested 3 for tablet e91e5141710f4f4e86c87998d83b8409. 1 dirs total, 0 dirs full, 0 dirs failed
I20260709 14:46:06.011729  1734 tablet_bootstrap.cc:654] T 4773193cfda445e2b4a6c8871cccb807 P 02c55f09c1df49fb879a4ed3dbc05f36: Neither blocks nor log segments found. Creating new log.
I20260709 14:46:06.013262  1677 tablet_service.cc:1511] Processing CreateTablet for tablet e91e5141710f4f4e86c87998d83b8409 (DEFAULT_TABLE table=test-workload [id=aeefb0dbb27045fcb89cef9c27d50471]), partition=RANGE (key) PARTITION 218388162 <= VALUES < 254786189
I20260709 14:46:06.014670  1677 data_dirs.cc:400] Could only allocate 1 dirs of requested 3 for tablet e91e5141710f4f4e86c87998d83b8409. 1 dirs total, 0 dirs full, 0 dirs failed
I20260709 14:46:06.029196  1529 tablet_service.cc:1511] Processing CreateTablet for tablet 89d5a38025b84fba966dc67f5f5a5bc1 (DEFAULT_TABLE table=test-workload [id=aeefb0dbb27045fcb89cef9c27d50471]), partition=RANGE (key) PARTITION 254786189 <= VALUES < 291184216
I20260709 14:46:06.030694  1529 data_dirs.cc:400] Could only allocate 1 dirs of requested 3 for tablet 89d5a38025b84fba966dc67f5f5a5bc1. 1 dirs total, 0 dirs full, 0 dirs failed
I20260709 14:46:06.050047  1682 tablet_service.cc:1511] Processing CreateTablet for tablet 89d5a38025b84fba966dc67f5f5a5bc1 (DEFAULT_TABLE table=test-workload [id=aeefb0dbb27045fcb89cef9c27d50471]), partition=RANGE (key) PARTITION 254786189 <= VALUES < 291184216
I20260709 14:46:06.051458  1682 data_dirs.cc:400] Could only allocate 1 dirs of requested 3 for tablet 89d5a38025b84fba966dc67f5f5a5bc1. 1 dirs total, 0 dirs full, 0 dirs failed
I20260709 14:46:06.054075  1732 tablet_bootstrap.cc:492] T 7cdaab5f87ee4c94b9a595ce3e9c7e3a P 5aefa900ba3d4730b78ea685bc5b84c1: Bootstrap starting.
I20260709 14:46:06.051076  1601 tablet_service.cc:1511] Processing CreateTablet for tablet 57224563747a4376af66b604c7d3b3d5 (DEFAULT_TABLE table=test-workload [id=aeefb0dbb27045fcb89cef9c27d50471]), partition=RANGE (key) PARTITION 327582243 <= VALUES < 363980270
I20260709 14:46:06.055317  1601 data_dirs.cc:400] Could only allocate 1 dirs of requested 3 for tablet 57224563747a4376af66b604c7d3b3d5. 1 dirs total, 0 dirs full, 0 dirs failed
I20260709 14:46:06.054976  1680 tablet_service.cc:1511] Processing CreateTablet for tablet 1e182802b1664a379a8653e3f6ee6276 (DEFAULT_TABLE table=test-workload [id=aeefb0dbb27045fcb89cef9c27d50471]), partition=RANGE (key) PARTITION 291184216 <= VALUES < 327582243
I20260709 14:46:06.056274  1680 data_dirs.cc:400] Could only allocate 1 dirs of requested 3 for tablet 1e182802b1664a379a8653e3f6ee6276. 1 dirs total, 0 dirs full, 0 dirs failed
I20260709 14:46:06.059731  1531 tablet_service.cc:1511] Processing CreateTablet for tablet 57224563747a4376af66b604c7d3b3d5 (DEFAULT_TABLE table=test-workload [id=aeefb0dbb27045fcb89cef9c27d50471]), partition=RANGE (key) PARTITION 327582243 <= VALUES < 363980270
I20260709 14:46:06.066251  1531 data_dirs.cc:400] Could only allocate 1 dirs of requested 3 for tablet 57224563747a4376af66b604c7d3b3d5. 1 dirs total, 0 dirs full, 0 dirs failed
I20260709 14:46:06.066656  1530 tablet_service.cc:1511] Processing CreateTablet for tablet 1e182802b1664a379a8653e3f6ee6276 (DEFAULT_TABLE table=test-workload [id=aeefb0dbb27045fcb89cef9c27d50471]), partition=RANGE (key) PARTITION 291184216 <= VALUES < 327582243
I20260709 14:46:06.069444  1530 data_dirs.cc:400] Could only allocate 1 dirs of requested 3 for tablet 1e182802b1664a379a8653e3f6ee6276. 1 dirs total, 0 dirs full, 0 dirs failed
I20260709 14:46:06.066313  1733 tablet_bootstrap.cc:492] T 4773193cfda445e2b4a6c8871cccb807 P 5c60c3a4fba84366adca6082c75ad03d: Bootstrap starting.
I20260709 14:46:06.080816  1732 tablet_bootstrap.cc:654] T 7cdaab5f87ee4c94b9a595ce3e9c7e3a P 5aefa900ba3d4730b78ea685bc5b84c1: Neither blocks nor log segments found. Creating new log.
I20260709 14:46:06.086675  1604 tablet_service.cc:1511] Processing CreateTablet for tablet 1e182802b1664a379a8653e3f6ee6276 (DEFAULT_TABLE table=test-workload [id=aeefb0dbb27045fcb89cef9c27d50471]), partition=RANGE (key) PARTITION 291184216 <= VALUES < 327582243
I20260709 14:46:06.088173  1604 data_dirs.cc:400] Could only allocate 1 dirs of requested 3 for tablet 1e182802b1664a379a8653e3f6ee6276. 1 dirs total, 0 dirs full, 0 dirs failed
I20260709 14:46:06.080981  1733 tablet_bootstrap.cc:654] T 4773193cfda445e2b4a6c8871cccb807 P 5c60c3a4fba84366adca6082c75ad03d: Neither blocks nor log segments found. Creating new log.
I20260709 14:46:06.098776  1530 tablet_service.cc:1511] Processing CreateTablet for tablet 4928ad1d0a5a4ea688a833f3401f5a2c (DEFAULT_TABLE table=test-workload [id=aeefb0dbb27045fcb89cef9c27d50471]), partition=RANGE (key) PARTITION 363980270 <= VALUES < 400378297
I20260709 14:46:06.100200  1530 data_dirs.cc:400] Could only allocate 1 dirs of requested 3 for tablet 4928ad1d0a5a4ea688a833f3401f5a2c. 1 dirs total, 0 dirs full, 0 dirs failed
I20260709 14:46:06.100762  1608 tablet_service.cc:1511] Processing CreateTablet for tablet 89d5a38025b84fba966dc67f5f5a5bc1 (DEFAULT_TABLE table=test-workload [id=aeefb0dbb27045fcb89cef9c27d50471]), partition=RANGE (key) PARTITION 254786189 <= VALUES < 291184216
I20260709 14:46:06.107407  1678 tablet_service.cc:1511] Processing CreateTablet for tablet 4928ad1d0a5a4ea688a833f3401f5a2c (DEFAULT_TABLE table=test-workload [id=aeefb0dbb27045fcb89cef9c27d50471]), partition=RANGE (key) PARTITION 363980270 <= VALUES < 400378297
I20260709 14:46:06.108314  1734 tablet_bootstrap.cc:492] T 4773193cfda445e2b4a6c8871cccb807 P 02c55f09c1df49fb879a4ed3dbc05f36: No bootstrap required, opened a new log
I20260709 14:46:06.108587  1608 data_dirs.cc:400] Could only allocate 1 dirs of requested 3 for tablet 89d5a38025b84fba966dc67f5f5a5bc1. 1 dirs total, 0 dirs full, 0 dirs failed
I20260709 14:46:06.108871  1734 ts_tablet_manager.cc:1403] T 4773193cfda445e2b4a6c8871cccb807 P 02c55f09c1df49fb879a4ed3dbc05f36: Time spent bootstrapping tablet: real 0.113s	user 0.012s	sys 0.000s
I20260709 14:46:06.115551  1679 tablet_service.cc:1511] Processing CreateTablet for tablet 57224563747a4376af66b604c7d3b3d5 (DEFAULT_TABLE table=test-workload [id=aeefb0dbb27045fcb89cef9c27d50471]), partition=RANGE (key) PARTITION 327582243 <= VALUES < 363980270
I20260709 14:46:06.109361  1678 data_dirs.cc:400] Could only allocate 1 dirs of requested 3 for tablet 4928ad1d0a5a4ea688a833f3401f5a2c. 1 dirs total, 0 dirs full, 0 dirs failed
I20260709 14:46:06.117285  1734 raft_consensus.cc:359] T 4773193cfda445e2b4a6c8871cccb807 P 02c55f09c1df49fb879a4ed3dbc05f36 [term 0 FOLLOWER]: Replica starting. Triggering 0 pending ops. Active config: opid_index: -1 OBSOLETE_local: false peers { permanent_uuid: "5c60c3a4fba84366adca6082c75ad03d" member_type: VOTER last_known_addr { host: "127.0.108.2" port: 33187 } } peers { permanent_uuid: "5aefa900ba3d4730b78ea685bc5b84c1" member_type: VOTER last_known_addr { host: "127.0.108.1" port: 42505 } } peers { permanent_uuid: "02c55f09c1df49fb879a4ed3dbc05f36" member_type: VOTER last_known_addr { host: "127.0.108.3" port: 33587 } }
I20260709 14:46:06.121119  1734 raft_consensus.cc:385] T 4773193cfda445e2b4a6c8871cccb807 P 02c55f09c1df49fb879a4ed3dbc05f36 [term 0 FOLLOWER]: Consensus starting up: Expiring failure detector timer to make a prompt election more likely
I20260709 14:46:06.121506  1734 raft_consensus.cc:740] T 4773193cfda445e2b4a6c8871cccb807 P 02c55f09c1df49fb879a4ed3dbc05f36 [term 0 FOLLOWER]: Becoming Follower/Learner. State: Replica: 02c55f09c1df49fb879a4ed3dbc05f36, State: Initialized, Role: FOLLOWER
I20260709 14:46:06.122771  1606 tablet_service.cc:1511] Processing CreateTablet for tablet 4928ad1d0a5a4ea688a833f3401f5a2c (DEFAULT_TABLE table=test-workload [id=aeefb0dbb27045fcb89cef9c27d50471]), partition=RANGE (key) PARTITION 363980270 <= VALUES < 400378297
I20260709 14:46:06.124238  1606 data_dirs.cc:400] Could only allocate 1 dirs of requested 3 for tablet 4928ad1d0a5a4ea688a833f3401f5a2c. 1 dirs total, 0 dirs full, 0 dirs failed
I20260709 14:46:06.125290  1734 consensus_queue.cc:260] T 4773193cfda445e2b4a6c8871cccb807 P 02c55f09c1df49fb879a4ed3dbc05f36 [NON_LEADER]: Queue going to NON_LEADER mode. State: All replicated index: 0, Majority replicated index: 0, Committed index: 0, Last appended: 0.0, Last appended by leader: 0, Current term: 0, Majority size: -1, State: 0, Mode: NON_LEADER, active raft config: opid_index: -1 OBSOLETE_local: false peers { permanent_uuid: "5c60c3a4fba84366adca6082c75ad03d" member_type: VOTER last_known_addr { host: "127.0.108.2" port: 33187 } } peers { permanent_uuid: "5aefa900ba3d4730b78ea685bc5b84c1" member_type: VOTER last_known_addr { host: "127.0.108.1" port: 42505 } } peers { permanent_uuid: "02c55f09c1df49fb879a4ed3dbc05f36" member_type: VOTER last_known_addr { host: "127.0.108.3" port: 33587 } }
I20260709 14:46:06.137208  1532 tablet_service.cc:1511] Processing CreateTablet for tablet c8dfed77ba914a279f43bd97d4304502 (DEFAULT_TABLE table=test-workload [id=aeefb0dbb27045fcb89cef9c27d50471]), partition=RANGE (key) PARTITION 400378297 <= VALUES < 436776324
I20260709 14:46:06.138983  1532 data_dirs.cc:400] Could only allocate 1 dirs of requested 3 for tablet c8dfed77ba914a279f43bd97d4304502. 1 dirs total, 0 dirs full, 0 dirs failed
I20260709 14:46:06.142060  1531 tablet_service.cc:1511] Processing CreateTablet for tablet 596a0056bfb64f7faeb9a4cc722976ee (DEFAULT_TABLE table=test-workload [id=aeefb0dbb27045fcb89cef9c27d50471]), partition=RANGE (key) PARTITION 436776324 <= VALUES < 473174351
I20260709 14:46:06.143607  1531 data_dirs.cc:400] Could only allocate 1 dirs of requested 3 for tablet 596a0056bfb64f7faeb9a4cc722976ee. 1 dirs total, 0 dirs full, 0 dirs failed
I20260709 14:46:06.146278  1527 tablet_service.cc:1511] Processing CreateTablet for tablet d9c51d29bcf74311adaf7bfafc0836c0 (DEFAULT_TABLE table=test-workload [id=aeefb0dbb27045fcb89cef9c27d50471]), partition=RANGE (key) PARTITION 473174351 <= VALUES < 509572378
I20260709 14:46:06.147749  1527 data_dirs.cc:400] Could only allocate 1 dirs of requested 3 for tablet d9c51d29bcf74311adaf7bfafc0836c0. 1 dirs total, 0 dirs full, 0 dirs failed
I20260709 14:46:06.150632  1681 tablet_service.cc:1511] Processing CreateTablet for tablet c8dfed77ba914a279f43bd97d4304502 (DEFAULT_TABLE table=test-workload [id=aeefb0dbb27045fcb89cef9c27d50471]), partition=RANGE (key) PARTITION 400378297 <= VALUES < 436776324
I20260709 14:46:06.152554  1533 tablet_service.cc:1511] Processing CreateTablet for tablet fe03876d89714aa6a5213f114c0acf5a (DEFAULT_TABLE table=test-workload [id=aeefb0dbb27045fcb89cef9c27d50471]), partition=RANGE (key) PARTITION 509572378 <= VALUES < 545970405
