I20260709 14:53:41.567677 25697 data_dirs.cc:400] Could only allocate 1 dirs of requested 3 for tablet 524a7943509741a1b14632189687ff30. 1 dirs total, 0 dirs full, 0 dirs failed
I20260709 14:53:41.583461 25759 tablet_bootstrap.cc:654] T 7e1de300d7ef48839b99af646844062e P 220102084f214ac485d6abc899c103a3: Neither blocks nor log segments found. Creating new log.
I20260709 14:53:41.587802 25555 tablet_service.cc:1511] Processing CreateTablet for tablet 9c89ec2f945e4c2d8fd8870e2c214e24 (DEFAULT_TABLE table=test-workload [id=ebc3acbc156c42338f900a92d06c68f5]), partition=RANGE (key) PARTITION 1528717134 <= VALUES < 1565115161
I20260709 14:53:41.588886 25555 data_dirs.cc:400] Could only allocate 1 dirs of requested 3 for tablet 9c89ec2f945e4c2d8fd8870e2c214e24. 1 dirs total, 0 dirs full, 0 dirs failed
I20260709 14:53:41.591059 25625 tablet_service.cc:1511] Processing CreateTablet for tablet 9c89ec2f945e4c2d8fd8870e2c214e24 (DEFAULT_TABLE table=test-workload [id=ebc3acbc156c42338f900a92d06c68f5]), partition=RANGE (key) PARTITION 1528717134 <= VALUES < 1565115161
I20260709 14:53:41.592413 25625 data_dirs.cc:400] Could only allocate 1 dirs of requested 3 for tablet 9c89ec2f945e4c2d8fd8870e2c214e24. 1 dirs total, 0 dirs full, 0 dirs failed
I20260709 14:53:41.593240 25698 tablet_service.cc:1511] Processing CreateTablet for tablet 9c89ec2f945e4c2d8fd8870e2c214e24 (DEFAULT_TABLE table=test-workload [id=ebc3acbc156c42338f900a92d06c68f5]), partition=RANGE (key) PARTITION 1528717134 <= VALUES < 1565115161
I20260709 14:53:41.594355 25698 data_dirs.cc:400] Could only allocate 1 dirs of requested 3 for tablet 9c89ec2f945e4c2d8fd8870e2c214e24. 1 dirs total, 0 dirs full, 0 dirs failed
I20260709 14:53:41.601701 25553 tablet_service.cc:1511] Processing CreateTablet for tablet 87107ab661744f59bec855c5dc1c2e18 (DEFAULT_TABLE table=test-workload [id=ebc3acbc156c42338f900a92d06c68f5]), partition=RANGE (key) PARTITION 1565115161 <= VALUES < 1601513188
I20260709 14:53:41.603940 25553 data_dirs.cc:400] Could only allocate 1 dirs of requested 3 for tablet 87107ab661744f59bec855c5dc1c2e18. 1 dirs total, 0 dirs full, 0 dirs failed
I20260709 14:53:41.610419 25631 tablet_service.cc:1511] Processing CreateTablet for tablet 87107ab661744f59bec855c5dc1c2e18 (DEFAULT_TABLE table=test-workload [id=ebc3acbc156c42338f900a92d06c68f5]), partition=RANGE (key) PARTITION 1565115161 <= VALUES < 1601513188
I20260709 14:53:41.611120 25760 tablet_bootstrap.cc:492] T b2ccac71d1df482d9b05f664767ffbcc P 3d26764c81564310948d1df4337b7daf: No bootstrap required, opened a new log
I20260709 14:53:41.613579 25756 tablet_bootstrap.cc:492] T d8b8e608f9c844cf83783eaae598ec69 P a10b4da122344c6e9c75d45d14543b3f: No bootstrap required, opened a new log
I20260709 14:53:41.614089 25756 ts_tablet_manager.cc:1403] T d8b8e608f9c844cf83783eaae598ec69 P a10b4da122344c6e9c75d45d14543b3f: Time spent bootstrapping tablet: real 0.191s	user 0.017s	sys 0.000s
I20260709 14:53:41.614988 25552 tablet_service.cc:1511] Processing CreateTablet for tablet 3c85610070c04ed183b6978877bbba3c (DEFAULT_TABLE table=test-workload [id=ebc3acbc156c42338f900a92d06c68f5]), partition=RANGE (key) PARTITION 1601513188 <= VALUES < 1637911215
I20260709 14:53:41.613574 25631 data_dirs.cc:400] Could only allocate 1 dirs of requested 3 for tablet 87107ab661744f59bec855c5dc1c2e18. 1 dirs total, 0 dirs full, 0 dirs failed
I20260709 14:53:41.623230 25624 tablet_service.cc:1511] Processing CreateTablet for tablet 3c85610070c04ed183b6978877bbba3c (DEFAULT_TABLE table=test-workload [id=ebc3acbc156c42338f900a92d06c68f5]), partition=RANGE (key) PARTITION 1601513188 <= VALUES < 1637911215
I20260709 14:53:41.611584 25760 ts_tablet_manager.cc:1403] T b2ccac71d1df482d9b05f664767ffbcc P 3d26764c81564310948d1df4337b7daf: Time spent bootstrapping tablet: real 0.166s	user 0.019s	sys 0.005s
I20260709 14:53:41.625079 25624 data_dirs.cc:400] Could only allocate 1 dirs of requested 3 for tablet 3c85610070c04ed183b6978877bbba3c. 1 dirs total, 0 dirs full, 0 dirs failed
I20260709 14:53:41.632874 25627 tablet_service.cc:1511] Processing CreateTablet for tablet 39b21bcdf649481491e7beebb1650375 (DEFAULT_TABLE table=test-workload [id=ebc3acbc156c42338f900a92d06c68f5]), partition=RANGE (key) PARTITION 1637911215 <= VALUES < 1674309242
I20260709 14:53:41.633472 25760 raft_consensus.cc:359] T b2ccac71d1df482d9b05f664767ffbcc P 3d26764c81564310948d1df4337b7daf [term 0 FOLLOWER]: Replica starting. Triggering 0 pending ops. Active config: opid_index: -1 OBSOLETE_local: false peers { permanent_uuid: "3d26764c81564310948d1df4337b7daf" member_type: VOTER last_known_addr { host: "127.23.226.65" port: 39941 } } peers { permanent_uuid: "220102084f214ac485d6abc899c103a3" member_type: VOTER last_known_addr { host: "127.23.226.66" port: 39257 } } peers { permanent_uuid: "a10b4da122344c6e9c75d45d14543b3f" member_type: VOTER last_known_addr { host: "127.23.226.67" port: 45797 } }
I20260709 14:53:41.634079 25627 data_dirs.cc:400] Could only allocate 1 dirs of requested 3 for tablet 39b21bcdf649481491e7beebb1650375. 1 dirs total, 0 dirs full, 0 dirs failed
I20260709 14:53:41.634227 25760 raft_consensus.cc:385] T b2ccac71d1df482d9b05f664767ffbcc P 3d26764c81564310948d1df4337b7daf [term 0 FOLLOWER]: Consensus starting up: Expiring failure detector timer to make a prompt election more likely
I20260709 14:53:41.634572 25760 raft_consensus.cc:740] T b2ccac71d1df482d9b05f664767ffbcc P 3d26764c81564310948d1df4337b7daf [term 0 FOLLOWER]: Becoming Follower/Learner. State: Replica: 3d26764c81564310948d1df4337b7daf, State: Initialized, Role: FOLLOWER
I20260709 14:53:41.625475 25756 raft_consensus.cc:359] T d8b8e608f9c844cf83783eaae598ec69 P a10b4da122344c6e9c75d45d14543b3f [term 0 FOLLOWER]: Replica starting. Triggering 0 pending ops. Active config: opid_index: -1 OBSOLETE_local: false peers { permanent_uuid: "3d26764c81564310948d1df4337b7daf" member_type: VOTER last_known_addr { host: "127.23.226.65" port: 39941 } } peers { permanent_uuid: "220102084f214ac485d6abc899c103a3" member_type: VOTER last_known_addr { host: "127.23.226.66" port: 39257 } } peers { permanent_uuid: "a10b4da122344c6e9c75d45d14543b3f" member_type: VOTER last_known_addr { host: "127.23.226.67" port: 45797 } }
I20260709 14:53:41.639133 25756 raft_consensus.cc:385] T d8b8e608f9c844cf83783eaae598ec69 P a10b4da122344c6e9c75d45d14543b3f [term 0 FOLLOWER]: Consensus starting up: Expiring failure detector timer to make a prompt election more likely
I20260709 14:53:41.639511 25756 raft_consensus.cc:740] T d8b8e608f9c844cf83783eaae598ec69 P a10b4da122344c6e9c75d45d14543b3f [term 0 FOLLOWER]: Becoming Follower/Learner. State: Replica: a10b4da122344c6e9c75d45d14543b3f, State: Initialized, Role: FOLLOWER
I20260709 14:53:41.640429 25756 consensus_queue.cc:260] T d8b8e608f9c844cf83783eaae598ec69 P a10b4da122344c6e9c75d45d14543b3f [NON_LEADER]: Queue going to NON_LEADER mode. State: All replicated index: 0, Majority replicated index: 0, Committed index: 0, Last appended: 0.0, Last appended by leader: 0, Current term: 0, Majority size: -1, State: 0, Mode: NON_LEADER, active raft config: opid_index: -1 OBSOLETE_local: false peers { permanent_uuid: "3d26764c81564310948d1df4337b7daf" member_type: VOTER last_known_addr { host: "127.23.226.65" port: 39941 } } peers { permanent_uuid: "220102084f214ac485d6abc899c103a3" member_type: VOTER last_known_addr { host: "127.23.226.66" port: 39257 } } peers { permanent_uuid: "a10b4da122344c6e9c75d45d14543b3f" member_type: VOTER last_known_addr { host: "127.23.226.67" port: 45797 } }
I20260709 14:53:41.626327 25552 data_dirs.cc:400] Could only allocate 1 dirs of requested 3 for tablet 3c85610070c04ed183b6978877bbba3c. 1 dirs total, 0 dirs full, 0 dirs failed
I20260709 14:53:41.628894 25702 tablet_service.cc:1511] Processing CreateTablet for tablet 3c85610070c04ed183b6978877bbba3c (DEFAULT_TABLE table=test-workload [id=ebc3acbc156c42338f900a92d06c68f5]), partition=RANGE (key) PARTITION 1601513188 <= VALUES < 1637911215
I20260709 14:53:41.642899 25702 data_dirs.cc:400] Could only allocate 1 dirs of requested 3 for tablet 3c85610070c04ed183b6978877bbba3c. 1 dirs total, 0 dirs full, 0 dirs failed
I20260709 14:53:41.640446 25704 tablet_service.cc:1511] Processing CreateTablet for tablet 87107ab661744f59bec855c5dc1c2e18 (DEFAULT_TABLE table=test-workload [id=ebc3acbc156c42338f900a92d06c68f5]), partition=RANGE (key) PARTITION 1565115161 <= VALUES < 1601513188
I20260709 14:53:41.650424 25704 data_dirs.cc:400] Could only allocate 1 dirs of requested 3 for tablet 87107ab661744f59bec855c5dc1c2e18. 1 dirs total, 0 dirs full, 0 dirs failed
I20260709 14:53:41.654124 25701 tablet_service.cc:1511] Processing CreateTablet for tablet 39b21bcdf649481491e7beebb1650375 (DEFAULT_TABLE table=test-workload [id=ebc3acbc156c42338f900a92d06c68f5]), partition=RANGE (key) PARTITION 1637911215 <= VALUES < 1674309242
I20260709 14:53:41.649446 25756 ts_tablet_manager.cc:1434] T d8b8e608f9c844cf83783eaae598ec69 P a10b4da122344c6e9c75d45d14543b3f: Time spent starting tablet: real 0.035s	user 0.008s	sys 0.000s
I20260709 14:53:41.660874 25549 tablet_service.cc:1511] Processing CreateTablet for tablet 39b21bcdf649481491e7beebb1650375 (DEFAULT_TABLE table=test-workload [id=ebc3acbc156c42338f900a92d06c68f5]), partition=RANGE (key) PARTITION 1637911215 <= VALUES < 1674309242
I20260709 14:53:41.661813 25701 data_dirs.cc:400] Could only allocate 1 dirs of requested 3 for tablet 39b21bcdf649481491e7beebb1650375. 1 dirs total, 0 dirs full, 0 dirs failed
I20260709 14:53:41.670567 25763 raft_consensus.cc:493] T b2ccac71d1df482d9b05f664767ffbcc P 220102084f214ac485d6abc899c103a3 [term 0 FOLLOWER]: Starting pre-election (no leader contacted us within the election timeout)
I20260709 14:53:41.671092 25763 raft_consensus.cc:515] T b2ccac71d1df482d9b05f664767ffbcc P 220102084f214ac485d6abc899c103a3 [term 0 FOLLOWER]: Starting pre-election with config: opid_index: -1 OBSOLETE_local: false peers { permanent_uuid: "3d26764c81564310948d1df4337b7daf" member_type: VOTER last_known_addr { host: "127.23.226.65" port: 39941 } } peers { permanent_uuid: "220102084f214ac485d6abc899c103a3" member_type: VOTER last_known_addr { host: "127.23.226.66" port: 39257 } } peers { permanent_uuid: "a10b4da122344c6e9c75d45d14543b3f" member_type: VOTER last_known_addr { host: "127.23.226.67" port: 45797 } }
I20260709 14:53:41.671423 25760 consensus_queue.cc:260] T b2ccac71d1df482d9b05f664767ffbcc P 3d26764c81564310948d1df4337b7daf [NON_LEADER]: Queue going to NON_LEADER mode. State: All replicated index: 0, Majority replicated index: 0, Committed index: 0, Last appended: 0.0, Last appended by leader: 0, Current term: 0, Majority size: -1, State: 0, Mode: NON_LEADER, active raft config: opid_index: -1 OBSOLETE_local: false peers { permanent_uuid: "3d26764c81564310948d1df4337b7daf" member_type: VOTER last_known_addr { host: "127.23.226.65" port: 39941 } } peers { permanent_uuid: "220102084f214ac485d6abc899c103a3" member_type: VOTER last_known_addr { host: "127.23.226.66" port: 39257 } } peers { permanent_uuid: "a10b4da122344c6e9c75d45d14543b3f" member_type: VOTER last_known_addr { host: "127.23.226.67" port: 45797 } }
I20260709 14:53:41.673677 25760 ts_tablet_manager.cc:1434] T b2ccac71d1df482d9b05f664767ffbcc P 3d26764c81564310948d1df4337b7daf: Time spent starting tablet: real 0.043s	user 0.002s	sys 0.002s
I20260709 14:53:41.673810 25567 tablet_service.cc:1917] Received RequestConsensusVote() RPC: tablet_id: "b2ccac71d1df482d9b05f664767ffbcc" candidate_uuid: "220102084f214ac485d6abc899c103a3" candidate_term: 1 candidate_status { last_received { term: 0 index: 0 } } ignore_live_leader: false dest_uuid: "3d26764c81564310948d1df4337b7daf" is_pre_election: true
I20260709 14:53:41.674460 25567 raft_consensus.cc:2468] T b2ccac71d1df482d9b05f664767ffbcc P 3d26764c81564310948d1df4337b7daf [term 0 FOLLOWER]: Leader pre-election vote request: Granting yes vote for candidate 220102084f214ac485d6abc899c103a3 in term 0.
I20260709 14:53:41.674893 25716 tablet_service.cc:1917] Received RequestConsensusVote() RPC: tablet_id: "b2ccac71d1df482d9b05f664767ffbcc" candidate_uuid: "220102084f214ac485d6abc899c103a3" candidate_term: 1 candidate_status { last_received { term: 0 index: 0 } } ignore_live_leader: false dest_uuid: "a10b4da122344c6e9c75d45d14543b3f" is_pre_election: true
I20260709 14:53:41.673144 25763 leader_election.cc:290] T b2ccac71d1df482d9b05f664767ffbcc P 220102084f214ac485d6abc899c103a3 [CANDIDATE]: Term 1 pre-election: Requested pre-vote from peers 3d26764c81564310948d1df4337b7daf (127.23.226.65:39941), a10b4da122344c6e9c75d45d14543b3f (127.23.226.67:45797)
W20260709 14:53:41.676476 25608 leader_election.cc:343] T b2ccac71d1df482d9b05f664767ffbcc P 220102084f214ac485d6abc899c103a3 [CANDIDATE]: Term 1 pre-election: Tablet error from VoteRequest() call to peer a10b4da122344c6e9c75d45d14543b3f (127.23.226.67:45797): Illegal state: must be running to vote when last-logged opid is not known
I20260709 14:53:41.678277 25607 leader_election.cc:304] T b2ccac71d1df482d9b05f664767ffbcc P 220102084f214ac485d6abc899c103a3 [CANDIDATE]: Term 1 pre-election: Election decided. Result: candidate won. Election summary: received 3 responses out of 3 voters: 2 yes votes; 1 no votes. yes voters: 220102084f214ac485d6abc899c103a3, 3d26764c81564310948d1df4337b7daf; no voters: a10b4da122344c6e9c75d45d14543b3f
I20260709 14:53:41.681185 25763 raft_consensus.cc:2804] T b2ccac71d1df482d9b05f664767ffbcc P 220102084f214ac485d6abc899c103a3 [term 0 FOLLOWER]: Leader pre-election won for term 1
I20260709 14:53:41.681579 25763 raft_consensus.cc:493] T b2ccac71d1df482d9b05f664767ffbcc P 220102084f214ac485d6abc899c103a3 [term 0 FOLLOWER]: Starting leader election (no leader contacted us within the election timeout)
I20260709 14:53:41.681931 25763 raft_consensus.cc:3060] T b2ccac71d1df482d9b05f664767ffbcc P 220102084f214ac485d6abc899c103a3 [term 0 FOLLOWER]: Advancing to term 1
I20260709 14:53:41.666800 25549 data_dirs.cc:400] Could only allocate 1 dirs of requested 3 for tablet 39b21bcdf649481491e7beebb1650375. 1 dirs total, 0 dirs full, 0 dirs failed
I20260709 14:53:41.692101 25763 raft_consensus.cc:515] T b2ccac71d1df482d9b05f664767ffbcc P 220102084f214ac485d6abc899c103a3 [term 1 FOLLOWER]: Starting leader election with config: opid_index: -1 OBSOLETE_local: false peers { permanent_uuid: "3d26764c81564310948d1df4337b7daf" member_type: VOTER last_known_addr { host: "127.23.226.65" port: 39941 } } peers { permanent_uuid: "220102084f214ac485d6abc899c103a3" member_type: VOTER last_known_addr { host: "127.23.226.66" port: 39257 } } peers { permanent_uuid: "a10b4da122344c6e9c75d45d14543b3f" member_type: VOTER last_known_addr { host: "127.23.226.67" port: 45797 } }
I20260709 14:53:41.693732 25759 tablet_bootstrap.cc:492] T 7e1de300d7ef48839b99af646844062e P 220102084f214ac485d6abc899c103a3: No bootstrap required, opened a new log
I20260709 14:53:41.694276 25759 ts_tablet_manager.cc:1403] T 7e1de300d7ef48839b99af646844062e P 220102084f214ac485d6abc899c103a3: Time spent bootstrapping tablet: real 0.139s	user 0.012s	sys 0.001s
I20260709 14:53:41.694967 25567 tablet_service.cc:1917] Received RequestConsensusVote() RPC: tablet_id: "b2ccac71d1df482d9b05f664767ffbcc" candidate_uuid: "220102084f214ac485d6abc899c103a3" candidate_term: 1 candidate_status { last_received { term: 0 index: 0 } } ignore_live_leader: false dest_uuid: "3d26764c81564310948d1df4337b7daf"
I20260709 14:53:41.695552 25567 raft_consensus.cc:3060] T b2ccac71d1df482d9b05f664767ffbcc P 3d26764c81564310948d1df4337b7daf [term 0 FOLLOWER]: Advancing to term 1
I20260709 14:53:41.697176 25760 tablet_bootstrap.cc:492] T 0b75b9e82ca94890bf874172f92d124d P 3d26764c81564310948d1df4337b7daf: Bootstrap starting.
I20260709 14:53:41.691192 25463 catalog_manager.cc:5697] T d4a8ffe0209742368e7a7fd490883a00 P a10b4da122344c6e9c75d45d14543b3f reported cstate change: term changed from 0 to 1, leader changed from <none> to a10b4da122344c6e9c75d45d14543b3f (127.23.226.67). New cstate: current_term: 1 leader_uuid: "a10b4da122344c6e9c75d45d14543b3f" committed_config { opid_index: -1 OBSOLETE_local: false peers { permanent_uuid: "3d26764c81564310948d1df4337b7daf" member_type: VOTER last_known_addr { host: "127.23.226.65" port: 39941 } health_report { overall_health: UNKNOWN } } peers { permanent_uuid: "220102084f214ac485d6abc899c103a3" member_type: VOTER last_known_addr { host: "127.23.226.66" port: 39257 } health_report { overall_health: UNKNOWN } } peers { permanent_uuid: "a10b4da122344c6e9c75d45d14543b3f" member_type: VOTER last_known_addr { host: "127.23.226.67" port: 45797 } health_report { overall_health: HEALTHY } } }
I20260709 14:53:41.697754 25759 raft_consensus.cc:359] T 7e1de300d7ef48839b99af646844062e P 220102084f214ac485d6abc899c103a3 [term 0 FOLLOWER]: Replica starting. Triggering 0 pending ops. Active config: opid_index: -1 OBSOLETE_local: false peers { permanent_uuid: "3d26764c81564310948d1df4337b7daf" member_type: VOTER last_known_addr { host: "127.23.226.65" port: 39941 } } peers { permanent_uuid: "220102084f214ac485d6abc899c103a3" member_type: VOTER last_known_addr { host: "127.23.226.66" port: 39257 } } peers { permanent_uuid: "a10b4da122344c6e9c75d45d14543b3f" member_type: VOTER last_known_addr { host: "127.23.226.67" port: 45797 } }
I20260709 14:53:41.698529 25759 raft_consensus.cc:385] T 7e1de300d7ef48839b99af646844062e P 220102084f214ac485d6abc899c103a3 [term 0 FOLLOWER]: Consensus starting up: Expiring failure detector timer to make a prompt election more likely
I20260709 14:53:41.698983 25759 raft_consensus.cc:740] T 7e1de300d7ef48839b99af646844062e P 220102084f214ac485d6abc899c103a3 [term 0 FOLLOWER]: Becoming Follower/Learner. State: Replica: 220102084f214ac485d6abc899c103a3, State: Initialized, Role: FOLLOWER
I20260709 14:53:41.699826 25759 consensus_queue.cc:260] T 7e1de300d7ef48839b99af646844062e P 220102084f214ac485d6abc899c103a3 [NON_LEADER]: Queue going to NON_LEADER mode. State: All replicated index: 0, Majority replicated index: 0, Committed index: 0, Last appended: 0.0, Last appended by leader: 0, Current term: 0, Majority size: -1, State: 0, Mode: NON_LEADER, active raft config: opid_index: -1 OBSOLETE_local: false peers { permanent_uuid: "3d26764c81564310948d1df4337b7daf" member_type: VOTER last_known_addr { host: "127.23.226.65" port: 39941 } } peers { permanent_uuid: "220102084f214ac485d6abc899c103a3" member_type: VOTER last_known_addr { host: "127.23.226.66" port: 39257 } } peers { permanent_uuid: "a10b4da122344c6e9c75d45d14543b3f" member_type: VOTER last_known_addr { host: "127.23.226.67" port: 45797 } }
I20260709 14:53:41.665576 25555 tablet_service.cc:1511] Processing CreateTablet for tablet 6820d18a7a964a9b9c07cc299d2a3568 (DEFAULT_TABLE table=test-workload [id=ebc3acbc156c42338f900a92d06c68f5]), partition=RANGE (key) PARTITION 1674309242 <= VALUES < 1710707269
I20260709 14:53:41.704262 25630 tablet_service.cc:1511] Processing CreateTablet for tablet 6820d18a7a964a9b9c07cc299d2a3568 (DEFAULT_TABLE table=test-workload [id=ebc3acbc156c42338f900a92d06c68f5]), partition=RANGE (key) PARTITION 1674309242 <= VALUES < 1710707269
I20260709 14:53:41.706940 25567 raft_consensus.cc:2468] T b2ccac71d1df482d9b05f664767ffbcc P 3d26764c81564310948d1df4337b7daf [term 1 FOLLOWER]: Leader election vote request: Granting yes vote for candidate 220102084f214ac485d6abc899c103a3 in term 1.
I20260709 14:53:41.712885 25555 data_dirs.cc:400] Could only allocate 1 dirs of requested 3 for tablet 6820d18a7a964a9b9c07cc299d2a3568. 1 dirs total, 0 dirs full, 0 dirs failed
I20260709 14:53:41.662000 25756 tablet_bootstrap.cc:492] T 7e1de300d7ef48839b99af646844062e P a10b4da122344c6e9c75d45d14543b3f: Bootstrap starting.
I20260709 14:53:41.709223 25760 tablet_bootstrap.cc:654] T 0b75b9e82ca94890bf874172f92d124d P 3d26764c81564310948d1df4337b7daf: Neither blocks nor log segments found. Creating new log.
I20260709 14:53:41.715251 25630 data_dirs.cc:400] Could only allocate 1 dirs of requested 3 for tablet 6820d18a7a964a9b9c07cc299d2a3568. 1 dirs total, 0 dirs full, 0 dirs failed
I20260709 14:53:41.726725 25763 leader_election.cc:290] T b2ccac71d1df482d9b05f664767ffbcc P 220102084f214ac485d6abc899c103a3 [CANDIDATE]: Term 1 election: Requested vote from peers 3d26764c81564310948d1df4337b7daf (127.23.226.65:39941), a10b4da122344c6e9c75d45d14543b3f (127.23.226.67:45797)
I20260709 14:53:41.727407 25716 tablet_service.cc:1917] Received RequestConsensusVote() RPC: tablet_id: "b2ccac71d1df482d9b05f664767ffbcc" candidate_uuid: "220102084f214ac485d6abc899c103a3" candidate_term: 1 candidate_status { last_received { term: 0 index: 0 } } ignore_live_leader: false dest_uuid: "a10b4da122344c6e9c75d45d14543b3f"
W20260709 14:53:41.731383 25608 leader_election.cc:343] T b2ccac71d1df482d9b05f664767ffbcc P 220102084f214ac485d6abc899c103a3 [CANDIDATE]: Term 1 election: Tablet error from VoteRequest() call to peer a10b4da122344c6e9c75d45d14543b3f (127.23.226.67:45797): Illegal state: must be running to vote when last-logged opid is not known
I20260709 14:53:41.743814 25607 leader_election.cc:304] T b2ccac71d1df482d9b05f664767ffbcc P 220102084f214ac485d6abc899c103a3 [CANDIDATE]: Term 1 election: Election decided. Result: candidate won. Election summary: received 3 responses out of 3 voters: 2 yes votes; 1 no votes. yes voters: 220102084f214ac485d6abc899c103a3, 3d26764c81564310948d1df4337b7daf; no voters: a10b4da122344c6e9c75d45d14543b3f
I20260709 14:53:41.745158 25763 raft_consensus.cc:2804] T b2ccac71d1df482d9b05f664767ffbcc P 220102084f214ac485d6abc899c103a3 [term 1 FOLLOWER]: Leader election won for term 1
I20260709 14:53:41.745615 25763 raft_consensus.cc:697] T b2ccac71d1df482d9b05f664767ffbcc P 220102084f214ac485d6abc899c103a3 [term 1 LEADER]: Becoming Leader. State: Replica: 220102084f214ac485d6abc899c103a3, State: Running, Role: LEADER
I20260709 14:53:41.746413 25763 consensus_queue.cc:237] T b2ccac71d1df482d9b05f664767ffbcc P 220102084f214ac485d6abc899c103a3 [LEADER]: Queue going to LEADER mode. State: All replicated index: 0, Majority replicated index: 0, Committed index: 0, Last appended: 0.0, Last appended by leader: 0, Current term: 1, Majority size: 2, State: 0, Mode: LEADER, active raft config: opid_index: -1 OBSOLETE_local: false peers { permanent_uuid: "3d26764c81564310948d1df4337b7daf" member_type: VOTER last_known_addr { host: "127.23.226.65" port: 39941 } } peers { permanent_uuid: "220102084f214ac485d6abc899c103a3" member_type: VOTER last_known_addr { host: "127.23.226.66" port: 39257 } } peers { permanent_uuid: "a10b4da122344c6e9c75d45d14543b3f" member_type: VOTER last_known_addr { host: "127.23.226.67" port: 45797 } }
I20260709 14:53:41.753422 25759 ts_tablet_manager.cc:1434] T 7e1de300d7ef48839b99af646844062e P 220102084f214ac485d6abc899c103a3: Time spent starting tablet: real 0.059s	user 0.014s	sys 0.009s
I20260709 14:53:41.757227 25624 tablet_service.cc:1511] Processing CreateTablet for tablet 66ec015c1ed744548f939a6293deb77a (DEFAULT_TABLE table=test-workload [id=ebc3acbc156c42338f900a92d06c68f5]), partition=RANGE (key) PARTITION 1747105296 <= VALUES < 1783503323
I20260709 14:53:41.758482 25624 data_dirs.cc:400] Could only allocate 1 dirs of requested 3 for tablet 66ec015c1ed744548f939a6293deb77a. 1 dirs total, 0 dirs full, 0 dirs failed
I20260709 14:53:41.759943 25555 tablet_service.cc:1511] Processing CreateTablet for tablet 98fa1f4351b94292a6d4db43fcbcb6fe (DEFAULT_TABLE table=test-workload [id=ebc3acbc156c42338f900a92d06c68f5]), partition=RANGE (key) PARTITION 1783503323 <= VALUES < 1819901350
I20260709 14:53:41.760998 25555 data_dirs.cc:400] Could only allocate 1 dirs of requested 3 for tablet 98fa1f4351b94292a6d4db43fcbcb6fe. 1 dirs total, 0 dirs full, 0 dirs failed
I20260709 14:53:41.764515 25756 tablet_bootstrap.cc:654] T 7e1de300d7ef48839b99af646844062e P a10b4da122344c6e9c75d45d14543b3f: Neither blocks nor log segments found. Creating new log.
I20260709 14:53:41.764566 25631 tablet_service.cc:1511] Processing CreateTablet for tablet 98fa1f4351b94292a6d4db43fcbcb6fe (DEFAULT_TABLE table=test-workload [id=ebc3acbc156c42338f900a92d06c68f5]), partition=RANGE (key) PARTITION 1783503323 <= VALUES < 1819901350
I20260709 14:53:41.765059 25697 tablet_service.cc:1511] Processing CreateTablet for tablet 66ec015c1ed744548f939a6293deb77a (DEFAULT_TABLE table=test-workload [id=ebc3acbc156c42338f900a92d06c68f5]), partition=RANGE (key) PARTITION 1747105296 <= VALUES < 1783503323
I20260709 14:53:41.765877 25631 data_dirs.cc:400] Could only allocate 1 dirs of requested 3 for tablet 98fa1f4351b94292a6d4db43fcbcb6fe. 1 dirs total, 0 dirs full, 0 dirs failed
I20260709 14:53:41.766184 25697 data_dirs.cc:400] Could only allocate 1 dirs of requested 3 for tablet 66ec015c1ed744548f939a6293deb77a. 1 dirs total, 0 dirs full, 0 dirs failed
I20260709 14:53:41.767918 25553 tablet_service.cc:1511] Processing CreateTablet for tablet 61737d6652314961a2cc98f33d9e7d65 (DEFAULT_TABLE table=test-workload [id=ebc3acbc156c42338f900a92d06c68f5]), partition=RANGE (key) PARTITION 1710707269 <= VALUES < 1747105296
I20260709 14:53:41.762333 25704 tablet_service.cc:1511] Processing CreateTablet for tablet 61737d6652314961a2cc98f33d9e7d65 (DEFAULT_TABLE table=test-workload [id=ebc3acbc156c42338f900a92d06c68f5]), partition=RANGE (key) PARTITION 1710707269 <= VALUES < 1747105296
I20260709 14:53:41.767850 25698 tablet_service.cc:1511] Processing CreateTablet for tablet 98fa1f4351b94292a6d4db43fcbcb6fe (DEFAULT_TABLE table=test-workload [id=ebc3acbc156c42338f900a92d06c68f5]), partition=RANGE (key) PARTITION 1783503323 <= VALUES < 1819901350
I20260709 14:53:41.771314 25704 data_dirs.cc:400] Could only allocate 1 dirs of requested 3 for tablet 61737d6652314961a2cc98f33d9e7d65. 1 dirs total, 0 dirs full, 0 dirs failed
I20260709 14:53:41.772765 25552 tablet_service.cc:1511] Processing CreateTablet for tablet d66ab72290414a758dc715f5259dec1f (DEFAULT_TABLE table=test-workload [id=ebc3acbc156c42338f900a92d06c68f5]), partition=RANGE (key) PARTITION 1819901350 <= VALUES < 1856299377
I20260709 14:53:41.773700 25629 tablet_service.cc:1511] Processing CreateTablet for tablet d66ab72290414a758dc715f5259dec1f (DEFAULT_TABLE table=test-workload [id=ebc3acbc156c42338f900a92d06c68f5]), partition=RANGE (key) PARTITION 1819901350 <= VALUES < 1856299377
I20260709 14:53:41.773283 25698 data_dirs.cc:400] Could only allocate 1 dirs of requested 3 for tablet 98fa1f4351b94292a6d4db43fcbcb6fe. 1 dirs total, 0 dirs full, 0 dirs failed
I20260709 14:53:41.774938 25629 data_dirs.cc:400] Could only allocate 1 dirs of requested 3 for tablet d66ab72290414a758dc715f5259dec1f. 1 dirs total, 0 dirs full, 0 dirs failed
I20260709 14:53:41.773751 25759 tablet_bootstrap.cc:492] T 9f1ed9b17c20450cb4e8eac5e7c11d97 P 220102084f214ac485d6abc899c103a3: Bootstrap starting.
I20260709 14:53:41.773013 25627 tablet_service.cc:1511] Processing CreateTablet for tablet 61737d6652314961a2cc98f33d9e7d65 (DEFAULT_TABLE table=test-workload [id=ebc3acbc156c42338f900a92d06c68f5]), partition=RANGE (key) PARTITION 1710707269 <= VALUES < 1747105296
I20260709 14:53:41.780292 25627 data_dirs.cc:400] Could only allocate 1 dirs of requested 3 for tablet 61737d6652314961a2cc98f33d9e7d65. 1 dirs total, 0 dirs full, 0 dirs failed
I20260709 14:53:41.753290 25549 tablet_service.cc:1511] Processing CreateTablet for tablet 66ec015c1ed744548f939a6293deb77a (DEFAULT_TABLE table=test-workload [id=ebc3acbc156c42338f900a92d06c68f5]), partition=RANGE (key) PARTITION 1747105296 <= VALUES < 1783503323
I20260709 14:53:41.790989 25553 data_dirs.cc:400] Could only allocate 1 dirs of requested 3 for tablet 61737d6652314961a2cc98f33d9e7d65. 1 dirs total, 0 dirs full, 0 dirs failed
I20260709 14:53:41.809721 25552 data_dirs.cc:400] Could only allocate 1 dirs of requested 3 for tablet d66ab72290414a758dc715f5259dec1f. 1 dirs total, 0 dirs full, 0 dirs failed
I20260709 14:53:41.812768 25698 tablet_service.cc:1511] Processing CreateTablet for tablet d66ab72290414a758dc715f5259dec1f (DEFAULT_TABLE table=test-workload [id=ebc3acbc156c42338f900a92d06c68f5]), partition=RANGE (key) PARTITION 1819901350 <= VALUES < 1856299377
I20260709 14:53:41.813836 25698 data_dirs.cc:400] Could only allocate 1 dirs of requested 3 for tablet d66ab72290414a758dc715f5259dec1f. 1 dirs total, 0 dirs full, 0 dirs failed
I20260709 14:53:41.815157 25463 catalog_manager.cc:5697] T b2ccac71d1df482d9b05f664767ffbcc P 220102084f214ac485d6abc899c103a3 reported cstate change: term changed from 0 to 1, leader changed from <none> to 220102084f214ac485d6abc899c103a3 (127.23.226.66). New cstate: current_term: 1 leader_uuid: "220102084f214ac485d6abc899c103a3" committed_config { opid_index: -1 OBSOLETE_local: false peers { permanent_uuid: "3d26764c81564310948d1df4337b7daf" member_type: VOTER last_known_addr { host: "127.23.226.65" port: 39941 } health_report { overall_health: UNKNOWN } } peers { permanent_uuid: "220102084f214ac485d6abc899c103a3" member_type: VOTER last_known_addr { host: "127.23.226.66" port: 39257 } health_report { overall_health: HEALTHY } } peers { permanent_uuid: "a10b4da122344c6e9c75d45d14543b3f" member_type: VOTER last_known_addr { host: "127.23.226.67" port: 45797 } health_report { overall_health: UNKNOWN } } }
I20260709 14:53:41.818787 25549 data_dirs.cc:400] Could only allocate 1 dirs of requested 3 for tablet 66ec015c1ed744548f939a6293deb77a. 1 dirs total, 0 dirs full, 0 dirs failed
I20260709 14:53:41.825191 25760 tablet_bootstrap.cc:492] T 0b75b9e82ca94890bf874172f92d124d P 3d26764c81564310948d1df4337b7daf: No bootstrap required, opened a new log
W20260709 14:53:41.825608 25681 consensus_peers.cc:597] T 08b34a26322e4e71bf5bf050f18982d2 P a10b4da122344c6e9c75d45d14543b3f -> Peer 3d26764c81564310948d1df4337b7daf (127.23.226.65:39941): Couldn't send request to peer 3d26764c81564310948d1df4337b7daf. Error code: TABLET_NOT_RUNNING (12). Status: Illegal state: Tablet not RUNNING: INITIALIZED. This is attempt 1: this message will repeat every 5th retry.
I20260709 14:53:41.826642 25555 tablet_service.cc:1511] Processing CreateTablet for tablet fa8b50b04edb48839ae4b356387373cc (DEFAULT_TABLE table=test-workload [id=ebc3acbc156c42338f900a92d06c68f5]), partition=RANGE (key) PARTITION 1856299377 <= VALUES < 1892697404
I20260709 14:53:41.825680 25760 ts_tablet_manager.cc:1403] T 0b75b9e82ca94890bf874172f92d124d P 3d26764c81564310948d1df4337b7daf: Time spent bootstrapping tablet: real 0.129s	user 0.020s	sys 0.010s
I20260709 14:53:41.832621 25756 tablet_bootstrap.cc:492] T 7e1de300d7ef48839b99af646844062e P a10b4da122344c6e9c75d45d14543b3f: No bootstrap required, opened a new log
I20260709 14:53:41.833065 25756 ts_tablet_manager.cc:1403] T 7e1de300d7ef48839b99af646844062e P a10b4da122344c6e9c75d45d14543b3f: Time spent bootstrapping tablet: real 0.172s	user 0.023s	sys 0.001s
I20260709 14:53:41.832826 25701 tablet_service.cc:1511] Processing CreateTablet for tablet 6820d18a7a964a9b9c07cc299d2a3568 (DEFAULT_TABLE table=test-workload [id=ebc3acbc156c42338f900a92d06c68f5]), partition=RANGE (key) PARTITION 1674309242 <= VALUES < 1710707269
I20260709 14:53:41.833443 25629 tablet_service.cc:1511] Processing CreateTablet for tablet fa8b50b04edb48839ae4b356387373cc (DEFAULT_TABLE table=test-workload [id=ebc3acbc156c42338f900a92d06c68f5]), partition=RANGE (key) PARTITION 1856299377 <= VALUES < 1892697404
I20260709 14:53:41.834070 25701 data_dirs.cc:400] Could only allocate 1 dirs of requested 3 for tablet 6820d18a7a964a9b9c07cc299d2a3568. 1 dirs total, 0 dirs full, 0 dirs failed
I20260709 14:53:41.834688 25629 data_dirs.cc:400] Could only allocate 1 dirs of requested 3 for tablet fa8b50b04edb48839ae4b356387373cc. 1 dirs total, 0 dirs full, 0 dirs failed
I20260709 14:53:41.835357 25756 raft_consensus.cc:359] T 7e1de300d7ef48839b99af646844062e P a10b4da122344c6e9c75d45d14543b3f [term 0 FOLLOWER]: Replica starting. Triggering 0 pending ops. Active config: opid_index: -1 OBSOLETE_local: false peers { permanent_uuid: "3d26764c81564310948d1df4337b7daf" member_type: VOTER last_known_addr { host: "127.23.226.65" port: 39941 } } peers { permanent_uuid: "220102084f214ac485d6abc899c103a3" member_type: VOTER last_known_addr { host: "127.23.226.66" port: 39257 } } peers { permanent_uuid: "a10b4da122344c6e9c75d45d14543b3f" member_type: VOTER last_known_addr { host: "127.23.226.67" port: 45797 } }
I20260709 14:53:41.837816 25760 raft_consensus.cc:359] T 0b75b9e82ca94890bf874172f92d124d P 3d26764c81564310948d1df4337b7daf [term 0 FOLLOWER]: Replica starting. Triggering 0 pending ops. Active config: opid_index: -1 OBSOLETE_local: false peers { permanent_uuid: "3d26764c81564310948d1df4337b7daf" member_type: VOTER last_known_addr { host: "127.23.226.65" port: 39941 } } peers { permanent_uuid: "220102084f214ac485d6abc899c103a3" member_type: VOTER last_known_addr { host: "127.23.226.66" port: 39257 } } peers { permanent_uuid: "a10b4da122344c6e9c75d45d14543b3f" member_type: VOTER last_known_addr { host: "127.23.226.67" port: 45797 } }
I20260709 14:53:41.838591 25759 tablet_bootstrap.cc:654] T 9f1ed9b17c20450cb4e8eac5e7c11d97 P 220102084f214ac485d6abc899c103a3: Neither blocks nor log segments found. Creating new log.
I20260709 14:53:41.839118 25555 data_dirs.cc:400] Could only allocate 1 dirs of requested 3 for tablet fa8b50b04edb48839ae4b356387373cc. 1 dirs total, 0 dirs full, 0 dirs failed
I20260709 14:53:41.850911 25760 raft_consensus.cc:385] T 0b75b9e82ca94890bf874172f92d124d P 3d26764c81564310948d1df4337b7daf [term 0 FOLLOWER]: Consensus starting up: Expiring failure detector timer to make a prompt election more likely
I20260709 14:53:41.850986 25756 raft_consensus.cc:385] T 7e1de300d7ef48839b99af646844062e P a10b4da122344c6e9c75d45d14543b3f [term 0 FOLLOWER]: Consensus starting up: Expiring failure detector timer to make a prompt election more likely
I20260709 14:53:41.851312 25760 raft_consensus.cc:740] T 0b75b9e82ca94890bf874172f92d124d P 3d26764c81564310948d1df4337b7daf [term 0 FOLLOWER]: Becoming Follower/Learner. State: Replica: 3d26764c81564310948d1df4337b7daf, State: Initialized, Role: FOLLOWER
I20260709 14:53:41.851449 25756 raft_consensus.cc:740] T 7e1de300d7ef48839b99af646844062e P a10b4da122344c6e9c75d45d14543b3f [term 0 FOLLOWER]: Becoming Follower/Learner. State: Replica: a10b4da122344c6e9c75d45d14543b3f, State: Initialized, Role: FOLLOWER
I20260709 14:53:41.852612 25760 consensus_queue.cc:260] T 0b75b9e82ca94890bf874172f92d124d P 3d26764c81564310948d1df4337b7daf [NON_LEADER]: Queue going to NON_LEADER mode. State: All replicated index: 0, Majority replicated index: 0, Committed index: 0, Last appended: 0.0, Last appended by leader: 0, Current term: 0, Majority size: -1, State: 0, Mode: NON_LEADER, active raft config: opid_index: -1 OBSOLETE_local: false peers { permanent_uuid: "3d26764c81564310948d1df4337b7daf" member_type: VOTER last_known_addr { host: "127.23.226.65" port: 39941 } } peers { permanent_uuid: "220102084f214ac485d6abc899c103a3" member_type: VOTER last_known_addr { host: "127.23.226.66" port: 39257 } } peers { permanent_uuid: "a10b4da122344c6e9c75d45d14543b3f" member_type: VOTER last_known_addr { host: "127.23.226.67" port: 45797 } }
I20260709 14:53:41.853750 25756 consensus_queue.cc:260] T 7e1de300d7ef48839b99af646844062e P a10b4da122344c6e9c75d45d14543b3f [NON_LEADER]: Queue going to NON_LEADER mode. State: All replicated index: 0, Majority replicated index: 0, Committed index: 0, Last appended: 0.0, Last appended by leader: 0, Current term: 0, Majority size: -1, State: 0, Mode: NON_LEADER, active raft config: opid_index: -1 OBSOLETE_local: false peers { permanent_uuid: "3d26764c81564310948d1df4337b7daf" member_type: VOTER last_known_addr { host: "127.23.226.65" port: 39941 } } peers { permanent_uuid: "220102084f214ac485d6abc899c103a3" member_type: VOTER last_known_addr { host: "127.23.226.66" port: 39257 } } peers { permanent_uuid: "a10b4da122344c6e9c75d45d14543b3f" member_type: VOTER last_known_addr { host: "127.23.226.67" port: 45797 } }
I20260709 14:53:41.855948 25756 ts_tablet_manager.cc:1434] T 7e1de300d7ef48839b99af646844062e P a10b4da122344c6e9c75d45d14543b3f: Time spent starting tablet: real 0.023s	user 0.007s	sys 0.000s
I20260709 14:53:41.852718 25698 tablet_service.cc:1511] Processing CreateTablet for tablet fa8b50b04edb48839ae4b356387373cc (DEFAULT_TABLE table=test-workload [id=ebc3acbc156c42338f900a92d06c68f5]), partition=RANGE (key) PARTITION 1856299377 <= VALUES < 1892697404
I20260709 14:53:41.869863 25698 data_dirs.cc:400] Could only allocate 1 dirs of requested 3 for tablet fa8b50b04edb48839ae4b356387373cc. 1 dirs total, 0 dirs full, 0 dirs failed
I20260709 14:53:41.869993 25756 tablet_bootstrap.cc:492] T 175d46749ee848d1b86f937141fcb4e6 P a10b4da122344c6e9c75d45d14543b3f: Bootstrap starting.
I20260709 14:53:41.872866 25759 tablet_bootstrap.cc:492] T 9f1ed9b17c20450cb4e8eac5e7c11d97 P 220102084f214ac485d6abc899c103a3: No bootstrap required, opened a new log
I20260709 14:53:41.873313 25759 ts_tablet_manager.cc:1403] T 9f1ed9b17c20450cb4e8eac5e7c11d97 P 220102084f214ac485d6abc899c103a3: Time spent bootstrapping tablet: real 0.101s	user 0.008s	sys 0.003s
I20260709 14:53:41.875658 25760 ts_tablet_manager.cc:1434] T 0b75b9e82ca94890bf874172f92d124d P 3d26764c81564310948d1df4337b7daf: Time spent starting tablet: real 0.048s	user 0.006s	sys 0.000s
I20260709 14:53:41.880180 25759 raft_consensus.cc:359] T 9f1ed9b17c20450cb4e8eac5e7c11d97 P 220102084f214ac485d6abc899c103a3 [term 0 FOLLOWER]: Replica starting. Triggering 0 pending ops. Active config: opid_index: -1 OBSOLETE_local: false peers { permanent_uuid: "3d26764c81564310948d1df4337b7daf" member_type: VOTER last_known_addr { host: "127.23.226.65" port: 39941 } } peers { permanent_uuid: "220102084f214ac485d6abc899c103a3" member_type: VOTER last_known_addr { host: "127.23.226.66" port: 39257 } } peers { permanent_uuid: "a10b4da122344c6e9c75d45d14543b3f" member_type: VOTER last_known_addr { host: "127.23.226.67" port: 45797 } }
I20260709 14:53:41.883662 25760 tablet_bootstrap.cc:492] T 439d3dd34f244c1e9f5172c4b7b0984f P 3d26764c81564310948d1df4337b7daf: Bootstrap starting.
I20260709 14:53:41.886030 25759 raft_consensus.cc:385] T 9f1ed9b17c20450cb4e8eac5e7c11d97 P 220102084f214ac485d6abc899c103a3 [term 0 FOLLOWER]: Consensus starting up: Expiring failure detector timer to make a prompt election more likely
I20260709 14:53:41.886372 25759 raft_consensus.cc:740] T 9f1ed9b17c20450cb4e8eac5e7c11d97 P 220102084f214ac485d6abc899c103a3 [term 0 FOLLOWER]: Becoming Follower/Learner. State: Replica: 220102084f214ac485d6abc899c103a3, State: Initialized, Role: FOLLOWER
I20260709 14:53:41.887116 25759 consensus_queue.cc:260] T 9f1ed9b17c20450cb4e8eac5e7c11d97 P 220102084f214ac485d6abc899c103a3 [NON_LEADER]: Queue going to NON_LEADER mode. State: All replicated index: 0, Majority replicated index: 0, Committed index: 0, Last appended: 0.0, Last appended by leader: 0, Current term: 0, Majority size: -1, State: 0, Mode: NON_LEADER, active raft config: opid_index: -1 OBSOLETE_local: false peers { permanent_uuid: "3d26764c81564310948d1df4337b7daf" member_type: VOTER last_known_addr { host: "127.23.226.65" port: 39941 } } peers { permanent_uuid: "220102084f214ac485d6abc899c103a3" member_type: VOTER last_known_addr { host: "127.23.226.66" port: 39257 } } peers { permanent_uuid: "a10b4da122344c6e9c75d45d14543b3f" member_type: VOTER last_known_addr { host: "127.23.226.67" port: 45797 } }
I20260709 14:53:41.888684 25756 tablet_bootstrap.cc:654] T 175d46749ee848d1b86f937141fcb4e6 P a10b4da122344c6e9c75d45d14543b3f: Neither blocks nor log segments found. Creating new log.
I20260709 14:53:41.889808 25759 ts_tablet_manager.cc:1434] T 9f1ed9b17c20450cb4e8eac5e7c11d97 P 220102084f214ac485d6abc899c103a3: Time spent starting tablet: real 0.016s	user 0.007s	sys 0.000s
I20260709 14:53:41.891685 25627 tablet_service.cc:1511] Processing CreateTablet for tablet 06662528441644eabde9211d8bc5637f (DEFAULT_TABLE table=test-workload [id=ebc3acbc156c42338f900a92d06c68f5]), partition=RANGE (key) PARTITION 1892697404 <= VALUES < 1929095431
I20260709 14:53:41.900089 25760 tablet_bootstrap.cc:654] T 439d3dd34f244c1e9f5172c4b7b0984f P 3d26764c81564310948d1df4337b7daf: Neither blocks nor log segments found. Creating new log.
I20260709 14:53:41.903285 25759 tablet_bootstrap.cc:492] T d4a8ffe0209742368e7a7fd490883a00 P 220102084f214ac485d6abc899c103a3: Bootstrap starting.
I20260709 14:53:41.905334 25704 tablet_service.cc:1511] Processing CreateTablet for tablet 06662528441644eabde9211d8bc5637f (DEFAULT_TABLE table=test-workload [id=ebc3acbc156c42338f900a92d06c68f5]), partition=RANGE (key) PARTITION 1892697404 <= VALUES < 1929095431
I20260709 14:53:41.906713 25704 data_dirs.cc:400] Could only allocate 1 dirs of requested 3 for tablet 06662528441644eabde9211d8bc5637f. 1 dirs total, 0 dirs full, 0 dirs failed
I20260709 14:53:41.905347 25555 tablet_service.cc:1511] Processing CreateTablet for tablet 06662528441644eabde9211d8bc5637f (DEFAULT_TABLE table=test-workload [id=ebc3acbc156c42338f900a92d06c68f5]), partition=RANGE (key) PARTITION 1892697404 <= VALUES < 1929095431
I20260709 14:53:41.908483 25555 data_dirs.cc:400] Could only allocate 1 dirs of requested 3 for tablet 06662528441644eabde9211d8bc5637f. 1 dirs total, 0 dirs full, 0 dirs failed
I20260709 14:53:41.908233 25553 tablet_service.cc:1511] Processing CreateTablet for tablet 23be0e618cf74af0a475ffabb10c729e (DEFAULT_TABLE table=test-workload [id=ebc3acbc156c42338f900a92d06c68f5]), partition=RANGE (key) PARTITION 1929095431 <= VALUES < 1965493458
I20260709 14:53:41.909600 25759 tablet_bootstrap.cc:654] T d4a8ffe0209742368e7a7fd490883a00 P 220102084f214ac485d6abc899c103a3: Neither blocks nor log segments found. Creating new log.
I20260709 14:53:41.909754 25553 data_dirs.cc:400] Could only allocate 1 dirs of requested 3 for tablet 23be0e618cf74af0a475ffabb10c729e. 1 dirs total, 0 dirs full, 0 dirs failed
I20260709 14:53:41.913870 25629 tablet_service.cc:1511] Processing CreateTablet for tablet 23be0e618cf74af0a475ffabb10c729e (DEFAULT_TABLE table=test-workload [id=ebc3acbc156c42338f900a92d06c68f5]), partition=RANGE (key) PARTITION 1929095431 <= VALUES < 1965493458
I20260709 14:53:41.915009 25629 data_dirs.cc:400] Could only allocate 1 dirs of requested 3 for tablet 23be0e618cf74af0a475ffabb10c729e. 1 dirs total, 0 dirs full, 0 dirs failed
I20260709 14:53:41.919479 25763 raft_consensus.cc:493] T d90dfdb68e1a4ab8876c2b8d77a10812 P 220102084f214ac485d6abc899c103a3 [term 0 FOLLOWER]: Starting pre-election (no leader contacted us within the election timeout)
I20260709 14:53:41.919929 25763 raft_consensus.cc:515] T d90dfdb68e1a4ab8876c2b8d77a10812 P 220102084f214ac485d6abc899c103a3 [term 0 FOLLOWER]: Starting pre-election with config: opid_index: -1 OBSOLETE_local: false peers { permanent_uuid: "3d26764c81564310948d1df4337b7daf" member_type: VOTER last_known_addr { host: "127.23.226.65" port: 39941 } } peers { permanent_uuid: "220102084f214ac485d6abc899c103a3" member_type: VOTER last_known_addr { host: "127.23.226.66" port: 39257 } } peers { permanent_uuid: "a10b4da122344c6e9c75d45d14543b3f" member_type: VOTER last_known_addr { host: "127.23.226.67" port: 45797 } }
I20260709 14:53:41.921366 25756 tablet_bootstrap.cc:492] T 175d46749ee848d1b86f937141fcb4e6 P a10b4da122344c6e9c75d45d14543b3f: No bootstrap required, opened a new log
I20260709 14:53:41.921893 25763 leader_election.cc:290] T d90dfdb68e1a4ab8876c2b8d77a10812 P 220102084f214ac485d6abc899c103a3 [CANDIDATE]: Term 1 pre-election: Requested pre-vote from peers 3d26764c81564310948d1df4337b7daf (127.23.226.65:39941), a10b4da122344c6e9c75d45d14543b3f (127.23.226.67:45797)
I20260709 14:53:41.921861 25756 ts_tablet_manager.cc:1403] T 175d46749ee848d1b86f937141fcb4e6 P a10b4da122344c6e9c75d45d14543b3f: Time spent bootstrapping tablet: real 0.052s	user 0.009s	sys 0.004s
I20260709 14:53:41.923591 25567 tablet_service.cc:1917] Received RequestConsensusVote() RPC: tablet_id: "d90dfdb68e1a4ab8876c2b8d77a10812" candidate_uuid: "220102084f214ac485d6abc899c103a3" candidate_term: 1 candidate_status { last_received { term: 0 index: 0 } } ignore_live_leader: false dest_uuid: "3d26764c81564310948d1df4337b7daf" is_pre_election: true
I20260709 14:53:41.925182 25756 raft_consensus.cc:359] T 175d46749ee848d1b86f937141fcb4e6 P a10b4da122344c6e9c75d45d14543b3f [term 0 FOLLOWER]: Replica starting. Triggering 0 pending ops. Active config: opid_index: -1 OBSOLETE_local: false peers { permanent_uuid: "3d26764c81564310948d1df4337b7daf" member_type: VOTER last_known_addr { host: "127.23.226.65" port: 39941 } } peers { permanent_uuid: "220102084f214ac485d6abc899c103a3" member_type: VOTER last_known_addr { host: "127.23.226.66" port: 39257 } } peers { permanent_uuid: "a10b4da122344c6e9c75d45d14543b3f" member_type: VOTER last_known_addr { host: "127.23.226.67" port: 45797 } }
I20260709 14:53:41.925664 25716 tablet_service.cc:1917] Received RequestConsensusVote() RPC: tablet_id: "d90dfdb68e1a4ab8876c2b8d77a10812" candidate_uuid: "220102084f214ac485d6abc899c103a3" candidate_term: 1 candidate_status { last_received { term: 0 index: 0 } } ignore_live_leader: false dest_uuid: "a10b4da122344c6e9c75d45d14543b3f" is_pre_election: true
W20260709 14:53:41.927551 25608 leader_election.cc:343] T d90dfdb68e1a4ab8876c2b8d77a10812 P 220102084f214ac485d6abc899c103a3 [CANDIDATE]: Term 1 pre-election: Tablet error from VoteRequest() call to peer a10b4da122344c6e9c75d45d14543b3f (127.23.226.67:45797): Illegal state: must be running to vote when last-logged opid is not known
I20260709 14:53:41.927388 25776 consensus_queue.cc:1048] T 08b34a26322e4e71bf5bf050f18982d2 P a10b4da122344c6e9c75d45d14543b3f [LEADER]: Connected to new peer: Peer: permanent_uuid: "220102084f214ac485d6abc899c103a3" member_type: VOTER last_known_addr { host: "127.23.226.66" port: 39257 }, Status: LMP_MISMATCH, Last received: 0.0, Next index: 1, Last known committed idx: 0, Time since last communication: 0.000s
W20260709 14:53:41.928172 25607 leader_election.cc:343] T d90dfdb68e1a4ab8876c2b8d77a10812 P 220102084f214ac485d6abc899c103a3 [CANDIDATE]: Term 1 pre-election: Tablet error from VoteRequest() call to peer 3d26764c81564310948d1df4337b7daf (127.23.226.65:39941): Illegal state: must be running to vote when last-logged opid is not known
I20260709 14:53:41.928592 25607 leader_election.cc:304] T d90dfdb68e1a4ab8876c2b8d77a10812 P 220102084f214ac485d6abc899c103a3 [CANDIDATE]: Term 1 pre-election: Election decided. Result: candidate lost. Election summary: received 3 responses out of 3 voters: 1 yes votes; 2 no votes. yes voters: 220102084f214ac485d6abc899c103a3; no voters: 3d26764c81564310948d1df4337b7daf, a10b4da122344c6e9c75d45d14543b3f
I20260709 14:53:41.929512 25763 raft_consensus.cc:2749] T d90dfdb68e1a4ab8876c2b8d77a10812 P 220102084f214ac485d6abc899c103a3 [term 0 FOLLOWER]: Leader pre-election lost for term 1. Reason: could not achieve majority
I20260709 14:53:41.933705 25776 raft_consensus.cc:493] T 7e1de300d7ef48839b99af646844062e P a10b4da122344c6e9c75d45d14543b3f [term 0 FOLLOWER]: Starting pre-election (no leader contacted us within the election timeout)
I20260709 14:53:41.934180 25776 raft_consensus.cc:515] T 7e1de300d7ef48839b99af646844062e P a10b4da122344c6e9c75d45d14543b3f [term 0 FOLLOWER]: Starting pre-election with config: opid_index: -1 OBSOLETE_local: false peers { permanent_uuid: "3d26764c81564310948d1df4337b7daf" member_type: VOTER last_known_addr { host: "127.23.226.65" port: 39941 } } peers { permanent_uuid: "220102084f214ac485d6abc899c103a3" member_type: VOTER last_known_addr { host: "127.23.226.66" port: 39257 } } peers { permanent_uuid: "a10b4da122344c6e9c75d45d14543b3f" member_type: VOTER last_known_addr { host: "127.23.226.67" port: 45797 } }
I20260709 14:53:41.936323 25776 leader_election.cc:290] T 7e1de300d7ef48839b99af646844062e P a10b4da122344c6e9c75d45d14543b3f [CANDIDATE]: Term 1 pre-election: Requested pre-vote from peers 3d26764c81564310948d1df4337b7daf (127.23.226.65:39941), 220102084f214ac485d6abc899c103a3 (127.23.226.66:39257)
I20260709 14:53:41.944087 25760 tablet_bootstrap.cc:492] T 439d3dd34f244c1e9f5172c4b7b0984f P 3d26764c81564310948d1df4337b7daf: No bootstrap required, opened a new log
I20260709 14:53:41.936973 25631 tablet_service.cc:1511] Processing CreateTablet for tablet 207535cad8ea499bb2afa93d62bea020 (DEFAULT_TABLE table=test-workload [id=ebc3acbc156c42338f900a92d06c68f5]), partition=RANGE (key) PARTITION 1965493458 <= VALUES < 2001891485
I20260709 14:53:41.937840 25567 tablet_service.cc:1917] Received RequestConsensusVote() RPC: tablet_id: "7e1de300d7ef48839b99af646844062e" candidate_uuid: "a10b4da122344c6e9c75d45d14543b3f" candidate_term: 1 candidate_status { last_received { term: 0 index: 0 } } ignore_live_leader: false dest_uuid: "3d26764c81564310948d1df4337b7daf" is_pre_election: true
I20260709 14:53:41.945149 25759 tablet_bootstrap.cc:492] T d4a8ffe0209742368e7a7fd490883a00 P 220102084f214ac485d6abc899c103a3: No bootstrap required, opened a new log
I20260709 14:53:41.938985 25756 raft_consensus.cc:385] T 175d46749ee848d1b86f937141fcb4e6 P a10b4da122344c6e9c75d45d14543b3f [term 0 FOLLOWER]: Consensus starting up: Expiring failure detector timer to make a prompt election more likely
I20260709 14:53:41.945556 25756 raft_consensus.cc:740] T 175d46749ee848d1b86f937141fcb4e6 P a10b4da122344c6e9c75d45d14543b3f [term 0 FOLLOWER]: Becoming Follower/Learner. State: Replica: a10b4da122344c6e9c75d45d14543b3f, State: Initialized, Role: FOLLOWER
I20260709 14:53:41.945611 25759 ts_tablet_manager.cc:1403] T d4a8ffe0209742368e7a7fd490883a00 P 220102084f214ac485d6abc899c103a3: Time spent bootstrapping tablet: real 0.043s	user 0.007s	sys 0.008s
