I20260709 14:53:25.387265 24284 raft_consensus.cc:1275] T fdcb9d786408440f92c6372d7e50cc36 P 5196337a40124b95919857a01b0965c6 [term 2 FOLLOWER]: Refusing update from remote peer 879f856994c14c4aa47a8d1cc5c2da7c: Log matching property violated. Preceding OpId in replica: term: 1 index: 1. Preceding OpId from leader: term: 2 index: 2. (index mismatch)
I20260709 14:53:25.388823 24526 consensus_queue.cc:1048] T fdcb9d786408440f92c6372d7e50cc36 P 879f856994c14c4aa47a8d1cc5c2da7c [LEADER]: Connected to new peer: Peer: permanent_uuid: "5196337a40124b95919857a01b0965c6" member_type: VOTER last_known_addr { host: "127.23.8.130" port: 43237 }, Status: LMP_MISMATCH, Last received: 0.0, Next index: 2, Last known committed idx: 1, Time since last communication: 0.000s
I20260709 14:53:25.391574 24107 catalog_manager.cc:5697] T 2d56b49f762b4bbc8c9ed1744663f806 P 879f856994c14c4aa47a8d1cc5c2da7c reported cstate change: term changed from 2 to 3, leader changed from 5196337a40124b95919857a01b0965c6 (127.23.8.130) to 879f856994c14c4aa47a8d1cc5c2da7c (127.23.8.129). New cstate: current_term: 3 leader_uuid: "879f856994c14c4aa47a8d1cc5c2da7c" committed_config { opid_index: -1 OBSOLETE_local: false peers { permanent_uuid: "879f856994c14c4aa47a8d1cc5c2da7c" member_type: VOTER last_known_addr { host: "127.23.8.129" port: 41081 } health_report { overall_health: HEALTHY } } peers { permanent_uuid: "5196337a40124b95919857a01b0965c6" member_type: VOTER last_known_addr { host: "127.23.8.130" port: 43237 } health_report { overall_health: UNKNOWN } } peers { permanent_uuid: "4471255b5b9c4cdcad2893a3757cf3bf" member_type: VOTER last_known_addr { host: "127.23.8.131" port: 42821 } health_report { overall_health: UNKNOWN } } }
I20260709 14:53:25.394789 24355 raft_consensus.cc:1275] T 922b148df4e64986876205e6706a9ce3 P 4471255b5b9c4cdcad2893a3757cf3bf [term 4 FOLLOWER]: Refusing update from remote peer 879f856994c14c4aa47a8d1cc5c2da7c: Log matching property violated. Preceding OpId in replica: term: 3 index: 3. Preceding OpId from leader: term: 4 index: 4. (index mismatch)
I20260709 14:53:25.396090 24526 consensus_queue.cc:1048] T 922b148df4e64986876205e6706a9ce3 P 879f856994c14c4aa47a8d1cc5c2da7c [LEADER]: Connected to new peer: Peer: permanent_uuid: "4471255b5b9c4cdcad2893a3757cf3bf" member_type: VOTER last_known_addr { host: "127.23.8.131" port: 42821 }, Status: LMP_MISMATCH, Last received: 0.0, Next index: 4, Last known committed idx: 3, Time since last communication: 0.000s
I20260709 14:53:25.405336 24284 raft_consensus.cc:1275] T 922b148df4e64986876205e6706a9ce3 P 5196337a40124b95919857a01b0965c6 [term 4 FOLLOWER]: Refusing update from remote peer 879f856994c14c4aa47a8d1cc5c2da7c: Log matching property violated. Preceding OpId in replica: term: 3 index: 3. Preceding OpId from leader: term: 4 index: 4. (index mismatch)
I20260709 14:53:25.406672 24526 consensus_queue.cc:1048] T 922b148df4e64986876205e6706a9ce3 P 879f856994c14c4aa47a8d1cc5c2da7c [LEADER]: Connected to new peer: Peer: permanent_uuid: "5196337a40124b95919857a01b0965c6" member_type: VOTER last_known_addr { host: "127.23.8.130" port: 43237 }, Status: LMP_MISMATCH, Last received: 0.0, Next index: 4, Last known committed idx: 3, Time since last communication: 0.000s
I20260709 14:53:25.557840 24284 raft_consensus.cc:1275] T 1d8f5708822f45ab8d4481965d5058c9 P 5196337a40124b95919857a01b0965c6 [term 2 FOLLOWER]: Refusing update from remote peer 879f856994c14c4aa47a8d1cc5c2da7c: Log matching property violated. Preceding OpId in replica: term: 1 index: 1. Preceding OpId from leader: term: 2 index: 2. (index mismatch)
I20260709 14:53:25.559034 24526 consensus_queue.cc:1048] T 1d8f5708822f45ab8d4481965d5058c9 P 879f856994c14c4aa47a8d1cc5c2da7c [LEADER]: Connected to new peer: Peer: permanent_uuid: "5196337a40124b95919857a01b0965c6" member_type: VOTER last_known_addr { host: "127.23.8.130" port: 43237 }, Status: LMP_MISMATCH, Last received: 0.0, Next index: 2, Last known committed idx: 1, Time since last communication: 0.000s
I20260709 14:53:25.566087 24355 raft_consensus.cc:1275] T 1d8f5708822f45ab8d4481965d5058c9 P 4471255b5b9c4cdcad2893a3757cf3bf [term 2 FOLLOWER]: Refusing update from remote peer 879f856994c14c4aa47a8d1cc5c2da7c: Log matching property violated. Preceding OpId in replica: term: 1 index: 1. Preceding OpId from leader: term: 2 index: 2. (index mismatch)
I20260709 14:53:25.567459 24494 consensus_queue.cc:1048] T 1d8f5708822f45ab8d4481965d5058c9 P 879f856994c14c4aa47a8d1cc5c2da7c [LEADER]: Connected to new peer: Peer: permanent_uuid: "4471255b5b9c4cdcad2893a3757cf3bf" member_type: VOTER last_known_addr { host: "127.23.8.131" port: 42821 }, Status: LMP_MISMATCH, Last received: 0.0, Next index: 2, Last known committed idx: 1, Time since last communication: 0.000s
I20260709 14:53:25.751861 24284 raft_consensus.cc:1275] T 75ee9527bbdd44c3b74815f8d512aff0 P 5196337a40124b95919857a01b0965c6 [term 3 FOLLOWER]: Refusing update from remote peer 879f856994c14c4aa47a8d1cc5c2da7c: Log matching property violated. Preceding OpId in replica: term: 2 index: 2. Preceding OpId from leader: term: 3 index: 3. (index mismatch)
I20260709 14:53:25.752842 24494 consensus_queue.cc:1048] T 75ee9527bbdd44c3b74815f8d512aff0 P 879f856994c14c4aa47a8d1cc5c2da7c [LEADER]: Connected to new peer: Peer: permanent_uuid: "5196337a40124b95919857a01b0965c6" member_type: VOTER last_known_addr { host: "127.23.8.130" port: 43237 }, Status: LMP_MISMATCH, Last received: 0.0, Next index: 3, Last known committed idx: 2, Time since last communication: 0.000s
I20260709 14:53:25.761305 24355 raft_consensus.cc:1275] T 75ee9527bbdd44c3b74815f8d512aff0 P 4471255b5b9c4cdcad2893a3757cf3bf [term 3 FOLLOWER]: Refusing update from remote peer 879f856994c14c4aa47a8d1cc5c2da7c: Log matching property violated. Preceding OpId in replica: term: 2 index: 2. Preceding OpId from leader: term: 3 index: 3. (index mismatch)
I20260709 14:53:25.762778 24525 consensus_queue.cc:1048] T 75ee9527bbdd44c3b74815f8d512aff0 P 879f856994c14c4aa47a8d1cc5c2da7c [LEADER]: Connected to new peer: Peer: permanent_uuid: "4471255b5b9c4cdcad2893a3757cf3bf" member_type: VOTER last_known_addr { host: "127.23.8.131" port: 42821 }, Status: LMP_MISMATCH, Last received: 0.0, Next index: 3, Last known committed idx: 2, Time since last communication: 0.000s
I20260709 14:53:25.776118 24355 raft_consensus.cc:1275] T 2d56b49f762b4bbc8c9ed1744663f806 P 4471255b5b9c4cdcad2893a3757cf3bf [term 3 FOLLOWER]: Refusing update from remote peer 879f856994c14c4aa47a8d1cc5c2da7c: Log matching property violated. Preceding OpId in replica: term: 2 index: 2. Preceding OpId from leader: term: 3 index: 3. (index mismatch)
I20260709 14:53:25.777261 24515 consensus_queue.cc:1048] T 2d56b49f762b4bbc8c9ed1744663f806 P 879f856994c14c4aa47a8d1cc5c2da7c [LEADER]: Connected to new peer: Peer: permanent_uuid: "4471255b5b9c4cdcad2893a3757cf3bf" member_type: VOTER last_known_addr { host: "127.23.8.131" port: 42821 }, Status: LMP_MISMATCH, Last received: 0.0, Next index: 3, Last known committed idx: 2, Time since last communication: 0.000s
I20260709 14:53:25.784204 24284 raft_consensus.cc:1275] T 2d56b49f762b4bbc8c9ed1744663f806 P 5196337a40124b95919857a01b0965c6 [term 3 FOLLOWER]: Refusing update from remote peer 879f856994c14c4aa47a8d1cc5c2da7c: Log matching property violated. Preceding OpId in replica: term: 2 index: 2. Preceding OpId from leader: term: 3 index: 3. (index mismatch)
I20260709 14:53:25.785929 24525 consensus_queue.cc:1048] T 2d56b49f762b4bbc8c9ed1744663f806 P 879f856994c14c4aa47a8d1cc5c2da7c [LEADER]: Connected to new peer: Peer: permanent_uuid: "5196337a40124b95919857a01b0965c6" member_type: VOTER last_known_addr { host: "127.23.8.130" port: 43237 }, Status: LMP_MISMATCH, Last received: 0.0, Next index: 3, Last known committed idx: 2, Time since last communication: 0.000s
I20260709 14:53:27.785789 23586 auto_leader_rebalancer.cc:141] leader rebalance for table test-workload
I20260709 14:53:27.793139 24207 tablet_service.cc:2072] Received LeaderStepDown RPC: tablet_id: "36220dd2f5f448dbb8b908f6e15b521f"
dest_uuid: "879f856994c14c4aa47a8d1cc5c2da7c"
mode: GRACEFUL
new_leader_uuid: "4471255b5b9c4cdcad2893a3757cf3bf"
 from {username='slave'} at 127.0.0.1:41690
I20260709 14:53:27.793720 24207 raft_consensus.cc:606] T 36220dd2f5f448dbb8b908f6e15b521f P 879f856994c14c4aa47a8d1cc5c2da7c [term 2 LEADER]: Received request to transfer leadership to TS 4471255b5b9c4cdcad2893a3757cf3bf
I20260709 14:53:27.796238 24207 tablet_service.cc:2072] Received LeaderStepDown RPC: tablet_id: "75ee9527bbdd44c3b74815f8d512aff0"
dest_uuid: "879f856994c14c4aa47a8d1cc5c2da7c"
mode: GRACEFUL
new_leader_uuid: "4471255b5b9c4cdcad2893a3757cf3bf"
 from {username='slave'} at 127.0.0.1:41690
I20260709 14:53:27.796646 24207 raft_consensus.cc:606] T 75ee9527bbdd44c3b74815f8d512aff0 P 879f856994c14c4aa47a8d1cc5c2da7c [term 3 LEADER]: Received request to transfer leadership to TS 4471255b5b9c4cdcad2893a3757cf3bf
I20260709 14:53:27.798808 24207 tablet_service.cc:2072] Received LeaderStepDown RPC: tablet_id: "922b148df4e64986876205e6706a9ce3"
dest_uuid: "879f856994c14c4aa47a8d1cc5c2da7c"
mode: GRACEFUL
new_leader_uuid: "5196337a40124b95919857a01b0965c6"
 from {username='slave'} at 127.0.0.1:41690
I20260709 14:53:27.799139 24207 raft_consensus.cc:606] T 922b148df4e64986876205e6706a9ce3 P 879f856994c14c4aa47a8d1cc5c2da7c [term 4 LEADER]: Received request to transfer leadership to TS 5196337a40124b95919857a01b0965c6
I20260709 14:53:27.801162 24207 tablet_service.cc:2072] Received LeaderStepDown RPC: tablet_id: "fdcb9d786408440f92c6372d7e50cc36"
dest_uuid: "879f856994c14c4aa47a8d1cc5c2da7c"
mode: GRACEFUL
new_leader_uuid: "5196337a40124b95919857a01b0965c6"
 from {username='slave'} at 127.0.0.1:41690
I20260709 14:53:27.801542 24207 raft_consensus.cc:606] T fdcb9d786408440f92c6372d7e50cc36 P 879f856994c14c4aa47a8d1cc5c2da7c [term 2 LEADER]: Received request to transfer leadership to TS 5196337a40124b95919857a01b0965c6
I20260709 14:53:27.802497 23586 auto_leader_rebalancer.cc:452] table: test-workload, leader rebalance finish, leader transfer count: 4
I20260709 14:53:27.802893 23586 auto_leader_rebalancer.cc:527] All tables' leader rebalancing finished this round
I20260709 14:53:27.806737 24526 raft_consensus.cc:993] T 36220dd2f5f448dbb8b908f6e15b521f P 879f856994c14c4aa47a8d1cc5c2da7c: : Instructing follower 4471255b5b9c4cdcad2893a3757cf3bf to start an election
I20260709 14:53:27.807180 24538 raft_consensus.cc:1081] T 36220dd2f5f448dbb8b908f6e15b521f P 879f856994c14c4aa47a8d1cc5c2da7c [term 2 LEADER]: Signalling peer 4471255b5b9c4cdcad2893a3757cf3bf to start an election
I20260709 14:53:27.808537 24355 tablet_service.cc:2044] Received Run Leader Election RPC: tablet_id: "36220dd2f5f448dbb8b908f6e15b521f"
dest_uuid: "4471255b5b9c4cdcad2893a3757cf3bf"
 from {username='slave'} at 127.0.0.1:51108
I20260709 14:53:27.808928 24355 raft_consensus.cc:493] T 36220dd2f5f448dbb8b908f6e15b521f P 4471255b5b9c4cdcad2893a3757cf3bf [term 2 FOLLOWER]: Starting forced leader election (received explicit request)
I20260709 14:53:27.809213 24355 raft_consensus.cc:3060] T 36220dd2f5f448dbb8b908f6e15b521f P 4471255b5b9c4cdcad2893a3757cf3bf [term 2 FOLLOWER]: Advancing to term 3
I20260709 14:53:27.814321 24355 raft_consensus.cc:515] T 36220dd2f5f448dbb8b908f6e15b521f P 4471255b5b9c4cdcad2893a3757cf3bf [term 3 FOLLOWER]: Starting forced leader election with config: opid_index: -1 OBSOLETE_local: false peers { permanent_uuid: "879f856994c14c4aa47a8d1cc5c2da7c" member_type: VOTER last_known_addr { host: "127.23.8.129" port: 41081 } } peers { permanent_uuid: "5196337a40124b95919857a01b0965c6" member_type: VOTER last_known_addr { host: "127.23.8.130" port: 43237 } } peers { permanent_uuid: "4471255b5b9c4cdcad2893a3757cf3bf" member_type: VOTER last_known_addr { host: "127.23.8.131" port: 42821 } }
I20260709 14:53:27.815697 24355 leader_election.cc:290] T 36220dd2f5f448dbb8b908f6e15b521f P 4471255b5b9c4cdcad2893a3757cf3bf [CANDIDATE]: Term 3 election: Requested vote from peers 879f856994c14c4aa47a8d1cc5c2da7c (127.23.8.129:41081), 5196337a40124b95919857a01b0965c6 (127.23.8.130:43237)
I20260709 14:53:27.816417 24207 tablet_service.cc:1917] Received RequestConsensusVote() RPC: tablet_id: "36220dd2f5f448dbb8b908f6e15b521f" candidate_uuid: "4471255b5b9c4cdcad2893a3757cf3bf" candidate_term: 3 candidate_status { last_received { term: 2 index: 2 } } ignore_live_leader: true dest_uuid: "879f856994c14c4aa47a8d1cc5c2da7c"
I20260709 14:53:27.816797 24284 tablet_service.cc:1917] Received RequestConsensusVote() RPC: tablet_id: "36220dd2f5f448dbb8b908f6e15b521f" candidate_uuid: "4471255b5b9c4cdcad2893a3757cf3bf" candidate_term: 3 candidate_status { last_received { term: 2 index: 2 } } ignore_live_leader: true dest_uuid: "5196337a40124b95919857a01b0965c6"
I20260709 14:53:27.817058 24207 raft_consensus.cc:3055] T 36220dd2f5f448dbb8b908f6e15b521f P 879f856994c14c4aa47a8d1cc5c2da7c [term 2 LEADER]: Stepping down as leader of term 2
I20260709 14:53:27.817283 24284 raft_consensus.cc:3060] T 36220dd2f5f448dbb8b908f6e15b521f P 5196337a40124b95919857a01b0965c6 [term 2 FOLLOWER]: Advancing to term 3
I20260709 14:53:27.817404 24207 raft_consensus.cc:740] T 36220dd2f5f448dbb8b908f6e15b521f P 879f856994c14c4aa47a8d1cc5c2da7c [term 2 LEADER]: Becoming Follower/Learner. State: Replica: 879f856994c14c4aa47a8d1cc5c2da7c, State: Running, Role: LEADER
I20260709 14:53:27.818173 24207 consensus_queue.cc:260] T 36220dd2f5f448dbb8b908f6e15b521f P 879f856994c14c4aa47a8d1cc5c2da7c [NON_LEADER]: Queue going to NON_LEADER mode. State: All replicated index: 0, Majority replicated index: 2, Committed index: 2, Last appended: 2.2, Last appended by leader: 2, Current term: 2, Majority size: -1, State: 0, Mode: NON_LEADER, active raft config: opid_index: -1 OBSOLETE_local: false peers { permanent_uuid: "879f856994c14c4aa47a8d1cc5c2da7c" member_type: VOTER last_known_addr { host: "127.23.8.129" port: 41081 } } peers { permanent_uuid: "5196337a40124b95919857a01b0965c6" member_type: VOTER last_known_addr { host: "127.23.8.130" port: 43237 } } peers { permanent_uuid: "4471255b5b9c4cdcad2893a3757cf3bf" member_type: VOTER last_known_addr { host: "127.23.8.131" port: 42821 } }
I20260709 14:53:27.819020 24207 raft_consensus.cc:3060] T 36220dd2f5f448dbb8b908f6e15b521f P 879f856994c14c4aa47a8d1cc5c2da7c [term 2 FOLLOWER]: Advancing to term 3
I20260709 14:53:27.822163 24284 raft_consensus.cc:2468] T 36220dd2f5f448dbb8b908f6e15b521f P 5196337a40124b95919857a01b0965c6 [term 3 FOLLOWER]: Leader election vote request: Granting yes vote for candidate 4471255b5b9c4cdcad2893a3757cf3bf in term 3.
I20260709 14:53:27.823370 24321 leader_election.cc:304] T 36220dd2f5f448dbb8b908f6e15b521f P 4471255b5b9c4cdcad2893a3757cf3bf [CANDIDATE]: Term 3 election: Election decided. Result: candidate won. Election summary: received 2 responses out of 3 voters: 2 yes votes; 0 no votes. yes voters: 4471255b5b9c4cdcad2893a3757cf3bf, 5196337a40124b95919857a01b0965c6; no voters: 
I20260709 14:53:27.824091 24207 raft_consensus.cc:2468] T 36220dd2f5f448dbb8b908f6e15b521f P 879f856994c14c4aa47a8d1cc5c2da7c [term 3 FOLLOWER]: Leader election vote request: Granting yes vote for candidate 4471255b5b9c4cdcad2893a3757cf3bf in term 3.
I20260709 14:53:27.824537 24512 raft_consensus.cc:2804] T 36220dd2f5f448dbb8b908f6e15b521f P 4471255b5b9c4cdcad2893a3757cf3bf [term 3 FOLLOWER]: Leader election won for term 3
I20260709 14:53:27.825073 24512 raft_consensus.cc:697] T 36220dd2f5f448dbb8b908f6e15b521f P 4471255b5b9c4cdcad2893a3757cf3bf [term 3 LEADER]: Becoming Leader. State: Replica: 4471255b5b9c4cdcad2893a3757cf3bf, State: Running, Role: LEADER
I20260709 14:53:27.825924 24512 consensus_queue.cc:237] T 36220dd2f5f448dbb8b908f6e15b521f P 4471255b5b9c4cdcad2893a3757cf3bf [LEADER]: Queue going to LEADER mode. State: All replicated index: 0, Majority replicated index: 2, Committed index: 2, Last appended: 2.2, Last appended by leader: 2, Current term: 3, Majority size: 2, State: 0, Mode: LEADER, active raft config: opid_index: -1 OBSOLETE_local: false peers { permanent_uuid: "879f856994c14c4aa47a8d1cc5c2da7c" member_type: VOTER last_known_addr { host: "127.23.8.129" port: 41081 } } peers { permanent_uuid: "5196337a40124b95919857a01b0965c6" member_type: VOTER last_known_addr { host: "127.23.8.130" port: 43237 } } peers { permanent_uuid: "4471255b5b9c4cdcad2893a3757cf3bf" member_type: VOTER last_known_addr { host: "127.23.8.131" port: 42821 } }
I20260709 14:53:27.832006 24106 catalog_manager.cc:5697] T 36220dd2f5f448dbb8b908f6e15b521f P 4471255b5b9c4cdcad2893a3757cf3bf reported cstate change: term changed from 2 to 3, leader changed from 879f856994c14c4aa47a8d1cc5c2da7c (127.23.8.129) to 4471255b5b9c4cdcad2893a3757cf3bf (127.23.8.131). New cstate: current_term: 3 leader_uuid: "4471255b5b9c4cdcad2893a3757cf3bf" committed_config { opid_index: -1 OBSOLETE_local: false peers { permanent_uuid: "879f856994c14c4aa47a8d1cc5c2da7c" member_type: VOTER last_known_addr { host: "127.23.8.129" port: 41081 } health_report { overall_health: UNKNOWN } } peers { permanent_uuid: "5196337a40124b95919857a01b0965c6" member_type: VOTER last_known_addr { host: "127.23.8.130" port: 43237 } health_report { overall_health: UNKNOWN } } peers { permanent_uuid: "4471255b5b9c4cdcad2893a3757cf3bf" member_type: VOTER last_known_addr { host: "127.23.8.131" port: 42821 } health_report { overall_health: HEALTHY } } }
I20260709 14:53:27.951365 24526 raft_consensus.cc:993] T 922b148df4e64986876205e6706a9ce3 P 879f856994c14c4aa47a8d1cc5c2da7c: : Instructing follower 5196337a40124b95919857a01b0965c6 to start an election
I20260709 14:53:27.951738 24538 raft_consensus.cc:1081] T 922b148df4e64986876205e6706a9ce3 P 879f856994c14c4aa47a8d1cc5c2da7c [term 4 LEADER]: Signalling peer 5196337a40124b95919857a01b0965c6 to start an election
I20260709 14:53:27.952983 24284 tablet_service.cc:2044] Received Run Leader Election RPC: tablet_id: "922b148df4e64986876205e6706a9ce3"
dest_uuid: "5196337a40124b95919857a01b0965c6"
 from {username='slave'} at 127.0.0.1:38942
I20260709 14:53:27.953392 24284 raft_consensus.cc:493] T 922b148df4e64986876205e6706a9ce3 P 5196337a40124b95919857a01b0965c6 [term 4 FOLLOWER]: Starting forced leader election (received explicit request)
I20260709 14:53:27.953629 24284 raft_consensus.cc:3060] T 922b148df4e64986876205e6706a9ce3 P 5196337a40124b95919857a01b0965c6 [term 4 FOLLOWER]: Advancing to term 5
I20260709 14:53:27.957432 24284 raft_consensus.cc:515] T 922b148df4e64986876205e6706a9ce3 P 5196337a40124b95919857a01b0965c6 [term 5 FOLLOWER]: Starting forced leader election with config: opid_index: -1 OBSOLETE_local: false peers { permanent_uuid: "879f856994c14c4aa47a8d1cc5c2da7c" member_type: VOTER last_known_addr { host: "127.23.8.129" port: 41081 } } peers { permanent_uuid: "5196337a40124b95919857a01b0965c6" member_type: VOTER last_known_addr { host: "127.23.8.130" port: 43237 } } peers { permanent_uuid: "4471255b5b9c4cdcad2893a3757cf3bf" member_type: VOTER last_known_addr { host: "127.23.8.131" port: 42821 } }
I20260709 14:53:27.958750 24284 leader_election.cc:290] T 922b148df4e64986876205e6706a9ce3 P 5196337a40124b95919857a01b0965c6 [CANDIDATE]: Term 5 election: Requested vote from peers 879f856994c14c4aa47a8d1cc5c2da7c (127.23.8.129:41081), 4471255b5b9c4cdcad2893a3757cf3bf (127.23.8.131:42821)
I20260709 14:53:27.959431 24207 tablet_service.cc:1917] Received RequestConsensusVote() RPC: tablet_id: "922b148df4e64986876205e6706a9ce3" candidate_uuid: "5196337a40124b95919857a01b0965c6" candidate_term: 5 candidate_status { last_received { term: 4 index: 4 } } ignore_live_leader: true dest_uuid: "879f856994c14c4aa47a8d1cc5c2da7c"
I20260709 14:53:27.959671 24355 tablet_service.cc:1917] Received RequestConsensusVote() RPC: tablet_id: "922b148df4e64986876205e6706a9ce3" candidate_uuid: "5196337a40124b95919857a01b0965c6" candidate_term: 5 candidate_status { last_received { term: 4 index: 4 } } ignore_live_leader: true dest_uuid: "4471255b5b9c4cdcad2893a3757cf3bf"
I20260709 14:53:27.959932 24207 raft_consensus.cc:3055] T 922b148df4e64986876205e6706a9ce3 P 879f856994c14c4aa47a8d1cc5c2da7c [term 4 LEADER]: Stepping down as leader of term 4
I20260709 14:53:27.960114 24355 raft_consensus.cc:3060] T 922b148df4e64986876205e6706a9ce3 P 4471255b5b9c4cdcad2893a3757cf3bf [term 4 FOLLOWER]: Advancing to term 5
I20260709 14:53:27.960209 24207 raft_consensus.cc:740] T 922b148df4e64986876205e6706a9ce3 P 879f856994c14c4aa47a8d1cc5c2da7c [term 4 LEADER]: Becoming Follower/Learner. State: Replica: 879f856994c14c4aa47a8d1cc5c2da7c, State: Running, Role: LEADER
I20260709 14:53:27.960907 24207 consensus_queue.cc:260] T 922b148df4e64986876205e6706a9ce3 P 879f856994c14c4aa47a8d1cc5c2da7c [NON_LEADER]: Queue going to NON_LEADER mode. State: All replicated index: 0, Majority replicated index: 4, Committed index: 4, Last appended: 4.4, Last appended by leader: 4, Current term: 4, Majority size: -1, State: 0, Mode: NON_LEADER, active raft config: opid_index: -1 OBSOLETE_local: false peers { permanent_uuid: "879f856994c14c4aa47a8d1cc5c2da7c" member_type: VOTER last_known_addr { host: "127.23.8.129" port: 41081 } } peers { permanent_uuid: "5196337a40124b95919857a01b0965c6" member_type: VOTER last_known_addr { host: "127.23.8.130" port: 43237 } } peers { permanent_uuid: "4471255b5b9c4cdcad2893a3757cf3bf" member_type: VOTER last_known_addr { host: "127.23.8.131" port: 42821 } }
I20260709 14:53:27.961732 24207 raft_consensus.cc:3060] T 922b148df4e64986876205e6706a9ce3 P 879f856994c14c4aa47a8d1cc5c2da7c [term 4 FOLLOWER]: Advancing to term 5
I20260709 14:53:27.964108 24355 raft_consensus.cc:2468] T 922b148df4e64986876205e6706a9ce3 P 4471255b5b9c4cdcad2893a3757cf3bf [term 5 FOLLOWER]: Leader election vote request: Granting yes vote for candidate 5196337a40124b95919857a01b0965c6 in term 5.
I20260709 14:53:27.965117 24249 leader_election.cc:304] T 922b148df4e64986876205e6706a9ce3 P 5196337a40124b95919857a01b0965c6 [CANDIDATE]: Term 5 election: Election decided. Result: candidate won. Election summary: received 2 responses out of 3 voters: 2 yes votes; 0 no votes. yes voters: 4471255b5b9c4cdcad2893a3757cf3bf, 5196337a40124b95919857a01b0965c6; no voters: 
I20260709 14:53:27.965824 24207 raft_consensus.cc:2468] T 922b148df4e64986876205e6706a9ce3 P 879f856994c14c4aa47a8d1cc5c2da7c [term 5 FOLLOWER]: Leader election vote request: Granting yes vote for candidate 5196337a40124b95919857a01b0965c6 in term 5.
I20260709 14:53:27.965981 24514 raft_consensus.cc:2804] T 922b148df4e64986876205e6706a9ce3 P 5196337a40124b95919857a01b0965c6 [term 5 FOLLOWER]: Leader election won for term 5
I20260709 14:53:27.967087 24514 raft_consensus.cc:697] T 922b148df4e64986876205e6706a9ce3 P 5196337a40124b95919857a01b0965c6 [term 5 LEADER]: Becoming Leader. State: Replica: 5196337a40124b95919857a01b0965c6, State: Running, Role: LEADER
I20260709 14:53:27.967823 24514 consensus_queue.cc:237] T 922b148df4e64986876205e6706a9ce3 P 5196337a40124b95919857a01b0965c6 [LEADER]: Queue going to LEADER mode. State: All replicated index: 0, Majority replicated index: 4, Committed index: 4, Last appended: 4.4, Last appended by leader: 4, Current term: 5, Majority size: 2, State: 0, Mode: LEADER, active raft config: opid_index: -1 OBSOLETE_local: false peers { permanent_uuid: "879f856994c14c4aa47a8d1cc5c2da7c" member_type: VOTER last_known_addr { host: "127.23.8.129" port: 41081 } } peers { permanent_uuid: "5196337a40124b95919857a01b0965c6" member_type: VOTER last_known_addr { host: "127.23.8.130" port: 43237 } } peers { permanent_uuid: "4471255b5b9c4cdcad2893a3757cf3bf" member_type: VOTER last_known_addr { host: "127.23.8.131" port: 42821 } }
I20260709 14:53:27.971836 24526 raft_consensus.cc:993] T fdcb9d786408440f92c6372d7e50cc36 P 879f856994c14c4aa47a8d1cc5c2da7c: : Instructing follower 5196337a40124b95919857a01b0965c6 to start an election
I20260709 14:53:27.972301 24526 raft_consensus.cc:1081] T fdcb9d786408440f92c6372d7e50cc36 P 879f856994c14c4aa47a8d1cc5c2da7c [term 2 LEADER]: Signalling peer 5196337a40124b95919857a01b0965c6 to start an election
I20260709 14:53:27.974144 24284 tablet_service.cc:2044] Received Run Leader Election RPC: tablet_id: "fdcb9d786408440f92c6372d7e50cc36"
dest_uuid: "5196337a40124b95919857a01b0965c6"
 from {username='slave'} at 127.0.0.1:38942
I20260709 14:53:27.974474 24284 raft_consensus.cc:493] T fdcb9d786408440f92c6372d7e50cc36 P 5196337a40124b95919857a01b0965c6 [term 2 FOLLOWER]: Starting forced leader election (received explicit request)
I20260709 14:53:27.974730 24284 raft_consensus.cc:3060] T fdcb9d786408440f92c6372d7e50cc36 P 5196337a40124b95919857a01b0965c6 [term 2 FOLLOWER]: Advancing to term 3
I20260709 14:53:27.976310 24106 catalog_manager.cc:5697] T 922b148df4e64986876205e6706a9ce3 P 5196337a40124b95919857a01b0965c6 reported cstate change: term changed from 4 to 5, leader changed from 879f856994c14c4aa47a8d1cc5c2da7c (127.23.8.129) to 5196337a40124b95919857a01b0965c6 (127.23.8.130). New cstate: current_term: 5 leader_uuid: "5196337a40124b95919857a01b0965c6" committed_config { opid_index: -1 OBSOLETE_local: false peers { permanent_uuid: "879f856994c14c4aa47a8d1cc5c2da7c" member_type: VOTER last_known_addr { host: "127.23.8.129" port: 41081 } health_report { overall_health: UNKNOWN } } peers { permanent_uuid: "5196337a40124b95919857a01b0965c6" member_type: VOTER last_known_addr { host: "127.23.8.130" port: 43237 } health_report { overall_health: HEALTHY } } peers { permanent_uuid: "4471255b5b9c4cdcad2893a3757cf3bf" member_type: VOTER last_known_addr { host: "127.23.8.131" port: 42821 } health_report { overall_health: UNKNOWN } } }
I20260709 14:53:27.979943 24284 raft_consensus.cc:515] T fdcb9d786408440f92c6372d7e50cc36 P 5196337a40124b95919857a01b0965c6 [term 3 FOLLOWER]: Starting forced leader election with config: opid_index: -1 OBSOLETE_local: false peers { permanent_uuid: "879f856994c14c4aa47a8d1cc5c2da7c" member_type: VOTER last_known_addr { host: "127.23.8.129" port: 41081 } } peers { permanent_uuid: "5196337a40124b95919857a01b0965c6" member_type: VOTER last_known_addr { host: "127.23.8.130" port: 43237 } } peers { permanent_uuid: "4471255b5b9c4cdcad2893a3757cf3bf" member_type: VOTER last_known_addr { host: "127.23.8.131" port: 42821 } }
I20260709 14:53:27.981498 24284 leader_election.cc:290] T fdcb9d786408440f92c6372d7e50cc36 P 5196337a40124b95919857a01b0965c6 [CANDIDATE]: Term 3 election: Requested vote from peers 879f856994c14c4aa47a8d1cc5c2da7c (127.23.8.129:41081), 4471255b5b9c4cdcad2893a3757cf3bf (127.23.8.131:42821)
I20260709 14:53:27.981956 24207 tablet_service.cc:1917] Received RequestConsensusVote() RPC: tablet_id: "fdcb9d786408440f92c6372d7e50cc36" candidate_uuid: "5196337a40124b95919857a01b0965c6" candidate_term: 3 candidate_status { last_received { term: 2 index: 2 } } ignore_live_leader: true dest_uuid: "879f856994c14c4aa47a8d1cc5c2da7c"
I20260709 14:53:27.982441 24207 raft_consensus.cc:3055] T fdcb9d786408440f92c6372d7e50cc36 P 879f856994c14c4aa47a8d1cc5c2da7c [term 2 LEADER]: Stepping down as leader of term 2
I20260709 14:53:27.982410 24355 tablet_service.cc:1917] Received RequestConsensusVote() RPC: tablet_id: "fdcb9d786408440f92c6372d7e50cc36" candidate_uuid: "5196337a40124b95919857a01b0965c6" candidate_term: 3 candidate_status { last_received { term: 2 index: 2 } } ignore_live_leader: true dest_uuid: "4471255b5b9c4cdcad2893a3757cf3bf"
I20260709 14:53:27.982836 24207 raft_consensus.cc:740] T fdcb9d786408440f92c6372d7e50cc36 P 879f856994c14c4aa47a8d1cc5c2da7c [term 2 LEADER]: Becoming Follower/Learner. State: Replica: 879f856994c14c4aa47a8d1cc5c2da7c, State: Running, Role: LEADER
I20260709 14:53:27.983001 24355 raft_consensus.cc:3060] T fdcb9d786408440f92c6372d7e50cc36 P 4471255b5b9c4cdcad2893a3757cf3bf [term 2 FOLLOWER]: Advancing to term 3
I20260709 14:53:27.983573 24207 consensus_queue.cc:260] T fdcb9d786408440f92c6372d7e50cc36 P 879f856994c14c4aa47a8d1cc5c2da7c [NON_LEADER]: Queue going to NON_LEADER mode. State: All replicated index: 0, Majority replicated index: 2, Committed index: 2, Last appended: 2.2, Last appended by leader: 2, Current term: 2, Majority size: -1, State: 0, Mode: NON_LEADER, active raft config: opid_index: -1 OBSOLETE_local: false peers { permanent_uuid: "879f856994c14c4aa47a8d1cc5c2da7c" member_type: VOTER last_known_addr { host: "127.23.8.129" port: 41081 } } peers { permanent_uuid: "5196337a40124b95919857a01b0965c6" member_type: VOTER last_known_addr { host: "127.23.8.130" port: 43237 } } peers { permanent_uuid: "4471255b5b9c4cdcad2893a3757cf3bf" member_type: VOTER last_known_addr { host: "127.23.8.131" port: 42821 } }
I20260709 14:53:27.984656 24207 raft_consensus.cc:3060] T fdcb9d786408440f92c6372d7e50cc36 P 879f856994c14c4aa47a8d1cc5c2da7c [term 2 FOLLOWER]: Advancing to term 3
I20260709 14:53:27.988864 24355 raft_consensus.cc:2468] T fdcb9d786408440f92c6372d7e50cc36 P 4471255b5b9c4cdcad2893a3757cf3bf [term 3 FOLLOWER]: Leader election vote request: Granting yes vote for candidate 5196337a40124b95919857a01b0965c6 in term 3.
I20260709 14:53:27.989768 24249 leader_election.cc:304] T fdcb9d786408440f92c6372d7e50cc36 P 5196337a40124b95919857a01b0965c6 [CANDIDATE]: Term 3 election: Election decided. Result: candidate won. Election summary: received 2 responses out of 3 voters: 2 yes votes; 0 no votes. yes voters: 4471255b5b9c4cdcad2893a3757cf3bf, 5196337a40124b95919857a01b0965c6; no voters: 
I20260709 14:53:27.990362 24514 raft_consensus.cc:2804] T fdcb9d786408440f92c6372d7e50cc36 P 5196337a40124b95919857a01b0965c6 [term 3 FOLLOWER]: Leader election won for term 3
I20260709 14:53:27.990465 24207 raft_consensus.cc:2468] T fdcb9d786408440f92c6372d7e50cc36 P 879f856994c14c4aa47a8d1cc5c2da7c [term 3 FOLLOWER]: Leader election vote request: Granting yes vote for candidate 5196337a40124b95919857a01b0965c6 in term 3.
I20260709 14:53:27.990833 24514 raft_consensus.cc:697] T fdcb9d786408440f92c6372d7e50cc36 P 5196337a40124b95919857a01b0965c6 [term 3 LEADER]: Becoming Leader. State: Replica: 5196337a40124b95919857a01b0965c6, State: Running, Role: LEADER
I20260709 14:53:27.991642 24514 consensus_queue.cc:237] T fdcb9d786408440f92c6372d7e50cc36 P 5196337a40124b95919857a01b0965c6 [LEADER]: Queue going to LEADER mode. State: All replicated index: 0, Majority replicated index: 2, Committed index: 2, Last appended: 2.2, Last appended by leader: 2, Current term: 3, Majority size: 2, State: 0, Mode: LEADER, active raft config: opid_index: -1 OBSOLETE_local: false peers { permanent_uuid: "879f856994c14c4aa47a8d1cc5c2da7c" member_type: VOTER last_known_addr { host: "127.23.8.129" port: 41081 } } peers { permanent_uuid: "5196337a40124b95919857a01b0965c6" member_type: VOTER last_known_addr { host: "127.23.8.130" port: 43237 } } peers { permanent_uuid: "4471255b5b9c4cdcad2893a3757cf3bf" member_type: VOTER last_known_addr { host: "127.23.8.131" port: 42821 } }
I20260709 14:53:27.997781 24106 catalog_manager.cc:5697] T fdcb9d786408440f92c6372d7e50cc36 P 5196337a40124b95919857a01b0965c6 reported cstate change: term changed from 2 to 3, leader changed from 879f856994c14c4aa47a8d1cc5c2da7c (127.23.8.129) to 5196337a40124b95919857a01b0965c6 (127.23.8.130). New cstate: current_term: 3 leader_uuid: "5196337a40124b95919857a01b0965c6" committed_config { opid_index: -1 OBSOLETE_local: false peers { permanent_uuid: "879f856994c14c4aa47a8d1cc5c2da7c" member_type: VOTER last_known_addr { host: "127.23.8.129" port: 41081 } health_report { overall_health: UNKNOWN } } peers { permanent_uuid: "5196337a40124b95919857a01b0965c6" member_type: VOTER last_known_addr { host: "127.23.8.130" port: 43237 } health_report { overall_health: HEALTHY } } peers { permanent_uuid: "4471255b5b9c4cdcad2893a3757cf3bf" member_type: VOTER last_known_addr { host: "127.23.8.131" port: 42821 } health_report { overall_health: UNKNOWN } } }
I20260709 14:53:28.276499 24526 raft_consensus.cc:993] T 75ee9527bbdd44c3b74815f8d512aff0 P 879f856994c14c4aa47a8d1cc5c2da7c: : Instructing follower 4471255b5b9c4cdcad2893a3757cf3bf to start an election
I20260709 14:53:28.276892 24526 raft_consensus.cc:1081] T 75ee9527bbdd44c3b74815f8d512aff0 P 879f856994c14c4aa47a8d1cc5c2da7c [term 3 LEADER]: Signalling peer 4471255b5b9c4cdcad2893a3757cf3bf to start an election
I20260709 14:53:28.278110 24355 tablet_service.cc:2044] Received Run Leader Election RPC: tablet_id: "75ee9527bbdd44c3b74815f8d512aff0"
dest_uuid: "4471255b5b9c4cdcad2893a3757cf3bf"
 from {username='slave'} at 127.0.0.1:51108
I20260709 14:53:28.278486 24355 raft_consensus.cc:493] T 75ee9527bbdd44c3b74815f8d512aff0 P 4471255b5b9c4cdcad2893a3757cf3bf [term 3 FOLLOWER]: Starting forced leader election (received explicit request)
I20260709 14:53:28.278695 24355 raft_consensus.cc:3060] T 75ee9527bbdd44c3b74815f8d512aff0 P 4471255b5b9c4cdcad2893a3757cf3bf [term 3 FOLLOWER]: Advancing to term 4
I20260709 14:53:28.282903 24355 raft_consensus.cc:515] T 75ee9527bbdd44c3b74815f8d512aff0 P 4471255b5b9c4cdcad2893a3757cf3bf [term 4 FOLLOWER]: Starting forced leader election with config: opid_index: -1 OBSOLETE_local: false peers { permanent_uuid: "879f856994c14c4aa47a8d1cc5c2da7c" member_type: VOTER last_known_addr { host: "127.23.8.129" port: 41081 } } peers { permanent_uuid: "5196337a40124b95919857a01b0965c6" member_type: VOTER last_known_addr { host: "127.23.8.130" port: 43237 } } peers { permanent_uuid: "4471255b5b9c4cdcad2893a3757cf3bf" member_type: VOTER last_known_addr { host: "127.23.8.131" port: 42821 } }
I20260709 14:53:28.284117 24355 leader_election.cc:290] T 75ee9527bbdd44c3b74815f8d512aff0 P 4471255b5b9c4cdcad2893a3757cf3bf [CANDIDATE]: Term 4 election: Requested vote from peers 879f856994c14c4aa47a8d1cc5c2da7c (127.23.8.129:41081), 5196337a40124b95919857a01b0965c6 (127.23.8.130:43237)
I20260709 14:53:28.284699 24207 tablet_service.cc:1917] Received RequestConsensusVote() RPC: tablet_id: "75ee9527bbdd44c3b74815f8d512aff0" candidate_uuid: "4471255b5b9c4cdcad2893a3757cf3bf" candidate_term: 4 candidate_status { last_received { term: 3 index: 3 } } ignore_live_leader: true dest_uuid: "879f856994c14c4aa47a8d1cc5c2da7c"
I20260709 14:53:28.285074 24284 tablet_service.cc:1917] Received RequestConsensusVote() RPC: tablet_id: "75ee9527bbdd44c3b74815f8d512aff0" candidate_uuid: "4471255b5b9c4cdcad2893a3757cf3bf" candidate_term: 4 candidate_status { last_received { term: 3 index: 3 } } ignore_live_leader: true dest_uuid: "5196337a40124b95919857a01b0965c6"
I20260709 14:53:28.285210 24207 raft_consensus.cc:3055] T 75ee9527bbdd44c3b74815f8d512aff0 P 879f856994c14c4aa47a8d1cc5c2da7c [term 3 LEADER]: Stepping down as leader of term 3
I20260709 14:53:28.285570 24207 raft_consensus.cc:740] T 75ee9527bbdd44c3b74815f8d512aff0 P 879f856994c14c4aa47a8d1cc5c2da7c [term 3 LEADER]: Becoming Follower/Learner. State: Replica: 879f856994c14c4aa47a8d1cc5c2da7c, State: Running, Role: LEADER
I20260709 14:53:28.285578 24284 raft_consensus.cc:3060] T 75ee9527bbdd44c3b74815f8d512aff0 P 5196337a40124b95919857a01b0965c6 [term 3 FOLLOWER]: Advancing to term 4
I20260709 14:53:28.286389 24207 consensus_queue.cc:260] T 75ee9527bbdd44c3b74815f8d512aff0 P 879f856994c14c4aa47a8d1cc5c2da7c [NON_LEADER]: Queue going to NON_LEADER mode. State: All replicated index: 0, Majority replicated index: 3, Committed index: 3, Last appended: 3.3, Last appended by leader: 3, Current term: 3, Majority size: -1, State: 0, Mode: NON_LEADER, active raft config: opid_index: -1 OBSOLETE_local: false peers { permanent_uuid: "879f856994c14c4aa47a8d1cc5c2da7c" member_type: VOTER last_known_addr { host: "127.23.8.129" port: 41081 } } peers { permanent_uuid: "5196337a40124b95919857a01b0965c6" member_type: VOTER last_known_addr { host: "127.23.8.130" port: 43237 } } peers { permanent_uuid: "4471255b5b9c4cdcad2893a3757cf3bf" member_type: VOTER last_known_addr { host: "127.23.8.131" port: 42821 } }
I20260709 14:53:28.287397 24207 raft_consensus.cc:3060] T 75ee9527bbdd44c3b74815f8d512aff0 P 879f856994c14c4aa47a8d1cc5c2da7c [term 3 FOLLOWER]: Advancing to term 4
I20260709 14:53:28.291215 24284 raft_consensus.cc:2468] T 75ee9527bbdd44c3b74815f8d512aff0 P 5196337a40124b95919857a01b0965c6 [term 4 FOLLOWER]: Leader election vote request: Granting yes vote for candidate 4471255b5b9c4cdcad2893a3757cf3bf in term 4.
I20260709 14:53:28.292130 24321 leader_election.cc:304] T 75ee9527bbdd44c3b74815f8d512aff0 P 4471255b5b9c4cdcad2893a3757cf3bf [CANDIDATE]: Term 4 election: Election decided. Result: candidate won. Election summary: received 2 responses out of 3 voters: 2 yes votes; 0 no votes. yes voters: 4471255b5b9c4cdcad2893a3757cf3bf, 5196337a40124b95919857a01b0965c6; no voters: 
I20260709 14:53:28.292860 24512 raft_consensus.cc:2804] T 75ee9527bbdd44c3b74815f8d512aff0 P 4471255b5b9c4cdcad2893a3757cf3bf [term 4 FOLLOWER]: Leader election won for term 4
I20260709 14:53:28.292924 24207 raft_consensus.cc:2468] T 75ee9527bbdd44c3b74815f8d512aff0 P 879f856994c14c4aa47a8d1cc5c2da7c [term 4 FOLLOWER]: Leader election vote request: Granting yes vote for candidate 4471255b5b9c4cdcad2893a3757cf3bf in term 4.
I20260709 14:53:28.293435 24512 raft_consensus.cc:697] T 75ee9527bbdd44c3b74815f8d512aff0 P 4471255b5b9c4cdcad2893a3757cf3bf [term 4 LEADER]: Becoming Leader. State: Replica: 4471255b5b9c4cdcad2893a3757cf3bf, State: Running, Role: LEADER
I20260709 14:53:28.294400 24512 consensus_queue.cc:237] T 75ee9527bbdd44c3b74815f8d512aff0 P 4471255b5b9c4cdcad2893a3757cf3bf [LEADER]: Queue going to LEADER mode. State: All replicated index: 0, Majority replicated index: 3, Committed index: 3, Last appended: 3.3, Last appended by leader: 3, Current term: 4, Majority size: 2, State: 0, Mode: LEADER, active raft config: opid_index: -1 OBSOLETE_local: false peers { permanent_uuid: "879f856994c14c4aa47a8d1cc5c2da7c" member_type: VOTER last_known_addr { host: "127.23.8.129" port: 41081 } } peers { permanent_uuid: "5196337a40124b95919857a01b0965c6" member_type: VOTER last_known_addr { host: "127.23.8.130" port: 43237 } } peers { permanent_uuid: "4471255b5b9c4cdcad2893a3757cf3bf" member_type: VOTER last_known_addr { host: "127.23.8.131" port: 42821 } }
I20260709 14:53:28.301370 24106 catalog_manager.cc:5697] T 75ee9527bbdd44c3b74815f8d512aff0 P 4471255b5b9c4cdcad2893a3757cf3bf reported cstate change: term changed from 3 to 4, leader changed from 879f856994c14c4aa47a8d1cc5c2da7c (127.23.8.129) to 4471255b5b9c4cdcad2893a3757cf3bf (127.23.8.131). New cstate: current_term: 4 leader_uuid: "4471255b5b9c4cdcad2893a3757cf3bf" committed_config { opid_index: -1 OBSOLETE_local: false peers { permanent_uuid: "879f856994c14c4aa47a8d1cc5c2da7c" member_type: VOTER last_known_addr { host: "127.23.8.129" port: 41081 } health_report { overall_health: UNKNOWN } } peers { permanent_uuid: "5196337a40124b95919857a01b0965c6" member_type: VOTER last_known_addr { host: "127.23.8.130" port: 43237 } health_report { overall_health: UNKNOWN } } peers { permanent_uuid: "4471255b5b9c4cdcad2893a3757cf3bf" member_type: VOTER last_known_addr { host: "127.23.8.131" port: 42821 } health_report { overall_health: HEALTHY } } }
I20260709 14:53:28.365092 24207 raft_consensus.cc:1275] T 922b148df4e64986876205e6706a9ce3 P 879f856994c14c4aa47a8d1cc5c2da7c [term 5 FOLLOWER]: Refusing update from remote peer 5196337a40124b95919857a01b0965c6: Log matching property violated. Preceding OpId in replica: term: 4 index: 4. Preceding OpId from leader: term: 5 index: 5. (index mismatch)
I20260709 14:53:28.366241 24514 consensus_queue.cc:1048] T 922b148df4e64986876205e6706a9ce3 P 5196337a40124b95919857a01b0965c6 [LEADER]: Connected to new peer: Peer: permanent_uuid: "879f856994c14c4aa47a8d1cc5c2da7c" member_type: VOTER last_known_addr { host: "127.23.8.129" port: 41081 }, Status: LMP_MISMATCH, Last received: 0.0, Next index: 5, Last known committed idx: 4, Time since last communication: 0.000s
I20260709 14:53:28.376463 24355 raft_consensus.cc:1275] T 922b148df4e64986876205e6706a9ce3 P 4471255b5b9c4cdcad2893a3757cf3bf [term 5 FOLLOWER]: Refusing update from remote peer 5196337a40124b95919857a01b0965c6: Log matching property violated. Preceding OpId in replica: term: 4 index: 4. Preceding OpId from leader: term: 5 index: 5. (index mismatch)
I20260709 14:53:28.377760 24551 consensus_queue.cc:1048] T 922b148df4e64986876205e6706a9ce3 P 5196337a40124b95919857a01b0965c6 [LEADER]: Connected to new peer: Peer: permanent_uuid: "4471255b5b9c4cdcad2893a3757cf3bf" member_type: VOTER last_known_addr { host: "127.23.8.131" port: 42821 }, Status: LMP_MISMATCH, Last received: 0.0, Next index: 5, Last known committed idx: 4, Time since last communication: 0.001s
I20260709 14:53:28.382758 24284 raft_consensus.cc:1275] T 36220dd2f5f448dbb8b908f6e15b521f P 5196337a40124b95919857a01b0965c6 [term 3 FOLLOWER]: Refusing update from remote peer 4471255b5b9c4cdcad2893a3757cf3bf: Log matching property violated. Preceding OpId in replica: term: 2 index: 2. Preceding OpId from leader: term: 3 index: 3. (index mismatch)
I20260709 14:53:28.383306 24207 raft_consensus.cc:1275] T 36220dd2f5f448dbb8b908f6e15b521f P 879f856994c14c4aa47a8d1cc5c2da7c [term 3 FOLLOWER]: Refusing update from remote peer 4471255b5b9c4cdcad2893a3757cf3bf: Log matching property violated. Preceding OpId in replica: term: 2 index: 2. Preceding OpId from leader: term: 3 index: 3. (index mismatch)
I20260709 14:53:28.384332 24539 consensus_queue.cc:1048] T 36220dd2f5f448dbb8b908f6e15b521f P 4471255b5b9c4cdcad2893a3757cf3bf [LEADER]: Connected to new peer: Peer: permanent_uuid: "5196337a40124b95919857a01b0965c6" member_type: VOTER last_known_addr { host: "127.23.8.130" port: 43237 }, Status: LMP_MISMATCH, Last received: 0.0, Next index: 3, Last known committed idx: 2, Time since last communication: 0.001s
I20260709 14:53:28.385284 24512 consensus_queue.cc:1048] T 36220dd2f5f448dbb8b908f6e15b521f P 4471255b5b9c4cdcad2893a3757cf3bf [LEADER]: Connected to new peer: Peer: permanent_uuid: "879f856994c14c4aa47a8d1cc5c2da7c" member_type: VOTER last_known_addr { host: "127.23.8.129" port: 41081 }, Status: LMP_MISMATCH, Last received: 0.0, Next index: 3, Last known committed idx: 2, Time since last communication: 0.000s
I20260709 14:53:28.455016 24207 raft_consensus.cc:1275] T fdcb9d786408440f92c6372d7e50cc36 P 879f856994c14c4aa47a8d1cc5c2da7c [term 3 FOLLOWER]: Refusing update from remote peer 5196337a40124b95919857a01b0965c6: Log matching property violated. Preceding OpId in replica: term: 2 index: 2. Preceding OpId from leader: term: 3 index: 3. (index mismatch)
I20260709 14:53:28.456000 24514 consensus_queue.cc:1048] T fdcb9d786408440f92c6372d7e50cc36 P 5196337a40124b95919857a01b0965c6 [LEADER]: Connected to new peer: Peer: permanent_uuid: "879f856994c14c4aa47a8d1cc5c2da7c" member_type: VOTER last_known_addr { host: "127.23.8.129" port: 41081 }, Status: LMP_MISMATCH, Last received: 0.0, Next index: 3, Last known committed idx: 2, Time since last communication: 0.000s
I20260709 14:53:28.463442 24355 raft_consensus.cc:1275] T fdcb9d786408440f92c6372d7e50cc36 P 4471255b5b9c4cdcad2893a3757cf3bf [term 3 FOLLOWER]: Refusing update from remote peer 5196337a40124b95919857a01b0965c6: Log matching property violated. Preceding OpId in replica: term: 2 index: 2. Preceding OpId from leader: term: 3 index: 3. (index mismatch)
I20260709 14:53:28.465240 24551 consensus_queue.cc:1048] T fdcb9d786408440f92c6372d7e50cc36 P 5196337a40124b95919857a01b0965c6 [LEADER]: Connected to new peer: Peer: permanent_uuid: "4471255b5b9c4cdcad2893a3757cf3bf" member_type: VOTER last_known_addr { host: "127.23.8.131" port: 42821 }, Status: LMP_MISMATCH, Last received: 0.0, Next index: 3, Last known committed idx: 2, Time since last communication: 0.000s
I20260709 14:53:28.787150 24207 raft_consensus.cc:1275] T 75ee9527bbdd44c3b74815f8d512aff0 P 879f856994c14c4aa47a8d1cc5c2da7c [term 4 FOLLOWER]: Refusing update from remote peer 4471255b5b9c4cdcad2893a3757cf3bf: Log matching property violated. Preceding OpId in replica: term: 3 index: 3. Preceding OpId from leader: term: 4 index: 4. (index mismatch)
I20260709 14:53:28.788128 24557 consensus_queue.cc:1048] T 75ee9527bbdd44c3b74815f8d512aff0 P 4471255b5b9c4cdcad2893a3757cf3bf [LEADER]: Connected to new peer: Peer: permanent_uuid: "879f856994c14c4aa47a8d1cc5c2da7c" member_type: VOTER last_known_addr { host: "127.23.8.129" port: 41081 }, Status: LMP_MISMATCH, Last received: 0.0, Next index: 4, Last known committed idx: 3, Time since last communication: 0.000s
I20260709 14:53:28.798025 24284 raft_consensus.cc:1275] T 75ee9527bbdd44c3b74815f8d512aff0 P 5196337a40124b95919857a01b0965c6 [term 4 FOLLOWER]: Refusing update from remote peer 4471255b5b9c4cdcad2893a3757cf3bf: Log matching property violated. Preceding OpId in replica: term: 3 index: 3. Preceding OpId from leader: term: 4 index: 4. (index mismatch)
I20260709 14:53:28.799281 24512 consensus_queue.cc:1048] T 75ee9527bbdd44c3b74815f8d512aff0 P 4471255b5b9c4cdcad2893a3757cf3bf [LEADER]: Connected to new peer: Peer: permanent_uuid: "5196337a40124b95919857a01b0965c6" member_type: VOTER last_known_addr { host: "127.23.8.130" port: 43237 }, Status: LMP_MISMATCH, Last received: 0.0, Next index: 4, Last known committed idx: 3, Time since last communication: 0.000s
I20260709 14:53:28.803721 23586 auto_leader_rebalancer.cc:141] leader rebalance for table test-workload
I20260709 14:53:28.812461 23586 tablet_server.cc:179] TabletServer@127.23.8.129:0 shutting down...
I20260709 14:53:28.831971 23586 ts_tablet_manager.cc:1507] Shutting down tablet manager...
I20260709 14:53:28.832602 23586 tablet_replica.cc:333] T 179e7c5e0af4449cb955759aac621664 P 879f856994c14c4aa47a8d1cc5c2da7c: stopping tablet replica
I20260709 14:53:28.833307 23586 raft_consensus.cc:2243] T 179e7c5e0af4449cb955759aac621664 P 879f856994c14c4aa47a8d1cc5c2da7c [term 1 FOLLOWER]: Raft consensus shutting down.
I20260709 14:53:28.833792 23586 raft_consensus.cc:2272] T 179e7c5e0af4449cb955759aac621664 P 879f856994c14c4aa47a8d1cc5c2da7c [term 1 FOLLOWER]: Raft consensus is shut down!
I20260709 14:53:28.835465 23586 tablet_replica.cc:333] T f71b8ea286284c7cba3e1c6512b678d4 P 879f856994c14c4aa47a8d1cc5c2da7c: stopping tablet replica
I20260709 14:53:28.835976 23586 raft_consensus.cc:2243] T f71b8ea286284c7cba3e1c6512b678d4 P 879f856994c14c4aa47a8d1cc5c2da7c [term 1 FOLLOWER]: Raft consensus shutting down.
I20260709 14:53:28.836355 23586 raft_consensus.cc:2272] T f71b8ea286284c7cba3e1c6512b678d4 P 879f856994c14c4aa47a8d1cc5c2da7c [term 1 FOLLOWER]: Raft consensus is shut down!
I20260709 14:53:28.838203 23586 tablet_replica.cc:333] T 2d56b49f762b4bbc8c9ed1744663f806 P 879f856994c14c4aa47a8d1cc5c2da7c: stopping tablet replica
I20260709 14:53:28.838663 23586 raft_consensus.cc:2243] T 2d56b49f762b4bbc8c9ed1744663f806 P 879f856994c14c4aa47a8d1cc5c2da7c [term 3 LEADER]: Raft consensus shutting down.
I20260709 14:53:28.839354 23586 raft_consensus.cc:2272] T 2d56b49f762b4bbc8c9ed1744663f806 P 879f856994c14c4aa47a8d1cc5c2da7c [term 3 FOLLOWER]: Raft consensus is shut down!
I20260709 14:53:28.840811 23586 tablet_replica.cc:333] T f70a0e3634104b7dae575de2567537aa P 879f856994c14c4aa47a8d1cc5c2da7c: stopping tablet replica
I20260709 14:53:28.841349 23586 raft_consensus.cc:2243] T f70a0e3634104b7dae575de2567537aa P 879f856994c14c4aa47a8d1cc5c2da7c [term 2 LEADER]: Raft consensus shutting down.
I20260709 14:53:28.841997 23586 raft_consensus.cc:2272] T f70a0e3634104b7dae575de2567537aa P 879f856994c14c4aa47a8d1cc5c2da7c [term 2 FOLLOWER]: Raft consensus is shut down!
I20260709 14:53:28.843449 23586 tablet_replica.cc:333] T 36220dd2f5f448dbb8b908f6e15b521f P 879f856994c14c4aa47a8d1cc5c2da7c: stopping tablet replica
I20260709 14:53:28.843891 23586 raft_consensus.cc:2243] T 36220dd2f5f448dbb8b908f6e15b521f P 879f856994c14c4aa47a8d1cc5c2da7c [term 3 FOLLOWER]: Raft consensus shutting down.
I20260709 14:53:28.844238 23586 raft_consensus.cc:2272] T 36220dd2f5f448dbb8b908f6e15b521f P 879f856994c14c4aa47a8d1cc5c2da7c [term 3 FOLLOWER]: Raft consensus is shut down!
I20260709 14:53:28.846144 23586 tablet_replica.cc:333] T 4715326c6c5c4ca981a7c78a57531100 P 879f856994c14c4aa47a8d1cc5c2da7c: stopping tablet replica
I20260709 14:53:28.846582 23586 raft_consensus.cc:2243] T 4715326c6c5c4ca981a7c78a57531100 P 879f856994c14c4aa47a8d1cc5c2da7c [term 2 LEADER]: Raft consensus shutting down.
I20260709 14:53:28.847227 23586 raft_consensus.cc:2272] T 4715326c6c5c4ca981a7c78a57531100 P 879f856994c14c4aa47a8d1cc5c2da7c [term 2 FOLLOWER]: Raft consensus is shut down!
I20260709 14:53:28.848791 23586 tablet_replica.cc:333] T 1d8f5708822f45ab8d4481965d5058c9 P 879f856994c14c4aa47a8d1cc5c2da7c: stopping tablet replica
I20260709 14:53:28.849238 23586 raft_consensus.cc:2243] T 1d8f5708822f45ab8d4481965d5058c9 P 879f856994c14c4aa47a8d1cc5c2da7c [term 2 LEADER]: Raft consensus shutting down.
I20260709 14:53:28.849880 23586 raft_consensus.cc:2272] T 1d8f5708822f45ab8d4481965d5058c9 P 879f856994c14c4aa47a8d1cc5c2da7c [term 2 FOLLOWER]: Raft consensus is shut down!
I20260709 14:53:28.851426 23586 tablet_replica.cc:333] T 922b148df4e64986876205e6706a9ce3 P 879f856994c14c4aa47a8d1cc5c2da7c: stopping tablet replica
I20260709 14:53:28.851836 23586 raft_consensus.cc:2243] T 922b148df4e64986876205e6706a9ce3 P 879f856994c14c4aa47a8d1cc5c2da7c [term 5 FOLLOWER]: Raft consensus shutting down.
I20260709 14:53:28.852176 23586 raft_consensus.cc:2272] T 922b148df4e64986876205e6706a9ce3 P 879f856994c14c4aa47a8d1cc5c2da7c [term 5 FOLLOWER]: Raft consensus is shut down!
I20260709 14:53:28.853999 23586 tablet_replica.cc:333] T fdcb9d786408440f92c6372d7e50cc36 P 879f856994c14c4aa47a8d1cc5c2da7c: stopping tablet replica
I20260709 14:53:28.854416 23586 raft_consensus.cc:2243] T fdcb9d786408440f92c6372d7e50cc36 P 879f856994c14c4aa47a8d1cc5c2da7c [term 3 FOLLOWER]: Raft consensus shutting down.
