I20260709 14:53:33.198233 24884 ts_tablet_manager.cc:1434] T 023583777db04448a1e13d0e0aba5eeb P 16dc13e7bc06411f8c9cad40997b7f96: Time spent starting tablet: real 0.012s	user 0.002s	sys 0.003s
I20260709 14:53:33.198873 24886 tablet_bootstrap.cc:492] T c7fbdbb1f50b4c4e8e06eb5c1eeef277 P 4d2d65cde97446018777fdaa85192000: Bootstrap starting.
I20260709 14:53:33.199062 24884 tablet_bootstrap.cc:492] T 544048e8ed9747e0a50003aec94004af P 16dc13e7bc06411f8c9cad40997b7f96: Bootstrap starting.
I20260709 14:53:33.204587 24886 tablet_bootstrap.cc:654] T c7fbdbb1f50b4c4e8e06eb5c1eeef277 P 4d2d65cde97446018777fdaa85192000: Neither blocks nor log segments found. Creating new log.
I20260709 14:53:33.207803 24592 catalog_manager.cc:5697] T d0bd209c3a4746ada50703c5409bb137 P edc25a2cab5449c4a392e6474bd74b64 reported cstate change: term changed from 0 to 1, leader changed from <none> to edc25a2cab5449c4a392e6474bd74b64 (127.23.8.129). New cstate: current_term: 1 leader_uuid: "edc25a2cab5449c4a392e6474bd74b64" committed_config { opid_index: -1 OBSOLETE_local: false peers { permanent_uuid: "edc25a2cab5449c4a392e6474bd74b64" member_type: VOTER last_known_addr { host: "127.23.8.129" port: 42879 } health_report { overall_health: HEALTHY } } peers { permanent_uuid: "4d2d65cde97446018777fdaa85192000" member_type: VOTER last_known_addr { host: "127.23.8.130" port: 39763 } health_report { overall_health: UNKNOWN } } peers { permanent_uuid: "16dc13e7bc06411f8c9cad40997b7f96" member_type: VOTER last_known_addr { host: "127.23.8.131" port: 34449 } health_report { overall_health: UNKNOWN } } }
I20260709 14:53:33.221611 24767 raft_consensus.cc:2468] T 60f73133ec1443898f55072824a7933a P 4d2d65cde97446018777fdaa85192000 [term 1 FOLLOWER]: Leader election vote request: Granting yes vote for candidate 16dc13e7bc06411f8c9cad40997b7f96 in term 1.
I20260709 14:53:33.229425 24968 raft_consensus.cc:2749] T dac6bfc418714c1e8f354bd644268889 P 4d2d65cde97446018777fdaa85192000 [term 1 FOLLOWER]: Leader pre-election lost for term 1. Reason: could not achieve majority
I20260709 14:53:33.231474 24902 consensus_queue.cc:1048] T dac6bfc418714c1e8f354bd644268889 P edc25a2cab5449c4a392e6474bd74b64 [LEADER]: Connected to new peer: Peer: permanent_uuid: "16dc13e7bc06411f8c9cad40997b7f96" member_type: VOTER last_known_addr { host: "127.23.8.131" port: 34449 }, Status: LMP_MISMATCH, Last received: 0.0, Next index: 1, Last known committed idx: 0, Time since last communication: 0.000s
I20260709 14:53:33.234213 24902 raft_consensus.cc:493] T 0e0e009434b54dbdb32bc54ebac96c98 P edc25a2cab5449c4a392e6474bd74b64 [term 0 FOLLOWER]: Starting pre-election (no leader contacted us within the election timeout)
I20260709 14:53:33.234673 24902 raft_consensus.cc:515] T 0e0e009434b54dbdb32bc54ebac96c98 P edc25a2cab5449c4a392e6474bd74b64 [term 0 FOLLOWER]: Starting pre-election with config: opid_index: -1 OBSOLETE_local: false peers { permanent_uuid: "edc25a2cab5449c4a392e6474bd74b64" member_type: VOTER last_known_addr { host: "127.23.8.129" port: 42879 } } peers { permanent_uuid: "4d2d65cde97446018777fdaa85192000" member_type: VOTER last_known_addr { host: "127.23.8.130" port: 39763 } } peers { permanent_uuid: "16dc13e7bc06411f8c9cad40997b7f96" member_type: VOTER last_known_addr { host: "127.23.8.131" port: 34449 } }
I20260709 14:53:33.235373 24884 tablet_bootstrap.cc:654] T 544048e8ed9747e0a50003aec94004af P 16dc13e7bc06411f8c9cad40997b7f96: Neither blocks nor log segments found. Creating new log.
I20260709 14:53:33.237555 24902 leader_election.cc:290] T 0e0e009434b54dbdb32bc54ebac96c98 P edc25a2cab5449c4a392e6474bd74b64 [CANDIDATE]: Term 1 pre-election: Requested pre-vote from peers 4d2d65cde97446018777fdaa85192000 (127.23.8.130:39763), 16dc13e7bc06411f8c9cad40997b7f96 (127.23.8.131:34449)
I20260709 14:53:33.238862 24767 tablet_service.cc:1917] Received RequestConsensusVote() RPC: tablet_id: "0e0e009434b54dbdb32bc54ebac96c98" candidate_uuid: "edc25a2cab5449c4a392e6474bd74b64" candidate_term: 1 candidate_status { last_received { term: 0 index: 0 } } ignore_live_leader: false dest_uuid: "4d2d65cde97446018777fdaa85192000" is_pre_election: true
I20260709 14:53:33.239559 24842 tablet_service.cc:1917] Received RequestConsensusVote() RPC: tablet_id: "0e0e009434b54dbdb32bc54ebac96c98" candidate_uuid: "edc25a2cab5449c4a392e6474bd74b64" candidate_term: 1 candidate_status { last_received { term: 0 index: 0 } } ignore_live_leader: false dest_uuid: "16dc13e7bc06411f8c9cad40997b7f96" is_pre_election: true
W20260709 14:53:33.240149 24658 leader_election.cc:343] T 0e0e009434b54dbdb32bc54ebac96c98 P edc25a2cab5449c4a392e6474bd74b64 [CANDIDATE]: Term 1 pre-election: Tablet error from VoteRequest() call to peer 4d2d65cde97446018777fdaa85192000 (127.23.8.130:39763): Illegal state: must be running to vote when last-logged opid is not known
I20260709 14:53:33.240155 24842 raft_consensus.cc:2468] T 0e0e009434b54dbdb32bc54ebac96c98 P 16dc13e7bc06411f8c9cad40997b7f96 [term 0 FOLLOWER]: Leader pre-election vote request: Granting yes vote for candidate edc25a2cab5449c4a392e6474bd74b64 in term 0.
I20260709 14:53:33.245114 24886 tablet_bootstrap.cc:492] T c7fbdbb1f50b4c4e8e06eb5c1eeef277 P 4d2d65cde97446018777fdaa85192000: No bootstrap required, opened a new log
I20260709 14:53:33.245376 24884 tablet_bootstrap.cc:492] T 544048e8ed9747e0a50003aec94004af P 16dc13e7bc06411f8c9cad40997b7f96: No bootstrap required, opened a new log
I20260709 14:53:33.245592 24886 ts_tablet_manager.cc:1403] T c7fbdbb1f50b4c4e8e06eb5c1eeef277 P 4d2d65cde97446018777fdaa85192000: Time spent bootstrapping tablet: real 0.047s	user 0.007s	sys 0.003s
I20260709 14:53:33.245733 24884 ts_tablet_manager.cc:1403] T 544048e8ed9747e0a50003aec94004af P 16dc13e7bc06411f8c9cad40997b7f96: Time spent bootstrapping tablet: real 0.047s	user 0.010s	sys 0.000s
I20260709 14:53:33.247926 24659 leader_election.cc:304] T 0e0e009434b54dbdb32bc54ebac96c98 P edc25a2cab5449c4a392e6474bd74b64 [CANDIDATE]: Term 1 pre-election: Election decided. Result: candidate won. Election summary: received 3 responses out of 3 voters: 2 yes votes; 1 no votes. yes voters: 16dc13e7bc06411f8c9cad40997b7f96, edc25a2cab5449c4a392e6474bd74b64; no voters: 4d2d65cde97446018777fdaa85192000
I20260709 14:53:33.248037 24884 raft_consensus.cc:359] T 544048e8ed9747e0a50003aec94004af P 16dc13e7bc06411f8c9cad40997b7f96 [term 0 FOLLOWER]: Replica starting. Triggering 0 pending ops. Active config: opid_index: -1 OBSOLETE_local: false peers { permanent_uuid: "edc25a2cab5449c4a392e6474bd74b64" member_type: VOTER last_known_addr { host: "127.23.8.129" port: 42879 } } peers { permanent_uuid: "4d2d65cde97446018777fdaa85192000" member_type: VOTER last_known_addr { host: "127.23.8.130" port: 39763 } } peers { permanent_uuid: "16dc13e7bc06411f8c9cad40997b7f96" member_type: VOTER last_known_addr { host: "127.23.8.131" port: 34449 } }
I20260709 14:53:33.248693 24884 raft_consensus.cc:385] T 544048e8ed9747e0a50003aec94004af P 16dc13e7bc06411f8c9cad40997b7f96 [term 0 FOLLOWER]: Consensus starting up: Expiring failure detector timer to make a prompt election more likely
I20260709 14:53:33.248946 24884 raft_consensus.cc:740] T 544048e8ed9747e0a50003aec94004af P 16dc13e7bc06411f8c9cad40997b7f96 [term 0 FOLLOWER]: Becoming Follower/Learner. State: Replica: 16dc13e7bc06411f8c9cad40997b7f96, State: Initialized, Role: FOLLOWER
I20260709 14:53:33.248958 24937 raft_consensus.cc:2804] T 0e0e009434b54dbdb32bc54ebac96c98 P edc25a2cab5449c4a392e6474bd74b64 [term 0 FOLLOWER]: Leader pre-election won for term 1
I20260709 14:53:33.249352 24886 raft_consensus.cc:359] T c7fbdbb1f50b4c4e8e06eb5c1eeef277 P 4d2d65cde97446018777fdaa85192000 [term 0 FOLLOWER]: Replica starting. Triggering 0 pending ops. Active config: opid_index: -1 OBSOLETE_local: false peers { permanent_uuid: "edc25a2cab5449c4a392e6474bd74b64" member_type: VOTER last_known_addr { host: "127.23.8.129" port: 42879 } } peers { permanent_uuid: "4d2d65cde97446018777fdaa85192000" member_type: VOTER last_known_addr { host: "127.23.8.130" port: 39763 } } peers { permanent_uuid: "16dc13e7bc06411f8c9cad40997b7f96" member_type: VOTER last_known_addr { host: "127.23.8.131" port: 34449 } }
I20260709 14:53:33.249616 24884 consensus_queue.cc:260] T 544048e8ed9747e0a50003aec94004af P 16dc13e7bc06411f8c9cad40997b7f96 [NON_LEADER]: Queue going to NON_LEADER mode. State: All replicated index: 0, Majority replicated index: 0, Committed index: 0, Last appended: 0.0, Last appended by leader: 0, Current term: 0, Majority size: -1, State: 0, Mode: NON_LEADER, active raft config: opid_index: -1 OBSOLETE_local: false peers { permanent_uuid: "edc25a2cab5449c4a392e6474bd74b64" member_type: VOTER last_known_addr { host: "127.23.8.129" port: 42879 } } peers { permanent_uuid: "4d2d65cde97446018777fdaa85192000" member_type: VOTER last_known_addr { host: "127.23.8.130" port: 39763 } } peers { permanent_uuid: "16dc13e7bc06411f8c9cad40997b7f96" member_type: VOTER last_known_addr { host: "127.23.8.131" port: 34449 } }
I20260709 14:53:33.249740 24936 consensus_queue.cc:1048] T dac6bfc418714c1e8f354bd644268889 P edc25a2cab5449c4a392e6474bd74b64 [LEADER]: Connected to new peer: Peer: permanent_uuid: "4d2d65cde97446018777fdaa85192000" member_type: VOTER last_known_addr { host: "127.23.8.130" port: 39763 }, Status: LMP_MISMATCH, Last received: 0.0, Next index: 1, Last known committed idx: 0, Time since last communication: 0.000s
I20260709 14:53:33.251628 24884 ts_tablet_manager.cc:1434] T 544048e8ed9747e0a50003aec94004af P 16dc13e7bc06411f8c9cad40997b7f96: Time spent starting tablet: real 0.006s	user 0.004s	sys 0.000s
I20260709 14:53:33.252697 24884 tablet_bootstrap.cc:492] T ee0cbdf96f154efaa8e3c4b2aec44999 P 16dc13e7bc06411f8c9cad40997b7f96: Bootstrap starting.
I20260709 14:53:33.253829 24937 raft_consensus.cc:493] T 0e0e009434b54dbdb32bc54ebac96c98 P edc25a2cab5449c4a392e6474bd74b64 [term 0 FOLLOWER]: Starting leader election (no leader contacted us within the election timeout)
I20260709 14:53:33.254241 24937 raft_consensus.cc:3060] T 0e0e009434b54dbdb32bc54ebac96c98 P edc25a2cab5449c4a392e6474bd74b64 [term 0 FOLLOWER]: Advancing to term 1
I20260709 14:53:33.249993 24886 raft_consensus.cc:385] T c7fbdbb1f50b4c4e8e06eb5c1eeef277 P 4d2d65cde97446018777fdaa85192000 [term 0 FOLLOWER]: Consensus starting up: Expiring failure detector timer to make a prompt election more likely
I20260709 14:53:33.257579 24886 raft_consensus.cc:740] T c7fbdbb1f50b4c4e8e06eb5c1eeef277 P 4d2d65cde97446018777fdaa85192000 [term 0 FOLLOWER]: Becoming Follower/Learner. State: Replica: 4d2d65cde97446018777fdaa85192000, State: Initialized, Role: FOLLOWER
I20260709 14:53:33.258854 24886 consensus_queue.cc:260] T c7fbdbb1f50b4c4e8e06eb5c1eeef277 P 4d2d65cde97446018777fdaa85192000 [NON_LEADER]: Queue going to NON_LEADER mode. State: All replicated index: 0, Majority replicated index: 0, Committed index: 0, Last appended: 0.0, Last appended by leader: 0, Current term: 0, Majority size: -1, State: 0, Mode: NON_LEADER, active raft config: opid_index: -1 OBSOLETE_local: false peers { permanent_uuid: "edc25a2cab5449c4a392e6474bd74b64" member_type: VOTER last_known_addr { host: "127.23.8.129" port: 42879 } } peers { permanent_uuid: "4d2d65cde97446018777fdaa85192000" member_type: VOTER last_known_addr { host: "127.23.8.130" port: 39763 } } peers { permanent_uuid: "16dc13e7bc06411f8c9cad40997b7f96" member_type: VOTER last_known_addr { host: "127.23.8.131" port: 34449 } }
I20260709 14:53:33.260774 24886 ts_tablet_manager.cc:1434] T c7fbdbb1f50b4c4e8e06eb5c1eeef277 P 4d2d65cde97446018777fdaa85192000: Time spent starting tablet: real 0.015s	user 0.004s	sys 0.000s
I20260709 14:53:33.266258 24886 tablet_bootstrap.cc:492] T 5a16a23229d947018e6df5c1420a3c56 P 4d2d65cde97446018777fdaa85192000: Bootstrap starting.
I20260709 14:53:33.266928 24885 tablet_bootstrap.cc:492] T 544048e8ed9747e0a50003aec94004af P edc25a2cab5449c4a392e6474bd74b64: No bootstrap required, opened a new log
I20260709 14:53:33.267349 24885 ts_tablet_manager.cc:1403] T 544048e8ed9747e0a50003aec94004af P edc25a2cab5449c4a392e6474bd74b64: Time spent bootstrapping tablet: real 0.079s	user 0.023s	sys 0.014s
I20260709 14:53:33.271664 24886 tablet_bootstrap.cc:654] T 5a16a23229d947018e6df5c1420a3c56 P 4d2d65cde97446018777fdaa85192000: Neither blocks nor log segments found. Creating new log.
I20260709 14:53:33.273455 24593 catalog_manager.cc:5697] T 60f73133ec1443898f55072824a7933a P 16dc13e7bc06411f8c9cad40997b7f96 reported cstate change: term changed from 0 to 1, leader changed from <none> to 16dc13e7bc06411f8c9cad40997b7f96 (127.23.8.131). New cstate: current_term: 1 leader_uuid: "16dc13e7bc06411f8c9cad40997b7f96" committed_config { opid_index: -1 OBSOLETE_local: false peers { permanent_uuid: "edc25a2cab5449c4a392e6474bd74b64" member_type: VOTER last_known_addr { host: "127.23.8.129" port: 42879 } health_report { overall_health: UNKNOWN } } peers { permanent_uuid: "4d2d65cde97446018777fdaa85192000" member_type: VOTER last_known_addr { host: "127.23.8.130" port: 39763 } health_report { overall_health: UNKNOWN } } peers { permanent_uuid: "16dc13e7bc06411f8c9cad40997b7f96" member_type: VOTER last_known_addr { host: "127.23.8.131" port: 34449 } health_report { overall_health: HEALTHY } } }
I20260709 14:53:33.277070 24968 raft_consensus.cc:493] T d428e6dc0a1e4f30b99889cdb4d8bd4e P 4d2d65cde97446018777fdaa85192000 [term 0 FOLLOWER]: Starting pre-election (no leader contacted us within the election timeout)
I20260709 14:53:33.277536 24968 raft_consensus.cc:515] T d428e6dc0a1e4f30b99889cdb4d8bd4e P 4d2d65cde97446018777fdaa85192000 [term 0 FOLLOWER]: Starting pre-election with config: opid_index: -1 OBSOLETE_local: false peers { permanent_uuid: "edc25a2cab5449c4a392e6474bd74b64" member_type: VOTER last_known_addr { host: "127.23.8.129" port: 42879 } } peers { permanent_uuid: "4d2d65cde97446018777fdaa85192000" member_type: VOTER last_known_addr { host: "127.23.8.130" port: 39763 } } peers { permanent_uuid: "16dc13e7bc06411f8c9cad40997b7f96" member_type: VOTER last_known_addr { host: "127.23.8.131" port: 34449 } }
I20260709 14:53:33.280763 24968 leader_election.cc:290] T d428e6dc0a1e4f30b99889cdb4d8bd4e P 4d2d65cde97446018777fdaa85192000 [CANDIDATE]: Term 1 pre-election: Requested pre-vote from peers edc25a2cab5449c4a392e6474bd74b64 (127.23.8.129:42879), 16dc13e7bc06411f8c9cad40997b7f96 (127.23.8.131:34449)
I20260709 14:53:33.282166 24695 tablet_service.cc:1917] Received RequestConsensusVote() RPC: tablet_id: "d428e6dc0a1e4f30b99889cdb4d8bd4e" candidate_uuid: "4d2d65cde97446018777fdaa85192000" candidate_term: 1 candidate_status { last_received { term: 0 index: 0 } } ignore_live_leader: false dest_uuid: "edc25a2cab5449c4a392e6474bd74b64" is_pre_election: true
I20260709 14:53:33.282747 24695 raft_consensus.cc:2468] T d428e6dc0a1e4f30b99889cdb4d8bd4e P edc25a2cab5449c4a392e6474bd74b64 [term 0 FOLLOWER]: Leader pre-election vote request: Granting yes vote for candidate 4d2d65cde97446018777fdaa85192000 in term 0.
I20260709 14:53:33.282910 24842 tablet_service.cc:1917] Received RequestConsensusVote() RPC: tablet_id: "d428e6dc0a1e4f30b99889cdb4d8bd4e" candidate_uuid: "4d2d65cde97446018777fdaa85192000" candidate_term: 1 candidate_status { last_received { term: 0 index: 0 } } ignore_live_leader: false dest_uuid: "16dc13e7bc06411f8c9cad40997b7f96" is_pre_election: true
I20260709 14:53:33.283481 24842 raft_consensus.cc:2468] T d428e6dc0a1e4f30b99889cdb4d8bd4e P 16dc13e7bc06411f8c9cad40997b7f96 [term 0 FOLLOWER]: Leader pre-election vote request: Granting yes vote for candidate 4d2d65cde97446018777fdaa85192000 in term 0.
I20260709 14:53:33.283741 24736 leader_election.cc:304] T d428e6dc0a1e4f30b99889cdb4d8bd4e P 4d2d65cde97446018777fdaa85192000 [CANDIDATE]: Term 1 pre-election: Election decided. Result: candidate won. Election summary: received 2 responses out of 3 voters: 2 yes votes; 0 no votes. yes voters: 4d2d65cde97446018777fdaa85192000, edc25a2cab5449c4a392e6474bd74b64; no voters: 
W20260709 14:53:33.282765 24658 consensus_peers.cc:597] T 5027815c6ca8437a9a35db930b96c7e9 P edc25a2cab5449c4a392e6474bd74b64 -> Peer 4d2d65cde97446018777fdaa85192000 (127.23.8.130:39763): Couldn't send request to peer 4d2d65cde97446018777fdaa85192000. Error code: TABLET_NOT_RUNNING (12). Status: Illegal state: Tablet not RUNNING: INITIALIZED. This is attempt 1: this message will repeat every 5th retry.
I20260709 14:53:33.279882 24937 raft_consensus.cc:515] T 0e0e009434b54dbdb32bc54ebac96c98 P edc25a2cab5449c4a392e6474bd74b64 [term 1 FOLLOWER]: Starting leader election with config: opid_index: -1 OBSOLETE_local: false peers { permanent_uuid: "edc25a2cab5449c4a392e6474bd74b64" member_type: VOTER last_known_addr { host: "127.23.8.129" port: 42879 } } peers { permanent_uuid: "4d2d65cde97446018777fdaa85192000" member_type: VOTER last_known_addr { host: "127.23.8.130" port: 39763 } } peers { permanent_uuid: "16dc13e7bc06411f8c9cad40997b7f96" member_type: VOTER last_known_addr { host: "127.23.8.131" port: 34449 } }
I20260709 14:53:33.284994 24968 raft_consensus.cc:2804] T d428e6dc0a1e4f30b99889cdb4d8bd4e P 4d2d65cde97446018777fdaa85192000 [term 0 FOLLOWER]: Leader pre-election won for term 1
I20260709 14:53:33.285349 24968 raft_consensus.cc:493] T d428e6dc0a1e4f30b99889cdb4d8bd4e P 4d2d65cde97446018777fdaa85192000 [term 0 FOLLOWER]: Starting leader election (no leader contacted us within the election timeout)
I20260709 14:53:33.285667 24968 raft_consensus.cc:3060] T d428e6dc0a1e4f30b99889cdb4d8bd4e P 4d2d65cde97446018777fdaa85192000 [term 0 FOLLOWER]: Advancing to term 1
I20260709 14:53:33.286720 24884 tablet_bootstrap.cc:654] T ee0cbdf96f154efaa8e3c4b2aec44999 P 16dc13e7bc06411f8c9cad40997b7f96: Neither blocks nor log segments found. Creating new log.
I20260709 14:53:33.286780 24937 leader_election.cc:290] T 0e0e009434b54dbdb32bc54ebac96c98 P edc25a2cab5449c4a392e6474bd74b64 [CANDIDATE]: Term 1 election: Requested vote from peers 4d2d65cde97446018777fdaa85192000 (127.23.8.130:39763), 16dc13e7bc06411f8c9cad40997b7f96 (127.23.8.131:34449)
I20260709 14:53:33.287974 24770 tablet_service.cc:1917] Received RequestConsensusVote() RPC: tablet_id: "0e0e009434b54dbdb32bc54ebac96c98" candidate_uuid: "edc25a2cab5449c4a392e6474bd74b64" candidate_term: 1 candidate_status { last_received { term: 0 index: 0 } } ignore_live_leader: false dest_uuid: "4d2d65cde97446018777fdaa85192000"
W20260709 14:53:33.289407 24658 leader_election.cc:343] T 0e0e009434b54dbdb32bc54ebac96c98 P edc25a2cab5449c4a392e6474bd74b64 [CANDIDATE]: Term 1 election: Tablet error from VoteRequest() call to peer 4d2d65cde97446018777fdaa85192000 (127.23.8.130:39763): Illegal state: must be running to vote when last-logged opid is not known
I20260709 14:53:33.289564 24842 tablet_service.cc:1917] Received RequestConsensusVote() RPC: tablet_id: "0e0e009434b54dbdb32bc54ebac96c98" candidate_uuid: "edc25a2cab5449c4a392e6474bd74b64" candidate_term: 1 candidate_status { last_received { term: 0 index: 0 } } ignore_live_leader: false dest_uuid: "16dc13e7bc06411f8c9cad40997b7f96"
I20260709 14:53:33.289992 24885 raft_consensus.cc:359] T 544048e8ed9747e0a50003aec94004af P edc25a2cab5449c4a392e6474bd74b64 [term 0 FOLLOWER]: Replica starting. Triggering 0 pending ops. Active config: opid_index: -1 OBSOLETE_local: false peers { permanent_uuid: "edc25a2cab5449c4a392e6474bd74b64" member_type: VOTER last_known_addr { host: "127.23.8.129" port: 42879 } } peers { permanent_uuid: "4d2d65cde97446018777fdaa85192000" member_type: VOTER last_known_addr { host: "127.23.8.130" port: 39763 } } peers { permanent_uuid: "16dc13e7bc06411f8c9cad40997b7f96" member_type: VOTER last_known_addr { host: "127.23.8.131" port: 34449 } }
I20260709 14:53:33.290688 24885 raft_consensus.cc:385] T 544048e8ed9747e0a50003aec94004af P edc25a2cab5449c4a392e6474bd74b64 [term 0 FOLLOWER]: Consensus starting up: Expiring failure detector timer to make a prompt election more likely
I20260709 14:53:33.290958 24885 raft_consensus.cc:740] T 544048e8ed9747e0a50003aec94004af P edc25a2cab5449c4a392e6474bd74b64 [term 0 FOLLOWER]: Becoming Follower/Learner. State: Replica: edc25a2cab5449c4a392e6474bd74b64, State: Initialized, Role: FOLLOWER
I20260709 14:53:33.291591 24885 consensus_queue.cc:260] T 544048e8ed9747e0a50003aec94004af P edc25a2cab5449c4a392e6474bd74b64 [NON_LEADER]: Queue going to NON_LEADER mode. State: All replicated index: 0, Majority replicated index: 0, Committed index: 0, Last appended: 0.0, Last appended by leader: 0, Current term: 0, Majority size: -1, State: 0, Mode: NON_LEADER, active raft config: opid_index: -1 OBSOLETE_local: false peers { permanent_uuid: "edc25a2cab5449c4a392e6474bd74b64" member_type: VOTER last_known_addr { host: "127.23.8.129" port: 42879 } } peers { permanent_uuid: "4d2d65cde97446018777fdaa85192000" member_type: VOTER last_known_addr { host: "127.23.8.130" port: 39763 } } peers { permanent_uuid: "16dc13e7bc06411f8c9cad40997b7f96" member_type: VOTER last_known_addr { host: "127.23.8.131" port: 34449 } }
I20260709 14:53:33.290092 24842 raft_consensus.cc:3060] T 0e0e009434b54dbdb32bc54ebac96c98 P 16dc13e7bc06411f8c9cad40997b7f96 [term 0 FOLLOWER]: Advancing to term 1
I20260709 14:53:33.296933 24885 ts_tablet_manager.cc:1434] T 544048e8ed9747e0a50003aec94004af P edc25a2cab5449c4a392e6474bd74b64: Time spent starting tablet: real 0.029s	user 0.007s	sys 0.001s
I20260709 14:53:33.297864 24885 tablet_bootstrap.cc:492] T 2a48bd484adc454983204ecc1ebd1f4a P edc25a2cab5449c4a392e6474bd74b64: Bootstrap starting.
I20260709 14:53:33.301772 24842 raft_consensus.cc:2468] T 0e0e009434b54dbdb32bc54ebac96c98 P 16dc13e7bc06411f8c9cad40997b7f96 [term 1 FOLLOWER]: Leader election vote request: Granting yes vote for candidate edc25a2cab5449c4a392e6474bd74b64 in term 1.
I20260709 14:53:33.305877 24659 leader_election.cc:304] T 0e0e009434b54dbdb32bc54ebac96c98 P edc25a2cab5449c4a392e6474bd74b64 [CANDIDATE]: Term 1 election: Election decided. Result: candidate won. Election summary: received 3 responses out of 3 voters: 2 yes votes; 1 no votes. yes voters: 16dc13e7bc06411f8c9cad40997b7f96, edc25a2cab5449c4a392e6474bd74b64; no voters: 4d2d65cde97446018777fdaa85192000
I20260709 14:53:33.306455 24937 raft_consensus.cc:2804] T 0e0e009434b54dbdb32bc54ebac96c98 P edc25a2cab5449c4a392e6474bd74b64 [term 1 FOLLOWER]: Leader election won for term 1
I20260709 14:53:33.307015 24884 tablet_bootstrap.cc:492] T ee0cbdf96f154efaa8e3c4b2aec44999 P 16dc13e7bc06411f8c9cad40997b7f96: No bootstrap required, opened a new log
I20260709 14:53:33.307498 24884 ts_tablet_manager.cc:1403] T ee0cbdf96f154efaa8e3c4b2aec44999 P 16dc13e7bc06411f8c9cad40997b7f96: Time spent bootstrapping tablet: real 0.055s	user 0.010s	sys 0.000s
I20260709 14:53:33.303716 24968 raft_consensus.cc:515] T d428e6dc0a1e4f30b99889cdb4d8bd4e P 4d2d65cde97446018777fdaa85192000 [term 1 FOLLOWER]: Starting leader election with config: opid_index: -1 OBSOLETE_local: false peers { permanent_uuid: "edc25a2cab5449c4a392e6474bd74b64" member_type: VOTER last_known_addr { host: "127.23.8.129" port: 42879 } } peers { permanent_uuid: "4d2d65cde97446018777fdaa85192000" member_type: VOTER last_known_addr { host: "127.23.8.130" port: 39763 } } peers { permanent_uuid: "16dc13e7bc06411f8c9cad40997b7f96" member_type: VOTER last_known_addr { host: "127.23.8.131" port: 34449 } }
I20260709 14:53:33.306931 24937 raft_consensus.cc:697] T 0e0e009434b54dbdb32bc54ebac96c98 P edc25a2cab5449c4a392e6474bd74b64 [term 1 LEADER]: Becoming Leader. State: Replica: edc25a2cab5449c4a392e6474bd74b64, State: Running, Role: LEADER
I20260709 14:53:33.311200 24937 consensus_queue.cc:237] T 0e0e009434b54dbdb32bc54ebac96c98 P edc25a2cab5449c4a392e6474bd74b64 [LEADER]: Queue going to LEADER mode. State: All replicated index: 0, Majority replicated index: 0, Committed index: 0, Last appended: 0.0, Last appended by leader: 0, Current term: 1, Majority size: 2, State: 0, Mode: LEADER, active raft config: opid_index: -1 OBSOLETE_local: false peers { permanent_uuid: "edc25a2cab5449c4a392e6474bd74b64" member_type: VOTER last_known_addr { host: "127.23.8.129" port: 42879 } } peers { permanent_uuid: "4d2d65cde97446018777fdaa85192000" member_type: VOTER last_known_addr { host: "127.23.8.130" port: 39763 } } peers { permanent_uuid: "16dc13e7bc06411f8c9cad40997b7f96" member_type: VOTER last_known_addr { host: "127.23.8.131" port: 34449 } }
I20260709 14:53:33.310106 24884 raft_consensus.cc:359] T ee0cbdf96f154efaa8e3c4b2aec44999 P 16dc13e7bc06411f8c9cad40997b7f96 [term 0 FOLLOWER]: Replica starting. Triggering 0 pending ops. Active config: opid_index: -1 OBSOLETE_local: false peers { permanent_uuid: "edc25a2cab5449c4a392e6474bd74b64" member_type: VOTER last_known_addr { host: "127.23.8.129" port: 42879 } } peers { permanent_uuid: "4d2d65cde97446018777fdaa85192000" member_type: VOTER last_known_addr { host: "127.23.8.130" port: 39763 } } peers { permanent_uuid: "16dc13e7bc06411f8c9cad40997b7f96" member_type: VOTER last_known_addr { host: "127.23.8.131" port: 34449 } }
I20260709 14:53:33.312084 24884 raft_consensus.cc:385] T ee0cbdf96f154efaa8e3c4b2aec44999 P 16dc13e7bc06411f8c9cad40997b7f96 [term 0 FOLLOWER]: Consensus starting up: Expiring failure detector timer to make a prompt election more likely
I20260709 14:53:33.312428 24884 raft_consensus.cc:740] T ee0cbdf96f154efaa8e3c4b2aec44999 P 16dc13e7bc06411f8c9cad40997b7f96 [term 0 FOLLOWER]: Becoming Follower/Learner. State: Replica: 16dc13e7bc06411f8c9cad40997b7f96, State: Initialized, Role: FOLLOWER
I20260709 14:53:33.314011 24884 consensus_queue.cc:260] T ee0cbdf96f154efaa8e3c4b2aec44999 P 16dc13e7bc06411f8c9cad40997b7f96 [NON_LEADER]: Queue going to NON_LEADER mode. State: All replicated index: 0, Majority replicated index: 0, Committed index: 0, Last appended: 0.0, Last appended by leader: 0, Current term: 0, Majority size: -1, State: 0, Mode: NON_LEADER, active raft config: opid_index: -1 OBSOLETE_local: false peers { permanent_uuid: "edc25a2cab5449c4a392e6474bd74b64" member_type: VOTER last_known_addr { host: "127.23.8.129" port: 42879 } } peers { permanent_uuid: "4d2d65cde97446018777fdaa85192000" member_type: VOTER last_known_addr { host: "127.23.8.130" port: 39763 } } peers { permanent_uuid: "16dc13e7bc06411f8c9cad40997b7f96" member_type: VOTER last_known_addr { host: "127.23.8.131" port: 34449 } }
I20260709 14:53:33.316108 24884 ts_tablet_manager.cc:1434] T ee0cbdf96f154efaa8e3c4b2aec44999 P 16dc13e7bc06411f8c9cad40997b7f96: Time spent starting tablet: real 0.008s	user 0.005s	sys 0.001s
I20260709 14:53:33.316921 24884 tablet_bootstrap.cc:492] T dc2df49810e6405ea7d862f7032852a5 P 16dc13e7bc06411f8c9cad40997b7f96: Bootstrap starting.
I20260709 14:53:33.318755 24902 consensus_queue.cc:1048] T c7fbdbb1f50b4c4e8e06eb5c1eeef277 P edc25a2cab5449c4a392e6474bd74b64 [LEADER]: Connected to new peer: Peer: permanent_uuid: "16dc13e7bc06411f8c9cad40997b7f96" member_type: VOTER last_known_addr { host: "127.23.8.131" port: 34449 }, Status: LMP_MISMATCH, Last received: 0.0, Next index: 1, Last known committed idx: 0, Time since last communication: 0.000s
I20260709 14:53:33.322865 24884 tablet_bootstrap.cc:654] T dc2df49810e6405ea7d862f7032852a5 P 16dc13e7bc06411f8c9cad40997b7f96: Neither blocks nor log segments found. Creating new log.
I20260709 14:53:33.336597 24917 raft_consensus.cc:493] T c7fbdbb1f50b4c4e8e06eb5c1eeef277 P 4d2d65cde97446018777fdaa85192000 [term 0 FOLLOWER]: Starting pre-election (no leader contacted us within the election timeout)
I20260709 14:53:33.337067 24917 raft_consensus.cc:515] T c7fbdbb1f50b4c4e8e06eb5c1eeef277 P 4d2d65cde97446018777fdaa85192000 [term 0 FOLLOWER]: Starting pre-election with config: opid_index: -1 OBSOLETE_local: false peers { permanent_uuid: "edc25a2cab5449c4a392e6474bd74b64" member_type: VOTER last_known_addr { host: "127.23.8.129" port: 42879 } } peers { permanent_uuid: "4d2d65cde97446018777fdaa85192000" member_type: VOTER last_known_addr { host: "127.23.8.130" port: 39763 } } peers { permanent_uuid: "16dc13e7bc06411f8c9cad40997b7f96" member_type: VOTER last_known_addr { host: "127.23.8.131" port: 34449 } }
I20260709 14:53:33.339026 24917 leader_election.cc:290] T c7fbdbb1f50b4c4e8e06eb5c1eeef277 P 4d2d65cde97446018777fdaa85192000 [CANDIDATE]: Term 1 pre-election: Requested pre-vote from peers edc25a2cab5449c4a392e6474bd74b64 (127.23.8.129:42879), 16dc13e7bc06411f8c9cad40997b7f96 (127.23.8.131:34449)
I20260709 14:53:33.341398 24695 tablet_service.cc:1917] Received RequestConsensusVote() RPC: tablet_id: "c7fbdbb1f50b4c4e8e06eb5c1eeef277" candidate_uuid: "4d2d65cde97446018777fdaa85192000" candidate_term: 1 candidate_status { last_received { term: 0 index: 0 } } ignore_live_leader: false dest_uuid: "edc25a2cab5449c4a392e6474bd74b64" is_pre_election: true
I20260709 14:53:33.343204 24937 consensus_queue.cc:1048] T b51ef0a8949d4fc9b422f917a9af78e8 P edc25a2cab5449c4a392e6474bd74b64 [LEADER]: Connected to new peer: Peer: permanent_uuid: "4d2d65cde97446018777fdaa85192000" member_type: VOTER last_known_addr { host: "127.23.8.130" port: 39763 }, Status: LMP_MISMATCH, Last received: 0.0, Next index: 1, Last known committed idx: 0, Time since last communication: 0.000s
I20260709 14:53:33.343742 24841 tablet_service.cc:1917] Received RequestConsensusVote() RPC: tablet_id: "c7fbdbb1f50b4c4e8e06eb5c1eeef277" candidate_uuid: "4d2d65cde97446018777fdaa85192000" candidate_term: 1 candidate_status { last_received { term: 0 index: 0 } } ignore_live_leader: false dest_uuid: "16dc13e7bc06411f8c9cad40997b7f96" is_pre_election: true
I20260709 14:53:33.346001 24734 leader_election.cc:304] T c7fbdbb1f50b4c4e8e06eb5c1eeef277 P 4d2d65cde97446018777fdaa85192000 [CANDIDATE]: Term 1 pre-election: Election decided. Result: candidate lost. Election summary: received 3 responses out of 3 voters: 1 yes votes; 2 no votes. yes voters: 4d2d65cde97446018777fdaa85192000; no voters: 16dc13e7bc06411f8c9cad40997b7f96, edc25a2cab5449c4a392e6474bd74b64
I20260709 14:53:33.347055 24917 raft_consensus.cc:2749] T c7fbdbb1f50b4c4e8e06eb5c1eeef277 P 4d2d65cde97446018777fdaa85192000 [term 0 FOLLOWER]: Leader pre-election lost for term 1. Reason: could not achieve majority
I20260709 14:53:33.348073 24767 raft_consensus.cc:3060] T c7fbdbb1f50b4c4e8e06eb5c1eeef277 P 4d2d65cde97446018777fdaa85192000 [term 0 FOLLOWER]: Advancing to term 1
I20260709 14:53:33.350503 24968 leader_election.cc:290] T d428e6dc0a1e4f30b99889cdb4d8bd4e P 4d2d65cde97446018777fdaa85192000 [CANDIDATE]: Term 1 election: Requested vote from peers edc25a2cab5449c4a392e6474bd74b64 (127.23.8.129:42879), 16dc13e7bc06411f8c9cad40997b7f96 (127.23.8.131:34449)
I20260709 14:53:33.303931 24885 tablet_bootstrap.cc:654] T 2a48bd484adc454983204ecc1ebd1f4a P edc25a2cab5449c4a392e6474bd74b64: Neither blocks nor log segments found. Creating new log.
I20260709 14:53:33.353789 24695 tablet_service.cc:1917] Received RequestConsensusVote() RPC: tablet_id: "d428e6dc0a1e4f30b99889cdb4d8bd4e" candidate_uuid: "4d2d65cde97446018777fdaa85192000" candidate_term: 1 candidate_status { last_received { term: 0 index: 0 } } ignore_live_leader: false dest_uuid: "edc25a2cab5449c4a392e6474bd74b64"
I20260709 14:53:33.354012 24886 tablet_bootstrap.cc:492] T 5a16a23229d947018e6df5c1420a3c56 P 4d2d65cde97446018777fdaa85192000: No bootstrap required, opened a new log
I20260709 14:53:33.354331 24695 raft_consensus.cc:3060] T d428e6dc0a1e4f30b99889cdb4d8bd4e P edc25a2cab5449c4a392e6474bd74b64 [term 0 FOLLOWER]: Advancing to term 1
I20260709 14:53:33.354471 24886 ts_tablet_manager.cc:1403] T 5a16a23229d947018e6df5c1420a3c56 P 4d2d65cde97446018777fdaa85192000: Time spent bootstrapping tablet: real 0.088s	user 0.014s	sys 0.029s
I20260709 14:53:33.356938 24886 raft_consensus.cc:359] T 5a16a23229d947018e6df5c1420a3c56 P 4d2d65cde97446018777fdaa85192000 [term 0 FOLLOWER]: Replica starting. Triggering 0 pending ops. Active config: opid_index: -1 OBSOLETE_local: false peers { permanent_uuid: "edc25a2cab5449c4a392e6474bd74b64" member_type: VOTER last_known_addr { host: "127.23.8.129" port: 42879 } } peers { permanent_uuid: "4d2d65cde97446018777fdaa85192000" member_type: VOTER last_known_addr { host: "127.23.8.130" port: 39763 } } peers { permanent_uuid: "16dc13e7bc06411f8c9cad40997b7f96" member_type: VOTER last_known_addr { host: "127.23.8.131" port: 34449 } }
I20260709 14:53:33.357558 24886 raft_consensus.cc:385] T 5a16a23229d947018e6df5c1420a3c56 P 4d2d65cde97446018777fdaa85192000 [term 0 FOLLOWER]: Consensus starting up: Expiring failure detector timer to make a prompt election more likely
I20260709 14:53:33.357806 24886 raft_consensus.cc:740] T 5a16a23229d947018e6df5c1420a3c56 P 4d2d65cde97446018777fdaa85192000 [term 0 FOLLOWER]: Becoming Follower/Learner. State: Replica: 4d2d65cde97446018777fdaa85192000, State: Initialized, Role: FOLLOWER
I20260709 14:53:33.358366 24886 consensus_queue.cc:260] T 5a16a23229d947018e6df5c1420a3c56 P 4d2d65cde97446018777fdaa85192000 [NON_LEADER]: Queue going to NON_LEADER mode. State: All replicated index: 0, Majority replicated index: 0, Committed index: 0, Last appended: 0.0, Last appended by leader: 0, Current term: 0, Majority size: -1, State: 0, Mode: NON_LEADER, active raft config: opid_index: -1 OBSOLETE_local: false peers { permanent_uuid: "edc25a2cab5449c4a392e6474bd74b64" member_type: VOTER last_known_addr { host: "127.23.8.129" port: 42879 } } peers { permanent_uuid: "4d2d65cde97446018777fdaa85192000" member_type: VOTER last_known_addr { host: "127.23.8.130" port: 39763 } } peers { permanent_uuid: "16dc13e7bc06411f8c9cad40997b7f96" member_type: VOTER last_known_addr { host: "127.23.8.131" port: 34449 } }
I20260709 14:53:33.365715 24695 raft_consensus.cc:2468] T d428e6dc0a1e4f30b99889cdb4d8bd4e P edc25a2cab5449c4a392e6474bd74b64 [term 1 FOLLOWER]: Leader election vote request: Granting yes vote for candidate 4d2d65cde97446018777fdaa85192000 in term 1.
I20260709 14:53:33.366766 24736 leader_election.cc:304] T d428e6dc0a1e4f30b99889cdb4d8bd4e P 4d2d65cde97446018777fdaa85192000 [CANDIDATE]: Term 1 election: Election decided. Result: candidate won. Election summary: received 2 responses out of 3 voters: 2 yes votes; 0 no votes. yes voters: 4d2d65cde97446018777fdaa85192000, edc25a2cab5449c4a392e6474bd74b64; no voters: 
I20260709 14:53:33.367048 25027 consensus_queue.cc:1048] T 5027815c6ca8437a9a35db930b96c7e9 P edc25a2cab5449c4a392e6474bd74b64 [LEADER]: Connected to new peer: Peer: permanent_uuid: "16dc13e7bc06411f8c9cad40997b7f96" member_type: VOTER last_known_addr { host: "127.23.8.131" port: 34449 }, Status: LMP_MISMATCH, Last received: 0.0, Next index: 1, Last known committed idx: 0, Time since last communication: 0.001s
I20260709 14:53:33.367849 24968 raft_consensus.cc:2804] T d428e6dc0a1e4f30b99889cdb4d8bd4e P 4d2d65cde97446018777fdaa85192000 [term 1 FOLLOWER]: Leader election won for term 1
I20260709 14:53:33.368336 24968 raft_consensus.cc:697] T d428e6dc0a1e4f30b99889cdb4d8bd4e P 4d2d65cde97446018777fdaa85192000 [term 1 LEADER]: Becoming Leader. State: Replica: 4d2d65cde97446018777fdaa85192000, State: Running, Role: LEADER
I20260709 14:53:33.369096 24968 consensus_queue.cc:237] T d428e6dc0a1e4f30b99889cdb4d8bd4e P 4d2d65cde97446018777fdaa85192000 [LEADER]: Queue going to LEADER mode. State: All replicated index: 0, Majority replicated index: 0, Committed index: 0, Last appended: 0.0, Last appended by leader: 0, Current term: 1, Majority size: 2, State: 0, Mode: LEADER, active raft config: opid_index: -1 OBSOLETE_local: false peers { permanent_uuid: "edc25a2cab5449c4a392e6474bd74b64" member_type: VOTER last_known_addr { host: "127.23.8.129" port: 42879 } } peers { permanent_uuid: "4d2d65cde97446018777fdaa85192000" member_type: VOTER last_known_addr { host: "127.23.8.130" port: 39763 } } peers { permanent_uuid: "16dc13e7bc06411f8c9cad40997b7f96" member_type: VOTER last_known_addr { host: "127.23.8.131" port: 34449 } }
I20260709 14:53:33.372738 24939 consensus_queue.cc:1048] T c7fbdbb1f50b4c4e8e06eb5c1eeef277 P edc25a2cab5449c4a392e6474bd74b64 [LEADER]: Connected to new peer: Peer: permanent_uuid: "4d2d65cde97446018777fdaa85192000" member_type: VOTER last_known_addr { host: "127.23.8.130" port: 39763 }, Status: LMP_MISMATCH, Last received: 0.0, Next index: 1, Last known committed idx: 0, Time since last communication: 0.000s
I20260709 14:53:33.373881 25027 consensus_queue.cc:1048] T b51ef0a8949d4fc9b422f917a9af78e8 P edc25a2cab5449c4a392e6474bd74b64 [LEADER]: Connected to new peer: Peer: permanent_uuid: "16dc13e7bc06411f8c9cad40997b7f96" member_type: VOTER last_known_addr { host: "127.23.8.131" port: 34449 }, Status: LMP_MISMATCH, Last received: 0.0, Next index: 1, Last known committed idx: 0, Time since last communication: 0.000s
I20260709 14:53:33.374486 25034 consensus_queue.cc:1048] T e27e514fa72c4e8e8f8321d8ceab92f6 P 16dc13e7bc06411f8c9cad40997b7f96 [LEADER]: Connected to new peer: Peer: permanent_uuid: "edc25a2cab5449c4a392e6474bd74b64" member_type: VOTER last_known_addr { host: "127.23.8.129" port: 42879 }, Status: LMP_MISMATCH, Last received: 0.0, Next index: 1, Last known committed idx: 0, Time since last communication: 0.000s
I20260709 14:53:33.382524 25027 raft_consensus.cc:493] T dd1736dee31b482ba3ce17ebe8725625 P edc25a2cab5449c4a392e6474bd74b64 [term 0 FOLLOWER]: Starting pre-election (no leader contacted us within the election timeout)
I20260709 14:53:33.382970 25027 raft_consensus.cc:515] T dd1736dee31b482ba3ce17ebe8725625 P edc25a2cab5449c4a392e6474bd74b64 [term 0 FOLLOWER]: Starting pre-election with config: opid_index: -1 OBSOLETE_local: false peers { permanent_uuid: "edc25a2cab5449c4a392e6474bd74b64" member_type: VOTER last_known_addr { host: "127.23.8.129" port: 42879 } } peers { permanent_uuid: "4d2d65cde97446018777fdaa85192000" member_type: VOTER last_known_addr { host: "127.23.8.130" port: 39763 } } peers { permanent_uuid: "16dc13e7bc06411f8c9cad40997b7f96" member_type: VOTER last_known_addr { host: "127.23.8.131" port: 34449 } }
I20260709 14:53:33.384624 24886 ts_tablet_manager.cc:1434] T 5a16a23229d947018e6df5c1420a3c56 P 4d2d65cde97446018777fdaa85192000: Time spent starting tablet: real 0.030s	user 0.004s	sys 0.002s
I20260709 14:53:33.385509 24886 tablet_bootstrap.cc:492] T 48b2848ca66a47a7b05eeb17409a1b43 P 4d2d65cde97446018777fdaa85192000: Bootstrap starting.
I20260709 14:53:33.385439 24917 raft_consensus.cc:493] T d0bd209c3a4746ada50703c5409bb137 P 4d2d65cde97446018777fdaa85192000 [term 0 FOLLOWER]: Starting pre-election (no leader contacted us within the election timeout)
I20260709 14:53:33.385612 24770 tablet_service.cc:1917] Received RequestConsensusVote() RPC: tablet_id: "dd1736dee31b482ba3ce17ebe8725625" candidate_uuid: "edc25a2cab5449c4a392e6474bd74b64" candidate_term: 1 candidate_status { last_received { term: 0 index: 0 } } ignore_live_leader: false dest_uuid: "4d2d65cde97446018777fdaa85192000" is_pre_election: true
I20260709 14:53:33.386014 24917 raft_consensus.cc:515] T d0bd209c3a4746ada50703c5409bb137 P 4d2d65cde97446018777fdaa85192000 [term 0 FOLLOWER]: Starting pre-election with config: opid_index: -1 OBSOLETE_local: false peers { permanent_uuid: "edc25a2cab5449c4a392e6474bd74b64" member_type: VOTER last_known_addr { host: "127.23.8.129" port: 42879 } } peers { permanent_uuid: "4d2d65cde97446018777fdaa85192000" member_type: VOTER last_known_addr { host: "127.23.8.130" port: 39763 } } peers { permanent_uuid: "16dc13e7bc06411f8c9cad40997b7f96" member_type: VOTER last_known_addr { host: "127.23.8.131" port: 34449 } }
I20260709 14:53:33.386300 24770 raft_consensus.cc:2468] T dd1736dee31b482ba3ce17ebe8725625 P 4d2d65cde97446018777fdaa85192000 [term 0 FOLLOWER]: Leader pre-election vote request: Granting yes vote for candidate edc25a2cab5449c4a392e6474bd74b64 in term 0.
I20260709 14:53:33.387526 24658 leader_election.cc:304] T dd1736dee31b482ba3ce17ebe8725625 P edc25a2cab5449c4a392e6474bd74b64 [CANDIDATE]: Term 1 pre-election: Election decided. Result: candidate won. Election summary: received 2 responses out of 3 voters: 2 yes votes; 0 no votes. yes voters: 4d2d65cde97446018777fdaa85192000, edc25a2cab5449c4a392e6474bd74b64; no voters: 
I20260709 14:53:33.388000 24917 leader_election.cc:290] T d0bd209c3a4746ada50703c5409bb137 P 4d2d65cde97446018777fdaa85192000 [CANDIDATE]: Term 1 pre-election: Requested pre-vote from peers edc25a2cab5449c4a392e6474bd74b64 (127.23.8.129:42879), 16dc13e7bc06411f8c9cad40997b7f96 (127.23.8.131:34449)
I20260709 14:53:33.388382 24939 raft_consensus.cc:2804] T dd1736dee31b482ba3ce17ebe8725625 P edc25a2cab5449c4a392e6474bd74b64 [term 0 FOLLOWER]: Leader pre-election won for term 1
I20260709 14:53:33.388806 24939 raft_consensus.cc:493] T dd1736dee31b482ba3ce17ebe8725625 P edc25a2cab5449c4a392e6474bd74b64 [term 0 FOLLOWER]: Starting leader election (no leader contacted us within the election timeout)
I20260709 14:53:33.389156 24939 raft_consensus.cc:3060] T dd1736dee31b482ba3ce17ebe8725625 P edc25a2cab5449c4a392e6474bd74b64 [term 0 FOLLOWER]: Advancing to term 1
I20260709 14:53:33.386272 25027 leader_election.cc:290] T dd1736dee31b482ba3ce17ebe8725625 P edc25a2cab5449c4a392e6474bd74b64 [CANDIDATE]: Term 1 pre-election: Requested pre-vote from peers 4d2d65cde97446018777fdaa85192000 (127.23.8.130:39763), 16dc13e7bc06411f8c9cad40997b7f96 (127.23.8.131:34449)
I20260709 14:53:33.393980 24693 tablet_service.cc:1917] Received RequestConsensusVote() RPC: tablet_id: "d0bd209c3a4746ada50703c5409bb137" candidate_uuid: "4d2d65cde97446018777fdaa85192000" candidate_term: 1 candidate_status { last_received { term: 0 index: 0 } } ignore_live_leader: false dest_uuid: "edc25a2cab5449c4a392e6474bd74b64" is_pre_election: true
I20260709 14:53:33.398387 24591 catalog_manager.cc:5697] T 0e0e009434b54dbdb32bc54ebac96c98 P edc25a2cab5449c4a392e6474bd74b64 reported cstate change: term changed from 0 to 1, leader changed from <none> to edc25a2cab5449c4a392e6474bd74b64 (127.23.8.129). New cstate: current_term: 1 leader_uuid: "edc25a2cab5449c4a392e6474bd74b64" committed_config { opid_index: -1 OBSOLETE_local: false peers { permanent_uuid: "edc25a2cab5449c4a392e6474bd74b64" member_type: VOTER last_known_addr { host: "127.23.8.129" port: 42879 } health_report { overall_health: HEALTHY } } peers { permanent_uuid: "4d2d65cde97446018777fdaa85192000" member_type: VOTER last_known_addr { host: "127.23.8.130" port: 39763 } health_report { overall_health: UNKNOWN } } peers { permanent_uuid: "16dc13e7bc06411f8c9cad40997b7f96" member_type: VOTER last_known_addr { host: "127.23.8.131" port: 34449 } health_report { overall_health: UNKNOWN } } }
I20260709 14:53:33.399996 24885 tablet_bootstrap.cc:492] T 2a48bd484adc454983204ecc1ebd1f4a P edc25a2cab5449c4a392e6474bd74b64: No bootstrap required, opened a new log
I20260709 14:53:33.400460 24885 ts_tablet_manager.cc:1403] T 2a48bd484adc454983204ecc1ebd1f4a P edc25a2cab5449c4a392e6474bd74b64: Time spent bootstrapping tablet: real 0.103s	user 0.009s	sys 0.003s
W20260709 14:53:33.421855 24641 auto_rebalancer.cc:288] Could not retrieve cluster info: Service unavailable: Tablet not running
W20260709 14:53:33.419080 24734 outbound_call.cc:321] RPC callback for RPC call kudu.consensus.ConsensusService.RequestConsensusVote -> {remote=127.23.8.131:34449, user_credentials={real_user=slave}} blocked reactor thread for 73152.4us
I20260709 14:53:33.440598 24886 tablet_bootstrap.cc:654] T 48b2848ca66a47a7b05eeb17409a1b43 P 4d2d65cde97446018777fdaa85192000: Neither blocks nor log segments found. Creating new log.
I20260709 14:53:33.441524 24842 tablet_service.cc:1917] Received RequestConsensusVote() RPC: tablet_id: "d428e6dc0a1e4f30b99889cdb4d8bd4e" candidate_uuid: "4d2d65cde97446018777fdaa85192000" candidate_term: 1 candidate_status { last_received { term: 0 index: 0 } } ignore_live_leader: false dest_uuid: "16dc13e7bc06411f8c9cad40997b7f96"
I20260709 14:53:33.442152 24842 raft_consensus.cc:3060] T d428e6dc0a1e4f30b99889cdb4d8bd4e P 16dc13e7bc06411f8c9cad40997b7f96 [term 0 FOLLOWER]: Advancing to term 1
I20260709 14:53:33.444025 24841 tablet_service.cc:1917] Received RequestConsensusVote() RPC: tablet_id: "d0bd209c3a4746ada50703c5409bb137" candidate_uuid: "4d2d65cde97446018777fdaa85192000" candidate_term: 1 candidate_status { last_received { term: 0 index: 0 } } ignore_live_leader: false dest_uuid: "16dc13e7bc06411f8c9cad40997b7f96" is_pre_election: true
I20260709 14:53:33.433509 24843 tablet_service.cc:1917] Received RequestConsensusVote() RPC: tablet_id: "dd1736dee31b482ba3ce17ebe8725625" candidate_uuid: "edc25a2cab5449c4a392e6474bd74b64" candidate_term: 1 candidate_status { last_received { term: 0 index: 0 } } ignore_live_leader: false dest_uuid: "16dc13e7bc06411f8c9cad40997b7f96" is_pre_election: true
I20260709 14:53:33.449462 24841 raft_consensus.cc:2393] T d0bd209c3a4746ada50703c5409bb137 P 16dc13e7bc06411f8c9cad40997b7f96 [term 1 FOLLOWER]: Leader pre-election vote request: Denying vote to candidate 4d2d65cde97446018777fdaa85192000 in current term 1: Already voted for candidate edc25a2cab5449c4a392e6474bd74b64 in this term.
I20260709 14:53:33.454406 25070 raft_consensus.cc:493] T 5a16a23229d947018e6df5c1420a3c56 P 4d2d65cde97446018777fdaa85192000 [term 0 FOLLOWER]: Starting pre-election (no leader contacted us within the election timeout)
I20260709 14:53:33.450773 24843 raft_consensus.cc:2468] T dd1736dee31b482ba3ce17ebe8725625 P 16dc13e7bc06411f8c9cad40997b7f96 [term 0 FOLLOWER]: Leader pre-election vote request: Granting yes vote for candidate edc25a2cab5449c4a392e6474bd74b64 in term 0.
I20260709 14:53:33.454917 25070 raft_consensus.cc:515] T 5a16a23229d947018e6df5c1420a3c56 P 4d2d65cde97446018777fdaa85192000 [term 0 FOLLOWER]: Starting pre-election with config: opid_index: -1 OBSOLETE_local: false peers { permanent_uuid: "edc25a2cab5449c4a392e6474bd74b64" member_type: VOTER last_known_addr { host: "127.23.8.129" port: 42879 } } peers { permanent_uuid: "4d2d65cde97446018777fdaa85192000" member_type: VOTER last_known_addr { host: "127.23.8.130" port: 39763 } } peers { permanent_uuid: "16dc13e7bc06411f8c9cad40997b7f96" member_type: VOTER last_known_addr { host: "127.23.8.131" port: 34449 } }
I20260709 14:53:33.457683 24939 raft_consensus.cc:515] T dd1736dee31b482ba3ce17ebe8725625 P edc25a2cab5449c4a392e6474bd74b64 [term 1 FOLLOWER]: Starting leader election with config: opid_index: -1 OBSOLETE_local: false peers { permanent_uuid: "edc25a2cab5449c4a392e6474bd74b64" member_type: VOTER last_known_addr { host: "127.23.8.129" port: 42879 } } peers { permanent_uuid: "4d2d65cde97446018777fdaa85192000" member_type: VOTER last_known_addr { host: "127.23.8.130" port: 39763 } } peers { permanent_uuid: "16dc13e7bc06411f8c9cad40997b7f96" member_type: VOTER last_known_addr { host: "127.23.8.131" port: 34449 } }
I20260709 14:53:33.467487 25070 leader_election.cc:290] T 5a16a23229d947018e6df5c1420a3c56 P 4d2d65cde97446018777fdaa85192000 [CANDIDATE]: Term 1 pre-election: Requested pre-vote from peers edc25a2cab5449c4a392e6474bd74b64 (127.23.8.129:42879), 16dc13e7bc06411f8c9cad40997b7f96 (127.23.8.131:34449)
I20260709 14:53:33.470319 24924 consensus_queue.cc:1048] T 3d5d8d04892f497ab92106f0a908bbf3 P 16dc13e7bc06411f8c9cad40997b7f96 [LEADER]: Connected to new peer: Peer: permanent_uuid: "4d2d65cde97446018777fdaa85192000" member_type: VOTER last_known_addr { host: "127.23.8.130" port: 39763 }, Status: LMP_MISMATCH, Last received: 0.0, Next index: 1, Last known committed idx: 0, Time since last communication: 0.000s
I20260709 14:53:33.473712 24767 tablet_service.cc:1917] Received RequestConsensusVote() RPC: tablet_id: "dd1736dee31b482ba3ce17ebe8725625" candidate_uuid: "edc25a2cab5449c4a392e6474bd74b64" candidate_term: 1 candidate_status { last_received { term: 0 index: 0 } } ignore_live_leader: false dest_uuid: "4d2d65cde97446018777fdaa85192000"
I20260709 14:53:33.474304 24767 raft_consensus.cc:3060] T dd1736dee31b482ba3ce17ebe8725625 P 4d2d65cde97446018777fdaa85192000 [term 0 FOLLOWER]: Advancing to term 1
I20260709 14:53:33.474753 24694 tablet_service.cc:1917] Received RequestConsensusVote() RPC: tablet_id: "5a16a23229d947018e6df5c1420a3c56" candidate_uuid: "4d2d65cde97446018777fdaa85192000" candidate_term: 1 candidate_status { last_received { term: 0 index: 0 } } ignore_live_leader: false dest_uuid: "edc25a2cab5449c4a392e6474bd74b64" is_pre_election: true
I20260709 14:53:33.475445 24694 raft_consensus.cc:2393] T 5a16a23229d947018e6df5c1420a3c56 P edc25a2cab5449c4a392e6474bd74b64 [term 1 FOLLOWER]: Leader pre-election vote request: Denying vote to candidate 4d2d65cde97446018777fdaa85192000 in current term 1: Already voted for candidate 16dc13e7bc06411f8c9cad40997b7f96 in this term.
I20260709 14:53:33.478376 24924 consensus_queue.cc:1048] T e27e514fa72c4e8e8f8321d8ceab92f6 P 16dc13e7bc06411f8c9cad40997b7f96 [LEADER]: Connected to new peer: Peer: permanent_uuid: "4d2d65cde97446018777fdaa85192000" member_type: VOTER last_known_addr { host: "127.23.8.130" port: 39763 }, Status: LMP_MISMATCH, Last received: 0.0, Next index: 1, Last known committed idx: 0, Time since last communication: 0.000s
I20260709 14:53:33.479543 24884 tablet_bootstrap.cc:492] T dc2df49810e6405ea7d862f7032852a5 P 16dc13e7bc06411f8c9cad40997b7f96: No bootstrap required, opened a new log
I20260709 14:53:33.479964 24884 ts_tablet_manager.cc:1403] T dc2df49810e6405ea7d862f7032852a5 P 16dc13e7bc06411f8c9cad40997b7f96: Time spent bootstrapping tablet: real 0.163s	user 0.022s	sys 0.024s
