I20260709 14:53:30.856138 15945 data_dirs.cc:400] Could only allocate 1 dirs of requested 3 for tablet a4b7f184ed9a4cbf8c35e53714a38a0f. 1 dirs total, 0 dirs full, 0 dirs failed
I20260709 14:53:30.858736 15871 data_dirs.cc:400] Could only allocate 1 dirs of requested 3 for tablet e5335b01b3fd4513b75e1e81ad60db18. 1 dirs total, 0 dirs full, 0 dirs failed
I20260709 14:53:30.858986 15953 data_dirs.cc:400] Could only allocate 1 dirs of requested 3 for tablet 6f49e1c2bb6b4e1a9b251069926ac1f8. 1 dirs total, 0 dirs full, 0 dirs failed
W20260709 14:53:30.820753 15928 outbound_call.cc:321] RPC callback for RPC call kudu.consensus.ConsensusService.RequestConsensusVote -> {remote=127.14.114.65:40489, user_credentials={real_user=slave}} blocked reactor thread for 44015.1us
I20260709 14:53:30.848156 16098 leader_election.cc:290] T 4bffd3153c4b47eca5a14661a4702dfe P eb7ad582002e4521bc79571fa4b9ce49 [CANDIDATE]: Term 1 pre-election: Requested pre-vote from peers 0eab442cd6164feb93dfe0ec6136184b (127.14.114.65:40489), cfc641950590469e95d664e6e0dca511 (127.14.114.66:38779)
I20260709 14:53:30.886171 16028 tablet_service.cc:1511] Processing CreateTablet for tablet a4b7f184ed9a4cbf8c35e53714a38a0f (DEFAULT_TABLE table=test-workload [id=e3a8ca9d41d24719be8d01a0b1c4e5c5]), partition=RANGE (key) PARTITION 2111085566 <= VALUES
I20260709 14:53:30.887759 16028 data_dirs.cc:400] Could only allocate 1 dirs of requested 3 for tablet a4b7f184ed9a4cbf8c35e53714a38a0f. 1 dirs total, 0 dirs full, 0 dirs failed
I20260709 14:53:30.889523 16100 raft_consensus.cc:515] T 4bffd3153c4b47eca5a14661a4702dfe P eb7ad582002e4521bc79571fa4b9ce49 [term 1 FOLLOWER]: Starting leader election with config: opid_index: -1 OBSOLETE_local: false peers { permanent_uuid: "0eab442cd6164feb93dfe0ec6136184b" member_type: VOTER last_known_addr { host: "127.14.114.65" port: 40489 } } peers { permanent_uuid: "cfc641950590469e95d664e6e0dca511" member_type: VOTER last_known_addr { host: "127.14.114.66" port: 38779 } } peers { permanent_uuid: "eb7ad582002e4521bc79571fa4b9ce49" member_type: VOTER last_known_addr { host: "127.14.114.67" port: 36803 } }
I20260709 14:53:30.912122 15954 rpcz_store.cc:275] Call kudu.tserver.TabletServerAdminService.CreateTablet from 127.0.0.1:38012 (request call id 41) took 2612 ms. Trace:
I20260709 14:53:30.912537 15954 rpcz_store.cc:276] 0709 14:53:28.299829 (+     0us) service_pool.cc:167] Inserting onto call queue
0709 14:53:30.408822 (+2108993us) service_pool.cc:224] Handling call
0709 14:53:30.463138 (+ 54316us) ts_tablet_manager.cc:669] Acquired tablet manager lock
0709 14:53:30.463237 (+    99us) ts_tablet_manager.cc:682] Creating new metadata...
0709 14:53:30.702320 (+239083us) tablet_metadata.cc:665] Metadata flushed
0709 14:53:30.911611 (+209291us) tablet_replica.cc:206] Creating consensus instance
0709 14:53:30.912061 (+   450us) inbound_call.cc:177] Queueing success response
Metrics: {}
I20260709 14:53:30.914134 16022 tablet_service.cc:1511] Processing CreateTablet for tablet e5335b01b3fd4513b75e1e81ad60db18 (DEFAULT_TABLE table=test-workload [id=e3a8ca9d41d24719be8d01a0b1c4e5c5]), partition=RANGE (key) PARTITION 2074687539 <= VALUES < 2111085566
I20260709 14:53:30.915419 16022 data_dirs.cc:400] Could only allocate 1 dirs of requested 3 for tablet e5335b01b3fd4513b75e1e81ad60db18. 1 dirs total, 0 dirs full, 0 dirs failed
I20260709 14:53:30.944228 16100 leader_election.cc:290] T 4bffd3153c4b47eca5a14661a4702dfe P eb7ad582002e4521bc79571fa4b9ce49 [CANDIDATE]: Term 1 election: Requested vote from peers 0eab442cd6164feb93dfe0ec6136184b (127.14.114.65:40489), cfc641950590469e95d664e6e0dca511 (127.14.114.66:38779)
I20260709 14:53:30.944522 15889 tablet_service.cc:1917] Received RequestConsensusVote() RPC: tablet_id: "4bffd3153c4b47eca5a14661a4702dfe" candidate_uuid: "eb7ad582002e4521bc79571fa4b9ce49" candidate_term: 1 candidate_status { last_received { term: 0 index: 0 } } ignore_live_leader: false dest_uuid: "0eab442cd6164feb93dfe0ec6136184b"
W20260709 14:53:30.945297 16110 log.cc:927] Time spent T 0b088fc45cfb4ce7ace2f3d269c0f9d7 P eb7ad582002e4521bc79571fa4b9ce49: Append to log took a long time: real 0.078s	user 0.000s	sys 0.000s
I20260709 14:53:30.946870 15964 tablet_service.cc:1917] Received RequestConsensusVote() RPC: tablet_id: "4bffd3153c4b47eca5a14661a4702dfe" candidate_uuid: "eb7ad582002e4521bc79571fa4b9ce49" candidate_term: 1 candidate_status { last_received { term: 0 index: 0 } } ignore_live_leader: false dest_uuid: "cfc641950590469e95d664e6e0dca511"
I20260709 14:53:30.947497 15964 raft_consensus.cc:3060] T 4bffd3153c4b47eca5a14661a4702dfe P cfc641950590469e95d664e6e0dca511 [term 0 FOLLOWER]: Advancing to term 1
W20260709 14:53:30.951654 16002 leader_election.cc:343] T 4bffd3153c4b47eca5a14661a4702dfe P eb7ad582002e4521bc79571fa4b9ce49 [CANDIDATE]: Term 1 election: Tablet error from VoteRequest() call to peer 0eab442cd6164feb93dfe0ec6136184b (127.14.114.65:40489): Illegal state: must be running to vote when last-logged opid is not known
I20260709 14:53:30.956403 15964 raft_consensus.cc:2468] T 4bffd3153c4b47eca5a14661a4702dfe P cfc641950590469e95d664e6e0dca511 [term 1 FOLLOWER]: Leader election vote request: Granting yes vote for candidate eb7ad582002e4521bc79571fa4b9ce49 in term 1.
I20260709 14:53:30.958945 16004 leader_election.cc:304] T 4bffd3153c4b47eca5a14661a4702dfe P eb7ad582002e4521bc79571fa4b9ce49 [CANDIDATE]: Term 1 election: Election decided. Result: candidate won. Election summary: received 3 responses out of 3 voters: 2 yes votes; 1 no votes. yes voters: cfc641950590469e95d664e6e0dca511, eb7ad582002e4521bc79571fa4b9ce49; no voters: 0eab442cd6164feb93dfe0ec6136184b
I20260709 14:53:30.959929 16098 raft_consensus.cc:2804] T 4bffd3153c4b47eca5a14661a4702dfe P eb7ad582002e4521bc79571fa4b9ce49 [term 1 FOLLOWER]: Leader election won for term 1
I20260709 14:53:30.966617 16078 tablet_bootstrap.cc:654] T c163d5fd3cad48f89694610c91429bd4 P eb7ad582002e4521bc79571fa4b9ce49: Neither blocks nor log segments found. Creating new log.
I20260709 14:53:30.975921 16081 tablet_bootstrap.cc:492] T 11d98f6e50d84203b9934795baedd996 P 0eab442cd6164feb93dfe0ec6136184b: No bootstrap required, opened a new log
I20260709 14:53:30.976413 16081 ts_tablet_manager.cc:1403] T 11d98f6e50d84203b9934795baedd996 P 0eab442cd6164feb93dfe0ec6136184b: Time spent bootstrapping tablet: real 0.331s	user 0.013s	sys 0.015s
I20260709 14:53:30.973503 15786 catalog_manager.cc:5697] T c163d5fd3cad48f89694610c91429bd4 P cfc641950590469e95d664e6e0dca511 reported cstate change: term changed from 0 to 1, leader changed from <none> to cfc641950590469e95d664e6e0dca511 (127.14.114.66). New cstate: current_term: 1 leader_uuid: "cfc641950590469e95d664e6e0dca511" committed_config { opid_index: -1 OBSOLETE_local: false peers { permanent_uuid: "0eab442cd6164feb93dfe0ec6136184b" member_type: VOTER last_known_addr { host: "127.14.114.65" port: 40489 } health_report { overall_health: UNKNOWN } } peers { permanent_uuid: "cfc641950590469e95d664e6e0dca511" member_type: VOTER last_known_addr { host: "127.14.114.66" port: 38779 } health_report { overall_health: HEALTHY } } peers { permanent_uuid: "eb7ad582002e4521bc79571fa4b9ce49" member_type: VOTER last_known_addr { host: "127.14.114.67" port: 36803 } health_report { overall_health: UNKNOWN } } }
I20260709 14:53:30.987056 16098 raft_consensus.cc:697] T 4bffd3153c4b47eca5a14661a4702dfe P eb7ad582002e4521bc79571fa4b9ce49 [term 1 LEADER]: Becoming Leader. State: Replica: eb7ad582002e4521bc79571fa4b9ce49, State: Running, Role: LEADER
I20260709 14:53:30.999807 16098 consensus_queue.cc:237] T 4bffd3153c4b47eca5a14661a4702dfe P eb7ad582002e4521bc79571fa4b9ce49 [LEADER]: Queue going to LEADER mode. State: All replicated index: 0, Majority replicated index: 0, Committed index: 0, Last appended: 0.0, Last appended by leader: 0, Current term: 1, Majority size: 2, State: 0, Mode: LEADER, active raft config: opid_index: -1 OBSOLETE_local: false peers { permanent_uuid: "0eab442cd6164feb93dfe0ec6136184b" member_type: VOTER last_known_addr { host: "127.14.114.65" port: 40489 } } peers { permanent_uuid: "cfc641950590469e95d664e6e0dca511" member_type: VOTER last_known_addr { host: "127.14.114.66" port: 38779 } } peers { permanent_uuid: "eb7ad582002e4521bc79571fa4b9ce49" member_type: VOTER last_known_addr { host: "127.14.114.67" port: 36803 } }
I20260709 14:53:31.007964 16079 tablet_bootstrap.cc:492] T 9a806d6c5f6843f2850ed02c5eebfde5 P cfc641950590469e95d664e6e0dca511: No bootstrap required, opened a new log
I20260709 14:53:31.008535 16079 ts_tablet_manager.cc:1403] T 9a806d6c5f6843f2850ed02c5eebfde5 P cfc641950590469e95d664e6e0dca511: Time spent bootstrapping tablet: real 0.375s	user 0.019s	sys 0.026s
I20260709 14:53:31.010123 16081 raft_consensus.cc:359] T 11d98f6e50d84203b9934795baedd996 P 0eab442cd6164feb93dfe0ec6136184b [term 0 FOLLOWER]: Replica starting. Triggering 0 pending ops. Active config: opid_index: -1 OBSOLETE_local: false peers { permanent_uuid: "0eab442cd6164feb93dfe0ec6136184b" member_type: VOTER last_known_addr { host: "127.14.114.65" port: 40489 } } peers { permanent_uuid: "cfc641950590469e95d664e6e0dca511" member_type: VOTER last_known_addr { host: "127.14.114.66" port: 38779 } } peers { permanent_uuid: "eb7ad582002e4521bc79571fa4b9ce49" member_type: VOTER last_known_addr { host: "127.14.114.67" port: 36803 } }
I20260709 14:53:31.011502 16081 raft_consensus.cc:385] T 11d98f6e50d84203b9934795baedd996 P 0eab442cd6164feb93dfe0ec6136184b [term 0 FOLLOWER]: Consensus starting up: Expiring failure detector timer to make a prompt election more likely
I20260709 14:53:31.011972 16081 raft_consensus.cc:740] T 11d98f6e50d84203b9934795baedd996 P 0eab442cd6164feb93dfe0ec6136184b [term 0 FOLLOWER]: Becoming Follower/Learner. State: Replica: 0eab442cd6164feb93dfe0ec6136184b, State: Initialized, Role: FOLLOWER
I20260709 14:53:31.012678 16081 consensus_queue.cc:260] T 11d98f6e50d84203b9934795baedd996 P 0eab442cd6164feb93dfe0ec6136184b [NON_LEADER]: Queue going to NON_LEADER mode. State: All replicated index: 0, Majority replicated index: 0, Committed index: 0, Last appended: 0.0, Last appended by leader: 0, Current term: 0, Majority size: -1, State: 0, Mode: NON_LEADER, active raft config: opid_index: -1 OBSOLETE_local: false peers { permanent_uuid: "0eab442cd6164feb93dfe0ec6136184b" member_type: VOTER last_known_addr { host: "127.14.114.65" port: 40489 } } peers { permanent_uuid: "cfc641950590469e95d664e6e0dca511" member_type: VOTER last_known_addr { host: "127.14.114.66" port: 38779 } } peers { permanent_uuid: "eb7ad582002e4521bc79571fa4b9ce49" member_type: VOTER last_known_addr { host: "127.14.114.67" port: 36803 } }
I20260709 14:53:31.014236 16081 ts_tablet_manager.cc:1434] T 11d98f6e50d84203b9934795baedd996 P 0eab442cd6164feb93dfe0ec6136184b: Time spent starting tablet: real 0.038s	user 0.001s	sys 0.003s
I20260709 14:53:31.024518 16081 tablet_bootstrap.cc:492] T 9ba0e0f9202b42318bacb126b48cc80b P 0eab442cd6164feb93dfe0ec6136184b: Bootstrap starting.
I20260709 14:53:31.025247 16079 raft_consensus.cc:359] T 9a806d6c5f6843f2850ed02c5eebfde5 P cfc641950590469e95d664e6e0dca511 [term 0 FOLLOWER]: Replica starting. Triggering 0 pending ops. Active config: opid_index: -1 OBSOLETE_local: false peers { permanent_uuid: "0eab442cd6164feb93dfe0ec6136184b" member_type: VOTER last_known_addr { host: "127.14.114.65" port: 40489 } } peers { permanent_uuid: "cfc641950590469e95d664e6e0dca511" member_type: VOTER last_known_addr { host: "127.14.114.66" port: 38779 } } peers { permanent_uuid: "eb7ad582002e4521bc79571fa4b9ce49" member_type: VOTER last_known_addr { host: "127.14.114.67" port: 36803 } }
I20260709 14:53:31.027062 16079 raft_consensus.cc:385] T 9a806d6c5f6843f2850ed02c5eebfde5 P cfc641950590469e95d664e6e0dca511 [term 0 FOLLOWER]: Consensus starting up: Expiring failure detector timer to make a prompt election more likely
I20260709 14:53:31.027941 16079 raft_consensus.cc:740] T 9a806d6c5f6843f2850ed02c5eebfde5 P cfc641950590469e95d664e6e0dca511 [term 0 FOLLOWER]: Becoming Follower/Learner. State: Replica: cfc641950590469e95d664e6e0dca511, State: Initialized, Role: FOLLOWER
I20260709 14:53:31.028697 16079 consensus_queue.cc:260] T 9a806d6c5f6843f2850ed02c5eebfde5 P cfc641950590469e95d664e6e0dca511 [NON_LEADER]: Queue going to NON_LEADER mode. State: All replicated index: 0, Majority replicated index: 0, Committed index: 0, Last appended: 0.0, Last appended by leader: 0, Current term: 0, Majority size: -1, State: 0, Mode: NON_LEADER, active raft config: opid_index: -1 OBSOLETE_local: false peers { permanent_uuid: "0eab442cd6164feb93dfe0ec6136184b" member_type: VOTER last_known_addr { host: "127.14.114.65" port: 40489 } } peers { permanent_uuid: "cfc641950590469e95d664e6e0dca511" member_type: VOTER last_known_addr { host: "127.14.114.66" port: 38779 } } peers { permanent_uuid: "eb7ad582002e4521bc79571fa4b9ce49" member_type: VOTER last_known_addr { host: "127.14.114.67" port: 36803 } }
I20260709 14:53:31.030081 16078 tablet_bootstrap.cc:492] T c163d5fd3cad48f89694610c91429bd4 P eb7ad582002e4521bc79571fa4b9ce49: No bootstrap required, opened a new log
I20260709 14:53:31.030558 16078 ts_tablet_manager.cc:1403] T c163d5fd3cad48f89694610c91429bd4 P eb7ad582002e4521bc79571fa4b9ce49: Time spent bootstrapping tablet: real 0.195s	user 0.010s	sys 0.011s
I20260709 14:53:31.030999 16079 ts_tablet_manager.cc:1434] T 9a806d6c5f6843f2850ed02c5eebfde5 P cfc641950590469e95d664e6e0dca511: Time spent starting tablet: real 0.022s	user 0.005s	sys 0.002s
I20260709 14:53:31.032068 16079 tablet_bootstrap.cc:492] T 44b0bb7c52434b4d8af487e368044ca6 P cfc641950590469e95d664e6e0dca511: Bootstrap starting.
I20260709 14:53:31.033597 16078 raft_consensus.cc:359] T c163d5fd3cad48f89694610c91429bd4 P eb7ad582002e4521bc79571fa4b9ce49 [term 0 FOLLOWER]: Replica starting. Triggering 0 pending ops. Active config: opid_index: -1 OBSOLETE_local: false peers { permanent_uuid: "0eab442cd6164feb93dfe0ec6136184b" member_type: VOTER last_known_addr { host: "127.14.114.65" port: 40489 } } peers { permanent_uuid: "cfc641950590469e95d664e6e0dca511" member_type: VOTER last_known_addr { host: "127.14.114.66" port: 38779 } } peers { permanent_uuid: "eb7ad582002e4521bc79571fa4b9ce49" member_type: VOTER last_known_addr { host: "127.14.114.67" port: 36803 } }
I20260709 14:53:31.034267 16078 raft_consensus.cc:385] T c163d5fd3cad48f89694610c91429bd4 P eb7ad582002e4521bc79571fa4b9ce49 [term 0 FOLLOWER]: Consensus starting up: Expiring failure detector timer to make a prompt election more likely
I20260709 14:53:31.034562 16078 raft_consensus.cc:740] T c163d5fd3cad48f89694610c91429bd4 P eb7ad582002e4521bc79571fa4b9ce49 [term 0 FOLLOWER]: Becoming Follower/Learner. State: Replica: eb7ad582002e4521bc79571fa4b9ce49, State: Initialized, Role: FOLLOWER
I20260709 14:53:31.035265 16078 consensus_queue.cc:260] T c163d5fd3cad48f89694610c91429bd4 P eb7ad582002e4521bc79571fa4b9ce49 [NON_LEADER]: Queue going to NON_LEADER mode. State: All replicated index: 0, Majority replicated index: 0, Committed index: 0, Last appended: 0.0, Last appended by leader: 0, Current term: 0, Majority size: -1, State: 0, Mode: NON_LEADER, active raft config: opid_index: -1 OBSOLETE_local: false peers { permanent_uuid: "0eab442cd6164feb93dfe0ec6136184b" member_type: VOTER last_known_addr { host: "127.14.114.65" port: 40489 } } peers { permanent_uuid: "cfc641950590469e95d664e6e0dca511" member_type: VOTER last_known_addr { host: "127.14.114.66" port: 38779 } } peers { permanent_uuid: "eb7ad582002e4521bc79571fa4b9ce49" member_type: VOTER last_known_addr { host: "127.14.114.67" port: 36803 } }
I20260709 14:53:31.038678 16079 tablet_bootstrap.cc:654] T 44b0bb7c52434b4d8af487e368044ca6 P cfc641950590469e95d664e6e0dca511: Neither blocks nor log segments found. Creating new log.
I20260709 14:53:31.045884 16078 ts_tablet_manager.cc:1434] T c163d5fd3cad48f89694610c91429bd4 P eb7ad582002e4521bc79571fa4b9ce49: Time spent starting tablet: real 0.015s	user 0.006s	sys 0.000s
I20260709 14:53:31.046968 16078 tablet_bootstrap.cc:492] T 9a806d6c5f6843f2850ed02c5eebfde5 P eb7ad582002e4521bc79571fa4b9ce49: Bootstrap starting.
I20260709 14:53:31.053283 16078 tablet_bootstrap.cc:654] T 9a806d6c5f6843f2850ed02c5eebfde5 P eb7ad582002e4521bc79571fa4b9ce49: Neither blocks nor log segments found. Creating new log.
I20260709 14:53:31.057214 16081 tablet_bootstrap.cc:654] T 9ba0e0f9202b42318bacb126b48cc80b P 0eab442cd6164feb93dfe0ec6136184b: Neither blocks nor log segments found. Creating new log.
W20260709 14:53:31.059194 15835 auto_rebalancer.cc:288] Could not retrieve cluster info: Service unavailable: Tablet not running
I20260709 14:53:31.061959 16079 tablet_bootstrap.cc:492] T 44b0bb7c52434b4d8af487e368044ca6 P cfc641950590469e95d664e6e0dca511: No bootstrap required, opened a new log
I20260709 14:53:31.062501 16079 ts_tablet_manager.cc:1403] T 44b0bb7c52434b4d8af487e368044ca6 P cfc641950590469e95d664e6e0dca511: Time spent bootstrapping tablet: real 0.031s	user 0.018s	sys 0.007s
I20260709 14:53:31.065910 16081 tablet_bootstrap.cc:492] T 9ba0e0f9202b42318bacb126b48cc80b P 0eab442cd6164feb93dfe0ec6136184b: No bootstrap required, opened a new log
I20260709 14:53:31.065794 16079 raft_consensus.cc:359] T 44b0bb7c52434b4d8af487e368044ca6 P cfc641950590469e95d664e6e0dca511 [term 0 FOLLOWER]: Replica starting. Triggering 0 pending ops. Active config: opid_index: -1 OBSOLETE_local: false peers { permanent_uuid: "0eab442cd6164feb93dfe0ec6136184b" member_type: VOTER last_known_addr { host: "127.14.114.65" port: 40489 } } peers { permanent_uuid: "cfc641950590469e95d664e6e0dca511" member_type: VOTER last_known_addr { host: "127.14.114.66" port: 38779 } } peers { permanent_uuid: "eb7ad582002e4521bc79571fa4b9ce49" member_type: VOTER last_known_addr { host: "127.14.114.67" port: 36803 } }
I20260709 14:53:31.066634 16079 raft_consensus.cc:385] T 44b0bb7c52434b4d8af487e368044ca6 P cfc641950590469e95d664e6e0dca511 [term 0 FOLLOWER]: Consensus starting up: Expiring failure detector timer to make a prompt election more likely
I20260709 14:53:31.067045 16079 raft_consensus.cc:740] T 44b0bb7c52434b4d8af487e368044ca6 P cfc641950590469e95d664e6e0dca511 [term 0 FOLLOWER]: Becoming Follower/Learner. State: Replica: cfc641950590469e95d664e6e0dca511, State: Initialized, Role: FOLLOWER
I20260709 14:53:31.066375 16081 ts_tablet_manager.cc:1403] T 9ba0e0f9202b42318bacb126b48cc80b P 0eab442cd6164feb93dfe0ec6136184b: Time spent bootstrapping tablet: real 0.042s	user 0.005s	sys 0.005s
I20260709 14:53:31.068001 16079 consensus_queue.cc:260] T 44b0bb7c52434b4d8af487e368044ca6 P cfc641950590469e95d664e6e0dca511 [NON_LEADER]: Queue going to NON_LEADER mode. State: All replicated index: 0, Majority replicated index: 0, Committed index: 0, Last appended: 0.0, Last appended by leader: 0, Current term: 0, Majority size: -1, State: 0, Mode: NON_LEADER, active raft config: opid_index: -1 OBSOLETE_local: false peers { permanent_uuid: "0eab442cd6164feb93dfe0ec6136184b" member_type: VOTER last_known_addr { host: "127.14.114.65" port: 40489 } } peers { permanent_uuid: "cfc641950590469e95d664e6e0dca511" member_type: VOTER last_known_addr { host: "127.14.114.66" port: 38779 } } peers { permanent_uuid: "eb7ad582002e4521bc79571fa4b9ce49" member_type: VOTER last_known_addr { host: "127.14.114.67" port: 36803 } }
I20260709 14:53:31.070341 16079 ts_tablet_manager.cc:1434] T 44b0bb7c52434b4d8af487e368044ca6 P cfc641950590469e95d664e6e0dca511: Time spent starting tablet: real 0.007s	user 0.005s	sys 0.001s
I20260709 14:53:31.071460 16079 tablet_bootstrap.cc:492] T e79403224e314b5cb8400f8c703353d1 P cfc641950590469e95d664e6e0dca511: Bootstrap starting.
I20260709 14:53:31.073195 16081 raft_consensus.cc:359] T 9ba0e0f9202b42318bacb126b48cc80b P 0eab442cd6164feb93dfe0ec6136184b [term 0 FOLLOWER]: Replica starting. Triggering 0 pending ops. Active config: opid_index: -1 OBSOLETE_local: false peers { permanent_uuid: "0eab442cd6164feb93dfe0ec6136184b" member_type: VOTER last_known_addr { host: "127.14.114.65" port: 40489 } } peers { permanent_uuid: "cfc641950590469e95d664e6e0dca511" member_type: VOTER last_known_addr { host: "127.14.114.66" port: 38779 } } peers { permanent_uuid: "eb7ad582002e4521bc79571fa4b9ce49" member_type: VOTER last_known_addr { host: "127.14.114.67" port: 36803 } }
I20260709 14:53:31.073894 16081 raft_consensus.cc:385] T 9ba0e0f9202b42318bacb126b48cc80b P 0eab442cd6164feb93dfe0ec6136184b [term 0 FOLLOWER]: Consensus starting up: Expiring failure detector timer to make a prompt election more likely
I20260709 14:53:31.074175 16081 raft_consensus.cc:740] T 9ba0e0f9202b42318bacb126b48cc80b P 0eab442cd6164feb93dfe0ec6136184b [term 0 FOLLOWER]: Becoming Follower/Learner. State: Replica: 0eab442cd6164feb93dfe0ec6136184b, State: Initialized, Role: FOLLOWER
I20260709 14:53:31.076117 16081 consensus_queue.cc:260] T 9ba0e0f9202b42318bacb126b48cc80b P 0eab442cd6164feb93dfe0ec6136184b [NON_LEADER]: Queue going to NON_LEADER mode. State: All replicated index: 0, Majority replicated index: 0, Committed index: 0, Last appended: 0.0, Last appended by leader: 0, Current term: 0, Majority size: -1, State: 0, Mode: NON_LEADER, active raft config: opid_index: -1 OBSOLETE_local: false peers { permanent_uuid: "0eab442cd6164feb93dfe0ec6136184b" member_type: VOTER last_known_addr { host: "127.14.114.65" port: 40489 } } peers { permanent_uuid: "cfc641950590469e95d664e6e0dca511" member_type: VOTER last_known_addr { host: "127.14.114.66" port: 38779 } } peers { permanent_uuid: "eb7ad582002e4521bc79571fa4b9ce49" member_type: VOTER last_known_addr { host: "127.14.114.67" port: 36803 } }
I20260709 14:53:31.077299 16078 tablet_bootstrap.cc:492] T 9a806d6c5f6843f2850ed02c5eebfde5 P eb7ad582002e4521bc79571fa4b9ce49: No bootstrap required, opened a new log
I20260709 14:53:31.077772 16078 ts_tablet_manager.cc:1403] T 9a806d6c5f6843f2850ed02c5eebfde5 P eb7ad582002e4521bc79571fa4b9ce49: Time spent bootstrapping tablet: real 0.031s	user 0.014s	sys 0.014s
I20260709 14:53:31.078050 16079 tablet_bootstrap.cc:654] T e79403224e314b5cb8400f8c703353d1 P cfc641950590469e95d664e6e0dca511: Neither blocks nor log segments found. Creating new log.
I20260709 14:53:31.080583 16078 raft_consensus.cc:359] T 9a806d6c5f6843f2850ed02c5eebfde5 P eb7ad582002e4521bc79571fa4b9ce49 [term 0 FOLLOWER]: Replica starting. Triggering 0 pending ops. Active config: opid_index: -1 OBSOLETE_local: false peers { permanent_uuid: "0eab442cd6164feb93dfe0ec6136184b" member_type: VOTER last_known_addr { host: "127.14.114.65" port: 40489 } } peers { permanent_uuid: "cfc641950590469e95d664e6e0dca511" member_type: VOTER last_known_addr { host: "127.14.114.66" port: 38779 } } peers { permanent_uuid: "eb7ad582002e4521bc79571fa4b9ce49" member_type: VOTER last_known_addr { host: "127.14.114.67" port: 36803 } }
I20260709 14:53:31.081286 16078 raft_consensus.cc:385] T 9a806d6c5f6843f2850ed02c5eebfde5 P eb7ad582002e4521bc79571fa4b9ce49 [term 0 FOLLOWER]: Consensus starting up: Expiring failure detector timer to make a prompt election more likely
I20260709 14:53:31.081573 16078 raft_consensus.cc:740] T 9a806d6c5f6843f2850ed02c5eebfde5 P eb7ad582002e4521bc79571fa4b9ce49 [term 0 FOLLOWER]: Becoming Follower/Learner. State: Replica: eb7ad582002e4521bc79571fa4b9ce49, State: Initialized, Role: FOLLOWER
I20260709 14:53:31.082265 16078 consensus_queue.cc:260] T 9a806d6c5f6843f2850ed02c5eebfde5 P eb7ad582002e4521bc79571fa4b9ce49 [NON_LEADER]: Queue going to NON_LEADER mode. State: All replicated index: 0, Majority replicated index: 0, Committed index: 0, Last appended: 0.0, Last appended by leader: 0, Current term: 0, Majority size: -1, State: 0, Mode: NON_LEADER, active raft config: opid_index: -1 OBSOLETE_local: false peers { permanent_uuid: "0eab442cd6164feb93dfe0ec6136184b" member_type: VOTER last_known_addr { host: "127.14.114.65" port: 40489 } } peers { permanent_uuid: "cfc641950590469e95d664e6e0dca511" member_type: VOTER last_known_addr { host: "127.14.114.66" port: 38779 } } peers { permanent_uuid: "eb7ad582002e4521bc79571fa4b9ce49" member_type: VOTER last_known_addr { host: "127.14.114.67" port: 36803 } }
I20260709 14:53:31.083541 16081 ts_tablet_manager.cc:1434] T 9ba0e0f9202b42318bacb126b48cc80b P 0eab442cd6164feb93dfe0ec6136184b: Time spent starting tablet: real 0.015s	user 0.003s	sys 0.002s
I20260709 14:53:31.084565 16081 tablet_bootstrap.cc:492] T 9e970adc8b094305a737cf5a1afbcd03 P 0eab442cd6164feb93dfe0ec6136184b: Bootstrap starting.
I20260709 14:53:31.084599 16078 ts_tablet_manager.cc:1434] T 9a806d6c5f6843f2850ed02c5eebfde5 P eb7ad582002e4521bc79571fa4b9ce49: Time spent starting tablet: real 0.007s	user 0.007s	sys 0.000s
I20260709 14:53:31.085647 16078 tablet_bootstrap.cc:492] T 0348812ed75a45bface3217a9682bb3a P eb7ad582002e4521bc79571fa4b9ce49: Bootstrap starting.
I20260709 14:53:31.091454 16078 tablet_bootstrap.cc:654] T 0348812ed75a45bface3217a9682bb3a P eb7ad582002e4521bc79571fa4b9ce49: Neither blocks nor log segments found. Creating new log.
I20260709 14:53:31.119227 15784 catalog_manager.cc:5697] T 4bffd3153c4b47eca5a14661a4702dfe P eb7ad582002e4521bc79571fa4b9ce49 reported cstate change: term changed from 0 to 1, leader changed from <none> to eb7ad582002e4521bc79571fa4b9ce49 (127.14.114.67). New cstate: current_term: 1 leader_uuid: "eb7ad582002e4521bc79571fa4b9ce49" committed_config { opid_index: -1 OBSOLETE_local: false peers { permanent_uuid: "0eab442cd6164feb93dfe0ec6136184b" member_type: VOTER last_known_addr { host: "127.14.114.65" port: 40489 } health_report { overall_health: UNKNOWN } } peers { permanent_uuid: "cfc641950590469e95d664e6e0dca511" member_type: VOTER last_known_addr { host: "127.14.114.66" port: 38779 } health_report { overall_health: UNKNOWN } } peers { permanent_uuid: "eb7ad582002e4521bc79571fa4b9ce49" member_type: VOTER last_known_addr { host: "127.14.114.67" port: 36803 } health_report { overall_health: HEALTHY } } }
I20260709 14:53:31.128202 16081 tablet_bootstrap.cc:654] T 9e970adc8b094305a737cf5a1afbcd03 P 0eab442cd6164feb93dfe0ec6136184b: Neither blocks nor log segments found. Creating new log.
I20260709 14:53:31.136037 16079 tablet_bootstrap.cc:492] T e79403224e314b5cb8400f8c703353d1 P cfc641950590469e95d664e6e0dca511: No bootstrap required, opened a new log
I20260709 14:53:31.136442 16079 ts_tablet_manager.cc:1403] T e79403224e314b5cb8400f8c703353d1 P cfc641950590469e95d664e6e0dca511: Time spent bootstrapping tablet: real 0.065s	user 0.026s	sys 0.018s
I20260709 14:53:31.136868 16078 tablet_bootstrap.cc:492] T 0348812ed75a45bface3217a9682bb3a P eb7ad582002e4521bc79571fa4b9ce49: No bootstrap required, opened a new log
I20260709 14:53:31.137352 16078 ts_tablet_manager.cc:1403] T 0348812ed75a45bface3217a9682bb3a P eb7ad582002e4521bc79571fa4b9ce49: Time spent bootstrapping tablet: real 0.052s	user 0.027s	sys 0.023s
I20260709 14:53:31.138576 16079 raft_consensus.cc:359] T e79403224e314b5cb8400f8c703353d1 P cfc641950590469e95d664e6e0dca511 [term 0 FOLLOWER]: Replica starting. Triggering 0 pending ops. Active config: opid_index: -1 OBSOLETE_local: false peers { permanent_uuid: "0eab442cd6164feb93dfe0ec6136184b" member_type: VOTER last_known_addr { host: "127.14.114.65" port: 40489 } } peers { permanent_uuid: "cfc641950590469e95d664e6e0dca511" member_type: VOTER last_known_addr { host: "127.14.114.66" port: 38779 } } peers { permanent_uuid: "eb7ad582002e4521bc79571fa4b9ce49" member_type: VOTER last_known_addr { host: "127.14.114.67" port: 36803 } }
I20260709 14:53:31.139277 16079 raft_consensus.cc:385] T e79403224e314b5cb8400f8c703353d1 P cfc641950590469e95d664e6e0dca511 [term 0 FOLLOWER]: Consensus starting up: Expiring failure detector timer to make a prompt election more likely
I20260709 14:53:31.139568 16079 raft_consensus.cc:740] T e79403224e314b5cb8400f8c703353d1 P cfc641950590469e95d664e6e0dca511 [term 0 FOLLOWER]: Becoming Follower/Learner. State: Replica: cfc641950590469e95d664e6e0dca511, State: Initialized, Role: FOLLOWER
I20260709 14:53:31.140079 16078 raft_consensus.cc:359] T 0348812ed75a45bface3217a9682bb3a P eb7ad582002e4521bc79571fa4b9ce49 [term 0 FOLLOWER]: Replica starting. Triggering 0 pending ops. Active config: opid_index: -1 OBSOLETE_local: false peers { permanent_uuid: "0eab442cd6164feb93dfe0ec6136184b" member_type: VOTER last_known_addr { host: "127.14.114.65" port: 40489 } } peers { permanent_uuid: "cfc641950590469e95d664e6e0dca511" member_type: VOTER last_known_addr { host: "127.14.114.66" port: 38779 } } peers { permanent_uuid: "eb7ad582002e4521bc79571fa4b9ce49" member_type: VOTER last_known_addr { host: "127.14.114.67" port: 36803 } }
I20260709 14:53:31.140789 16078 raft_consensus.cc:385] T 0348812ed75a45bface3217a9682bb3a P eb7ad582002e4521bc79571fa4b9ce49 [term 0 FOLLOWER]: Consensus starting up: Expiring failure detector timer to make a prompt election more likely
I20260709 14:53:31.140461 16079 consensus_queue.cc:260] T e79403224e314b5cb8400f8c703353d1 P cfc641950590469e95d664e6e0dca511 [NON_LEADER]: Queue going to NON_LEADER mode. State: All replicated index: 0, Majority replicated index: 0, Committed index: 0, Last appended: 0.0, Last appended by leader: 0, Current term: 0, Majority size: -1, State: 0, Mode: NON_LEADER, active raft config: opid_index: -1 OBSOLETE_local: false peers { permanent_uuid: "0eab442cd6164feb93dfe0ec6136184b" member_type: VOTER last_known_addr { host: "127.14.114.65" port: 40489 } } peers { permanent_uuid: "cfc641950590469e95d664e6e0dca511" member_type: VOTER last_known_addr { host: "127.14.114.66" port: 38779 } } peers { permanent_uuid: "eb7ad582002e4521bc79571fa4b9ce49" member_type: VOTER last_known_addr { host: "127.14.114.67" port: 36803 } }
I20260709 14:53:31.140877 16081 tablet_bootstrap.cc:492] T 9e970adc8b094305a737cf5a1afbcd03 P 0eab442cd6164feb93dfe0ec6136184b: No bootstrap required, opened a new log
I20260709 14:53:31.141119 16078 raft_consensus.cc:740] T 0348812ed75a45bface3217a9682bb3a P eb7ad582002e4521bc79571fa4b9ce49 [term 0 FOLLOWER]: Becoming Follower/Learner. State: Replica: eb7ad582002e4521bc79571fa4b9ce49, State: Initialized, Role: FOLLOWER
I20260709 14:53:31.141873 16078 consensus_queue.cc:260] T 0348812ed75a45bface3217a9682bb3a P eb7ad582002e4521bc79571fa4b9ce49 [NON_LEADER]: Queue going to NON_LEADER mode. State: All replicated index: 0, Majority replicated index: 0, Committed index: 0, Last appended: 0.0, Last appended by leader: 0, Current term: 0, Majority size: -1, State: 0, Mode: NON_LEADER, active raft config: opid_index: -1 OBSOLETE_local: false peers { permanent_uuid: "0eab442cd6164feb93dfe0ec6136184b" member_type: VOTER last_known_addr { host: "127.14.114.65" port: 40489 } } peers { permanent_uuid: "cfc641950590469e95d664e6e0dca511" member_type: VOTER last_known_addr { host: "127.14.114.66" port: 38779 } } peers { permanent_uuid: "eb7ad582002e4521bc79571fa4b9ce49" member_type: VOTER last_known_addr { host: "127.14.114.67" port: 36803 } }
I20260709 14:53:31.142892 16079 ts_tablet_manager.cc:1434] T e79403224e314b5cb8400f8c703353d1 P cfc641950590469e95d664e6e0dca511: Time spent starting tablet: real 0.006s	user 0.007s	sys 0.000s
I20260709 14:53:31.144059 16079 tablet_bootstrap.cc:492] T 9ba0e0f9202b42318bacb126b48cc80b P cfc641950590469e95d664e6e0dca511: Bootstrap starting.
I20260709 14:53:31.147110 16078 ts_tablet_manager.cc:1434] T 0348812ed75a45bface3217a9682bb3a P eb7ad582002e4521bc79571fa4b9ce49: Time spent starting tablet: real 0.009s	user 0.007s	sys 0.001s
I20260709 14:53:31.148069 16078 tablet_bootstrap.cc:492] T d5c8dfc7ab7a41be9caa925aa0860567 P eb7ad582002e4521bc79571fa4b9ce49: Bootstrap starting.
W20260709 14:53:31.149804 16002 consensus_peers.cc:597] T 0b088fc45cfb4ce7ace2f3d269c0f9d7 P eb7ad582002e4521bc79571fa4b9ce49 -> Peer 0eab442cd6164feb93dfe0ec6136184b (127.14.114.65:40489): Couldn't send request to peer 0eab442cd6164feb93dfe0ec6136184b. Error code: TABLET_NOT_RUNNING (12). Status: Illegal state: Tablet not RUNNING: INITIALIZED. This is attempt 1: this message will repeat every 5th retry.
I20260709 14:53:31.153949 16078 tablet_bootstrap.cc:654] T d5c8dfc7ab7a41be9caa925aa0860567 P eb7ad582002e4521bc79571fa4b9ce49: Neither blocks nor log segments found. Creating new log.
I20260709 14:53:31.155218 16109 raft_consensus.cc:493] T e79403224e314b5cb8400f8c703353d1 P cfc641950590469e95d664e6e0dca511 [term 0 FOLLOWER]: Starting pre-election (no leader contacted us within the election timeout)
I20260709 14:53:31.155691 16109 raft_consensus.cc:515] T e79403224e314b5cb8400f8c703353d1 P cfc641950590469e95d664e6e0dca511 [term 0 FOLLOWER]: Starting pre-election with config: opid_index: -1 OBSOLETE_local: false peers { permanent_uuid: "0eab442cd6164feb93dfe0ec6136184b" member_type: VOTER last_known_addr { host: "127.14.114.65" port: 40489 } } peers { permanent_uuid: "cfc641950590469e95d664e6e0dca511" member_type: VOTER last_known_addr { host: "127.14.114.66" port: 38779 } } peers { permanent_uuid: "eb7ad582002e4521bc79571fa4b9ce49" member_type: VOTER last_known_addr { host: "127.14.114.67" port: 36803 } }
I20260709 14:53:31.156654 16081 ts_tablet_manager.cc:1403] T 9e970adc8b094305a737cf5a1afbcd03 P 0eab442cd6164feb93dfe0ec6136184b: Time spent bootstrapping tablet: real 0.072s	user 0.011s	sys 0.000s
I20260709 14:53:31.157656 16109 leader_election.cc:290] T e79403224e314b5cb8400f8c703353d1 P cfc641950590469e95d664e6e0dca511 [CANDIDATE]: Term 1 pre-election: Requested pre-vote from peers 0eab442cd6164feb93dfe0ec6136184b (127.14.114.65:40489), eb7ad582002e4521bc79571fa4b9ce49 (127.14.114.67:36803)
I20260709 14:53:31.159423 15889 tablet_service.cc:1917] Received RequestConsensusVote() RPC: tablet_id: "e79403224e314b5cb8400f8c703353d1" candidate_uuid: "cfc641950590469e95d664e6e0dca511" candidate_term: 1 candidate_status { last_received { term: 0 index: 0 } } ignore_live_leader: false dest_uuid: "0eab442cd6164feb93dfe0ec6136184b" is_pre_election: true
I20260709 14:53:31.159673 16081 raft_consensus.cc:359] T 9e970adc8b094305a737cf5a1afbcd03 P 0eab442cd6164feb93dfe0ec6136184b [term 0 FOLLOWER]: Replica starting. Triggering 0 pending ops. Active config: opid_index: -1 OBSOLETE_local: false peers { permanent_uuid: "0eab442cd6164feb93dfe0ec6136184b" member_type: VOTER last_known_addr { host: "127.14.114.65" port: 40489 } } peers { permanent_uuid: "cfc641950590469e95d664e6e0dca511" member_type: VOTER last_known_addr { host: "127.14.114.66" port: 38779 } } peers { permanent_uuid: "eb7ad582002e4521bc79571fa4b9ce49" member_type: VOTER last_known_addr { host: "127.14.114.67" port: 36803 } }
I20260709 14:53:31.160049 15889 raft_consensus.cc:2468] T e79403224e314b5cb8400f8c703353d1 P 0eab442cd6164feb93dfe0ec6136184b [term 0 FOLLOWER]: Leader pre-election vote request: Granting yes vote for candidate cfc641950590469e95d664e6e0dca511 in term 0.
I20260709 14:53:31.161175 16081 raft_consensus.cc:385] T 9e970adc8b094305a737cf5a1afbcd03 P 0eab442cd6164feb93dfe0ec6136184b [term 0 FOLLOWER]: Consensus starting up: Expiring failure detector timer to make a prompt election more likely
I20260709 14:53:31.161250 16038 tablet_service.cc:1917] Received RequestConsensusVote() RPC: tablet_id: "e79403224e314b5cb8400f8c703353d1" candidate_uuid: "cfc641950590469e95d664e6e0dca511" candidate_term: 1 candidate_status { last_received { term: 0 index: 0 } } ignore_live_leader: false dest_uuid: "eb7ad582002e4521bc79571fa4b9ce49" is_pre_election: true
I20260709 14:53:31.161581 16081 raft_consensus.cc:740] T 9e970adc8b094305a737cf5a1afbcd03 P 0eab442cd6164feb93dfe0ec6136184b [term 0 FOLLOWER]: Becoming Follower/Learner. State: Replica: 0eab442cd6164feb93dfe0ec6136184b, State: Initialized, Role: FOLLOWER
W20260709 14:53:31.162590 15928 leader_election.cc:343] T e79403224e314b5cb8400f8c703353d1 P cfc641950590469e95d664e6e0dca511 [CANDIDATE]: Term 1 pre-election: Tablet error from VoteRequest() call to peer eb7ad582002e4521bc79571fa4b9ce49 (127.14.114.67:36803): Illegal state: must be running to vote when last-logged opid is not known
I20260709 14:53:31.162380 16081 consensus_queue.cc:260] T 9e970adc8b094305a737cf5a1afbcd03 P 0eab442cd6164feb93dfe0ec6136184b [NON_LEADER]: Queue going to NON_LEADER mode. State: All replicated index: 0, Majority replicated index: 0, Committed index: 0, Last appended: 0.0, Last appended by leader: 0, Current term: 0, Majority size: -1, State: 0, Mode: NON_LEADER, active raft config: opid_index: -1 OBSOLETE_local: false peers { permanent_uuid: "0eab442cd6164feb93dfe0ec6136184b" member_type: VOTER last_known_addr { host: "127.14.114.65" port: 40489 } } peers { permanent_uuid: "cfc641950590469e95d664e6e0dca511" member_type: VOTER last_known_addr { host: "127.14.114.66" port: 38779 } } peers { permanent_uuid: "eb7ad582002e4521bc79571fa4b9ce49" member_type: VOTER last_known_addr { host: "127.14.114.67" port: 36803 } }
I20260709 14:53:31.163264 15928 leader_election.cc:304] T e79403224e314b5cb8400f8c703353d1 P cfc641950590469e95d664e6e0dca511 [CANDIDATE]: Term 1 pre-election: Election decided. Result: candidate won. Election summary: received 3 responses out of 3 voters: 2 yes votes; 1 no votes. yes voters: 0eab442cd6164feb93dfe0ec6136184b, cfc641950590469e95d664e6e0dca511; no voters: eb7ad582002e4521bc79571fa4b9ce49
I20260709 14:53:31.168838 16109 raft_consensus.cc:2804] T e79403224e314b5cb8400f8c703353d1 P cfc641950590469e95d664e6e0dca511 [term 0 FOLLOWER]: Leader pre-election won for term 1
I20260709 14:53:31.169260 16109 raft_consensus.cc:493] T e79403224e314b5cb8400f8c703353d1 P cfc641950590469e95d664e6e0dca511 [term 0 FOLLOWER]: Starting leader election (no leader contacted us within the election timeout)
I20260709 14:53:31.169636 16109 raft_consensus.cc:3060] T e79403224e314b5cb8400f8c703353d1 P cfc641950590469e95d664e6e0dca511 [term 0 FOLLOWER]: Advancing to term 1
I20260709 14:53:31.171394 16081 ts_tablet_manager.cc:1434] T 9e970adc8b094305a737cf5a1afbcd03 P 0eab442cd6164feb93dfe0ec6136184b: Time spent starting tablet: real 0.014s	user 0.006s	sys 0.000s
I20260709 14:53:31.176383 16109 raft_consensus.cc:515] T e79403224e314b5cb8400f8c703353d1 P cfc641950590469e95d664e6e0dca511 [term 1 FOLLOWER]: Starting leader election with config: opid_index: -1 OBSOLETE_local: false peers { permanent_uuid: "0eab442cd6164feb93dfe0ec6136184b" member_type: VOTER last_known_addr { host: "127.14.114.65" port: 40489 } } peers { permanent_uuid: "cfc641950590469e95d664e6e0dca511" member_type: VOTER last_known_addr { host: "127.14.114.66" port: 38779 } } peers { permanent_uuid: "eb7ad582002e4521bc79571fa4b9ce49" member_type: VOTER last_known_addr { host: "127.14.114.67" port: 36803 } }
I20260709 14:53:31.178975 16081 tablet_bootstrap.cc:492] T 0348812ed75a45bface3217a9682bb3a P 0eab442cd6164feb93dfe0ec6136184b: Bootstrap starting.
I20260709 14:53:31.183436 15889 tablet_service.cc:1917] Received RequestConsensusVote() RPC: tablet_id: "e79403224e314b5cb8400f8c703353d1" candidate_uuid: "cfc641950590469e95d664e6e0dca511" candidate_term: 1 candidate_status { last_received { term: 0 index: 0 } } ignore_live_leader: false dest_uuid: "0eab442cd6164feb93dfe0ec6136184b"
I20260709 14:53:31.183998 15889 raft_consensus.cc:3060] T e79403224e314b5cb8400f8c703353d1 P 0eab442cd6164feb93dfe0ec6136184b [term 0 FOLLOWER]: Advancing to term 1
I20260709 14:53:31.187472 16081 tablet_bootstrap.cc:654] T 0348812ed75a45bface3217a9682bb3a P 0eab442cd6164feb93dfe0ec6136184b: Neither blocks nor log segments found. Creating new log.
I20260709 14:53:31.181133 16079 tablet_bootstrap.cc:654] T 9ba0e0f9202b42318bacb126b48cc80b P cfc641950590469e95d664e6e0dca511: Neither blocks nor log segments found. Creating new log.
I20260709 14:53:31.190461 15889 raft_consensus.cc:2468] T e79403224e314b5cb8400f8c703353d1 P 0eab442cd6164feb93dfe0ec6136184b [term 1 FOLLOWER]: Leader election vote request: Granting yes vote for candidate cfc641950590469e95d664e6e0dca511 in term 1.
I20260709 14:53:31.191815 15928 leader_election.cc:304] T e79403224e314b5cb8400f8c703353d1 P cfc641950590469e95d664e6e0dca511 [CANDIDATE]: Term 1 election: Election decided. Result: candidate won. Election summary: received 2 responses out of 3 voters: 2 yes votes; 0 no votes. yes voters: 0eab442cd6164feb93dfe0ec6136184b, cfc641950590469e95d664e6e0dca511; no voters: 
I20260709 14:53:31.192646 16102 raft_consensus.cc:2804] T e79403224e314b5cb8400f8c703353d1 P cfc641950590469e95d664e6e0dca511 [term 1 FOLLOWER]: Leader election won for term 1
I20260709 14:53:31.198555 16102 raft_consensus.cc:697] T e79403224e314b5cb8400f8c703353d1 P cfc641950590469e95d664e6e0dca511 [term 1 LEADER]: Becoming Leader. State: Replica: cfc641950590469e95d664e6e0dca511, State: Running, Role: LEADER
I20260709 14:53:31.199579 16102 consensus_queue.cc:237] T e79403224e314b5cb8400f8c703353d1 P cfc641950590469e95d664e6e0dca511 [LEADER]: Queue going to LEADER mode. State: All replicated index: 0, Majority replicated index: 0, Committed index: 0, Last appended: 0.0, Last appended by leader: 0, Current term: 1, Majority size: 2, State: 0, Mode: LEADER, active raft config: opid_index: -1 OBSOLETE_local: false peers { permanent_uuid: "0eab442cd6164feb93dfe0ec6136184b" member_type: VOTER last_known_addr { host: "127.14.114.65" port: 40489 } } peers { permanent_uuid: "cfc641950590469e95d664e6e0dca511" member_type: VOTER last_known_addr { host: "127.14.114.66" port: 38779 } } peers { permanent_uuid: "eb7ad582002e4521bc79571fa4b9ce49" member_type: VOTER last_known_addr { host: "127.14.114.67" port: 36803 } }
I20260709 14:53:31.203856 16038 tablet_service.cc:1917] Received RequestConsensusVote() RPC: tablet_id: "e79403224e314b5cb8400f8c703353d1" candidate_uuid: "cfc641950590469e95d664e6e0dca511" candidate_term: 1 candidate_status { last_received { term: 0 index: 0 } } ignore_live_leader: false dest_uuid: "eb7ad582002e4521bc79571fa4b9ce49"
W20260709 14:53:31.205364 15928 leader_election.cc:343] T e79403224e314b5cb8400f8c703353d1 P cfc641950590469e95d664e6e0dca511 [CANDIDATE]: Term 1 election: Tablet error from VoteRequest() call to peer eb7ad582002e4521bc79571fa4b9ce49 (127.14.114.67:36803): Illegal state: must be running to vote when last-logged opid is not known
I20260709 14:53:31.206699 16079 tablet_bootstrap.cc:492] T 9ba0e0f9202b42318bacb126b48cc80b P cfc641950590469e95d664e6e0dca511: No bootstrap required, opened a new log
I20260709 14:53:31.207230 16079 ts_tablet_manager.cc:1403] T 9ba0e0f9202b42318bacb126b48cc80b P cfc641950590469e95d664e6e0dca511: Time spent bootstrapping tablet: real 0.063s	user 0.008s	sys 0.010s
I20260709 14:53:31.209560 16079 raft_consensus.cc:359] T 9ba0e0f9202b42318bacb126b48cc80b P cfc641950590469e95d664e6e0dca511 [term 0 FOLLOWER]: Replica starting. Triggering 0 pending ops. Active config: opid_index: -1 OBSOLETE_local: false peers { permanent_uuid: "0eab442cd6164feb93dfe0ec6136184b" member_type: VOTER last_known_addr { host: "127.14.114.65" port: 40489 } } peers { permanent_uuid: "cfc641950590469e95d664e6e0dca511" member_type: VOTER last_known_addr { host: "127.14.114.66" port: 38779 } } peers { permanent_uuid: "eb7ad582002e4521bc79571fa4b9ce49" member_type: VOTER last_known_addr { host: "127.14.114.67" port: 36803 } }
I20260709 14:53:31.210047 16079 raft_consensus.cc:385] T 9ba0e0f9202b42318bacb126b48cc80b P cfc641950590469e95d664e6e0dca511 [term 0 FOLLOWER]: Consensus starting up: Expiring failure detector timer to make a prompt election more likely
I20260709 14:53:31.210270 16079 raft_consensus.cc:740] T 9ba0e0f9202b42318bacb126b48cc80b P cfc641950590469e95d664e6e0dca511 [term 0 FOLLOWER]: Becoming Follower/Learner. State: Replica: cfc641950590469e95d664e6e0dca511, State: Initialized, Role: FOLLOWER
I20260709 14:53:31.210798 16109 leader_election.cc:290] T e79403224e314b5cb8400f8c703353d1 P cfc641950590469e95d664e6e0dca511 [CANDIDATE]: Term 1 election: Requested vote from peers 0eab442cd6164feb93dfe0ec6136184b (127.14.114.65:40489), eb7ad582002e4521bc79571fa4b9ce49 (127.14.114.67:36803)
I20260709 14:53:31.211669 16079 consensus_queue.cc:260] T 9ba0e0f9202b42318bacb126b48cc80b P cfc641950590469e95d664e6e0dca511 [NON_LEADER]: Queue going to NON_LEADER mode. State: All replicated index: 0, Majority replicated index: 0, Committed index: 0, Last appended: 0.0, Last appended by leader: 0, Current term: 0, Majority size: -1, State: 0, Mode: NON_LEADER, active raft config: opid_index: -1 OBSOLETE_local: false peers { permanent_uuid: "0eab442cd6164feb93dfe0ec6136184b" member_type: VOTER last_known_addr { host: "127.14.114.65" port: 40489 } } peers { permanent_uuid: "cfc641950590469e95d664e6e0dca511" member_type: VOTER last_known_addr { host: "127.14.114.66" port: 38779 } } peers { permanent_uuid: "eb7ad582002e4521bc79571fa4b9ce49" member_type: VOTER last_known_addr { host: "127.14.114.67" port: 36803 } }
I20260709 14:53:31.214782 16078 tablet_bootstrap.cc:492] T d5c8dfc7ab7a41be9caa925aa0860567 P eb7ad582002e4521bc79571fa4b9ce49: No bootstrap required, opened a new log
I20260709 14:53:31.215095 16079 ts_tablet_manager.cc:1434] T 9ba0e0f9202b42318bacb126b48cc80b P cfc641950590469e95d664e6e0dca511: Time spent starting tablet: real 0.008s	user 0.006s	sys 0.000s
I20260709 14:53:31.215204 16078 ts_tablet_manager.cc:1403] T d5c8dfc7ab7a41be9caa925aa0860567 P eb7ad582002e4521bc79571fa4b9ce49: Time spent bootstrapping tablet: real 0.067s	user 0.034s	sys 0.030s
I20260709 14:53:31.216058 16079 tablet_bootstrap.cc:492] T 9e970adc8b094305a737cf5a1afbcd03 P cfc641950590469e95d664e6e0dca511: Bootstrap starting.
I20260709 14:53:31.217617 16078 raft_consensus.cc:359] T d5c8dfc7ab7a41be9caa925aa0860567 P eb7ad582002e4521bc79571fa4b9ce49 [term 0 FOLLOWER]: Replica starting. Triggering 0 pending ops. Active config: opid_index: -1 OBSOLETE_local: false peers { permanent_uuid: "0eab442cd6164feb93dfe0ec6136184b" member_type: VOTER last_known_addr { host: "127.14.114.65" port: 40489 } } peers { permanent_uuid: "cfc641950590469e95d664e6e0dca511" member_type: VOTER last_known_addr { host: "127.14.114.66" port: 38779 } } peers { permanent_uuid: "eb7ad582002e4521bc79571fa4b9ce49" member_type: VOTER last_known_addr { host: "127.14.114.67" port: 36803 } }
I20260709 14:53:31.217478 15784 catalog_manager.cc:5697] T e79403224e314b5cb8400f8c703353d1 P cfc641950590469e95d664e6e0dca511 reported cstate change: term changed from 0 to 1, leader changed from <none> to cfc641950590469e95d664e6e0dca511 (127.14.114.66). New cstate: current_term: 1 leader_uuid: "cfc641950590469e95d664e6e0dca511" committed_config { opid_index: -1 OBSOLETE_local: false peers { permanent_uuid: "0eab442cd6164feb93dfe0ec6136184b" member_type: VOTER last_known_addr { host: "127.14.114.65" port: 40489 } health_report { overall_health: UNKNOWN } } peers { permanent_uuid: "cfc641950590469e95d664e6e0dca511" member_type: VOTER last_known_addr { host: "127.14.114.66" port: 38779 } health_report { overall_health: HEALTHY } } peers { permanent_uuid: "eb7ad582002e4521bc79571fa4b9ce49" member_type: VOTER last_known_addr { host: "127.14.114.67" port: 36803 } health_report { overall_health: UNKNOWN } } }
I20260709 14:53:31.218309 16078 raft_consensus.cc:385] T d5c8dfc7ab7a41be9caa925aa0860567 P eb7ad582002e4521bc79571fa4b9ce49 [term 0 FOLLOWER]: Consensus starting up: Expiring failure detector timer to make a prompt election more likely
I20260709 14:53:31.218605 16078 raft_consensus.cc:740] T d5c8dfc7ab7a41be9caa925aa0860567 P eb7ad582002e4521bc79571fa4b9ce49 [term 0 FOLLOWER]: Becoming Follower/Learner. State: Replica: eb7ad582002e4521bc79571fa4b9ce49, State: Initialized, Role: FOLLOWER
I20260709 14:53:31.206522 16081 tablet_bootstrap.cc:492] T 0348812ed75a45bface3217a9682bb3a P 0eab442cd6164feb93dfe0ec6136184b: No bootstrap required, opened a new log
I20260709 14:53:31.219161 16081 ts_tablet_manager.cc:1403] T 0348812ed75a45bface3217a9682bb3a P 0eab442cd6164feb93dfe0ec6136184b: Time spent bootstrapping tablet: real 0.040s	user 0.014s	sys 0.000s
I20260709 14:53:31.221645 16091 raft_consensus.cc:493] T 9e970adc8b094305a737cf5a1afbcd03 P 0eab442cd6164feb93dfe0ec6136184b [term 0 FOLLOWER]: Starting pre-election (no leader contacted us within the election timeout)
I20260709 14:53:31.221769 16081 raft_consensus.cc:359] T 0348812ed75a45bface3217a9682bb3a P 0eab442cd6164feb93dfe0ec6136184b [term 0 FOLLOWER]: Replica starting. Triggering 0 pending ops. Active config: opid_index: -1 OBSOLETE_local: false peers { permanent_uuid: "0eab442cd6164feb93dfe0ec6136184b" member_type: VOTER last_known_addr { host: "127.14.114.65" port: 40489 } } peers { permanent_uuid: "cfc641950590469e95d664e6e0dca511" member_type: VOTER last_known_addr { host: "127.14.114.66" port: 38779 } } peers { permanent_uuid: "eb7ad582002e4521bc79571fa4b9ce49" member_type: VOTER last_known_addr { host: "127.14.114.67" port: 36803 } }
I20260709 14:53:31.222067 16091 raft_consensus.cc:515] T 9e970adc8b094305a737cf5a1afbcd03 P 0eab442cd6164feb93dfe0ec6136184b [term 0 FOLLOWER]: Starting pre-election with config: opid_index: -1 OBSOLETE_local: false peers { permanent_uuid: "0eab442cd6164feb93dfe0ec6136184b" member_type: VOTER last_known_addr { host: "127.14.114.65" port: 40489 } } peers { permanent_uuid: "cfc641950590469e95d664e6e0dca511" member_type: VOTER last_known_addr { host: "127.14.114.66" port: 38779 } } peers { permanent_uuid: "eb7ad582002e4521bc79571fa4b9ce49" member_type: VOTER last_known_addr { host: "127.14.114.67" port: 36803 } }
I20260709 14:53:31.222487 16081 raft_consensus.cc:385] T 0348812ed75a45bface3217a9682bb3a P 0eab442cd6164feb93dfe0ec6136184b [term 0 FOLLOWER]: Consensus starting up: Expiring failure detector timer to make a prompt election more likely
I20260709 14:53:31.222823 16081 raft_consensus.cc:740] T 0348812ed75a45bface3217a9682bb3a P 0eab442cd6164feb93dfe0ec6136184b [term 0 FOLLOWER]: Becoming Follower/Learner. State: Replica: 0eab442cd6164feb93dfe0ec6136184b, State: Initialized, Role: FOLLOWER
